CRAN Package Check Results for Package qrfactor

Last updated on 2014-12-21 18:52:12.

Flavor Version Tinstall Tcheck Ttotal Status Flags
r-devel-linux-x86_64-debian-clang 1.4 3.10 58.38 61.48 NOTE
r-devel-linux-x86_64-debian-gcc 1.4 3.03 57.00 60.04 NOTE
r-devel-linux-x86_64-fedora-clang 1.4 139.98 NOTE
r-devel-linux-x86_64-fedora-gcc 1.4 129.29 NOTE
r-devel-osx-x86_64-clang 1.4 115.08 NOTE
r-devel-windows-ix86+x86_64 1.4 19.00 100.00 119.00 NOTE
r-patched-linux-x86_64 1.4 3.32 62.17 65.49 NOTE
r-patched-solaris-sparc 1.4 730.80 NOTE
r-patched-solaris-x86 1.4 203.40 NOTE
r-release-linux-ix86 1.4 3.95 72.30 76.25 NOTE
r-release-linux-x86_64 1.4 3.64 59.66 63.30 NOTE
r-release-osx-x86_64-mavericks 1.4 ERROR
r-release-osx-x86_64-snowleopard 1.4 OK
r-release-windows-ix86+x86_64 1.4 22.00 109.00 131.00 NOTE
r-oldrel-windows-ix86+x86_64 1.4 21.00 115.00 136.00 OK

Check Details

Version: 1.4
Check: R code for possible problems
Result: NOTE
    plot.qrfactor : sp.label: no visible global function definition for
     ‘coordinates’
    plot.qrfactor: no visible global function definition for ‘spplot’
    plot.qrfactor: no visible global function definition for ‘bpy.colors’
    plot.qrfactor: no visible global function definition for ‘readOGR’
    rq: no visible global function definition for ‘readOGR’
Flavors: r-devel-linux-x86_64-debian-clang, r-devel-linux-x86_64-debian-gcc, r-devel-linux-x86_64-fedora-clang, r-devel-linux-x86_64-fedora-gcc, r-devel-osx-x86_64-clang, r-devel-windows-ix86+x86_64, r-patched-linux-x86_64, r-patched-solaris-sparc, r-patched-solaris-x86, r-release-linux-ix86, r-release-linux-x86_64, r-release-windows-ix86+x86_64

Version: 1.4
Check: package dependencies
Result: ERROR
    Package required but not available: ‘mgraph’
    
    See the information on DESCRIPTION files in the chapter ‘Creating R
    packages’ of the ‘Writing R Extensions’ manual.
Flavor: r-release-osx-x86_64-mavericks