CRAN Package Check Results for Package qrfactor

Last updated on 2015-01-25 17:48:11.

Flavor Version Tinstall Tcheck Ttotal Status Flags
r-devel-linux-x86_64-debian-clang 1.4 3.38 61.21 64.59 NOTE
r-devel-linux-x86_64-debian-gcc 1.4 3.10 58.49 61.60 NOTE
r-devel-linux-x86_64-fedora-clang 1.4 140.77 NOTE
r-devel-linux-x86_64-fedora-gcc 1.4 131.05 NOTE
r-devel-osx-x86_64-clang 1.4 117.22 NOTE
r-devel-windows-ix86+x86_64 1.4 16.00 102.00 118.00 NOTE
r-patched-linux-x86_64 1.4 4.35 60.08 64.44 NOTE
r-patched-solaris-sparc 1.4 780.90 NOTE
r-patched-solaris-x86 1.4 198.00 NOTE
r-release-linux-ix86 1.4 3.88 82.01 85.89 NOTE
r-release-linux-x86_64 1.4 3.58 60.36 63.94 NOTE
r-release-osx-x86_64-mavericks 1.4 ERROR
r-release-osx-x86_64-snowleopard 1.4 OK
r-release-windows-ix86+x86_64 1.4 20.00 113.00 133.00 NOTE
r-oldrel-windows-ix86+x86_64 1.4 21.00 112.00 133.00 OK

Check Details

Version: 1.4
Check: R code for possible problems
Result: NOTE
    plot.qrfactor : sp.label: no visible global function definition for
     ‘coordinates’
    plot.qrfactor: no visible global function definition for ‘spplot’
    plot.qrfactor: no visible global function definition for ‘bpy.colors’
    plot.qrfactor: no visible global function definition for ‘readOGR’
    rq: no visible global function definition for ‘readOGR’
Flavors: r-devel-linux-x86_64-debian-clang, r-devel-linux-x86_64-debian-gcc, r-devel-linux-x86_64-fedora-clang, r-devel-linux-x86_64-fedora-gcc, r-devel-osx-x86_64-clang, r-devel-windows-ix86+x86_64, r-patched-linux-x86_64, r-patched-solaris-sparc, r-patched-solaris-x86, r-release-linux-ix86, r-release-linux-x86_64, r-release-windows-ix86+x86_64

Version: 1.4
Check: S3 generic/method consistency
Result: NOTE
    Found the following apparent S3 methods exported but not registered:
     qrfactor.default print.qrfactor summary.qrfactor plot.qrfactor
    See section ‘Registering S3 methods’ in the ‘Writing R Extensions’
    manual.
Flavors: r-devel-linux-x86_64-fedora-clang, r-devel-linux-x86_64-fedora-gcc, r-devel-osx-x86_64-clang

Version: 1.4
Check: package dependencies
Result: ERROR
    Package required but not available: ‘mgraph’
    
    See the information on DESCRIPTION files in the chapter ‘Creating R
    packages’ of the ‘Writing R Extensions’ manual.
Flavor: r-release-osx-x86_64-mavericks