CRAN Package Check Results for Package qrfactor

Last updated on 2015-08-31 21:46:59.

Flavor Version Tinstall Tcheck Ttotal Status Flags
r-devel-linux-x86_64-debian-clang 1.4 2.42 40.56 42.98 NOTE
r-devel-linux-x86_64-debian-gcc 1.4 2.41 39.03 41.44 NOTE
r-devel-linux-x86_64-fedora-clang 1.4 86.59 NOTE
r-devel-linux-x86_64-fedora-gcc 1.4 82.05 NOTE
r-devel-osx-x86_64-clang 1.4 72.90 NOTE
r-devel-windows-ix86+x86_64 1.4 18.00 79.00 97.00 NOTE
r-patched-linux-x86_64 1.4 2.54 42.32 44.86 NOTE
r-patched-solaris-sparc 1.4 592.80 NOTE
r-patched-solaris-x86 1.4 159.60 NOTE
r-release-linux-x86_64 1.4 2.65 42.61 45.26 NOTE
r-release-osx-x86_64-mavericks 1.4 NOTE
r-release-windows-ix86+x86_64 1.4 16.00 79.00 95.00 NOTE
r-oldrel-windows-ix86+x86_64 1.4 33.00 133.00 166.00 NOTE

Check Details

Version: 1.4
Check: DESCRIPTION meta-information
Result: NOTE
    Malformed Description field: should contain one or more complete sentences.
Flavors: r-devel-linux-x86_64-debian-clang, r-devel-linux-x86_64-debian-gcc, r-devel-linux-x86_64-fedora-clang, r-devel-linux-x86_64-fedora-gcc, r-devel-osx-x86_64-clang, r-devel-windows-ix86+x86_64, r-patched-linux-x86_64, r-patched-solaris-sparc, r-patched-solaris-x86, r-release-linux-x86_64, r-release-osx-x86_64-mavericks, r-release-windows-ix86+x86_64

Version: 1.4
Check: S3 generic/method consistency
Result: NOTE
    Found the following apparent S3 methods exported but not registered:
     plot.qrfactor print.qrfactor qrfactor.default summary.qrfactor
    See section ‘Registering S3 methods’ in the ‘Writing R Extensions’
    manual.
Flavors: r-devel-linux-x86_64-debian-clang, r-devel-linux-x86_64-debian-gcc, r-devel-linux-x86_64-fedora-clang, r-devel-linux-x86_64-fedora-gcc, r-devel-osx-x86_64-clang, r-patched-linux-x86_64, r-patched-solaris-sparc, r-patched-solaris-x86, r-release-linux-x86_64

Version: 1.4
Check: R code for possible problems
Result: NOTE
    plot.qrfactor : sp.label: no visible global function definition for
     ‘coordinates’
    plot.qrfactor: no visible global function definition for ‘slot’
    plot.qrfactor: no visible global function definition for ‘slot<-’
    plot.qrfactor: no visible global function definition for ‘text’
    plot.qrfactor: no visible global function definition for ‘layout’
    plot.qrfactor: no visible global function definition for ‘kmeans’
    plot.qrfactor: no visible global function definition for ‘polygon’
    plot.qrfactor: no visible global function definition for ‘points’
    plot.qrfactor: no visible global function definition for ‘mahalanobis’
    plot.qrfactor: no visible global function definition for ‘qqplot’
    plot.qrfactor: no visible global function definition for ‘qchisq’
    plot.qrfactor: no visible global function definition for ‘ppoints’
    plot.qrfactor: no visible global function definition for ‘spplot’
    plot.qrfactor: no visible global function definition for ‘bpy.colors’
    plot.qrfactor: no visible global function definition for ‘gray.colors’
    plot.qrfactor: no visible global function definition for ‘aggregate’
    plot.qrfactor: no visible global function definition for ‘aov’
    plot.qrfactor: no visible global function definition for ‘kruskal.test’
    plot.qrfactor: no visible global function definition for ‘dist’
    plot.qrfactor: no visible global function definition for ‘hclust’
    plot.qrfactor: no visible global function definition for ‘rect.hclust’
    plot.qrfactor: no visible global function definition for ‘na.omit’
    plot.qrfactor: no visible global function definition for ‘readOGR’
    plot.qrfactor: no visible global function definition for ‘wilcox.test’
    plot.qrfactor: no visible global function definition for ‘TukeyHSD’
    rq: no visible global function definition for ‘readOGR’
    rq: no visible global function definition for ‘slot’
    rq: no visible global function definition for ‘read.csv’
    rq: no visible global function definition for ‘read.table’
    rq: no visible global function definition for ‘slot<-’
    rq: no visible global function definition for ‘na.omit’
    rq: no visible global function definition for ‘cor’
    rq: no visible global function definition for ‘kmeans’
    Undefined global functions or variables:
     TukeyHSD aggregate aov bpy.colors coordinates cor dist gray.colors
     hclust kmeans kruskal.test layout mahalanobis na.omit points polygon
     ppoints qchisq qqplot read.csv read.table readOGR rect.hclust slot
     slot<- spplot text wilcox.test
    Consider adding
     importFrom("grDevices", "gray.colors")
     importFrom("graphics", "layout", "points", "polygon", "text")
     importFrom("methods", "slot", "slot<-")
     importFrom("stats", "TukeyHSD", "aggregate", "aov", "cor", "dist",
     "hclust", "kmeans", "kruskal.test", "mahalanobis",
     "na.omit", "ppoints", "qchisq", "qqplot", "rect.hclust",
     "wilcox.test")
     importFrom("utils", "read.csv", "read.table")
    to your NAMESPACE (and ensure that your DESCRIPTION Imports field
    contains 'methods').
Flavors: r-devel-linux-x86_64-debian-clang, r-devel-linux-x86_64-debian-gcc, r-devel-linux-x86_64-fedora-clang, r-devel-linux-x86_64-fedora-gcc, r-devel-windows-ix86+x86_64

Version: 1.4
Check: R code for possible problems
Result: NOTE
    plot.qrfactor : sp.label: no visible global function definition for
     ‘coordinates’
    plot.qrfactor: no visible global function definition for ‘spplot’
    plot.qrfactor: no visible global function definition for ‘bpy.colors’
    plot.qrfactor: no visible global function definition for ‘readOGR’
    rq: no visible global function definition for ‘readOGR’
    Undefined global functions or variables:
     bpy.colors coordinates readOGR spplot
Flavor: r-devel-osx-x86_64-clang

Version: 1.4
Check: R code for possible problems
Result: NOTE
    plot.qrfactor : sp.label: no visible global function definition for
     ‘coordinates’
    plot.qrfactor: no visible global function definition for ‘spplot’
    plot.qrfactor: no visible global function definition for ‘bpy.colors’
    plot.qrfactor: no visible global function definition for ‘readOGR’
    rq: no visible global function definition for ‘readOGR’
Flavors: r-patched-linux-x86_64, r-patched-solaris-sparc, r-patched-solaris-x86, r-release-linux-x86_64, r-release-osx-x86_64-mavericks, r-release-windows-ix86+x86_64, r-oldrel-windows-ix86+x86_64