CRAN Package Check Results for Package qrfactor

Last updated on 2014-11-23 11:47:21.

Flavor Version Tinstall Tcheck Ttotal Status Flags
r-devel-linux-x86_64-debian-clang 1.4 3.12 60.07 63.20 NOTE
r-devel-linux-x86_64-debian-gcc 1.4 3.18 57.31 60.49 NOTE
r-devel-linux-x86_64-fedora-clang 1.4 143.35 NOTE
r-devel-linux-x86_64-fedora-gcc 1.4 128.87 NOTE
r-devel-osx-x86_64-clang 1.4 113.24 NOTE
r-devel-windows-ix86+x86_64 1.4 16.00 96.00 112.00 NOTE
r-patched-linux-x86_64 1.4 3.22 58.53 61.75 NOTE
r-patched-solaris-sparc 1.4 730.80 NOTE
r-patched-solaris-x86 1.4 198.10 NOTE
r-release-linux-ix86 1.4 12.36 71.06 83.42 NOTE
r-release-linux-x86_64 1.4 3.40 60.68 64.08 NOTE
r-release-osx-x86_64-mavericks 1.4 ERROR
r-release-osx-x86_64-snowleopard 1.4 OK
r-release-windows-ix86+x86_64 1.4 18.00 115.00 133.00 NOTE
r-oldrel-windows-ix86+x86_64 1.4 19.00 113.00 132.00 OK

Check Details

Version: 1.4
Check: R code for possible problems
Result: NOTE
    plot.qrfactor : sp.label: no visible global function definition for
     ‘coordinates’
    plot.qrfactor: no visible global function definition for ‘spplot’
    plot.qrfactor: no visible global function definition for ‘bpy.colors’
    plot.qrfactor: no visible global function definition for ‘readOGR’
    rq: no visible global function definition for ‘readOGR’
Flavors: r-devel-linux-x86_64-debian-clang, r-devel-linux-x86_64-debian-gcc, r-devel-linux-x86_64-fedora-clang, r-devel-linux-x86_64-fedora-gcc, r-devel-osx-x86_64-clang, r-devel-windows-ix86+x86_64, r-patched-linux-x86_64, r-patched-solaris-sparc, r-patched-solaris-x86, r-release-linux-ix86, r-release-linux-x86_64, r-release-windows-ix86+x86_64

Version: 1.4
Check: package dependencies
Result: ERROR
    Package required but not available: ‘mgraph’
    
    See the information on DESCRIPTION files in the chapter ‘Creating R
    packages’ of the ‘Writing R Extensions’ manual.
Flavor: r-release-osx-x86_64-mavericks