CRAN Package Check Results for Package qrfactor

Last updated on 2014-09-19 15:48:33.

Flavor Version Tinstall Tcheck Ttotal Status Flags
r-devel-linux-x86_64-debian-clang 1.4 3.28 58.54 61.81 NOTE
r-devel-linux-x86_64-debian-gcc 1.4 3.08 55.82 58.90 NOTE
r-devel-linux-x86_64-fedora-clang 1.4 131.37 NOTE
r-devel-linux-x86_64-fedora-gcc 1.4 121.86 NOTE
r-devel-osx-x86_64-clang 1.4 109.87 NOTE
r-devel-windows-ix86+x86_64 1.4 14.00 91.00 105.00 NOTE
r-patched-linux-x86_64 1.4 3.29 59.95 63.24 OK
r-patched-solaris-sparc 1.4 633.50 OK
r-patched-solaris-x86 1.4 192.10 OK
r-release-linux-ix86 1.4 4.02 75.55 79.57 OK
r-release-linux-x86_64 1.4 3.28 61.19 64.47 OK
r-release-osx-x86_64-mavericks 1.4 ERROR
r-release-osx-x86_64-snowleopard 1.4 OK
r-release-windows-ix86+x86_64 1.4 16.00 105.00 121.00 OK
r-oldrel-windows-ix86+x86_64 1.4 16.00 109.00 125.00 OK

Check Details

Version: 1.4
Check: R code for possible problems
Result: NOTE
    plot.qrfactor : sp.label: no visible global function definition for
     ‘coordinates’
    plot.qrfactor: no visible global function definition for ‘spplot’
    plot.qrfactor: no visible global function definition for ‘bpy.colors’
    plot.qrfactor: no visible global function definition for ‘readOGR’
    rq: no visible global function definition for ‘readOGR’
Flavors: r-devel-linux-x86_64-debian-clang, r-devel-linux-x86_64-debian-gcc, r-devel-linux-x86_64-fedora-clang, r-devel-linux-x86_64-fedora-gcc, r-devel-osx-x86_64-clang, r-devel-windows-ix86+x86_64

Version: 1.4
Check: package dependencies
Result: ERROR
    Package required but not available: ‘mgraph’
    
    See the information on DESCRIPTION files in the chapter ‘Creating R
    packages’ of the ‘Writing R Extensions’ manual.
Flavor: r-release-osx-x86_64-mavericks