CRAN Package Check Results for Package qrfactor

Last updated on 2014-10-25 09:52:14.

Flavor Version Tinstall Tcheck Ttotal Status Flags
r-devel-linux-x86_64-debian-clang 1.4 3.12 58.06 61.18 NOTE
r-devel-linux-x86_64-debian-gcc 1.4 3.70 58.55 62.25 NOTE
r-devel-linux-x86_64-fedora-clang 1.4 133.86 NOTE
r-devel-linux-x86_64-fedora-gcc 1.4 124.45 NOTE
r-devel-osx-x86_64-clang 1.4 112.30 NOTE
r-devel-windows-ix86+x86_64 1.4 18.00 93.00 111.00 NOTE
r-patched-linux-x86_64 1.4 3.22 59.74 62.96 NOTE
r-patched-solaris-sparc 1.4 730.80 NOTE
r-patched-solaris-x86 1.4 197.70 NOTE
r-release-linux-ix86 1.4 4.25 76.21 80.46 OK
r-release-linux-x86_64 1.4 3.30 61.40 64.69 OK
r-release-osx-x86_64-mavericks 1.4 ERROR
r-release-osx-x86_64-snowleopard 1.4 OK
r-release-windows-ix86+x86_64 1.4 21.00 103.00 124.00 OK
r-oldrel-windows-ix86+x86_64 1.4 16.00 116.00 132.00 OK

Check Details

Version: 1.4
Check: R code for possible problems
Result: NOTE
    plot.qrfactor : sp.label: no visible global function definition for
     ‘coordinates’
    plot.qrfactor: no visible global function definition for ‘spplot’
    plot.qrfactor: no visible global function definition for ‘bpy.colors’
    plot.qrfactor: no visible global function definition for ‘readOGR’
    rq: no visible global function definition for ‘readOGR’
Flavors: r-devel-linux-x86_64-debian-clang, r-devel-linux-x86_64-debian-gcc, r-devel-linux-x86_64-fedora-clang, r-devel-linux-x86_64-fedora-gcc, r-devel-osx-x86_64-clang, r-devel-windows-ix86+x86_64, r-patched-linux-x86_64, r-patched-solaris-sparc, r-patched-solaris-x86

Version: 1.4
Check: package dependencies
Result: ERROR
    Package required but not available: ‘mgraph’
    
    See the information on DESCRIPTION files in the chapter ‘Creating R
    packages’ of the ‘Writing R Extensions’ manual.
Flavor: r-release-osx-x86_64-mavericks