CRAN Package Check Results for Package qrfactor

Last updated on 2014-07-24 09:49:41.

Flavor Version Tinstall Tcheck Ttotal Status Flags
r-devel-linux-x86_64-debian-clang 1.4 2.55 45.91 48.46 OK
r-devel-linux-x86_64-debian-gcc 1.4 2.40 45.88 48.28 OK
r-devel-linux-x86_64-fedora-clang 1.4 106.58 OK
r-devel-linux-x86_64-fedora-gcc 1.4 103.46 OK
r-devel-osx-x86_64-clang 1.4 87.97 OK
r-devel-windows-ix86+x86_64 1.4 11.00 80.00 91.00 OK
r-patched-linux-x86_64 1.4 2.45 46.63 49.08 OK
r-patched-solaris-sparc 1.4 672.40 OK
r-patched-solaris-x86 1.4 156.10 OK
r-release-linux-ix86 1.4 3.24 61.05 64.29 OK
r-release-linux-x86_64 1.4 3.12 47.57 50.68 OK
r-release-osx-x86_64-mavericks 1.4 ERROR
r-release-osx-x86_64-snowleopard 1.4 OK
r-release-windows-ix86+x86_64 1.4 15.00 85.00 100.00 OK
r-oldrel-windows-ix86+x86_64 1.4 14.00 79.00 93.00 OK

Check Details

Version: 1.4
Check: package dependencies
Result: ERROR
    Package required but not available: ‘mgraph’
    
    See the information on DESCRIPTION files in the chapter ‘Creating R
    packages’ of the ‘Writing R Extensions’ manual.
Flavor: r-release-osx-x86_64-mavericks