CRAN Package Check Results for Package qrfactor

Last updated on 2015-05-23 17:48:51.

Flavor Version Tinstall Tcheck Ttotal Status Flags
r-devel-linux-x86_64-debian-clang 1.4 2.56 42.52 45.08 NOTE
r-devel-linux-x86_64-debian-gcc 1.4 2.49 41.06 43.54 NOTE
r-devel-linux-x86_64-fedora-clang 1.4 91.39 NOTE
r-devel-linux-x86_64-fedora-gcc 1.4 87.37 NOTE
r-devel-osx-x86_64-clang 1.4 78.47 NOTE
r-devel-windows-ix86+x86_64 1.4 11.00 72.00 83.00 NOTE
r-patched-linux-x86_64 1.4 2.46 41.08 43.55 NOTE
r-patched-solaris-sparc 1.4 574.30 NOTE
r-patched-solaris-x86 1.4 146.40 NOTE
r-release-linux-x86_64 1.4 2.49 44.21 46.70 NOTE
r-release-osx-x86_64-mavericks 1.4 NOTE
r-release-osx-x86_64-snowleopard 1.4 ERROR
r-release-windows-ix86+x86_64 1.4 13.00 71.00 84.00 NOTE
r-oldrel-windows-ix86+x86_64 1.4 24.00 136.00 160.00 NOTE

Check Details

Version: 1.4
Check: DESCRIPTION meta-information
Result: NOTE
    Malformed Description field: should contain one or more complete sentences.
Flavors: r-devel-linux-x86_64-debian-clang, r-devel-linux-x86_64-debian-gcc, r-devel-linux-x86_64-fedora-clang, r-devel-linux-x86_64-fedora-gcc, r-devel-osx-x86_64-clang, r-devel-windows-ix86+x86_64, r-patched-linux-x86_64, r-patched-solaris-sparc, r-patched-solaris-x86, r-release-linux-x86_64, r-release-osx-x86_64-mavericks, r-release-windows-ix86+x86_64

Version: 1.4
Check: S3 generic/method consistency
Result: NOTE
    Found the following apparent S3 methods exported but not registered:
     plot.qrfactor print.qrfactor qrfactor.default summary.qrfactor
    See section ‘Registering S3 methods’ in the ‘Writing R Extensions’
    manual.
Flavors: r-devel-linux-x86_64-debian-clang, r-devel-linux-x86_64-debian-gcc, r-devel-linux-x86_64-fedora-clang, r-devel-linux-x86_64-fedora-gcc, r-devel-osx-x86_64-clang, r-patched-linux-x86_64, r-patched-solaris-sparc, r-patched-solaris-x86, r-release-linux-x86_64

Version: 1.4
Check: R code for possible problems
Result: NOTE
    plot.qrfactor : sp.label: no visible global function definition for
     ‘coordinates’
    plot.qrfactor: no visible global function definition for ‘spplot’
    plot.qrfactor: no visible global function definition for ‘bpy.colors’
    plot.qrfactor: no visible global function definition for ‘readOGR’
    rq: no visible global function definition for ‘readOGR’
Flavors: r-devel-linux-x86_64-debian-clang, r-devel-linux-x86_64-debian-gcc, r-devel-linux-x86_64-fedora-clang, r-devel-linux-x86_64-fedora-gcc, r-devel-osx-x86_64-clang, r-devel-windows-ix86+x86_64, r-patched-linux-x86_64, r-patched-solaris-sparc, r-patched-solaris-x86, r-release-linux-x86_64, r-release-osx-x86_64-mavericks, r-release-windows-ix86+x86_64, r-oldrel-windows-ix86+x86_64

Version: 1.4
Check: package dependencies
Result: ERROR
    Package required but not available: ‘mvoutlier’
    
    See section ‘The DESCRIPTION file’ in the ‘Writing R Extensions’
    manual.
Flavor: r-release-osx-x86_64-snowleopard