CRAN Package Check Results for Package qrfactor

Last updated on 2014-04-24 11:48:52.

Flavor Version Tinstall Tcheck Ttotal Status Flags
r-devel-linux-x86_64-debian-clang 1.4 2.68 49.46 52.14 OK
r-devel-linux-x86_64-debian-gcc 1.4 2.66 48.79 51.45 OK
r-devel-linux-x86_64-fedora-clang 1.4 105.00 OK
r-devel-linux-x86_64-fedora-gcc 1.4 102.27 OK
r-devel-osx-x86_64-clang 1.4 101.99 OK
r-devel-osx-x86_64-gcc 1.4 ERROR
r-devel-windows-ix86+x86_64 1.4 12.00 72.00 84.00 OK
r-patched-linux-x86_64 1.4 2.71 49.38 52.08 OK
r-patched-solaris-sparc 1.4 672.40 OK
r-patched-solaris-x86 1.4 153.70 OK
r-release-linux-ix86 1.4 4.00 84.00 88.00 OK
r-release-linux-x86_64 1.4 2.64 48.78 51.43 OK
r-release-osx-x86_64-mavericks 1.4 ERROR
r-release-osx-x86_64-snowleopard 1.4 OK
r-release-windows-ix86+x86_64 1.4 12.00 83.00 95.00 OK
r-oldrel-windows-ix86+x86_64 1.4 12.00 78.00 90.00 OK

Check Details

Version: 1.4
Check: package dependencies
Result: ERROR
    Packages required but not available: ‘mvoutlier’ ‘maptools’
    
    See the information on DESCRIPTION files in the chapter ‘Creating R
    packages’ of the ‘Writing R Extensions’ manual.
Flavor: r-devel-osx-x86_64-gcc

Version: 1.4
Check: package dependencies
Result: ERROR
    Packages required but not available: ‘mgraph’ ‘maptools’
    
    See the information on DESCRIPTION files in the chapter ‘Creating R
    packages’ of the ‘Writing R Extensions’ manual.
Flavor: r-release-osx-x86_64-mavericks