CRAN Package Check Results for Package qrfactor

Last updated on 2015-07-02 07:48:52.

Flavor Version Tinstall Tcheck Ttotal Status Flags
r-devel-linux-x86_64-debian-clang 1.4 3.25 43.25 46.50 NOTE
r-devel-linux-x86_64-debian-gcc 1.4 2.56 41.48 44.04 NOTE
r-devel-linux-x86_64-fedora-clang 1.4 90.57 NOTE
r-devel-linux-x86_64-fedora-gcc 1.4 84.12 NOTE
r-devel-osx-x86_64-clang 1.4 80.53 NOTE
r-devel-windows-ix86+x86_64 1.4 9.00 69.00 78.00 NOTE
r-patched-linux-x86_64 1.4 2.56 43.38 45.94 NOTE
r-patched-solaris-sparc 1.4 574.30 NOTE
r-patched-solaris-x86 1.4 153.30 NOTE
r-release-linux-x86_64 1.4 2.45 41.18 43.63 NOTE
r-release-osx-x86_64-mavericks 1.4 NOTE
r-release-windows-ix86+x86_64 1.4 12.00 74.00 86.00 NOTE
r-oldrel-windows-ix86+x86_64 1.4 23.00 119.00 142.00 NOTE

Check Details

Version: 1.4
Check: DESCRIPTION meta-information
Result: NOTE
    Malformed Description field: should contain one or more complete sentences.
Flavors: r-devel-linux-x86_64-debian-clang, r-devel-linux-x86_64-debian-gcc, r-devel-linux-x86_64-fedora-clang, r-devel-linux-x86_64-fedora-gcc, r-devel-osx-x86_64-clang, r-devel-windows-ix86+x86_64, r-patched-linux-x86_64, r-patched-solaris-sparc, r-patched-solaris-x86, r-release-linux-x86_64, r-release-osx-x86_64-mavericks, r-release-windows-ix86+x86_64

Version: 1.4
Check: S3 generic/method consistency
Result: NOTE
    Found the following apparent S3 methods exported but not registered:
     plot.qrfactor print.qrfactor qrfactor.default summary.qrfactor
    See section ‘Registering S3 methods’ in the ‘Writing R Extensions’
    manual.
Flavors: r-devel-linux-x86_64-debian-clang, r-devel-linux-x86_64-debian-gcc, r-devel-linux-x86_64-fedora-clang, r-devel-linux-x86_64-fedora-gcc, r-devel-osx-x86_64-clang, r-patched-linux-x86_64, r-patched-solaris-sparc, r-patched-solaris-x86, r-release-linux-x86_64

Version: 1.4
Check: R code for possible problems
Result: NOTE
    plot.qrfactor : sp.label: no visible global function definition for
     ‘coordinates’
    plot.qrfactor: no visible global function definition for ‘slot’
    plot.qrfactor: no visible global function definition for ‘slot<-’
    plot.qrfactor: no visible global function definition for ‘text’
    plot.qrfactor: no visible global function definition for ‘layout’
    plot.qrfactor: no visible global function definition for ‘kmeans’
    plot.qrfactor: no visible global function definition for ‘polygon’
    plot.qrfactor: no visible global function definition for ‘points’
    plot.qrfactor: no visible global function definition for ‘mahalanobis’
    plot.qrfactor: no visible global function definition for ‘qqplot’
    plot.qrfactor: no visible global function definition for ‘qchisq’
    plot.qrfactor: no visible global function definition for ‘ppoints’
    plot.qrfactor: no visible global function definition for ‘spplot’
    plot.qrfactor: no visible global function definition for ‘bpy.colors’
    plot.qrfactor: no visible global function definition for ‘gray.colors’
    plot.qrfactor: no visible global function definition for ‘aggregate’
    plot.qrfactor: no visible global function definition for ‘aov’
    plot.qrfactor: no visible global function definition for ‘kruskal.test’
    plot.qrfactor: no visible global function definition for ‘dist’
    plot.qrfactor: no visible global function definition for ‘hclust’
    plot.qrfactor: no visible global function definition for ‘rect.hclust’
    plot.qrfactor: no visible global function definition for ‘na.omit’
    plot.qrfactor: no visible global function definition for ‘readOGR’
    plot.qrfactor: no visible global function definition for ‘wilcox.test’
    plot.qrfactor: no visible global function definition for ‘TukeyHSD’
    rq: no visible global function definition for ‘readOGR’
    rq: no visible global function definition for ‘slot’
    rq: no visible global function definition for ‘read.csv’
    rq: no visible global function definition for ‘read.table’
    rq: no visible global function definition for ‘slot<-’
    rq: no visible global function definition for ‘na.omit’
    rq: no visible global function definition for ‘cor’
    rq: no visible global function definition for ‘kmeans’
Flavors: r-devel-linux-x86_64-debian-clang, r-devel-linux-x86_64-debian-gcc, r-devel-linux-x86_64-fedora-gcc, r-devel-windows-ix86+x86_64

Version: 1.4
Check: R code for possible problems
Result: NOTE
    plot.qrfactor : sp.label: no visible global function definition for
     ‘coordinates’
    plot.qrfactor: no visible global function definition for ‘slot’
    plot.qrfactor: no visible global function definition for ‘slot<-’
    plot.qrfactor: no visible global function definition for ‘text’
    plot.qrfactor: no visible global function definition for ‘layout’
    plot.qrfactor: no visible global function definition for ‘kmeans’
    plot.qrfactor: no visible global function definition for ‘polygon’
    plot.qrfactor: no visible global function definition for ‘points’
    plot.qrfactor: no visible global function definition for ‘mahalanobis’
    plot.qrfactor: no visible global function definition for ‘qqplot’
    plot.qrfactor: no visible global function definition for ‘qchisq’
    plot.qrfactor: no visible global function definition for ‘ppoints’
    plot.qrfactor: no visible global function definition for ‘spplot’
    plot.qrfactor: no visible global function definition for ‘bpy.colors’
    plot.qrfactor: no visible global function definition for ‘gray.colors’
    plot.qrfactor: no visible global function definition for ‘aggregate’
    plot.qrfactor: no visible global function definition for ‘aov’
    plot.qrfactor: no visible global function definition for ‘kruskal.test’
    plot.qrfactor: no visible global function definition for ‘dist’
    plot.qrfactor: no visible global function definition for ‘hclust’
    plot.qrfactor: no visible global function definition for ‘rect.hclust’
    plot.qrfactor: no visible global function definition for ‘na.omit’
    plot.qrfactor: no visible global function definition for ‘readOGR’
    plot.qrfactor: no visible global function definition for ‘wilcox.test’
    plot.qrfactor: no visible global function definition for ‘TukeyHSD’
    rq: no visible global function definition for ‘readOGR’
    rq: no visible global function definition for ‘slot’
    rq: no visible global function definition for ‘read.csv’
    rq: no visible global function definition for ‘read.table’
    rq: no visible global function definition for ‘slot<-’
    rq: no visible global function definition for ‘na.omit’
    rq: no visible global function definition for ‘cor’
    rq: no visible global function definition for ‘kmeans’
    Undefined global functions or variables:
     TukeyHSD aggregate aov bpy.colors coordinates cor dist gray.colors
     hclust kmeans kruskal.test layout mahalanobis na.omit points polygon
     ppoints qchisq qqplot read.csv read.table readOGR rect.hclust slot
     slot<- spplot text wilcox.test
Flavor: r-devel-linux-x86_64-fedora-clang

Version: 1.4
Check: R code for possible problems
Result: NOTE
    plot.qrfactor : sp.label: no visible global function definition for
     ‘coordinates’
    plot.qrfactor: no visible global function definition for ‘spplot’
    plot.qrfactor: no visible global function definition for ‘bpy.colors’
    plot.qrfactor: no visible global function definition for ‘readOGR’
    rq: no visible global function definition for ‘readOGR’
Flavors: r-devel-osx-x86_64-clang, r-patched-linux-x86_64, r-patched-solaris-sparc, r-patched-solaris-x86, r-release-linux-x86_64, r-release-osx-x86_64-mavericks, r-release-windows-ix86+x86_64, r-oldrel-windows-ix86+x86_64