CRAN Package Check Results for Package qrfactor

Last updated on 2014-08-28 08:49:01.

Flavor Version Tinstall Tcheck Ttotal Status Flags
r-devel-linux-x86_64-debian-clang 1.4 3.24 57.36 60.60 NOTE
r-devel-linux-x86_64-debian-gcc 1.4 3.01 56.90 59.91 NOTE
r-devel-linux-x86_64-fedora-clang 1.4 131.31 NOTE
r-devel-linux-x86_64-fedora-gcc 1.4 124.66 NOTE
r-devel-osx-x86_64-clang 1.4 108.88 NOTE
r-devel-windows-ix86+x86_64 1.4 16.00 95.00 111.00 NOTE
r-patched-linux-x86_64 1.4 3.28 58.37 61.65 OK
r-patched-solaris-sparc 1.4 633.50 OK
r-patched-solaris-x86 1.4 194.70 OK
r-release-linux-ix86 1.4 3.98 75.20 79.18 OK
r-release-linux-x86_64 1.4 3.28 60.34 63.61 OK
r-release-osx-x86_64-mavericks 1.4 ERROR
r-release-osx-x86_64-snowleopard 1.4 OK
r-release-windows-ix86+x86_64 1.4 16.00 109.00 125.00 OK
r-oldrel-windows-ix86+x86_64 1.4 17.00 110.00 127.00 OK

Check Details

Version: 1.4
Check: R code for possible problems
Result: NOTE
    plot.qrfactor : sp.label: no visible global function definition for
     ‘coordinates’
    plot.qrfactor: no visible global function definition for ‘spplot’
    plot.qrfactor: no visible global function definition for ‘bpy.colors’
    plot.qrfactor: no visible global function definition for ‘readOGR’
    rq: no visible global function definition for ‘readOGR’
Flavors: r-devel-linux-x86_64-debian-clang, r-devel-linux-x86_64-debian-gcc, r-devel-linux-x86_64-fedora-clang, r-devel-linux-x86_64-fedora-gcc, r-devel-osx-x86_64-clang, r-devel-windows-ix86+x86_64

Version: 1.4
Check: package dependencies
Result: ERROR
    Package required but not available: ‘mgraph’
    
    See the information on DESCRIPTION files in the chapter ‘Creating R
    packages’ of the ‘Writing R Extensions’ manual.
Flavor: r-release-osx-x86_64-mavericks