CRAN Package Check Results for Package qrnn

Last updated on 2017-10-21 00:51:56.

Flavor Version Tinstall Tcheck Ttotal Status Flags
r-devel-linux-x86_64-debian-clang 1.1.3 0.72 22.93 23.65 NOTE
r-devel-linux-x86_64-debian-gcc 1.1.3 0.83 23.09 23.92 NOTE
r-devel-linux-x86_64-fedora-clang 1.1.3 45.51 NOTE
r-devel-linux-x86_64-fedora-gcc 1.1.3 44.33 NOTE
r-devel-windows-ix86+x86_64 1.1.3 5.00 65.00 70.00 NOTE
r-patched-linux-x86_64 1.1.3 0.80 23.03 23.82 NOTE
r-patched-solaris-x86 1.1.3 58.30 NOTE
r-release-linux-x86_64 1.1.3 0.78 22.44 23.22 NOTE
r-release-windows-ix86+x86_64 1.1.3 3.00 45.00 48.00 NOTE
r-release-osx-x86_64 1.1.3 NOTE
r-oldrel-windows-ix86+x86_64 1.1.3 2.00 44.00 46.00 NOTE
r-oldrel-osx-x86_64 1.1.3 NOTE

Check Details

Version: 1.1.3
Check: DESCRIPTION meta-information
Result: NOTE
    Checking should be performed on sources prepared by ‘R CMD build’.
Flavors: r-devel-linux-x86_64-debian-clang, r-devel-linux-x86_64-debian-gcc, r-devel-linux-x86_64-fedora-clang, r-devel-linux-x86_64-fedora-gcc, r-devel-windows-ix86+x86_64, r-patched-linux-x86_64, r-patched-solaris-x86, r-release-linux-x86_64, r-release-windows-ix86+x86_64, r-release-osx-x86_64, r-oldrel-windows-ix86+x86_64, r-oldrel-osx-x86_64