CRAN Package Check Results for Package qrnn

Last updated on 2016-12-09 09:52:42.

Flavor Version Tinstall Tcheck Ttotal Status Flags
r-devel-linux-x86_64-debian-clang 1.1.3 0.73 22.44 23.17 NOTE
r-devel-linux-x86_64-debian-gcc 1.1.3 0.86 21.24 22.10 NOTE
r-devel-linux-x86_64-fedora-clang 1.1.3 44.44 NOTE --no-stop-on-test-error
r-devel-linux-x86_64-fedora-gcc 1.1.3 39.67 NOTE --no-stop-on-test-error
r-devel-macos-x86_64-clang 1.1.3 34.23 NOTE
r-devel-windows-ix86+x86_64 1.1.3 6.00 39.00 45.00 NOTE
r-patched-linux-x86_64 1.1.3 0.71 19.91 20.62 NOTE
r-patched-solaris-sparc 1.1.3 268.40 NOTE
r-patched-solaris-x86 1.1.3 50.80 NOTE
r-release-linux-x86_64 1.1.3 0.66 20.08 20.74 NOTE
r-release-osx-x86_64-mavericks 1.1.3 NOTE
r-release-windows-ix86+x86_64 1.1.3 2.00 44.00 46.00 NOTE
r-oldrel-windows-ix86+x86_64 1.1.3 4.00 45.00 49.00 OK

Check Details

Version: 1.1.3
Check: DESCRIPTION meta-information
Result: NOTE
    Checking should be performed on sources prepared by ‘R CMD build’.
Flavors: r-devel-linux-x86_64-debian-clang, r-devel-linux-x86_64-debian-gcc, r-devel-macos-x86_64-clang, r-devel-windows-ix86+x86_64, r-patched-linux-x86_64, r-patched-solaris-sparc, r-patched-solaris-x86, r-release-linux-x86_64, r-release-osx-x86_64-mavericks, r-release-windows-ix86+x86_64

Version: 1.1.3
Flags: --no-stop-on-test-error
Check: DESCRIPTION meta-information
Result: NOTE
    Checking should be performed on sources prepared by ‘R CMD build’.
Flavors: r-devel-linux-x86_64-fedora-clang, r-devel-linux-x86_64-fedora-gcc