CRAN Package Check Results for Package qrnn

Last updated on 2017-03-26 11:53:59.

Flavor Version Tinstall Tcheck Ttotal Status Flags
r-devel-linux-x86_64-debian-clang 1.1.3 0.77 23.82 24.59 NOTE
r-devel-linux-x86_64-debian-gcc 1.1.3 0.79 21.72 22.50 NOTE
r-devel-linux-x86_64-fedora-clang 1.1.3 41.69 NOTE --no-stop-on-test-error
r-devel-linux-x86_64-fedora-gcc 1.1.3 38.97 NOTE --no-stop-on-test-error
r-devel-macos-x86_64-clang 1.1.3 33.86 NOTE --no-stop-on-test-error
r-devel-windows-ix86+x86_64 1.1.3 3.00 39.00 42.00 NOTE
r-patched-linux-x86_64 1.1.3 0.75 21.97 22.72 NOTE
r-patched-solaris-sparc 1.1.3 272.00 NOTE
r-patched-solaris-x86 1.1.3 56.80 NOTE
r-release-linux-x86_64 1.1.3 0.68 19.73 20.42 NOTE
r-release-osx-x86_64-mavericks 1.1.3 NOTE
r-release-windows-ix86+x86_64 1.1.3 2.00 44.00 46.00 NOTE
r-oldrel-windows-ix86+x86_64 1.1.3 4.00 45.00 49.00 OK

Check Details

Version: 1.1.3
Check: DESCRIPTION meta-information
Result: NOTE
    Checking should be performed on sources prepared by ‘R CMD build’.
Flavors: r-devel-linux-x86_64-debian-clang, r-devel-linux-x86_64-debian-gcc, r-devel-windows-ix86+x86_64, r-patched-linux-x86_64, r-patched-solaris-sparc, r-patched-solaris-x86, r-release-linux-x86_64, r-release-osx-x86_64-mavericks, r-release-windows-ix86+x86_64

Version: 1.1.3
Flags: --no-stop-on-test-error
Check: DESCRIPTION meta-information
Result: NOTE
    Checking should be performed on sources prepared by ‘R CMD build’.
Flavors: r-devel-linux-x86_64-fedora-clang, r-devel-linux-x86_64-fedora-gcc, r-devel-macos-x86_64-clang