CRAN Package Check Results for Package qrnn

Last updated on 2016-09-26 15:48:21.

Flavor Version Tinstall Tcheck Ttotal Status Flags
r-devel-linux-x86_64-debian-clang 1.1.3 0.73 21.81 22.54 NOTE
r-devel-linux-x86_64-debian-gcc 1.1.3 0.65 19.94 20.59 NOTE
r-devel-linux-x86_64-fedora-clang 1.1.3 39.75 NOTE
r-devel-linux-x86_64-fedora-gcc 1.1.3 36.09 NOTE
r-devel-macos-x86_64-clang 1.1.3 31.92 NOTE
r-devel-windows-ix86+x86_64 1.1.3 5.00 53.00 58.00 NOTE
r-patched-linux-x86_64 1.1.3 0.72 19.69 20.41 NOTE
r-patched-solaris-sparc 1.1.3 268.40 NOTE
r-patched-solaris-x86 1.1.3 52.10 NOTE
r-release-linux-x86_64 1.1.3 0.70 20.34 21.03 NOTE
r-release-osx-x86_64-mavericks 1.1.3 NOTE
r-release-windows-ix86+x86_64 1.1.3 3.00 40.00 43.00 NOTE
r-oldrel-windows-ix86+x86_64 1.1.3 3.00 42.00 45.00 OK

Check Details

Version: 1.1.3
Check: DESCRIPTION meta-information
Result: NOTE
    Checking should be performed on sources prepared by ‘R CMD build’.
Flavors: r-devel-linux-x86_64-debian-clang, r-devel-linux-x86_64-debian-gcc, r-devel-linux-x86_64-fedora-clang, r-devel-linux-x86_64-fedora-gcc, r-devel-macos-x86_64-clang, r-devel-windows-ix86+x86_64, r-patched-linux-x86_64, r-patched-solaris-sparc, r-patched-solaris-x86, r-release-linux-x86_64, r-release-osx-x86_64-mavericks, r-release-windows-ix86+x86_64