CRAN Package Check Results for Package qrnn

Last updated on 2017-04-29 19:49:00.

Flavor Version Tinstall Tcheck Ttotal Status Flags
r-devel-linux-x86_64-debian-clang 1.1.3 0.70 22.76 23.46 NOTE
r-devel-linux-x86_64-debian-gcc 1.1.3 0.72 21.60 22.32 NOTE
r-devel-linux-x86_64-fedora-clang 1.1.3 42.95 NOTE --no-stop-on-test-error
r-devel-linux-x86_64-fedora-gcc 1.1.3 38.84 NOTE --no-stop-on-test-error
r-devel-windows-ix86+x86_64 1.1.3 5.00 44.00 49.00 NOTE
r-patched-linux-x86_64 1.1.3 0.88 21.76 22.65 NOTE
r-patched-solaris-sparc 1.1.3 272.00 NOTE
r-patched-solaris-x86 1.1.3 55.90 NOTE
r-release-linux-x86_64 1.1.3 0.73 21.67 22.40 NOTE
r-release-windows-ix86+x86_64 1.1.3 3.00 42.00 45.00 NOTE
r-release-osx-x86_64 1.1.3 NOTE
r-oldrel-windows-ix86+x86_64 1.1.3 2.00 44.00 46.00 NOTE
r-oldrel-osx-x86_64 1.1.3 NOTE

Check Details

Version: 1.1.3
Check: DESCRIPTION meta-information
Result: NOTE
    Checking should be performed on sources prepared by ‘R CMD build’.
Flavors: r-devel-linux-x86_64-debian-clang, r-devel-linux-x86_64-debian-gcc, r-devel-windows-ix86+x86_64, r-patched-linux-x86_64, r-patched-solaris-sparc, r-patched-solaris-x86, r-release-linux-x86_64, r-release-windows-ix86+x86_64, r-release-osx-x86_64, r-oldrel-windows-ix86+x86_64, r-oldrel-osx-x86_64

Version: 1.1.3
Flags: --no-stop-on-test-error
Check: DESCRIPTION meta-information
Result: NOTE
    Checking should be performed on sources prepared by ‘R CMD build’.
Flavors: r-devel-linux-x86_64-fedora-clang, r-devel-linux-x86_64-fedora-gcc