CRAN Package Check Results for Package qrnn

Last updated on 2015-06-30 19:48:00.

Flavor Version Tinstall Tcheck Ttotal Status Flags
r-devel-linux-x86_64-debian-clang 1.1.2 0.74 22.16 22.90 NOTE
r-devel-linux-x86_64-debian-gcc 1.1.2 0.90 22.22 23.12 NOTE
r-devel-linux-x86_64-fedora-clang 1.1.2 44.04 NOTE
r-devel-linux-x86_64-fedora-gcc 1.1.2 42.41 OK
r-devel-osx-x86_64-clang 1.1.2 41.01 OK
r-devel-windows-ix86+x86_64 1.1.2 4.00 44.00 48.00 OK
r-patched-linux-x86_64 1.1.2 0.86 22.54 23.41 OK
r-patched-solaris-sparc 1.1.2 307.00 OK
r-patched-solaris-x86 1.1.2 57.20 OK
r-release-linux-x86_64 1.1.2 0.80 22.52 23.32 OK
r-release-osx-x86_64-mavericks 1.1.2 OK
r-release-windows-ix86+x86_64 1.1.2 2.00 43.00 45.00 OK
r-oldrel-windows-ix86+x86_64 1.1.2 5.00 39.00 44.00 OK

Check Details

Version: 1.1.2
Check: R code for possible problems
Result: NOTE
    censored.mean: no visible global function definition for ‘median’
    gam.style: no visible global function definition for ‘dev.new’
    gam.style: no visible global function definition for ‘segments’
    gam.style: no visible global function definition for ‘abline’
    pquantile: no visible global function definition for ‘approx’
    pquantile : pq.lu: no visible global function definition for
     ‘integrate’
    qquantile: no visible global function definition for ‘approx’
    qquantile : qq.lu: no visible global function definition for ‘uniroot’
    qrnn.initialize: no visible global function definition for ‘runif’
    qrnn.nlm: no visible global function definition for ‘nlm’
    rquantile: no visible global function definition for ‘runif’
Flavors: r-devel-linux-x86_64-debian-clang, r-devel-linux-x86_64-debian-gcc, r-devel-linux-x86_64-fedora-clang