CRAN Package Check Results for Package qrnn

Last updated on 2017-08-20 05:47:25.

Flavor Version Tinstall Tcheck Ttotal Status Flags
r-devel-linux-x86_64-debian-clang 1.1.3 0.83 23.73 24.56 NOTE
r-devel-linux-x86_64-debian-gcc 1.1.3 0.74 23.09 23.83 NOTE
r-devel-linux-x86_64-fedora-clang 1.1.3 45.84 NOTE
r-devel-linux-x86_64-fedora-gcc 1.1.3 42.75 NOTE
r-devel-windows-ix86+x86_64 1.1.3 3.00 40.00 43.00 NOTE
r-patched-linux-x86_64 1.1.3 0.73 22.61 23.34 NOTE
r-patched-solaris-x86 1.1.3 57.80 NOTE
r-release-linux-x86_64 1.1.3 0.76 22.31 23.07 NOTE
r-release-windows-ix86+x86_64 1.1.3 3.00 45.00 48.00 NOTE
r-release-osx-x86_64 1.1.3 NOTE
r-oldrel-windows-ix86+x86_64 1.1.3 2.00 44.00 46.00 NOTE
r-oldrel-osx-x86_64 1.1.3 NOTE

Check Details

Version: 1.1.3
Check: DESCRIPTION meta-information
Result: NOTE
    Checking should be performed on sources prepared by ‘R CMD build’.
Flavors: r-devel-linux-x86_64-debian-clang, r-devel-linux-x86_64-debian-gcc, r-devel-linux-x86_64-fedora-clang, r-devel-linux-x86_64-fedora-gcc, r-devel-windows-ix86+x86_64, r-patched-linux-x86_64, r-patched-solaris-x86, r-release-linux-x86_64, r-release-windows-ix86+x86_64, r-release-osx-x86_64, r-oldrel-windows-ix86+x86_64, r-oldrel-osx-x86_64