CRAN Package Check Results for Package qrnn

Last updated on 2017-06-26 22:46:50.

Flavor Version Tinstall Tcheck Ttotal Status Flags
r-devel-linux-x86_64-debian-clang 1.1.3 0.82 23.55 24.37 NOTE
r-devel-linux-x86_64-debian-gcc 1.1.3 0.79 22.00 22.79 NOTE
r-devel-linux-x86_64-fedora-clang 1.1.3 41.47 NOTE
r-devel-linux-x86_64-fedora-gcc 1.1.3 38.94 NOTE
r-devel-windows-ix86+x86_64 1.1.3 4.00 50.00 54.00 NOTE
r-patched-linux-x86_64 1.1.3 0.84 22.32 23.16 NOTE
r-patched-solaris-sparc 1.1.3 272.00 NOTE
r-patched-solaris-x86 1.1.3 56.00 NOTE
r-release-linux-x86_64 1.1.3 0.78 21.80 22.58 NOTE
r-release-windows-ix86+x86_64 1.1.3 3.00 42.00 45.00 NOTE
r-release-osx-x86_64 1.1.3 NOTE
r-oldrel-windows-ix86+x86_64 1.1.3 2.00 44.00 46.00 NOTE
r-oldrel-osx-x86_64 1.1.3 NOTE

Check Details

Version: 1.1.3
Check: DESCRIPTION meta-information
Result: NOTE
    Checking should be performed on sources prepared by ‘R CMD build’.
Flavors: r-devel-linux-x86_64-debian-clang, r-devel-linux-x86_64-debian-gcc, r-devel-linux-x86_64-fedora-clang, r-devel-linux-x86_64-fedora-gcc, r-devel-windows-ix86+x86_64, r-patched-linux-x86_64, r-patched-solaris-sparc, r-patched-solaris-x86, r-release-linux-x86_64, r-release-windows-ix86+x86_64, r-release-osx-x86_64, r-oldrel-windows-ix86+x86_64, r-oldrel-osx-x86_64