CRAN Package Check Results for Package qrnn

Last updated on 2017-02-19 23:48:29.

Flavor Version Tinstall Tcheck Ttotal Status Flags
r-devel-linux-x86_64-debian-clang 1.1.3 0.71 23.15 23.86 NOTE
r-devel-linux-x86_64-debian-gcc 1.1.3 0.76 21.32 22.09 NOTE
r-devel-linux-x86_64-fedora-clang 1.1.3 40.65 NOTE --no-stop-on-test-error
r-devel-linux-x86_64-fedora-gcc 1.1.3 38.32 NOTE --no-stop-on-test-error
r-devel-macos-x86_64-clang 1.1.3 34.46 NOTE --no-stop-on-test-error
r-devel-windows-ix86+x86_64 1.1.3 4.00 55.00 59.00 NOTE
r-patched-linux-x86_64 1.1.3 0.66 20.87 21.53 NOTE
r-patched-solaris-sparc 1.1.3 270.20 NOTE
r-patched-solaris-x86 1.1.3 51.90 NOTE
r-release-linux-x86_64 1.1.3 0.74 20.21 20.94 NOTE
r-release-osx-x86_64-mavericks 1.1.3 NOTE
r-release-windows-ix86+x86_64 1.1.3 2.00 44.00 46.00 NOTE
r-oldrel-windows-ix86+x86_64 1.1.3 4.00 45.00 49.00 OK

Check Details

Version: 1.1.3
Check: DESCRIPTION meta-information
Result: NOTE
    Checking should be performed on sources prepared by ‘R CMD build’.
Flavors: r-devel-linux-x86_64-debian-clang, r-devel-linux-x86_64-debian-gcc, r-devel-windows-ix86+x86_64, r-patched-linux-x86_64, r-patched-solaris-sparc, r-patched-solaris-x86, r-release-linux-x86_64, r-release-osx-x86_64-mavericks, r-release-windows-ix86+x86_64

Version: 1.1.3
Flags: --no-stop-on-test-error
Check: DESCRIPTION meta-information
Result: NOTE
    Checking should be performed on sources prepared by ‘R CMD build’.
Flavors: r-devel-linux-x86_64-fedora-clang, r-devel-linux-x86_64-fedora-gcc, r-devel-macos-x86_64-clang