CRAN Package Check Results for Package qrnn

Last updated on 2016-08-31 23:48:02.

Flavor Version Tinstall Tcheck Ttotal Status Flags
r-devel-linux-x86_64-debian-clang 1.1.3 0.78 21.18 21.96 NOTE
r-devel-linux-x86_64-debian-gcc 1.1.3 0.66 20.36 21.02 NOTE
r-devel-linux-x86_64-fedora-clang 1.1.3 39.71 NOTE
r-devel-linux-x86_64-fedora-gcc 1.1.3 35.60 NOTE
r-devel-osx-x86_64-clang 1.1.3 32.01 NOTE
r-devel-windows-ix86+x86_64 1.1.3 5.00 54.00 59.00 NOTE
r-patched-linux-x86_64 1.1.3 0.82 19.35 20.17 NOTE
r-patched-solaris-sparc 1.1.3 268.40 NOTE
r-patched-solaris-x86 1.1.3 50.90 NOTE
r-release-linux-x86_64 1.1.3 0.96 19.80 20.76 NOTE
r-release-osx-x86_64-mavericks 1.1.3 NOTE
r-release-windows-ix86+x86_64 1.1.3 3.00 56.00 59.00 NOTE
r-oldrel-windows-ix86+x86_64 1.1.3 3.00 42.00 45.00 OK

Check Details

Version: 1.1.3
Check: DESCRIPTION meta-information
Result: NOTE
    Checking should be performed on sources prepared by ‘R CMD build’.
Flavors: r-devel-linux-x86_64-debian-clang, r-devel-linux-x86_64-debian-gcc, r-devel-linux-x86_64-fedora-clang, r-devel-linux-x86_64-fedora-gcc, r-devel-osx-x86_64-clang, r-devel-windows-ix86+x86_64, r-patched-linux-x86_64, r-patched-solaris-sparc, r-patched-solaris-x86, r-release-linux-x86_64, r-release-osx-x86_64-mavericks, r-release-windows-ix86+x86_64