CRAN Package Check Results for Package qrnn

Last updated on 2016-05-31 13:47:31.

Flavor Version Tinstall Tcheck Ttotal Status Flags
r-devel-linux-x86_64-debian-gcc 1.1.3 0.70 20.30 21.00 NOTE
r-devel-linux-x86_64-fedora-clang 1.1.3 38.56 NOTE
r-devel-linux-x86_64-fedora-gcc 1.1.3 36.89 NOTE
r-devel-osx-x86_64-clang 1.1.3 43.68 NOTE
r-devel-windows-ix86+x86_64 1.1.3 3.00 38.00 41.00 NOTE
r-patched-linux-x86_64 1.1.3 0.86 20.85 21.71 NOTE
r-patched-solaris-sparc 1.1.3 271.50 NOTE
r-patched-solaris-x86 1.1.3 55.40 NOTE
r-release-linux-x86_64 1.1.3 0.66 19.70 20.37 NOTE
r-release-osx-x86_64-mavericks 1.1.3 NOTE
r-release-windows-ix86+x86_64 1.1.3 3.00 56.00 59.00 NOTE
r-oldrel-windows-ix86+x86_64 1.1.3 3.00 42.00 45.00 OK

Check Details

Version: 1.1.3
Check: DESCRIPTION meta-information
Result: NOTE
    Checking should be performed on sources prepared by ‘R CMD build’.
Flavors: r-devel-linux-x86_64-debian-gcc, r-devel-linux-x86_64-fedora-clang, r-devel-linux-x86_64-fedora-gcc, r-devel-osx-x86_64-clang, r-devel-windows-ix86+x86_64, r-patched-linux-x86_64, r-patched-solaris-sparc, r-patched-solaris-x86, r-release-linux-x86_64, r-release-osx-x86_64-mavericks, r-release-windows-ix86+x86_64