CRAN Package Check Results for Package qrsvm

Last updated on 2018-01-22 02:49:24 CET.

Flavor Version Tinstall Tcheck Ttotal Status Flags
r-devel-linux-x86_64-debian-clang 0.2.1 4.83 56.47 61.30 OK
r-devel-linux-x86_64-debian-gcc 0.2.1 3.51 47.90 51.41 OK
r-devel-linux-x86_64-fedora-clang 0.2.1 83.81 OK
r-devel-linux-x86_64-fedora-gcc 0.2.1 83.01 OK
r-devel-windows-ix86+x86_64 0.2.1 8.00 75.00 83.00 OK
r-patched-linux-x86_64 0.2.1 4.26 68.70 72.96 OK
r-patched-solaris-x86 0.2.1 142.10 OK
r-release-linux-x86_64 0.2.1 3.93 0.39 4.32 FAIL
r-release-windows-ix86+x86_64 0.2.1 11.00 81.00 92.00 OK
r-release-osx-x86_64 0.2.1 OK
r-oldrel-windows-ix86+x86_64 0.2.1 11.00 81.00 92.00 OK
r-oldrel-osx-x86_64 0.2.1 OK

Check Details

Version: 0.2.1
Check: package dependencies
Result: FAIL
    
Flavor: r-release-linux-x86_64