CRAN Package Check Results for Package qsort

Last updated on 2022-10-05 23:25:39 CEST.

Flavor Version Tinstall Tcheck Ttotal Status Flags
r-devel-linux-x86_64-debian-clang 0.2.3 5.62 59.56 65.18 OK
r-devel-linux-x86_64-debian-gcc 0.2.3 3.90 44.43 48.33 OK
r-devel-linux-x86_64-fedora-clang 0.2.3 91.68 NOTE
r-devel-linux-x86_64-fedora-gcc 0.2.3 85.31 NOTE
r-devel-windows-x86_64 0.2.3 13.00 86.00 99.00 OK
r-patched-linux-x86_64 0.2.3 4.90 54.93 59.83 OK
r-release-linux-x86_64 0.2.3 5.16 55.02 60.18 OK
r-release-macos-arm64 0.2.3 27.00 NOTE
r-release-macos-x86_64 0.2.3 49.00 NOTE
r-release-windows-x86_64 0.2.3 15.00 87.00 102.00 OK
r-oldrel-macos-arm64 0.2.3 28.00 NOTE
r-oldrel-macos-x86_64 0.2.3 39.00 NOTE
r-oldrel-windows-ix86+x86_64 0.2.3 14.00 83.00 97.00 OK

Check Details

Version: 0.2.3
Check: data for non-ASCII characters
Result: NOTE
     Note: found 6 marked UTF-8 strings
Flavors: r-devel-linux-x86_64-fedora-clang, r-devel-linux-x86_64-fedora-gcc, r-release-macos-arm64, r-release-macos-x86_64, r-oldrel-macos-arm64, r-oldrel-macos-x86_64