CRAN Package Check Results for Package qtbase

Last updated on 2016-12-10 18:49:44.

Flavor Version Tinstall Tcheck Ttotal Status Flags
r-devel-linux-x86_64-debian-clang 1.0.11 171.03 27.62 198.66 NOTE
r-devel-linux-x86_64-debian-gcc 1.0.11 188.75 26.40 215.15 NOTE
r-devel-linux-x86_64-fedora-clang 1.0.11 5.16 ERROR --no-stop-on-test-error
r-devel-linux-x86_64-fedora-gcc 1.0.11 431.06 NOTE --no-stop-on-test-error
r-patched-linux-x86_64 1.0.11 176.01 23.05 199.06 NOTE
r-release-linux-x86_64 1.0.11 176.10 22.63 198.73 NOTE
r-release-osx-x86_64-mavericks 1.0.11 ERROR
r-release-windows-ix86+x86_64 1.0.11 5.00 4.00 9.00 ERROR

Memtest notes: valgrind

Check Details

Version: 1.0.11
Check: top-level files
Result: NOTE
    Non-standard file/directory found at top level:
     ‘kdebindings’
Flavors: r-devel-linux-x86_64-debian-clang, r-devel-linux-x86_64-debian-gcc, r-patched-linux-x86_64, r-release-linux-x86_64

Version: 1.0.11
Check: dependencies in R code
Result: NOTE
    There are ::: calls to the package's namespace in its code. A package
     almost never needs to use ::: for its own objects:
     ‘compileMetaObject’
Flavors: r-devel-linux-x86_64-debian-clang, r-devel-linux-x86_64-debian-gcc, r-patched-linux-x86_64, r-release-linux-x86_64

Version: 1.0.11
Check: compiled code
Result: NOTE
    Note: information on .o files is not available
    File ‘qtbase/libs/qtbase.so’:
     Found non-API calls to R: ‘R_CStackLimit’, ‘Rf_EncodeInteger’,
     ‘Rf_EncodeLogical’, ‘Rf_EncodeReal’, ‘Rf_formatInteger’,
     ‘Rf_formatLogical’, ‘Rf_formatReal’
    
    Compiled code should not call non-API entry points in R.
    
    See ‘Writing portable packages’ in the ‘Writing R Extensions’ manual.
Flavors: r-devel-linux-x86_64-debian-clang, r-devel-linux-x86_64-debian-gcc, r-patched-linux-x86_64, r-release-linux-x86_64

Version: 1.0.11
Flags: --no-stop-on-test-error
Check: whether package can be installed
Result: ERROR
    Installation failed.
Flavor: r-devel-linux-x86_64-fedora-clang

Version: 1.0.11
Flags: --no-stop-on-test-error
Check: installed package size
Result: NOTE
     installed size is 32.7Mb
     sub-directories of 1Mb or more:
     libs 30.0Mb
     local 1.9Mb
Flavor: r-devel-linux-x86_64-fedora-gcc

Version: 1.0.11
Flags: --no-stop-on-test-error
Check: top-level files
Result: NOTE
    Non-standard file/directory found at top level:
     ‘kdebindings’
Flavor: r-devel-linux-x86_64-fedora-gcc

Version: 1.0.11
Flags: --no-stop-on-test-error
Check: dependencies in R code
Result: NOTE
    There are ::: calls to the package's namespace in its code. A package
     almost never needs to use ::: for its own objects:
     ‘compileMetaObject’
Flavor: r-devel-linux-x86_64-fedora-gcc

Version: 1.0.11
Flags: --no-stop-on-test-error
Check: compiled code
Result: NOTE
    Note: information on .o files is not available
    File ‘qtbase/libs/qtbase.so’:
     Found non-API calls to R: ‘R_CStackLimit’, ‘Rf_EncodeInteger’,
     ‘Rf_EncodeLogical’, ‘Rf_EncodeReal’, ‘Rf_formatInteger’,
     ‘Rf_formatLogical’, ‘Rf_formatReal’
    
    Compiled code should not call non-API entry points in R.
    
    See ‘Writing portable packages’ in the ‘Writing R Extensions’ manual.
Flavor: r-devel-linux-x86_64-fedora-gcc

Version: 1.0.11
Check: whether package can be installed
Result: ERROR
    Installation failed.
Flavors: r-release-osx-x86_64-mavericks, r-release-windows-ix86+x86_64