CRAN Package Check Results for Package qtbase

Last updated on 2018-05-21 09:47:58 CEST.

Flavor Version Tinstall Tcheck Ttotal Status Flags
r-devel-linux-x86_64-debian-clang 1.0.14 458.12 32.26 490.38 NOTE
r-devel-linux-x86_64-debian-gcc 1.0.14 404.84 27.20 432.04 NOTE
r-devel-linux-x86_64-fedora-gcc 1.0.14 682.81 NOTE
r-patched-linux-x86_64 1.0.14 499.52 33.59 533.11 NOTE
r-release-linux-x86_64 1.0.14 511.90 33.30 545.20 NOTE
r-release-osx-x86_64 1.0.14 ERROR
r-oldrel-osx-x86_64 1.0.13 ERROR

Additional issues

gcc8

Check Details

Version: 1.0.14
Check: dependencies in R code
Result: NOTE
    There are ::: calls to the package's namespace in its code. A package
     almost never needs to use ::: for its own objects:
     ‘compileMetaObject’
Flavors: r-devel-linux-x86_64-debian-clang, r-devel-linux-x86_64-debian-gcc, r-devel-linux-x86_64-fedora-gcc, r-patched-linux-x86_64, r-release-linux-x86_64

Version: 1.0.14
Check: compiled code
Result: NOTE
    File ‘qtbase/libs/qtbase.so’:
     Found non-API calls to R: ‘R_CStackLimit’, ‘Rf_EncodeInteger’,
     ‘Rf_EncodeLogical’, ‘Rf_EncodeReal’, ‘Rf_formatInteger’,
     ‘Rf_formatLogical’, ‘Rf_formatReal’
    
    Compiled code should not call non-API entry points in R.
    
    See ‘Writing portable packages’ in the ‘Writing R Extensions’ manual.
Flavors: r-devel-linux-x86_64-debian-clang, r-devel-linux-x86_64-debian-gcc, r-devel-linux-x86_64-fedora-gcc, r-patched-linux-x86_64, r-release-linux-x86_64

Version: 1.0.14
Check: installed package size
Result: NOTE
     installed size is 66.9Mb
     sub-directories of 1Mb or more:
     libs 56.6Mb
     local 9.4Mb
Flavor: r-devel-linux-x86_64-fedora-gcc

Version: 1.0.14
Check: whether package can be installed
Result: ERROR
    Installation failed.
Flavor: r-release-osx-x86_64

Version: 1.0.13
Check: whether package can be installed
Result: ERROR
    Installation failed.
Flavor: r-oldrel-osx-x86_64