CRAN Package Check Results for Package qtbase

Last updated on 2014-10-23 13:47:57.

Flavor Version Tinstall Tcheck Ttotal Status Flags
r-devel-linux-x86_64-debian-clang 1.0.4 175.45 23.93 199.38 WARN
r-devel-linux-x86_64-debian-gcc 1.0.4 176.82 22.54 199.36 WARN
r-devel-linux-x86_64-fedora-clang 1.0.4 414.76 WARN
r-devel-linux-x86_64-fedora-gcc 1.0.4 386.09 WARN
r-patched-linux-x86_64 1.0.4 174.25 23.53 197.78 WARN
r-release-linux-ix86 1.0.4 225.39 33.42 258.80 WARN
r-release-linux-x86_64 1.0.4 176.20 22.38 198.58 WARN
r-release-osx-x86_64-mavericks 1.0.4 ERROR
r-release-osx-x86_64-snowleopard 1.0.4 ERROR

Memtest notes: valgrind

Check Details

Version: 1.0.4
Check: for hidden files and directories
Result: NOTE
    Found the following hidden files and directories:
     .gitignore
     inst/doc/.Rhistory
     vignettes/.gitignore
    These were most likely included in error. See section ‘Package
    structure’ in the ‘Writing R Extensions’ manual.
Flavors: r-devel-linux-x86_64-debian-clang, r-devel-linux-x86_64-debian-gcc, r-devel-linux-x86_64-fedora-clang, r-devel-linux-x86_64-fedora-gcc, r-patched-linux-x86_64, r-release-linux-ix86, r-release-linux-x86_64, r-release-osx-x86_64-mavericks, r-release-osx-x86_64-snowleopard

Version: 1.0.4
Check: whether package can be installed
Result: WARN
    Found the following significant warnings:
     /tmp/Rtmp644zWW/R.INSTALL541847ca281/qtbase/kdebindings/generator/parser/parser.cpp:1035:2: warning: #warning "implement me" [-Wcpp]
     /tmp/Rtmp644zWW/R.INSTALL541847ca281/qtbase/kdebindings/generator/parser/parser.cpp:2603:2: warning: #warning "implemente me (AST)" [-Wcpp]
     /tmp/Rtmp644zWW/R.INSTALL541847ca281/qtbase/kdebindings/generator/parser/parser.cpp:3489:2: warning: #warning "mark the ast as constant" [-Wcpp]
     /tmp/Rtmp644zWW/R.INSTALL541847ca281/qtbase/kdebindings/generator/name_compiler.cpp:139:2: warning: #warning "NameCompiler::visitUnqualifiedName() -- implement me" [-Wcpp]
Flavor: r-devel-linux-x86_64-debian-clang

Version: 1.0.4
Check: installed package size
Result: NOTE
     installed size is 31.9Mb
     sub-directories of 1Mb or more:
     libs 29.3Mb
     local 1.9Mb
Flavors: r-devel-linux-x86_64-debian-clang, r-devel-linux-x86_64-debian-gcc, r-devel-linux-x86_64-fedora-clang, r-devel-linux-x86_64-fedora-gcc, r-patched-linux-x86_64, r-release-linux-ix86, r-release-linux-x86_64

Version: 1.0.4
Check: top-level files
Result: NOTE
    Non-standard files/directories found at top level:
     ‘NOTES’ ‘kdebindings’ ‘questions.txt’
Flavors: r-devel-linux-x86_64-debian-clang, r-devel-linux-x86_64-debian-gcc, r-devel-linux-x86_64-fedora-clang, r-devel-linux-x86_64-fedora-gcc, r-patched-linux-x86_64, r-release-linux-x86_64

Version: 1.0.4
Check: dependencies in R code
Result: NOTE
    There are ::: calls to the package's namespace in its code. A package
     almost never needs to use ::: for its own objects:
     ‘compileMetaObject’
    See the information on DESCRIPTION files in the chapter ‘Creating R
    packages’ of the ‘Writing R Extensions’ manual.
Flavors: r-devel-linux-x86_64-debian-clang, r-devel-linux-x86_64-debian-gcc, r-devel-linux-x86_64-fedora-clang, r-devel-linux-x86_64-fedora-gcc, r-patched-linux-x86_64, r-release-linux-ix86, r-release-linux-x86_64

Version: 1.0.4
Check: R code for possible problems
Result: NOTE
    print.RQtClass: no visible binding for global variable ‘protected’
    qmetadata<- : <anonymous>: no visible binding for global variable
     ‘this’
    qsetProperty : <anonymous>: no visible binding for global variable
     ‘this’
    qsetRefClass : getMethodNames: no visible binding for global variable
     ‘static’
    qsetRefClass : getMethodNames: no visible binding for global variable
     ‘constructor’
    qsetSignal : <anonymous>: no visible binding for global variable ‘this’
    qsignals: no visible binding for global variable ‘type’
    qslots: no visible binding for global variable ‘type’
    qsmokeClass: no visible binding for global variable ‘static’
    qsmokeClass: no visible binding for global variable ‘protected’
Flavors: r-devel-linux-x86_64-debian-clang, r-devel-linux-x86_64-debian-gcc, r-devel-linux-x86_64-fedora-clang, r-devel-linux-x86_64-fedora-gcc, r-patched-linux-x86_64, r-release-linux-ix86, r-release-linux-x86_64

Version: 1.0.4
Check: compiled code
Result: NOTE
    Note: information on .o files is not available
    File ‘qtbase/libs/qtbase.so’:
     Found non-API calls to R: ‘R_CStackLimit’, ‘Rf_EncodeInteger’,
     ‘Rf_EncodeLogical’, ‘Rf_EncodeReal’, ‘Rf_formatInteger’,
     ‘Rf_formatLogical’, ‘Rf_formatReal’
    
    Compiled code should not call non-API entry points in R.
    
    See ‘Writing portable packages’ in the ‘Writing R Extensions’ manual.
Flavors: r-devel-linux-x86_64-debian-clang, r-devel-linux-x86_64-debian-gcc, r-devel-linux-x86_64-fedora-clang, r-devel-linux-x86_64-fedora-gcc, r-patched-linux-x86_64

Version: 1.0.4
Check: whether package can be installed
Result: WARN
    Found the following significant warnings:
     /tmp/RtmpW1ubAu/R.INSTALL3b175ba38db4/qtbase/kdebindings/generator/parser/parser.cpp:1035:2: warning: #warning "implement me" [-Wcpp]
     /tmp/RtmpW1ubAu/R.INSTALL3b175ba38db4/qtbase/kdebindings/generator/parser/parser.cpp:2603:2: warning: #warning "implemente me (AST)" [-Wcpp]
     /tmp/RtmpW1ubAu/R.INSTALL3b175ba38db4/qtbase/kdebindings/generator/parser/parser.cpp:3489:2: warning: #warning "mark the ast as constant" [-Wcpp]
     /tmp/RtmpW1ubAu/R.INSTALL3b175ba38db4/qtbase/kdebindings/generator/name_compiler.cpp:139:2: warning: #warning "NameCompiler::visitUnqualifiedName() -- implement me" [-Wcpp]
Flavor: r-devel-linux-x86_64-debian-gcc

Version: 1.0.4
Check: whether package can be installed
Result: WARN
    Found the following significant warnings:
     /data/gannet/ripley/R/packages/tests-clang/qtbase/kdebindings/generator/parser/parser.cpp:1035:2: warning: #warning "implement me" [-Wcpp]
     /data/gannet/ripley/R/packages/tests-clang/qtbase/kdebindings/generator/parser/parser.cpp:2603:2: warning: #warning "implemente me (AST)" [-Wcpp]
     /data/gannet/ripley/R/packages/tests-clang/qtbase/kdebindings/generator/parser/parser.cpp:3489:2: warning: #warning "mark the ast as constant" [-Wcpp]
     /data/gannet/ripley/R/packages/tests-clang/qtbase/kdebindings/generator/name_compiler.cpp:139:2: warning: #warning "NameCompiler::visitUnqualifiedName() -- implement me" [-Wcpp]
Flavor: r-devel-linux-x86_64-fedora-clang

Version: 1.0.4
Check: whether package can be installed
Result: WARN
    Found the following significant warnings:
     /data/gannet/ripley/R/packages/tests-devel/qtbase/kdebindings/generator/parser/parser.cpp:1035:2: warning: #warning "implement me" [-Wcpp]
     /data/gannet/ripley/R/packages/tests-devel/qtbase/kdebindings/generator/parser/parser.cpp:2603:2: warning: #warning "implemente me (AST)" [-Wcpp]
     /data/gannet/ripley/R/packages/tests-devel/qtbase/kdebindings/generator/parser/parser.cpp:3489:2: warning: #warning "mark the ast as constant" [-Wcpp]
     /data/gannet/ripley/R/packages/tests-devel/qtbase/kdebindings/generator/name_compiler.cpp:139:2: warning: #warning "NameCompiler::visitUnqualifiedName() -- implement me" [-Wcpp]
Flavor: r-devel-linux-x86_64-fedora-gcc

Version: 1.0.4
Check: whether package can be installed
Result: WARN
    Found the following significant warnings:
     /tmp/RtmpeBq465/R.INSTALL686b3464dafe/qtbase/kdebindings/generator/parser/parser.cpp:1035:2: warning: #warning "implement me" [-Wcpp]
     /tmp/RtmpeBq465/R.INSTALL686b3464dafe/qtbase/kdebindings/generator/parser/parser.cpp:2603:2: warning: #warning "implemente me (AST)" [-Wcpp]
     /tmp/RtmpeBq465/R.INSTALL686b3464dafe/qtbase/kdebindings/generator/parser/parser.cpp:3489:2: warning: #warning "mark the ast as constant" [-Wcpp]
     /tmp/RtmpeBq465/R.INSTALL686b3464dafe/qtbase/kdebindings/generator/name_compiler.cpp:139:2: warning: #warning "NameCompiler::visitUnqualifiedName() -- implement me" [-Wcpp]
Flavor: r-patched-linux-x86_64

Version: 1.0.4
Check: whether package can be installed
Result: WARN
    Found the following significant warnings:
     /tmp/RtmpwQV5Fh/R.INSTALL5fc850e8cb25/qtbase/kdebindings/generator/parser/parser.cpp:1035:2: warning: #warning "implement me" [-Wcpp]
     /tmp/RtmpwQV5Fh/R.INSTALL5fc850e8cb25/qtbase/kdebindings/generator/parser/parser.cpp:2603:2: warning: #warning "implemente me (AST)" [-Wcpp]
     /tmp/RtmpwQV5Fh/R.INSTALL5fc850e8cb25/qtbase/kdebindings/generator/parser/parser.cpp:3489:2: warning: #warning "mark the ast as constant" [-Wcpp]
     /tmp/RtmpwQV5Fh/R.INSTALL5fc850e8cb25/qtbase/kdebindings/generator/name_compiler.cpp:139:2: warning: #warning "NameCompiler::visitUnqualifiedName() -- implement me" [-Wcpp]
Flavor: r-release-linux-ix86

Version: 1.0.4
Check: compiled code
Result: NOTE
    Note: information on .o files is not available
    File ‘/home/hornik/tmp/R.check/r-release-gcc/Work/build/Packages/qtbase/libs/qtbase.so’:
     Found non-API calls to R: ‘R_CStackLimit’, ‘Rf_EncodeInteger’,
     ‘Rf_EncodeLogical’, ‘Rf_EncodeReal’, ‘Rf_formatInteger’,
     ‘Rf_formatLogical’, ‘Rf_formatReal’
    
    Compiled code should not call non-API entry points in R.
    
    See ‘Writing portable packages’ in the ‘Writing R Extensions’ manual.
Flavors: r-release-linux-ix86, r-release-linux-x86_64

Version: 1.0.4
Check: whether package can be installed
Result: WARN
    Found the following significant warnings:
     /tmp/Rtmpesoyj1/R.INSTALL5aa261f0cd7e/qtbase/kdebindings/generator/parser/parser.cpp:1035:2: warning: #warning "implement me" [-Wcpp]
     /tmp/Rtmpesoyj1/R.INSTALL5aa261f0cd7e/qtbase/kdebindings/generator/parser/parser.cpp:2603:2: warning: #warning "implemente me (AST)" [-Wcpp]
     /tmp/Rtmpesoyj1/R.INSTALL5aa261f0cd7e/qtbase/kdebindings/generator/parser/parser.cpp:3489:2: warning: #warning "mark the ast as constant" [-Wcpp]
     /tmp/Rtmpesoyj1/R.INSTALL5aa261f0cd7e/qtbase/kdebindings/generator/name_compiler.cpp:139:2: warning: #warning "NameCompiler::visitUnqualifiedName() -- implement me" [-Wcpp]
Flavor: r-release-linux-x86_64

Version: 1.0.4
Check: whether package can be installed
Result: ERROR
    Installation failed.
Flavor: r-release-osx-x86_64-mavericks

Version: 1.0.4
Check: whether package can be installed
Result: ERROR
    Installation failed.
    See ‘/Volumes/XT3/Builds/R-dev-web/QA/Simon/packages/snowleopard-x86_64/results/3.1/qtbase.Rcheck/00install.out’ for details.
    * pre-conf. environment: (PKG_CFLAGS=, PKG_CPPFLAGS=, PKG_LIBS=)
Flavor: r-release-osx-x86_64-snowleopard