CRAN Package Check Results for Package qtbase

Last updated on 2016-02-12 08:48:55.

Flavor Version Tinstall Tcheck Ttotal Status Flags
r-devel-linux-x86_64-debian-gcc 1.0.11 166.62 20.84 187.47 NOTE
r-devel-linux-x86_64-fedora-clang 1.0.11 4.13 ERROR
r-devel-linux-x86_64-fedora-gcc 1.0.11 400.08 NOTE
r-patched-linux-x86_64 1.0.11 162.73 22.60 185.33 NOTE
r-release-linux-x86_64 1.0.11 164.11 22.84 186.95 NOTE
r-release-osx-x86_64-mavericks 1.0.11 ERROR

Memtest notes: gcc-ASAN gcc-UBSAN valgrind

Check Details

Version: 1.0.11
Check: installed package size
Result: NOTE
     installed size is 32.4Mb
     sub-directories of 1Mb or more:
     libs 29.8Mb
     local 1.9Mb
Flavors: r-devel-linux-x86_64-debian-gcc, r-devel-linux-x86_64-fedora-gcc, r-patched-linux-x86_64, r-release-linux-x86_64

Version: 1.0.11
Check: top-level files
Result: NOTE
    Non-standard file/directory found at top level:
     ‘kdebindings’
Flavors: r-devel-linux-x86_64-debian-gcc, r-devel-linux-x86_64-fedora-gcc, r-patched-linux-x86_64, r-release-linux-x86_64

Version: 1.0.11
Check: dependencies in R code
Result: NOTE
    There are ::: calls to the package's namespace in its code. A package
     almost never needs to use ::: for its own objects:
     ‘compileMetaObject’
Flavors: r-devel-linux-x86_64-debian-gcc, r-devel-linux-x86_64-fedora-gcc, r-patched-linux-x86_64, r-release-linux-x86_64

Version: 1.0.11
Check: compiled code
Result: NOTE
    Note: information on .o files is not available
    File ‘qtbase/libs/qtbase.so’:
     Found non-API calls to R: ‘R_CStackLimit’, ‘Rf_EncodeInteger’,
     ‘Rf_EncodeLogical’, ‘Rf_EncodeReal’, ‘Rf_formatInteger’,
     ‘Rf_formatLogical’, ‘Rf_formatReal’
    
    Compiled code should not call non-API entry points in R.
    
    See ‘Writing portable packages’ in the ‘Writing R Extensions’ manual.
Flavors: r-devel-linux-x86_64-debian-gcc, r-devel-linux-x86_64-fedora-gcc, r-patched-linux-x86_64, r-release-linux-x86_64

Version: 1.0.11
Check: whether package can be installed
Result: ERROR
    Installation failed.
Flavors: r-devel-linux-x86_64-fedora-clang, r-release-osx-x86_64-mavericks