CRAN Package Check Results for Package qtbase

Last updated on 2015-07-02 07:48:52.

Flavor Version Tinstall Tcheck Ttotal Status Flags
r-devel-linux-x86_64-debian-clang 1.0.9 148.70 22.24 170.94 WARN
r-devel-linux-x86_64-debian-gcc 1.0.9 176.14 20.44 196.58 NOTE
r-devel-linux-x86_64-fedora-clang 1.0.9 5.09 ERROR
r-devel-linux-x86_64-fedora-gcc 1.0.9 393.46 NOTE
r-patched-linux-x86_64 1.0.9 177.90 21.54 199.44 NOTE
r-release-linux-x86_64 1.0.9 175.56 21.36 196.92 NOTE
r-release-osx-x86_64-mavericks 1.0.9 ERROR

Memtest notes: valgrind

Check Details

Version: 1.0.9
Check: whether package can be installed
Result: WARN
    Found the following significant warnings:
     /tmp/Rtmp1r5pgk/R.INSTALL2924607efbb9/qtbase/src/convert.hpp:27:1: warning: control reaches end of non-void function [-Wreturn-type]
     /tmp/Rtmp1r5pgk/R.INSTALL2924607efbb9/qtbase/src/MocProperty.cpp:30:1: warning: control reaches end of non-void function [-Wreturn-type]
Flavor: r-devel-linux-x86_64-debian-clang

Version: 1.0.9
Check: installed package size
Result: NOTE
     installed size is 32.9Mb
     sub-directories of 1Mb or more:
     libs 30.1Mb
     local 2.0Mb
Flavors: r-devel-linux-x86_64-debian-clang, r-devel-linux-x86_64-debian-gcc, r-devel-linux-x86_64-fedora-gcc, r-patched-linux-x86_64, r-release-linux-x86_64

Version: 1.0.9
Check: top-level files
Result: NOTE
    Non-standard files/directories found at top level:
     ‘NOTES’ ‘kdebindings’
Flavors: r-devel-linux-x86_64-debian-clang, r-devel-linux-x86_64-debian-gcc, r-devel-linux-x86_64-fedora-gcc, r-patched-linux-x86_64, r-release-linux-x86_64

Version: 1.0.9
Check: dependencies in R code
Result: NOTE
    There are ::: calls to the package's namespace in its code. A package
     almost never needs to use ::: for its own objects:
     ‘compileMetaObject’
Flavors: r-devel-linux-x86_64-debian-clang, r-devel-linux-x86_64-debian-gcc, r-devel-linux-x86_64-fedora-gcc, r-patched-linux-x86_64, r-release-linux-x86_64

Version: 1.0.9
Check: R code for possible problems
Result: NOTE
    .install_system_dependencies : <anonymous>: no visible global function
     definition for ‘unzip’
    .install_system_dependencies : install_system_dep: no visible global
     function definition for ‘menu’
    .install_system_dependencies : install_system_dep: no visible global
     function definition for ‘download.file’
    as.QImage.default: no visible global function definition for ‘col2rgb’
    compileMetaObject: no visible global function definition for ‘head’
    print.RQtObject: no visible global function definition for ‘head’
    qcolor: no visible global function definition for ‘col2rgb’
    qmetaMethod: no visible global function definition for ‘tail’
    qmetaMethod: no visible global function definition for ‘head’
    qpolygon: no visible global function definition for ‘xy.coords’
    qsetClass: no visible global function definition for ‘getPackageName’
    qsetRefClass: no visible global function definition for ‘isClass’
    qsetRefClass: no visible global function definition for ‘setRefClass’
Flavors: r-devel-linux-x86_64-debian-clang, r-devel-linux-x86_64-debian-gcc, r-devel-linux-x86_64-fedora-gcc

Version: 1.0.9
Check: compiled code
Result: NOTE
    Note: information on .o files is not available
    File ‘qtbase/libs/qtbase.so’:
     Found non-API calls to R: ‘R_CStackLimit’, ‘Rf_EncodeInteger’,
     ‘Rf_EncodeLogical’, ‘Rf_EncodeReal’, ‘Rf_formatInteger’,
     ‘Rf_formatLogical’, ‘Rf_formatReal’
    
    Compiled code should not call non-API entry points in R.
    
    See ‘Writing portable packages’ in the ‘Writing R Extensions’ manual.
Flavors: r-devel-linux-x86_64-debian-clang, r-devel-linux-x86_64-debian-gcc, r-devel-linux-x86_64-fedora-gcc, r-patched-linux-x86_64, r-release-linux-x86_64

Version: 1.0.9
Check: whether package can be installed
Result: ERROR
    Installation failed.
Flavors: r-devel-linux-x86_64-fedora-clang, r-release-osx-x86_64-mavericks