CRAN Package Check Results for Package qtbase

Last updated on 2016-08-24 16:47:00.

Flavor Version Tinstall Tcheck Ttotal Status Flags
r-devel-linux-x86_64-debian-clang 1.0.11 171.28 23.07 194.35 NOTE
r-devel-linux-x86_64-debian-gcc 1.0.11 189.60 22.48 212.08 NOTE
r-devel-linux-x86_64-fedora-clang 1.0.11 4.79 ERROR
r-devel-linux-x86_64-fedora-gcc 1.0.11 430.20 NOTE
r-patched-linux-x86_64 1.0.11 178.45 22.82 201.28 NOTE
r-release-linux-x86_64 1.0.11 178.30 22.17 200.47 NOTE
r-release-osx-x86_64-mavericks 1.0.11 ERROR
r-release-windows-ix86+x86_64 1.0.11 5.00 4.00 9.00 ERROR

Memtest notes: valgrind

Check Details

Version: 1.0.11
Check: installed package size
Result: NOTE
     installed size is 33.4Mb
     sub-directories of 1Mb or more:
     libs 30.5Mb
     local 2.1Mb
Flavors: r-devel-linux-x86_64-debian-clang, r-devel-linux-x86_64-debian-gcc, r-devel-linux-x86_64-fedora-gcc, r-patched-linux-x86_64, r-release-linux-x86_64

Version: 1.0.11
Check: top-level files
Result: NOTE
    Non-standard file/directory found at top level:
     ‘kdebindings’
Flavors: r-devel-linux-x86_64-debian-clang, r-devel-linux-x86_64-debian-gcc, r-devel-linux-x86_64-fedora-gcc, r-patched-linux-x86_64, r-release-linux-x86_64

Version: 1.0.11
Check: dependencies in R code
Result: NOTE
    There are ::: calls to the package's namespace in its code. A package
     almost never needs to use ::: for its own objects:
     ‘compileMetaObject’
Flavors: r-devel-linux-x86_64-debian-clang, r-devel-linux-x86_64-debian-gcc, r-devel-linux-x86_64-fedora-gcc, r-patched-linux-x86_64, r-release-linux-x86_64

Version: 1.0.11
Check: compiled code
Result: NOTE
    Note: information on .o files is not available
    File ‘qtbase/libs/qtbase.so’:
     Found non-API calls to R: ‘R_CStackLimit’, ‘Rf_EncodeInteger’,
     ‘Rf_EncodeLogical’, ‘Rf_EncodeReal’, ‘Rf_formatInteger’,
     ‘Rf_formatLogical’, ‘Rf_formatReal’
    
    Compiled code should not call non-API entry points in R.
    
    See ‘Writing portable packages’ in the ‘Writing R Extensions’ manual.
Flavors: r-devel-linux-x86_64-debian-clang, r-devel-linux-x86_64-debian-gcc, r-devel-linux-x86_64-fedora-gcc, r-patched-linux-x86_64, r-release-linux-x86_64

Version: 1.0.11
Check: whether package can be installed
Result: ERROR
    Installation failed.
Flavors: r-devel-linux-x86_64-fedora-clang, r-release-osx-x86_64-mavericks, r-release-windows-ix86+x86_64