CRAN Package Check Results for Package qtbase

Last updated on 2015-12-01 09:47:23.

Flavor Version Tinstall Tcheck Ttotal Status Flags
r-devel-linux-x86_64-debian-gcc 1.0.11 177.12 2.48 179.60 ERROR
r-devel-linux-x86_64-fedora-clang 1.0.11 4.17 ERROR
r-devel-linux-x86_64-fedora-gcc 1.0.11 396.02 NOTE
r-patched-linux-x86_64 1.0.11 176.19 2.28 178.46 ERROR
r-release-linux-x86_64 1.0.11 178.74 2.85 181.59 ERROR
r-release-osx-x86_64-mavericks 1.0.11 ERROR

Memtest notes: valgrind

Check Details

Version: 1.0.11
Check: whether package can be installed
Result: ERROR
    Installation failed.
Flavors: r-devel-linux-x86_64-debian-gcc, r-devel-linux-x86_64-fedora-clang, r-patched-linux-x86_64, r-release-linux-x86_64, r-release-osx-x86_64-mavericks

Version: 1.0.11
Check: installed package size
Result: NOTE
     installed size is 32.6Mb
     sub-directories of 1Mb or more:
     libs 29.9Mb
     local 1.9Mb
Flavor: r-devel-linux-x86_64-fedora-gcc

Version: 1.0.11
Check: top-level files
Result: NOTE
    Non-standard file/directory found at top level:
Flavor: r-devel-linux-x86_64-fedora-gcc

Version: 1.0.11
Check: dependencies in R code
Result: NOTE
    There are ::: calls to the package's namespace in its code. A package
     almost never needs to use ::: for its own objects:
Flavor: r-devel-linux-x86_64-fedora-gcc

Version: 1.0.11
Check: compiled code
Result: NOTE
    Note: information on .o files is not available
    File ‘qtbase/libs/’:
     Found non-API calls to R: ‘R_CStackLimit’, ‘Rf_EncodeInteger’,
     ‘Rf_EncodeLogical’, ‘Rf_EncodeReal’, ‘Rf_formatInteger’,
     ‘Rf_formatLogical’, ‘Rf_formatReal’
    Compiled code should not call non-API entry points in R.
    See ‘Writing portable packages’ in the ‘Writing R Extensions’ manual.
Flavor: r-devel-linux-x86_64-fedora-gcc