CRAN Package Check Results for Package qtbase

Last updated on 2014-04-24 07:52:34.

Flavor Version Tinstall Tcheck Ttotal Status Flags
r-devel-linux-x86_64-debian-clang 1.0.4 178.19 24.50 202.69 WARN
r-devel-linux-x86_64-debian-gcc 1.0.4 178.48 23.56 202.04 WARN
r-devel-linux-x86_64-fedora-clang 1.0.4 415.54 WARN
r-devel-linux-x86_64-fedora-gcc 1.0.4 407.39 WARN
r-devel-osx-x86_64-gcc 1.0.4 ERROR
r-patched-linux-x86_64 1.0.4 178.64 24.00 202.64 WARN
r-release-linux-ix86 1.0.4 294.00 54.00 348.00 WARN
r-release-linux-x86_64 1.0.4 179.35 24.31 203.66 WARN
r-release-osx-x86_64-mavericks 1.0.4 ERROR
r-release-osx-x86_64-snowleopard 1.0.4 ERROR

Memtest notes: valgrind

Check Details

Version: 1.0.4
Check: for hidden files and directories
Result: NOTE
    Found the following hidden files and directories:
     .gitignore
     inst/doc/.Rhistory
     vignettes/.gitignore
    These were most likely included in error. See section ‘Package
    structure’ in the ‘Writing R Extensions’ manual.
Flavors: r-devel-linux-x86_64-debian-clang, r-devel-linux-x86_64-debian-gcc, r-devel-linux-x86_64-fedora-clang, r-devel-linux-x86_64-fedora-gcc, r-devel-osx-x86_64-gcc, r-patched-linux-x86_64, r-release-linux-ix86, r-release-linux-x86_64, r-release-osx-x86_64-mavericks, r-release-osx-x86_64-snowleopard

Version: 1.0.4
Check: whether package can be installed
Result: WARNING
    Found the following significant warnings:
     /tmp/Rtmpqz5HQB/R.INSTALL5d2c78a1036a/qtbase/kdebindings/generator/parser/parser.cpp:1035:2: warning: #warning "implement me" [-Wcpp]
     /tmp/Rtmpqz5HQB/R.INSTALL5d2c78a1036a/qtbase/kdebindings/generator/parser/parser.cpp:2603:2: warning: #warning "implemente me (AST)" [-Wcpp]
     /tmp/Rtmpqz5HQB/R.INSTALL5d2c78a1036a/qtbase/kdebindings/generator/parser/parser.cpp:3489:2: warning: #warning "mark the ast as constant" [-Wcpp]
     /tmp/Rtmpqz5HQB/R.INSTALL5d2c78a1036a/qtbase/kdebindings/generator/name_compiler.cpp:139:2: warning: #warning "NameCompiler::visitUnqualifiedName() -- implement me" [-Wcpp]
    See ‘/home/hornik/tmp/R.check/r-devel-clang/Work/PKGS/qtbase.Rcheck/00install.out’ for details.
Flavor: r-devel-linux-x86_64-debian-clang

Version: 1.0.4
Check: installed package size
Result: NOTE
     installed size is 32.3Mb
     sub-directories of 1Mb or more:
     libs 29.6Mb
     local 1.9Mb
Flavors: r-devel-linux-x86_64-debian-clang, r-devel-linux-x86_64-debian-gcc, r-devel-linux-x86_64-fedora-clang, r-devel-linux-x86_64-fedora-gcc, r-patched-linux-x86_64, r-release-linux-ix86, r-release-linux-x86_64

Version: 1.0.4
Check: dependencies in R code
Result: NOTE
    There are ::: calls to the package's namespace in its code. A package
     almost never needs to use ::: for its own objects:
     ‘compileMetaObject’
    See the information on DESCRIPTION files in the chapter ‘Creating R
    packages’ of the ‘Writing R Extensions’ manual.
Flavors: r-devel-linux-x86_64-debian-clang, r-devel-linux-x86_64-debian-gcc, r-devel-linux-x86_64-fedora-clang, r-devel-linux-x86_64-fedora-gcc, r-patched-linux-x86_64, r-release-linux-ix86, r-release-linux-x86_64

Version: 1.0.4
Check: R code for possible problems
Result: NOTE
    print.RQtClass: no visible binding for global variable ‘protected’
    qmetadata<- : <anonymous>: no visible binding for global variable
     ‘this’
    qsetProperty : <anonymous>: no visible binding for global variable
     ‘this’
    qsetRefClass : getMethodNames: no visible binding for global variable
     ‘static’
    qsetRefClass : getMethodNames: no visible binding for global variable
     ‘constructor’
    qsetSignal : <anonymous>: no visible binding for global variable ‘this’
    qsignals: no visible binding for global variable ‘type’
    qslots: no visible binding for global variable ‘type’
    qsmokeClass: no visible binding for global variable ‘static’
    qsmokeClass: no visible binding for global variable ‘protected’
Flavors: r-devel-linux-x86_64-debian-clang, r-devel-linux-x86_64-debian-gcc, r-devel-linux-x86_64-fedora-clang, r-devel-linux-x86_64-fedora-gcc, r-patched-linux-x86_64, r-release-linux-ix86, r-release-linux-x86_64

Version: 1.0.4
Check: compiled code
Result: NOTE
    Note: information on .o files is not available
    File ‘/home/hornik/tmp/R.check/r-devel-clang/Work/build/Packages/qtbase/libs/qtbase.so’:
     Found non-API calls to R: ‘R_CStackLimit’, ‘Rf_EncodeInteger’,
     ‘Rf_EncodeLogical’, ‘Rf_EncodeReal’, ‘Rf_formatInteger’,
     ‘Rf_formatLogical’, ‘Rf_formatReal’
    
    Compiled code should not call non-API entry points in R.
    
    See ‘Writing portable packages’ in the ‘Writing R Extensions’ manual.
Flavor: r-devel-linux-x86_64-debian-clang

Version: 1.0.4
Check: whether package can be installed
Result: WARNING
    Found the following significant warnings:
     /tmp/RtmpqojfTu/R.INSTALL7aca1d72b9db/qtbase/kdebindings/generator/parser/parser.cpp:1035:2: warning: #warning "implement me" [-Wcpp]
     /tmp/RtmpqojfTu/R.INSTALL7aca1d72b9db/qtbase/kdebindings/generator/parser/parser.cpp:2603:2: warning: #warning "implemente me (AST)" [-Wcpp]
     /tmp/RtmpqojfTu/R.INSTALL7aca1d72b9db/qtbase/kdebindings/generator/parser/parser.cpp:3489:2: warning: #warning "mark the ast as constant" [-Wcpp]
     /tmp/RtmpqojfTu/R.INSTALL7aca1d72b9db/qtbase/kdebindings/generator/name_compiler.cpp:139:2: warning: #warning "NameCompiler::visitUnqualifiedName() -- implement me" [-Wcpp]
    See ‘/home/hornik/tmp/R.check/r-devel-gcc/Work/PKGS/qtbase.Rcheck/00install.out’ for details.
Flavor: r-devel-linux-x86_64-debian-gcc

Version: 1.0.4
Check: compiled code
Result: NOTE
    Note: information on .o files is not available
    File ‘/home/hornik/tmp/R.check/r-devel-gcc/Work/build/Packages/qtbase/libs/qtbase.so’:
     Found non-API calls to R: ‘R_CStackLimit’, ‘Rf_EncodeInteger’,
     ‘Rf_EncodeLogical’, ‘Rf_EncodeReal’, ‘Rf_formatInteger’,
     ‘Rf_formatLogical’, ‘Rf_formatReal’
    
    Compiled code should not call non-API entry points in R.
    
    See ‘Writing portable packages’ in the ‘Writing R Extensions’ manual.
Flavor: r-devel-linux-x86_64-debian-gcc

Version: 1.0.4
Check: whether package can be installed
Result: WARNING
    Found the following significant warnings:
     /data/gannet/ripley/R/packages/tests-clang/qtbase/kdebindings/generator/parser/parser.cpp:1035:2: warning: #warning "implement me" [-Wcpp]
     /data/gannet/ripley/R/packages/tests-clang/qtbase/kdebindings/generator/parser/parser.cpp:2603:2: warning: #warning "implemente me (AST)" [-Wcpp]
     /data/gannet/ripley/R/packages/tests-clang/qtbase/kdebindings/generator/parser/parser.cpp:3489:2: warning: #warning "mark the ast as constant" [-Wcpp]
     /data/gannet/ripley/R/packages/tests-clang/qtbase/kdebindings/generator/name_compiler.cpp:139:2: warning: #warning "NameCompiler::visitUnqualifiedName() -- implement me" [-Wcpp]
    See ‘/data/gannet/ripley/R/packages/tests-clang/qtbase.Rcheck/00install.out’ for details.
Flavor: r-devel-linux-x86_64-fedora-clang

Version: 1.0.4
Check: top-level files
Result: NOTE
    Non-standard files/directories found at top level:
     ‘NOTES’ ‘kdebindings’ ‘questions.txt’
Flavors: r-devel-linux-x86_64-fedora-clang, r-devel-linux-x86_64-fedora-gcc

Version: 1.0.4
Check: compiled code
Result: NOTE
    Note: information on .o files is not available
    File ‘/data/gannet/ripley/R/packages/tests-clang/qtbase.Rcheck/qtbase/libs/qtbase.so’:
     Found non-API calls to R: ‘R_CStackLimit’, ‘Rf_EncodeInteger’,
     ‘Rf_EncodeLogical’, ‘Rf_EncodeReal’, ‘Rf_formatInteger’,
     ‘Rf_formatLogical’, ‘Rf_formatReal’
    
    Compiled code should not call non-API entry points in R.
    
    See ‘Writing portable packages’ in the ‘Writing R Extensions’ manual.
Flavor: r-devel-linux-x86_64-fedora-clang

Version: 1.0.4
Check: whether package can be installed
Result: WARNING
    Found the following significant warnings:
     /data/gannet/ripley/R/packages/tests-devel/qtbase/kdebindings/generator/parser/parser.cpp:1035:2: warning: #warning "implement me" [-Wcpp]
     /data/gannet/ripley/R/packages/tests-devel/qtbase/kdebindings/generator/parser/parser.cpp:2603:2: warning: #warning "implemente me (AST)" [-Wcpp]
     /data/gannet/ripley/R/packages/tests-devel/qtbase/kdebindings/generator/parser/parser.cpp:3489:2: warning: #warning "mark the ast as constant" [-Wcpp]
     /data/gannet/ripley/R/packages/tests-devel/qtbase/kdebindings/generator/name_compiler.cpp:139:2: warning: #warning "NameCompiler::visitUnqualifiedName() -- implement me" [-Wcpp]
    See ‘/data/gannet/ripley/R/packages/tests-devel/qtbase.Rcheck/00install.out’ for details.
Flavor: r-devel-linux-x86_64-fedora-gcc

Version: 1.0.4
Check: compiled code
Result: NOTE
    Note: information on .o files is not available
    File ‘/data/gannet/ripley/R/packages/tests-devel/qtbase.Rcheck/qtbase/libs/qtbase.so’:
     Found non-API calls to R: ‘R_CStackLimit’, ‘Rf_EncodeInteger’,
     ‘Rf_EncodeLogical’, ‘Rf_EncodeReal’, ‘Rf_formatInteger’,
     ‘Rf_formatLogical’, ‘Rf_formatReal’
    
    Compiled code should not call non-API entry points in R.
    
    See ‘Writing portable packages’ in the ‘Writing R Extensions’ manual.
Flavor: r-devel-linux-x86_64-fedora-gcc

Version: 1.0.4
Check: whether package can be installed
Result: ERROR
    Installation failed.
    See ‘/Volumes/XT3/Builds/R-dev-web/QA/Simon/packages/snowleopard-x86_64/results/3.2/qtbase.Rcheck/00install.out’ for details.
    * pre-conf. environment: (PKG_CFLAGS=, PKG_CPPFLAGS=, PKG_LIBS=)
Flavor: r-devel-osx-x86_64-gcc

Version: 1.0.4
Check: whether package can be installed
Result: WARNING
    Found the following significant warnings:
     /tmp/RtmpJcA2IP/R.INSTALL43df154ba10c/qtbase/kdebindings/generator/parser/parser.cpp:1035:2: warning: #warning "implement me" [-Wcpp]
     /tmp/RtmpJcA2IP/R.INSTALL43df154ba10c/qtbase/kdebindings/generator/parser/parser.cpp:2603:2: warning: #warning "implemente me (AST)" [-Wcpp]
     /tmp/RtmpJcA2IP/R.INSTALL43df154ba10c/qtbase/kdebindings/generator/parser/parser.cpp:3489:2: warning: #warning "mark the ast as constant" [-Wcpp]
     /tmp/RtmpJcA2IP/R.INSTALL43df154ba10c/qtbase/kdebindings/generator/name_compiler.cpp:139:2: warning: #warning "NameCompiler::visitUnqualifiedName() -- implement me" [-Wcpp]
    See ‘/home/hornik/tmp/R.check/r-patched-gcc/Work/PKGS/qtbase.Rcheck/00install.out’ for details.
Flavor: r-patched-linux-x86_64

Version: 1.0.4
Check: compiled code
Result: NOTE
    Note: information on .o files is not available
    File ‘/home/hornik/tmp/R.check/r-patched-gcc/Work/build/Packages/qtbase/libs/qtbase.so’:
     Found non-API calls to R: ‘R_CStackLimit’, ‘Rf_EncodeInteger’,
     ‘Rf_EncodeLogical’, ‘Rf_EncodeReal’, ‘Rf_formatInteger’,
     ‘Rf_formatLogical’, ‘Rf_formatReal’
    
    Compiled code should not call non-API entry points in R.
    
    See ‘Writing portable packages’ in the ‘Writing R Extensions’ manual.
Flavor: r-patched-linux-x86_64

Version: 1.0.4
Check: whether package can be installed
Result: WARNING
    Found the following significant warnings:
     /tmp/RtmpQZ9RbJ/R.INSTALL726e56fd730d/qtbase/kdebindings/generator/parser/parser.cpp:1035:2: warning: #warning "implement me" [-Wcpp]
     /tmp/RtmpQZ9RbJ/R.INSTALL726e56fd730d/qtbase/kdebindings/generator/parser/parser.cpp:2603:2: warning: #warning "implemente me (AST)" [-Wcpp]
     /tmp/RtmpQZ9RbJ/R.INSTALL726e56fd730d/qtbase/kdebindings/generator/parser/parser.cpp:3489:2: warning: #warning "mark the ast as constant" [-Wcpp]
     /tmp/RtmpQZ9RbJ/R.INSTALL726e56fd730d/qtbase/kdebindings/generator/name_compiler.cpp:139:2: warning: #warning "NameCompiler::visitUnqualifiedName() -- implement me" [-Wcpp]
    See ‘/home/hornik/tmp/R.check/r-release-gcc/Work/PKGS/qtbase.Rcheck/00install.out’ for details.
Flavor: r-release-linux-ix86

Version: 1.0.4
Check: compiled code
Result: NOTE
    Note: information on .o files is not available
    File ‘/home/hornik/tmp/R.check/r-release-gcc/Work/build/Packages/qtbase/libs/qtbase.so’:
     Found non-API calls to R: ‘R_CStackLimit’, ‘Rf_EncodeInteger’,
     ‘Rf_EncodeLogical’, ‘Rf_EncodeReal’, ‘Rf_formatInteger’,
     ‘Rf_formatLogical’, ‘Rf_formatReal’
    
    Compiled code should not call non-API entry points in R.
    
    See ‘Writing portable packages’ in the ‘Writing R Extensions’ manual.
Flavors: r-release-linux-ix86, r-release-linux-x86_64

Version: 1.0.4
Check: whether package can be installed
Result: WARNING
    Found the following significant warnings:
     /tmp/RtmpiKlppz/R.INSTALL6257759360f1/qtbase/kdebindings/generator/parser/parser.cpp:1035:2: warning: #warning "implement me" [-Wcpp]
     /tmp/RtmpiKlppz/R.INSTALL6257759360f1/qtbase/kdebindings/generator/parser/parser.cpp:2603:2: warning: #warning "implemente me (AST)" [-Wcpp]
     /tmp/RtmpiKlppz/R.INSTALL6257759360f1/qtbase/kdebindings/generator/parser/parser.cpp:3489:2: warning: #warning "mark the ast as constant" [-Wcpp]
     /tmp/RtmpiKlppz/R.INSTALL6257759360f1/qtbase/kdebindings/generator/name_compiler.cpp:139:2: warning: #warning "NameCompiler::visitUnqualifiedName() -- implement me" [-Wcpp]
    See ‘/home/hornik/tmp/R.check/r-release-gcc/Work/PKGS/qtbase.Rcheck/00install.out’ for details.
Flavor: r-release-linux-x86_64

Version: 1.0.4
Check: whether package can be installed
Result: ERROR
    Installation failed.
    See ‘/Builds/CRAN-QA-Simon/packages/mavericks-x86_64/results/3.1/qtbase.Rcheck/00install.out’ for details.
Flavor: r-release-osx-x86_64-mavericks

Version: 1.0.4
Check: whether package can be installed
Result: ERROR
    Installation failed.
    See ‘/Volumes/XT3/Builds/R-dev-web/QA/Simon/packages/snowleopard-x86_64/results/3.1/qtbase.Rcheck/00install.out’ for details.
    * pre-conf. environment: (PKG_CFLAGS=, PKG_CPPFLAGS=, PKG_LIBS=)
Flavor: r-release-osx-x86_64-snowleopard