CRAN Package Check Results for Package qtbase

Last updated on 2017-04-28 05:48:45.

Flavor Version Tinstall Tcheck Ttotal Status Flags
r-devel-linux-x86_64-debian-clang 1.0.12 296.40 25.70 322.10 WARN
r-devel-linux-x86_64-debian-gcc 1.0.12 318.37 24.77 343.14 NOTE
r-devel-linux-x86_64-fedora-clang 1.0.12 168.15 ERROR --no-stop-on-test-error
r-devel-linux-x86_64-fedora-gcc 1.0.12 670.52 NOTE --no-stop-on-test-error
r-patched-linux-x86_64 1.0.12 280.49 25.04 305.53 NOTE
r-release-linux-x86_64 1.0.12 284.53 24.72 309.25 NOTE
r-release-osx-x86_64 1.0.12 ERROR
r-oldrel-windows-ix86+x86_64 1.0.11 5.00 4.00 9.00 ERROR
r-oldrel-osx-x86_64 1.0.12 ERROR

Memtest notes: gcc-ASAN gcc-UBSAN valgrind

Check Details

Version: 1.0.12
Check: whether package can be installed
Result: WARN
    Found the following significant warnings:
     /tmp/RtmpOLEJbw/R.INSTALL3d2970018b2d/qtbase/tools/kdebindings/generator/generators/smoke/generator_smoke.cpp:227:32: warning: 'long long' is a C++11 extension [-Wc++11-long-long]
     /tmp/RtmpOLEJbw/R.INSTALL3d2970018b2d/qtbase/tools/kdebindings-build/smoke/qt/x_1.cpp:2139:13: warning: 'long long' is a C++11 extension [-Wc++11-long-long]
     /tmp/RtmpOLEJbw/R.INSTALL3d2970018b2d/qtbase/tools/kdebindings-build/smoke/qt/x_1.cpp:2149:13: warning: 'long long' is a C++11 extension [-Wc++11-long-long]
     /tmp/RtmpOLEJbw/R.INSTALL3d2970018b2d/qtbase/tools/kdebindings-build/smoke/qt/x_1.cpp:2159:23: warning: 'long long' is a C++11 extension [-Wc++11-long-long]
     /tmp/RtmpOLEJbw/R.INSTALL3d2970018b2d/qtbase/tools/kdebindings-build/smoke/qt/x_1.cpp:2207:26: warning: 'long long' is a C++11 extension [-Wc++11-long-long]
     /tmp/RtmpOLEJbw/R.INSTALL3d2970018b2d/qtbase/tools/kdebindings-build/smoke/qt/x_1.cpp:2309:38: warning: 'long long' is a C++11 extension [-Wc++11-long-long]
     /tmp/RtmpOLEJbw/R.INSTALL3d2970018b2d/qtbase/tools/kdebindings-build/smoke/qt/x_1.cpp:2309:13: warning: 'long long' is a C++11 extension [-Wc++11-long-long]
     /tmp/RtmpOLEJbw/R.INSTALL3d2970018b2d/qtbase/tools/kdebindings-build/smoke/qt/x_1.cpp:2321:42: warning: 'long long' is a C++11 extension [-Wc++11-long-long]
     /tmp/RtmpOLEJbw/R.INSTALL3d2970018b2d/qtbase/tools/kdebindings-build/smoke/qt/x_1.cpp:2321:13: warning: 'long long' is a C++11 extension [-Wc++11-long-long]
     /tmp/RtmpOLEJbw/R.INSTALL3d2970018b2d/qtbase/tools/kdebindings-build/smoke/qt/x_1.cpp:2333:45: warning: 'long long' is a C++11 extension [-Wc++11-long-long]
     /tmp/RtmpOLEJbw/R.INSTALL3d2970018b2d/qtbase/tools/kdebindings-build/smoke/qt/x_1.cpp:2333:13: warning: 'long long' is a C++11 extension [-Wc++11-long-long]
     /tmp/RtmpOLEJbw/R.INSTALL3d2970018b2d/qtbase/tools/kdebindings-build/smoke/qt/x_1.cpp:1643:13: warning: 'long long' is a C++11 extension [-Wc++11-long-long]
     /tmp/RtmpOLEJbw/R.INSTALL3d2970018b2d/qtbase/tools/kdebindings-build/smoke/qt/x_1.cpp:1644:39: warning: 'long long' is a C++11 extension [-Wc++11-long-long]
     /tmp/RtmpOLEJbw/R.INSTALL3d2970018b2d/qtbase/tools/kdebindings-build/smoke/qt/x_1.cpp:1646:13: warning: 'long long' is a C++11 extension [-Wc++11-long-long]
     /tmp/RtmpOLEJbw/R.INSTALL3d2970018b2d/qtbase/tools/kdebindings-build/smoke/qt/x_1.cpp:1647:39: warning: 'long long' is a C++11 extension [-Wc++11-long-long]
     /tmp/RtmpOLEJbw/R.INSTALL3d2970018b2d/qtbase/tools/kdebindings-build/smoke/qt/x_1.cpp:1653:13: warning: 'long long' is a C++11 extension [-Wc++11-long-long]
     /tmp/RtmpOLEJbw/R.INSTALL3d2970018b2d/qtbase/tools/kdebindings-build/smoke/qt/x_1.cpp:1654:39: warning: 'long long' is a C++11 extension [-Wc++11-long-long]
     /tmp/RtmpOLEJbw/R.INSTALL3d2970018b2d/qtbase/tools/kdebindings-build/smoke/qt/x_1.cpp:1656:13: warning: 'long long' is a C++11 extension [-Wc++11-long-long]
     /tmp/RtmpOLEJbw/R.INSTALL3d2970018b2d/qtbase/tools/kdebindings-build/smoke/qt/x_1.cpp:1657:39: warning: 'long long' is a C++11 extension [-Wc++11-long-long]
     /tmp/RtmpOLEJbw/R.INSTALL3d2970018b2d/qtbase/tools/kdebindings-build/smoke/qt/x_1.cpp:1663:59: warning: 'long long' is a C++11 extension [-Wc++11-long-long]
     /tmp/RtmpOLEJbw/R.INSTALL3d2970018b2d/qtbase/tools/kdebindings-build/smoke/qt/x_1.cpp:1666:38: warning: 'long long' is a C++11 extension [-Wc++11-long-long]
     /tmp/RtmpOLEJbw/R.INSTALL3d2970018b2d/qtbase/tools/kdebindings-build/smoke/qt/x_1.cpp:1743:62: warning: 'long long' is a C++11 extension [-Wc++11-long-long]
     /tmp/RtmpOLEJbw/R.INSTALL3d2970018b2d/qtbase/tools/kdebindings-build/smoke/qt/x_1.cpp:1746:41: warning: 'long long' is a C++11 extension [-Wc++11-long-long]
     /tmp/RtmpOLEJbw/R.INSTALL3d2970018b2d/qtbase/tools/kdebindings-build/smoke/qt/x_1.cpp:1867:64: warning: 'long long' is a C++11 extension [-Wc++11-long-long]
     /tmp/RtmpOLEJbw/R.INSTALL3d2970018b2d/qtbase/tools/kdebindings-build/smoke/qt/x_1.cpp:1867:90: warning: 'long long' is a C++11 extension [-Wc++11-long-long]
     /tmp/RtmpOLEJbw/R.INSTALL3d2970018b2d/qtbase/tools/kdebindings-build/smoke/qt/x_1.cpp:1898:13: warning: 'long long' is a C++11 extension [-Wc++11-long-long]
     /tmp/RtmpOLEJbw/R.INSTALL3d2970018b2d/qtbase/tools/kdebindings-build/smoke/qt/x_1.cpp:1898:84: warning: 'long long' is a C++11 extension [-Wc++11-long-long]
     /tmp/RtmpOLEJbw/R.INSTALL3d2970018b2d/qtbase/tools/kdebindings-build/smoke/qt/x_1.cpp:1899:39: warning: 'long long' is a C++11 extension [-Wc++11-long-long]
     /tmp/RtmpOLEJbw/R.INSTALL3d2970018b2d/qtbase/tools/kdebindings-build/smoke/qt/x_1.cpp:1901:13: warning: 'long long' is a C++11 extension [-Wc++11-long-long]
     /tmp/RtmpOLEJbw/R.INSTALL3d2970018b2d/qtbase/tools/kdebindings-build/smoke/qt/x_1.cpp:1901:63: warning: 'long long' is a C++11 extension [-Wc++11-long-long]
     /tmp/RtmpOLEJbw/R.INSTALL3d2970018b2d/qtbase/tools/kdebindings-build/smoke/qt/x_1.cpp:1902:39: warning: 'long long' is a C++11 extension [-Wc++11-long-long]
     /tmp/RtmpOLEJbw/R.INSTALL3d2970018b2d/qtbase/tools/kdebindings-build/smoke/qt/x_1.cpp:1908:13: warning: 'long long' is a C++11 extension [-Wc++11-long-long]
     /tmp/RtmpOLEJbw/R.INSTALL3d2970018b2d/qtbase/tools/kdebindings-build/smoke/qt/x_1.cpp:1908:88: warning: 'long long' is a C++11 extension [-Wc++11-long-long]
     /tmp/RtmpOLEJbw/R.INSTALL3d2970018b2d/qtbase/tools/kdebindings-build/smoke/qt/x_1.cpp:1909:39: warning: 'long long' is a C++11 extension [-Wc++11-long-long]
     /tmp/RtmpOLEJbw/R.INSTALL3d2970018b2d/qtbase/tools/kdebindings-build/smoke/qt/x_1.cpp:1911:13: warning: 'long long' is a C++11 extension [-Wc++11-long-long]
     /tmp/RtmpOLEJbw/R.INSTALL3d2970018b2d/qtbase/tools/kdebindings-build/smoke/qt/x_1.cpp:1911:67: warning: 'long long' is a C++11 extension [-Wc++11-long-long]
     /tmp/RtmpOLEJbw/R.INSTALL3d2970018b2d/qtbase/tools/kdebindings-build/smoke/qt/x_1.cpp:1912:39: warning: 'long long' is a C++11 extension [-Wc++11-long-long]
     /tmp/RtmpOLEJbw/R.INSTALL3d2970018b2d/qtbase/tools/kdebindings-build/smoke/qt/x_1.cpp:1918:13: warning: 'long long' is a C++11 extension [-Wc++11-long-long]
     /tmp/RtmpOLEJbw/R.INSTALL3d2970018b2d/qtbase/tools/kdebindings-build/smoke/qt/x_1.cpp:1918:91: warning: 'long long' is a C++11 extension [-Wc++11-long-long]
     /tmp/RtmpOLEJbw/R.INSTALL3d2970018b2d/qtbase/tools/kdebindings-build/smoke/qt/x_1.cpp:1919:39: warning: 'long long' is a C++11 extension [-Wc++11-long-long]
     /tmp/RtmpOLEJbw/R.INSTALL3d2970018b2d/qtbase/tools/kdebindings-build/smoke/qt/x_1.cpp:1921:13: warning: 'long long' is a C++11 extension [-Wc++11-long-long]
     /tmp/RtmpOLEJbw/R.INSTALL3d2970018b2d/qtbase/tools/kdebindings-build/smoke/qt/x_1.cpp:1921:70: warning: 'long long' is a C++11 extension [-Wc++11-long-long]
     /tmp/RtmpOLEJbw/R.INSTALL3d2970018b2d/qtbase/tools/kdebindings-build/smoke/qt/x_1.cpp:1922:39: warning: 'long long' is a C++11 extension [-Wc++11-long-long]
     /tmp/RtmpOLEJbw/R.INSTALL3d2970018b2d/qtbase/tools/kdebindings-build/smoke/qt/x_1.cpp:2142:13: warning: 'long long' is a C++11 extension [-Wc++11-long-long]
     /tmp/RtmpOLEJbw/R.INSTALL3d2970018b2d/qtbase/tools/kdebindings-build/smoke/qt/x_1.cpp:2142:32: warning: 'long long' is a C++11 extension [-Wc++11-long-long]
     /tmp/RtmpOLEJbw/R.INSTALL3d2970018b2d/qtbase/tools/kdebindings-build/smoke/qt/x_1.cpp:2143:13: warning: 'long long' is a C++11 extension [-Wc++11-long-long]
     /tmp/RtmpOLEJbw/R.INSTALL3d2970018b2d/qtbase/tools/kdebindings-build/smoke/qt/x_1.cpp:2152:13: warning: 'long long' is a C++11 extension [-Wc++11-long-long]
     /tmp/RtmpOLEJbw/R.INSTALL3d2970018b2d/qtbase/tools/kdebindings-build/smoke/qt/x_1.cpp:2152:32: warning: 'long long' is a C++11 extension [-Wc++11-long-long]
     /tmp/RtmpOLEJbw/R.INSTALL3d2970018b2d/qtbase/tools/kdebindings-build/smoke/qt/x_1.cpp:2153:13: warning: 'long long' is a C++11 extension [-Wc++11-long-long]
     /tmp/RtmpOLEJbw/R.INSTALL3d2970018b2d/qtbase/tools/kdebindings-build/smoke/qt/x_1.cpp:2161:35: warning: 'long long' is a C++11 extension [-Wc++11-long-long]
     /tmp/RtmpOLEJbw/R.INSTALL3d2970018b2d/qtbase/tools/kdebindings-build/smoke/qt/x_1.cpp:2209:35: warning: 'long long' is a C++11 extension [-Wc++11-long-long]
     /tmp/RtmpOLEJbw/R.INSTALL3d2970018b2d/qtbase/tools/kdebindings-build/smoke/qt/x_1.cpp:2312:35: warning: 'long long' is a C++11 extension [-Wc++11-long-long]
     /tmp/RtmpOLEJbw/R.INSTALL3d2970018b2d/qtbase/tools/kdebindings-build/smoke/qt/x_1.cpp:2314:13: warning: 'long long' is a C++11 extension [-Wc++11-long-long]
     /tmp/RtmpOLEJbw/R.INSTALL3d2970018b2d/qtbase/tools/kdebindings-build/smoke/qt/x_1.cpp:2314:32: warning: 'long long' is a C++11 extension [-Wc++11-long-long]
     /tmp/RtmpOLEJbw/R.INSTALL3d2970018b2d/qtbase/tools/kdebindings-build/smoke/qt/x_1.cpp:2315:13: warning: 'long long' is a C++11 extension [-Wc++11-long-long]
     /tmp/RtmpOLEJbw/R.INSTALL3d2970018b2d/qtbase/tools/kdebindings-build/smoke/qt/x_1.cpp:2324:35: warning: 'long long' is a C++11 extension [-Wc++11-long-long]
     /tmp/RtmpOLEJbw/R.INSTALL3d2970018b2d/qtbase/tools/kdebindings-build/smoke/qt/x_1.cpp:2326:13: warning: 'long long' is a C++11 extension [-Wc++11-long-long]
     /tmp/RtmpOLEJbw/R.INSTALL3d2970018b2d/qtbase/tools/kdebindings-build/smoke/qt/x_1.cpp:2326:32: warning: 'long long' is a C++11 extension [-Wc++11-long-long]
     /tmp/RtmpOLEJbw/R.INSTALL3d2970018b2d/qtbase/tools/kdebindings-build/smoke/qt/x_1.cpp:2327:13: warning: 'long long' is a C++11 extension [-Wc++11-long-long]
     /tmp/RtmpOLEJbw/R.INSTALL3d2970018b2d/qtbase/tools/kdebindings-build/smoke/qt/x_1.cpp:2336:35: warning: 'long long' is a C++11 extension [-Wc++11-long-long]
     /tmp/RtmpOLEJbw/R.INSTALL3d2970018b2d/qtbase/tools/kdebindings-build/smoke/qt/x_1.cpp:2338:13: warning: 'long long' is a C++11 extension [-Wc++11-long-long]
     /tmp/RtmpOLEJbw/R.INSTALL3d2970018b2d/qtbase/tools/kdebindings-build/smoke/qt/x_1.cpp:2338:32: warning: 'long long' is a C++11 extension [-Wc++11-long-long]
     /tmp/RtmpOLEJbw/R.INSTALL3d2970018b2d/qtbase/tools/kdebindings-build/smoke/qt/x_1.cpp:2339:13: warning: 'long long' is a C++11 extension [-Wc++11-long-long]
     /tmp/RtmpOLEJbw/R.INSTALL3d2970018b2d/qtbase/tools/kdebindings-build/smoke/qt/x_1.cpp:2624:35: warning: 'long long' is a C++11 extension [-Wc++11-long-long]
     /tmp/RtmpOLEJbw/R.INSTALL3d2970018b2d/qtbase/tools/kdebindings-build/smoke/qt/x_1.cpp:2628:67: warning: 'long long' is a C++11 extension [-Wc++11-long-long]
     /tmp/RtmpOLEJbw/R.INSTALL3d2970018b2d/qtbase/tools/kdebindings-build/smoke/qt/x_1.cpp:2632:35: warning: 'long long' is a C++11 extension [-Wc++11-long-long]
     /tmp/RtmpOLEJbw/R.INSTALL3d2970018b2d/qtbase/tools/kdebindings-build/smoke/qt/x_1.cpp:2636:65: warning: 'long long' is a C++11 extension [-Wc++11-long-long]
     /tmp/RtmpOLEJbw/R.INSTALL3d2970018b2d/qtbase/tools/kdebindings-build/smoke/qt/x_1.cpp:7504:13: warning: 'long long' is a C++11 extension [-Wc++11-long-long]
     /tmp/RtmpOLEJbw/R.INSTALL3d2970018b2d/qtbase/tools/kdebindings-build/smoke/qt/x_1.cpp:7416:9: warning: 'long long' is a C++11 extension [-Wc++11-long-long]
     /tmp/RtmpOLEJbw/R.INSTALL3d2970018b2d/qtbase/tools/kdebindings-build/smoke/qt/x_1.cpp:7417:35: warning: 'long long' is a C++11 extension [-Wc++11-long-long]
     /tmp/RtmpOLEJbw/R.INSTALL3d2970018b2d/qtbase/tools/kdebindings-build/smoke/qt/x_1.cpp:7507:9: warning: 'long long' is a C++11 extension [-Wc++11-long-long]
     /tmp/RtmpOLEJbw/R.INSTALL3d2970018b2d/qtbase/tools/kdebindings-build/smoke/qt/x_1.cpp:7507:28: warning: 'long long' is a C++11 extension [-Wc++11-long-long]
     /tmp/RtmpOLEJbw/R.INSTALL3d2970018b2d/qtbase/tools/kdebindings-build/smoke/qt/x_1.cpp:7508:9: warning: 'long long' is a C++11 extension [-Wc++11-long-long]
     /tmp/RtmpOLEJbw/R.INSTALL3d2970018b2d/qtbase/tools/kdebindings-build/smoke/qt/x_1.cpp:11527:13: warning: 'long long' is a C++11 extension [-Wc++11-long-long]
     /tmp/RtmpOLEJbw/R.INSTALL3d2970018b2d/qtbase/tools/kdebindings-build/smoke/qt/x_1.cpp:11537:13: warning: 'long long' is a C++11 extension [-Wc++11-long-long]
     /tmp/RtmpOLEJbw/R.INSTALL3d2970018b2d/qtbase/tools/kdebindings-build/smoke/qt/x_1.cpp:11547:23: warning: 'long long' is a C++11 extension [-Wc++11-long-long]
     /tmp/RtmpOLEJbw/R.INSTALL3d2970018b2d/qtbase/tools/kdebindings-build/smoke/qt/x_1.cpp:11563:13: warning: 'long long' is a C++11 extension [-Wc++11-long-long]
     /tmp/RtmpOLEJbw/R.INSTALL3d2970018b2d/qtbase/tools/kdebindings-build/smoke/qt/x_1.cpp:11573:13: warning: 'long long' is a C++11 extension [-Wc++11-long-long]
     /tmp/RtmpOLEJbw/R.INSTALL3d2970018b2d/qtbase/tools/kdebindings-build/smoke/qt/x_1.cpp:11600:42: warning: 'long long' is a C++11 extension [-Wc++11-long-long]
     /tmp/RtmpOLEJbw/R.INSTALL3d2970018b2d/qtbase/tools/kdebindings-build/smoke/qt/x_1.cpp:11600:13: warning: 'long long' is a C++11 extension [-Wc++11-long-long]
     /tmp/RtmpOLEJbw/R.INSTALL3d2970018b2d/qtbase/tools/kdebindings-build/smoke/qt/x_1.cpp:11612:46: warning: 'long long' is a C++11 extension [-Wc++11-long-long]
     /tmp/RtmpOLEJbw/R.INSTALL3d2970018b2d/qtbase/tools/kdebindings-build/smoke/qt/x_1.cpp:11612:13: warning: 'long long' is a C++11 extension [-Wc++11-long-long]
     /tmp/RtmpOLEJbw/R.INSTALL3d2970018b2d/qtbase/tools/kdebindings-build/smoke/qt/x_1.cpp:11624:49: warning: 'long long' is a C++11 extension [-Wc++11-long-long]
     /tmp/RtmpOLEJbw/R.INSTALL3d2970018b2d/qtbase/tools/kdebindings-build/smoke/qt/x_1.cpp:11624:13: warning: 'long long' is a C++11 extension [-Wc++11-long-long]
     /tmp/RtmpOLEJbw/R.INSTALL3d2970018b2d/qtbase/tools/kdebindings-build/smoke/qt/x_1.cpp:11040:13: warning: 'long long' is a C++11 extension [-Wc++11-long-long]
     /tmp/RtmpOLEJbw/R.INSTALL3d2970018b2d/qtbase/tools/kdebindings-build/smoke/qt/x_1.cpp:11041:39: warning: 'long long' is a C++11 extension [-Wc++11-long-long]
     /tmp/RtmpOLEJbw/R.INSTALL3d2970018b2d/qtbase/tools/kdebindings-build/smoke/qt/x_1.cpp:11043:13: warning: 'long long' is a C++11 extension [-Wc++11-long-long]
     /tmp/RtmpOLEJbw/R.INSTALL3d2970018b2d/qtbase/tools/kdebindings-build/smoke/qt/x_1.cpp:11044:39: warning: 'long long' is a C++11 extension [-Wc++11-long-long]
     /tmp/RtmpOLEJbw/R.INSTALL3d2970018b2d/qtbase/tools/kdebindings-build/smoke/qt/x_1.cpp:11050:13: warning: 'long long' is a C++11 extension [-Wc++11-long-long]
     /tmp/RtmpOLEJbw/R.INSTALL3d2970018b2d/qtbase/tools/kdebindings-build/smoke/qt/x_1.cpp:11051:39: warning: 'long long' is a C++11 extension [-Wc++11-long-long]
     /tmp/RtmpOLEJbw/R.INSTALL3d2970018b2d/qtbase/tools/kdebindings-build/smoke/qt/x_1.cpp:11053:13: warning: 'long long' is a C++11 extension [-Wc++11-long-long]
     /tmp/RtmpOLEJbw/R.INSTALL3d2970018b2d/qtbase/tools/kdebindings-build/smoke/qt/x_1.cpp:11054:39: warning: 'long long' is a C++11 extension [-Wc++11-long-long]
     /tmp/RtmpOLEJbw/R.INSTALL3d2970018b2d/qtbase/tools/kdebindings-build/smoke/qt/x_1.cpp:11094:9: warning: 'long long' is a C++11 extension [-Wc++11-long-long]
     /tmp/RtmpOLEJbw/R.INSTALL3d2970018b2d/qtbase/tools/kdebindings-build/smoke/qt/x_1.cpp:11095:35: warning: 'long long' is a C++11 extension [-Wc++11-long-long]
     /tmp/RtmpOLEJbw/R.INSTALL3d2970018b2d/qtbase/tools/kdebindings-build/smoke/qt/x_1.cpp:11099:52: warning: 'long long' is a C++11 extension [-Wc++11-long-long]
     /tmp/RtmpOLEJbw/R.INSTALL3d2970018b2d/qtbase/tools/kdebindings-build/smoke/qt/x_1.cpp:11260:13: warning: 'long long' is a C++11 extension [-Wc++11-long-long]
     /tmp/RtmpOLEJbw/R.INSTALL3d2970018b2d/qtbase/tools/kdebindings-build/smoke/qt/x_1.cpp:11260:84: warning: 'long long' is a C++11 extension [-Wc++11-long-long]
     /tmp/RtmpOLEJbw/R.INSTALL3d2970018b2d/qtbase/tools/kdebindings-build/smoke/qt/x_1.cpp:11261:39: warning: 'long long' is a C++11 extension [-Wc++11-long-long]
     /tmp/RtmpOLEJbw/R.INSTALL3d2970018b2d/qtbase/tools/kdebindings-build/smoke/qt/x_1.cpp:11263:13: warning: 'long long' is a C++11 extension [-Wc++11-long-long]
     /tmp/RtmpOLEJbw/R.INSTALL3d2970018b2d/qtbase/tools/kdebindings-build/smoke/qt/x_1.cpp:11263:67: warning: 'long long' is a C++11 extension [-Wc++11-long-long]
     /tmp/RtmpOLEJbw/R.INSTALL3d2970018b2d/qtbase/tools/kdebindings-build/smoke/qt/x_1.cpp:11264:39: warning: 'long long' is a C++11 extension [-Wc++11-long-long]
     /tmp/RtmpOLEJbw/R.INSTALL3d2970018b2d/qtbase/tools/kdebindings-build/smoke/qt/x_1.cpp:11270:13: warning: 'long long' is a C++11 extension [-Wc++11-long-long]
     /tmp/RtmpOLEJbw/R.INSTALL3d2970018b2d/qtbase/tools/kdebindings-build/smoke/qt/x_1.cpp:11270:88: warning: 'long long' is a C++11 extension [-Wc++11-long-long]
     /tmp/RtmpOLEJbw/R.INSTALL3d2970018b2d/qtbase/tools/kdebindings-build/smoke/qt/x_1.cpp:11271:39: warning: 'long long' is a C++11 extension [-Wc++11-long-long]
     /tmp/RtmpOLEJbw/R.INSTALL3d2970018b2d/qtbase/tools/kdebindings-build/smoke/qt/x_1.cpp:11273:13: warning: 'long long' is a C++11 extension [-Wc++11-long-long]
     /tmp/RtmpOLEJbw/R.INSTALL3d2970018b2d/qtbase/tools/kdebindings-build/smoke/qt/x_1.cpp:11273:71: warning: 'long long' is a C++11 extension [-Wc++11-long-long]
     /tmp/RtmpOLEJbw/R.INSTALL3d2970018b2d/qtbase/tools/kdebindings-build/smoke/qt/x_1.cpp:11274:39: warning: 'long long' is a C++11 extension [-Wc++11-long-long]
     /tmp/RtmpOLEJbw/R.INSTALL3d2970018b2d/qtbase/tools/kdebindings-build/smoke/qt/x_1.cpp:11280:13: warning: 'long long' is a C++11 extension [-Wc++11-long-long]
     /tmp/RtmpOLEJbw/R.INSTALL3d2970018b2d/qtbase/tools/kdebindings-build/smoke/qt/x_1.cpp:11280:91: warning: 'long long' is a C++11 extension [-Wc++11-long-long]
     /tmp/RtmpOLEJbw/R.INSTALL3d2970018b2d/qtbase/tools/kdebindings-build/smoke/qt/x_1.cpp:11281:39: warning: 'long long' is a C++11 extension [-Wc++11-long-long]
     /tmp/RtmpOLEJbw/R.INSTALL3d2970018b2d/qtbase/tools/kdebindings-build/smoke/qt/x_1.cpp:11283:13: warning: 'long long' is a C++11 extension [-Wc++11-long-long]
     /tmp/RtmpOLEJbw/R.INSTALL3d2970018b2d/qtbase/tools/kdebindings-build/smoke/qt/x_1.cpp:11283:74: warning: 'long long' is a C++11 extension [-Wc++11-long-long]
     /tmp/RtmpOLEJbw/R.INSTALL3d2970018b2d/qtbase/tools/kdebindings-build/smoke/qt/x_1.cpp:11284:39: warning: 'long long' is a C++11 extension [-Wc++11-long-long]
     /tmp/RtmpOLEJbw/R.INSTALL3d2970018b2d/qtbase/tools/kdebindings-build/smoke/qt/x_1.cpp:11530:13: warning: 'long long' is a C++11 extension [-Wc++11-long-long]
     /tmp/RtmpOLEJbw/R.INSTALL3d2970018b2d/qtbase/tools/kdebindings-build/smoke/qt/x_1.cpp:11530:32: warning: 'long long' is a C++11 extension [-Wc++11-long-long]
     /tmp/RtmpOLEJbw/R.INSTALL3d2970018b2d/qtbase/tools/kdebindings-build/smoke/qt/x_1.cpp:11531:13: warning: 'long long' is a C++11 extension [-Wc++11-long-long]
     /tmp/RtmpOLEJbw/R.INSTALL3d2970018b2d/qtbase/tools/kdebindings-build/smoke/qt/x_1.cpp:11540:13: warning: 'long long' is a C++11 extension [-Wc++11-long-long]
     /tmp/RtmpOLEJbw/R.INSTALL3d2970018b2d/qtbase/tools/kdebindings-build/smoke/qt/x_1.cpp:11540:32: warning: 'long long' is a C++11 extension [-Wc++11-long-long]
     /tmp/RtmpOLEJbw/R.INSTALL3d2970018b2d/qtbase/tools/kdebindings-build/smoke/qt/x_1.cpp:11541:13: warning: 'long long' is a C++11 extension [-Wc++11-long-long]
     /tmp/RtmpOLEJbw/R.INSTALL3d2970018b2d/qtbase/tools/kdebindings-build/smoke/qt/x_1.cpp:11549:35: warning: 'long long' is a C++11 extension [-Wc++11-long-long]
     /tmp/RtmpOLEJbw/R.INSTALL3d2970018b2d/qtbase/tools/kdebindings-build/smoke/qt/x_1.cpp:11566:13: warning: 'long long' is a C++11 extension [-Wc++11-long-long]
     /tmp/RtmpOLEJbw/R.INSTALL3d2970018b2d/qtbase/tools/kdebindings-build/smoke/qt/x_1.cpp:11566:32: warning: 'long long' is a C++11 extension [-Wc++11-long-long]
     /tmp/RtmpOLEJbw/R.INSTALL3d2970018b2d/qtbase/tools/kdebindings-build/smoke/qt/x_1.cpp:11567:13: warning: 'long long' is a C++11 extension [-Wc++11-long-long]
     /tmp/RtmpOLEJbw/R.INSTALL3d2970018b2d/qtbase/tools/kdebindings-build/smoke/qt/x_1.cpp:11576:13: warning: 'long long' is a C++11 extension [-Wc++11-long-long]
     /tmp/RtmpOLEJbw/R.INSTALL3d2970018b2d/qtbase/tools/kdebindings-build/smoke/qt/x_1.cpp:11576:32: warning: 'long long' is a C++11 extension [-Wc++11-long-long]
     /tmp/RtmpOLEJbw/R.INSTALL3d2970018b2d/qtbase/tools/kdebindings-build/smoke/qt/x_1.cpp:11577:13: warning: 'long long' is a C++11 extension [-Wc++11-long-long]
     /tmp/RtmpOLEJbw/R.INSTALL3d2970018b2d/qtbase/tools/kdebindings-build/smoke/qt/x_1.cpp:11603:35: warning: 'long long' is a C++11 extension [-Wc++11-long-long]
     /tmp/RtmpOLEJbw/R.INSTALL3d2970018b2d/qtbase/tools/kdebindings-build/smoke/qt/x_1.cpp:11605:13: warning: 'long long' is a C++11 extension [-Wc++11-long-long]
     /tmp/RtmpOLEJbw/R.INSTALL3d2970018b2d/qtbase/tools/kdebindings-build/smoke/qt/x_1.cpp:11605:32: warning: 'long long' is a C++11 extension [-Wc++11-long-long]
     /tmp/RtmpOLEJbw/R.INSTALL3d2970018b2d/qtbase/tools/kdebindings-build/smoke/qt/x_1.cpp:11606:13: warning: 'long long' is a C++11 extension [-Wc++11-long-long]
     /tmp/RtmpOLEJbw/R.INSTALL3d2970018b2d/qtbase/tools/kdebindings-build/smoke/qt/x_1.cpp:11615:35: warning: 'long long' is a C++11 extension [-Wc++11-long-long]
     /tmp/RtmpOLEJbw/R.INSTALL3d2970018b2d/qtbase/tools/kdebindings-build/smoke/qt/x_1.cpp:11617:13: warning: 'long long' is a C++11 extension [-Wc++11-long-long]
     /tmp/RtmpOLEJbw/R.INSTALL3d2970018b2d/qtbase/tools/kdebindings-build/smoke/qt/x_1.cpp:11617:32: warning: 'long long' is a C++11 extension [-Wc++11-long-long]
     /tmp/RtmpOLEJbw/R.INSTALL3d2970018b2d/qtbase/tools/kdebindings-build/smoke/qt/x_1.cpp:11618:13: warning: 'long long' is a C++11 extension [-Wc++11-long-long]
     /tmp/RtmpOLEJbw/R.INSTALL3d2970018b2d/qtbase/tools/kdebindings-build/smoke/qt/x_1.cpp:11627:35: warning: 'long long' is a C++11 extension [-Wc++11-long-long]
     /tmp/RtmpOLEJbw/R.INSTALL3d2970018b2d/qtbase/tools/kdebindings-build/smoke/qt/x_1.cpp:11629:13: warning: 'long long' is a C++11 extension [-Wc++11-long-long]
     /tmp/RtmpOLEJbw/R.INSTALL3d2970018b2d/qtbase/tools/kdebindings-build/smoke/qt/x_1.cpp:11629:32: warning: 'long long' is a C++11 extension [-Wc++11-long-long]
     /tmp/RtmpOLEJbw/R.INSTALL3d2970018b2d/qtbase/tools/kdebindings-build/smoke/qt/x_1.cpp:11630:13: warning: 'long long' is a C++11 extension [-Wc++11-long-long]
     /tmp/RtmpOLEJbw/R.INSTALL3d2970018b2d/qtbase/tools/kdebindings-build/smoke/qt/x_1.cpp:14607:112: warning: 'long long' is a C++11 extension [-Wc++11-long-long]
     /tmp/RtmpOLEJbw/R.INSTALL3d2970018b2d/qtbase/tools/kdebindings-build/smoke/qt/x_1.cpp:14612:132: warning: 'long long' is a C++11 extension [-Wc++11-long-long]
     /tmp/RtmpOLEJbw/R.INSTALL3d2970018b2d/qtbase/tools/kdebindings-build/smoke/qt/x_1.cpp:14617:112: warning: 'long long' is a C++11 extension [-Wc++11-long-long]
     /tmp/RtmpOLEJbw/R.INSTALL3d2970018b2d/qtbase/tools/kdebindings-build/smoke/qt/x_1.cpp:14617:138: warning: 'long long' is a C++11 extension [-Wc++11-long-long]
     /tmp/RtmpOLEJbw/R.INSTALL3d2970018b2d/qtbase/tools/kdebindings-build/smoke/qt/x_1.cpp:14622:131: warning: 'long long' is a C++11 extension [-Wc++11-long-long]
     /tmp/RtmpOLEJbw/R.INSTALL3d2970018b2d/qtbase/tools/kdebindings-build/smoke/qt/x_2.cpp:8492:13: warning: 'long long' is a C++11 extension [-Wc++11-long-long]
     /tmp/RtmpOLEJbw/R.INSTALL3d2970018b2d/qtbase/tools/kdebindings-build/smoke/qt/x_2.cpp:8502:13: warning: 'long long' is a C++11 extension [-Wc++11-long-long]
     /tmp/RtmpOLEJbw/R.INSTALL3d2970018b2d/qtbase/tools/kdebindings-build/smoke/qt/x_2.cpp:8512:23: warning: 'long long' is a C++11 extension [-Wc++11-long-long]
     /tmp/RtmpOLEJbw/R.INSTALL3d2970018b2d/qtbase/tools/kdebindings-build/smoke/qt/x_2.cpp:8528:13: warning: 'long long' is a C++11 extension [-Wc++11-long-long]
     /tmp/RtmpOLEJbw/R.INSTALL3d2970018b2d/qtbase/tools/kdebindings-build/smoke/qt/x_2.cpp:8538:13: warning: 'long long' is a C++11 extension [-Wc++11-long-long]
     /tmp/RtmpOLEJbw/R.INSTALL3d2970018b2d/qtbase/tools/kdebindings-build/smoke/qt/x_2.cpp:8565:42: warning: 'long long' is a C++11 extension [-Wc++11-long-long]
     /tmp/RtmpOLEJbw/R.INSTALL3d2970018b2d/qtbase/tools/kdebindings-build/smoke/qt/x_2.cpp:8565:13: warning: 'long long' is a C++11 extension [-Wc++11-long-long]
     /tmp/RtmpOLEJbw/R.INSTALL3d2970018b2d/qtbase/tools/kdebindings-build/smoke/qt/x_2.cpp:8577:46: warning: 'long long' is a C++11 extension [-Wc++11-long-long]
     /tmp/RtmpOLEJbw/R.INSTALL3d2970018b2d/qtbase/tools/kdebindings-build/smoke/qt/x_2.cpp:8577:13: warning: 'long long' is a C++11 extension [-Wc++11-long-long]
     /tmp/RtmpOLEJbw/R.INSTALL3d2970018b2d/qtbase/tools/kdebindings-build/smoke/qt/x_2.cpp:8589:49: warning: 'long long' is a C++11 extension [-Wc++11-long-long]
     /tmp/RtmpOLEJbw/R.INSTALL3d2970018b2d/qtbase/tools/kdebindings-build/smoke/qt/x_2.cpp:8589:13: warning: 'long long' is a C++11 extension [-Wc++11-long-long]
     /tmp/RtmpOLEJbw/R.INSTALL3d2970018b2d/qtbase/tools/kdebindings-build/smoke/qt/x_2.cpp:8346:13: warning: 'long long' is a C++11 extension [-Wc++11-long-long]
     /tmp/RtmpOLEJbw/R.INSTALL3d2970018b2d/qtbase/tools/kdebindings-build/smoke/qt/x_2.cpp:8347:39: warning: 'long long' is a C++11 extension [-Wc++11-long-long]
     /tmp/RtmpOLEJbw/R.INSTALL3d2970018b2d/qtbase/tools/kdebindings-build/smoke/qt/x_2.cpp:8349:13: warning: 'long long' is a C++11 extension [-Wc++11-long-long]
     /tmp/RtmpOLEJbw/R.INSTALL3d2970018b2d/qtbase/tools/kdebindings-build/smoke/qt/x_2.cpp:8350:39: warning: 'long long' is a C++11 extension [-Wc++11-long-long]
     /tmp/RtmpOLEJbw/R.INSTALL3d2970018b2d/qtbase/tools/kdebindings-build/smoke/qt/x_2.cpp:8356:13: warning: 'long long' is a C++11 extension [-Wc++11-long-long]
     /tmp/RtmpOLEJbw/R.INSTALL3d2970018b2d/qtbase/tools/kdebindings-build/smoke/qt/x_2.cpp:8357:39: warning: 'long long' is a C++11 extension [-Wc++11-long-long]
     /tmp/RtmpOLEJbw/R.INSTALL3d2970018b2d/qtbase/tools/kdebindings-build/smoke/qt/x_2.cpp:8359:13: warning: 'long long' is a C++11 extension [-Wc++11-long-long]
     /tmp/RtmpOLEJbw/R.INSTALL3d2970018b2d/qtbase/tools/kdebindings-build/smoke/qt/x_2.cpp:8360:39: warning: 'long long' is a C++11 extension [-Wc++11-long-long]
     /tmp/RtmpOLEJbw/R.INSTALL3d2970018b2d/qtbase/tools/kdebindings-build/smoke/qt/x_2.cpp:8366:47: warning: 'long long' is a C++11 extension [-Wc++11-long-long]
     /tmp/RtmpOLEJbw/R.INSTALL3d2970018b2d/qtbase/tools/kdebindings-build/smoke/qt/x_2.cpp:8369:38: warning: 'long long' is a C++11 extension [-Wc++11-long-long]
     /tmp/RtmpOLEJbw/R.INSTALL3d2970018b2d/qtbase/tools/kdebindings-build/smoke/qt/x_2.cpp:8416:13: warning: 'long long' is a C++11 extension [-Wc++11-long-long]
     /tmp/RtmpOLEJbw/R.INSTALL3d2970018b2d/qtbase/tools/kdebindings-build/smoke/qt/x_2.cpp:8416:76: warning: 'long long' is a C++11 extension [-Wc++11-long-long]
     /tmp/RtmpOLEJbw/R.INSTALL3d2970018b2d/qtbase/tools/kdebindings-build/smoke/qt/x_2.cpp:8417:39: warning: 'long long' is a C++11 extension [-Wc++11-long-long]
     /tmp/RtmpOLEJbw/R.INSTALL3d2970018b2d/qtbase/tools/kdebindings-build/smoke/qt/x_2.cpp:8419:13: warning: 'long long' is a C++11 extension [-Wc++11-long-long]
     /tmp/RtmpOLEJbw/R.INSTALL3d2970018b2d/qtbase/tools/kdebindings-build/smoke/qt/x_2.cpp:8419:67: warning: 'long long' is a C++11 extension [-Wc++11-long-long]
     /tmp/RtmpOLEJbw/R.INSTALL3d2970018b2d/qtbase/tools/kdebindings-build/smoke/qt/x_2.cpp:8420:39: warning: 'long long' is a C++11 extension [-Wc++11-long-long]
     /tmp/RtmpOLEJbw/R.INSTALL3d2970018b2d/qtbase/tools/kdebindings-build/smoke/qt/x_2.cpp:8426:13: warning: 'long long' is a C++11 extension [-Wc++11-long-long]
     /tmp/RtmpOLEJbw/R.INSTALL3d2970018b2d/qtbase/tools/kdebindings-build/smoke/qt/x_2.cpp:8426:83: warning: 'long long' is a C++11 extension [-Wc++11-long-long]
     /tmp/RtmpOLEJbw/R.INSTALL3d2970018b2d/qtbase/tools/kdebindings-build/smoke/qt/x_2.cpp:8427:39: warning: 'long long' is a C++11 extension [-Wc++11-long-long]
     /tmp/RtmpOLEJbw/R.INSTALL3d2970018b2d/qtbase/tools/kdebindings-build/smoke/qt/x_2.cpp:8429:13: warning: 'long long' is a C++11 extension [-Wc++11-long-long]
     /tmp/RtmpOLEJbw/R.INSTALL3d2970018b2d/qtbase/tools/kdebindings-build/smoke/qt/x_2.cpp:8429:74: warning: 'long long' is a C++11 extension [-Wc++11-long-long]
     /tmp/RtmpOLEJbw/R.INSTALL3d2970018b2d/qtbase/tools/kdebindings-build/smoke/qt/x_2.cpp:8430:39: warning: 'long long' is a C++11 extension [-Wc++11-long-long]
     /tmp/RtmpOLEJbw/R.INSTALL3d2970018b2d/qtbase/tools/kdebindings-build/smoke/qt/x_2.cpp:8495:13: warning: 'long long' is a C++11 extension [-Wc++11-long-long]
     /tmp/RtmpOLEJbw/R.INSTALL3d2970018b2d/qtbase/tools/kdebindings-build/smoke/qt/x_2.cpp:8495:32: warning: 'long long' is a C++11 extension [-Wc++11-long-long]
     /tmp/RtmpOLEJbw/R.INSTALL3d2970018b2d/qtbase/tools/kdebindings-build/smoke/qt/x_2.cpp:8496:13: warning: 'long long' is a C++11 extension [-Wc++11-long-long]
     /tmp/RtmpOLEJbw/R.INSTALL3d2970018b2d/qtbase/tools/kdebindings-build/smoke/qt/x_2.cpp:8505:13: warning: 'long long' is a C++11 extension [-Wc++11-long-long]
     /tmp/RtmpOLEJbw/R.INSTALL3d2970018b2d/qtbase/tools/kdebindings-build/smoke/qt/x_2.cpp:8505:32: warning: 'long long' is a C++11 extension [-Wc++11-long-long]
     /tmp/RtmpOLEJbw/R.INSTALL3d2970018b2d/qtbase/tools/kdebindings-build/smoke/qt/x_2.cpp:8506:13: warning: 'long long' is a C++11 extension [-Wc++11-long-long]
     /tmp/RtmpOLEJbw/R.INSTALL3d2970018b2d/qtbase/tools/kdebindings-build/smoke/qt/x_2.cpp:8514:35: warning: 'long long' is a C++11 extension [-Wc++11-long-long]
     /tmp/RtmpOLEJbw/R.INSTALL3d2970018b2d/qtbase/tools/kdebindings-build/smoke/qt/x_2.cpp:8531:13: warning: 'long long' is a C++11 extension [-Wc++11-long-long]
     /tmp/RtmpOLEJbw/R.INSTALL3d2970018b2d/qtbase/tools/kdebindings-build/smoke/qt/x_2.cpp:8531:32: warning: 'long long' is a C++11 extension [-Wc++11-long-long]
     /tmp/RtmpOLEJbw/R.INSTALL3d2970018b2d/qtbase/tools/kdebindings-build/smoke/qt/x_2.cpp:8532:13: warning: 'long long' is a C++11 extension [-Wc++11-long-long]
     /tmp/RtmpOLEJbw/R.INSTALL3d2970018b2d/qtbase/tools/kdebindings-build/smoke/qt/x_2.cpp:8541:13: warning: 'long long' is a C++11 extension [-Wc++11-long-long]
     /tmp/RtmpOLEJbw/R.INSTALL3d2970018b2d/qtbase/tools/kdebindings-build/smoke/qt/x_2.cpp:8541:32: warning: 'long long' is a C++11 extension [-Wc++11-long-long]
     /tmp/RtmpOLEJbw/R.INSTALL3d2970018b2d/qtbase/tools/kdebindings-build/smoke/qt/x_2.cpp:8542:13: warning: 'long long' is a C++11 extension [-Wc++11-long-long]
     /tmp/RtmpOLEJbw/R.INSTALL3d2970018b2d/qtbase/tools/kdebindings-build/smoke/qt/x_2.cpp:8568:35: warning: 'long long' is a C++11 extension [-Wc++11-long-long]
     /tmp/RtmpOLEJbw/R.INSTALL3d2970018b2d/qtbase/tools/kdebindings-build/smoke/qt/x_2.cpp:8570:13: warning: 'long long' is a C++11 extension [-Wc++11-long-long]
     /tmp/RtmpOLEJbw/R.INSTALL3d2970018b2d/qtbase/tools/kdebindings-build/smoke/qt/x_2.cpp:8570:32: warning: 'long long' is a C++11 extension [-Wc++11-long-long]
     /tmp/RtmpOLEJbw/R.INSTALL3d2970018b2d/qtbase/tools/kdebindings-build/smoke/qt/x_2.cpp:8571:13: warning: 'long long' is a C++11 extension [-Wc++11-long-long]
     /tmp/RtmpOLEJbw/R.INSTALL3d2970018b2d/qtbase/tools/kdebindings-build/smoke/qt/x_2.cpp:8580:35: warning: 'long long' is a C++11 extension [-Wc++11-long-long]
     /tmp/RtmpOLEJbw/R.INSTALL3d2970018b2d/qtbase/tools/kdebindings-build/smoke/qt/x_2.cpp:8582:13: warning: 'long long' is a C++11 extension [-Wc++11-long-long]
     /tmp/RtmpOLEJbw/R.INSTALL3d2970018b2d/qtbase/tools/kdebindings-build/smoke/qt/x_2.cpp:8582:32: warning: 'long long' is a C++11 extension [-Wc++11-long-long]
     /tmp/RtmpOLEJbw/R.INSTALL3d2970018b2d/qtbase/tools/kdebindings-build/smoke/qt/x_2.cpp:8583:13: warning: 'long long' is a C++11 extension [-Wc++11-long-long]
     /tmp/RtmpOLEJbw/R.INSTALL3d2970018b2d/qtbase/tools/kdebindings-build/smoke/qt/x_2.cpp:8592:35: warning: 'long long' is a C++11 extension [-Wc++11-long-long]
     /tmp/RtmpOLEJbw/R.INSTALL3d2970018b2d/qtbase/tools/kdebindings-build/smoke/qt/x_2.cpp:8594:13: warning: 'long long' is a C++11 extension [-Wc++11-long-long]
     /tmp/RtmpOLEJbw/R.INSTALL3d2970018b2d/qtbase/tools/kdebindings-build/smoke/qt/x_2.cpp:8594:32: warning: 'long long' is a C++11 extension [-Wc++11-long-long]
     /tmp/RtmpOLEJbw/R.INSTALL3d2970018b2d/qtbase/tools/kdebindings-build/smoke/qt/x_2.cpp:8595:13: warning: 'long long' is a C++11 extension [-Wc++11-long-long]
     /tmp/RtmpOLEJbw/R.INSTALL3d2970018b2d/qtbase/tools/kdebindings-build/smoke/qt/x_3.cpp:527:9: warning: 'long long' is a C++11 extension [-Wc++11-long-long]
     /tmp/RtmpOLEJbw/R.INSTALL3d2970018b2d/qtbase/tools/kdebindings-build/smoke/qt/x_3.cpp:528:35: warning: 'long long' is a C++11 extension [-Wc++11-long-long]
     /tmp/RtmpOLEJbw/R.INSTALL3d2970018b2d/qtbase/tools/kdebindings-build/smoke/qt/x_3.cpp:532:18: warning: 'long long' is a C++11 extension [-Wc++11-long-long]
     /tmp/RtmpOLEJbw/R.INSTALL3d2970018b2d/qtbase/tools/kdebindings-build/smoke/qt/x_3.cpp:533:44: warning: 'long long' is a C++11 extension [-Wc++11-long-long]
     /tmp/RtmpOLEJbw/R.INSTALL3d2970018b2d/qtbase/tools/kdebindings-build/smoke/qt/x_3.cpp:582:55: warning: 'long long' is a C++11 extension [-Wc++11-long-long]
     /tmp/RtmpOLEJbw/R.INSTALL3d2970018b2d/qtbase/tools/kdebindings-build/smoke/qt/x_3.cpp:587:64: warning: 'long long' is a C++11 extension [-Wc++11-long-long]
     /tmp/RtmpOLEJbw/R.INSTALL3d2970018b2d/qtbase/tools/kdebindings-build/smoke/qt/x_3.cpp:617:48: warning: 'long long' is a C++11 extension [-Wc++11-long-long]
     /tmp/RtmpOLEJbw/R.INSTALL3d2970018b2d/qtbase/tools/kdebindings-build/smoke/qt/x_3.cpp:622:57: warning: 'long long' is a C++11 extension [-Wc++11-long-long]
     /tmp/RtmpOLEJbw/R.INSTALL3d2970018b2d/qtbase/tools/kdebindings-build/smoke/qt/x_3.cpp:847:9: warning: 'long long' is a C++11 extension [-Wc++11-long-long]
     /tmp/RtmpOLEJbw/R.INSTALL3d2970018b2d/qtbase/tools/kdebindings-build/smoke/qt/x_3.cpp:848:35: warning: 'long long' is a C++11 extension [-Wc++11-long-long]
     /tmp/RtmpOLEJbw/R.INSTALL3d2970018b2d/qtbase/tools/kdebindings-build/smoke/qt/x_3.cpp:852:9: warning: 'long long' is a C++11 extension [-Wc++11-long-long]
     /tmp/RtmpOLEJbw/R.INSTALL3d2970018b2d/qtbase/tools/kdebindings-build/smoke/qt/x_3.cpp:853:35: warning: 'long long' is a C++11 extension [-Wc++11-long-long]
     /tmp/RtmpOLEJbw/R.INSTALL3d2970018b2d/qtbase/tools/kdebindings-build/smoke/qt/x_3.cpp:857:18: warning: 'long long' is a C++11 extension [-Wc++11-long-long]
     /tmp/RtmpOLEJbw/R.INSTALL3d2970018b2d/qtbase/tools/kdebindings-build/smoke/qt/x_3.cpp:858:44: warning: 'long long' is a C++11 extension [-Wc++11-long-long]
     /tmp/RtmpOLEJbw/R.INSTALL3d2970018b2d/qtbase/tools/kdebindings-build/smoke/qt/x_3.cpp:862:18: warning: 'long long' is a C++11 extension [-Wc++11-long-long]
     /tmp/RtmpOLEJbw/R.INSTALL3d2970018b2d/qtbase/tools/kdebindings-build/smoke/qt/x_3.cpp:863:44: warning: 'long long' is a C++11 extension [-Wc++11-long-long]
     /tmp/RtmpOLEJbw/R.INSTALL3d2970018b2d/qtbase/tools/kdebindings-build/smoke/qt/x_3.cpp:912:55: warning: 'long long' is a C++11 extension [-Wc++11-long-long]
     /tmp/RtmpOLEJbw/R.INSTALL3d2970018b2d/qtbase/tools/kdebindings-build/smoke/qt/x_3.cpp:917:64: warning: 'long long' is a C++11 extension [-Wc++11-long-long]
     /tmp/RtmpOLEJbw/R.INSTALL3d2970018b2d/qtbase/tools/kdebindings-build/smoke/qt/x_3.cpp:952:48: warning: 'long long' is a C++11 extension [-Wc++11-long-long]
     /tmp/RtmpOLEJbw/R.INSTALL3d2970018b2d/qtbase/tools/kdebindings-build/smoke/qt/x_3.cpp:957:57: warning: 'long long' is a C++11 extension [-Wc++11-long-long]
     /tmp/RtmpOLEJbw/R.INSTALL3d2970018b2d/qtbase/tools/kdebindings-build/smoke/qt/x_3.cpp:10559:9: warning: 'long long' is a C++11 extension [-Wc++11-long-long]
     /tmp/RtmpOLEJbw/R.INSTALL3d2970018b2d/qtbase/tools/kdebindings-build/smoke/qt/x_3.cpp:10560:35: warning: 'long long' is a C++11 extension [-Wc++11-long-long]
     /tmp/RtmpOLEJbw/R.INSTALL3d2970018b2d/qtbase/tools/kdebindings-build/smoke/qt/x_3.cpp:11806:65: warning: 'long long' is a C++11 extension [-Wc++11-long-long]
     /tmp/RtmpOLEJbw/R.INSTALL3d2970018b2d/qtbase/tools/kdebindings-build/smoke/qt/x_3.cpp:11811:74: warning: 'long long' is a C++11 extension [-Wc++11-long-long]
     /tmp/RtmpOLEJbw/R.INSTALL3d2970018b2d/qtbase/tools/kdebindings-build/smoke/qt/x_3.cpp:11941:97: warning: 'long long' is a C++11 extension [-Wc++11-long-long]
     /tmp/RtmpOLEJbw/R.INSTALL3d2970018b2d/qtbase/tools/kdebindings-build/smoke/qt/x_3.cpp:11946:106: warning: 'long long' is a C++11 extension [-Wc++11-long-long]
     /tmp/RtmpOLEJbw/R.INSTALL3d2970018b2d/qtbase/tools/kdebindings-build/smoke/qt/x_4.cpp:512:61: warning: 'long long' is a C++11 extension [-Wc++11-long-long]
     /tmp/RtmpOLEJbw/R.INSTALL3d2970018b2d/qtbase/tools/kdebindings-build/smoke/qt/x_4.cpp:517:70: warning: 'long long' is a C++11 extension [-Wc++11-long-long]
     /tmp/RtmpOLEJbw/R.INSTALL3d2970018b2d/qtbase/tools/kdebindings-build/smoke/qt/x_4.cpp:572:61: warning: 'long long' is a C++11 extension [-Wc++11-long-long]
     /tmp/RtmpOLEJbw/R.INSTALL3d2970018b2d/qtbase/tools/kdebindings-build/smoke/qt/x_4.cpp:577:70: warning: 'long long' is a C++11 extension [-Wc++11-long-long]
     /tmp/RtmpOLEJbw/R.INSTALL3d2970018b2d/qtbase/tools/kdebindings-build/smoke/qt/x_4.cpp:2104:9: warning: 'long long' is a C++11 extension [-Wc++11-long-long]
     /tmp/RtmpOLEJbw/R.INSTALL3d2970018b2d/qtbase/tools/kdebindings-build/smoke/qt/x_4.cpp:2105:35: warning: 'long long' is a C++11 extension [-Wc++11-long-long]
     /tmp/RtmpOLEJbw/R.INSTALL3d2970018b2d/qtbase/tools/kdebindings-build/smoke/qt/x_4.cpp:2129:47: warning: 'long long' is a C++11 extension [-Wc++11-long-long]
     /tmp/RtmpOLEJbw/R.INSTALL3d2970018b2d/qtbase/tools/kdebindings-build/smoke/qt/x_4.cpp:2169:76: warning: 'long long' is a C++11 extension [-Wc++11-long-long]
     /tmp/RtmpOLEJbw/R.INSTALL3d2970018b2d/qtbase/tools/kdebindings-build/smoke/qt/x_4.cpp:2199:9: warning: 'long long' is a C++11 extension [-Wc++11-long-long]
     /tmp/RtmpOLEJbw/R.INSTALL3d2970018b2d/qtbase/tools/kdebindings-build/smoke/qt/x_4.cpp:2200:35: warning: 'long long' is a C++11 extension [-Wc++11-long-long]
     /tmp/RtmpOLEJbw/R.INSTALL3d2970018b2d/qtbase/tools/kdebindings-build/smoke/qt/x_4.cpp:2269:59: warning: 'long long' is a C++11 extension [-Wc++11-long-long]
     /tmp/RtmpOLEJbw/R.INSTALL3d2970018b2d/qtbase/tools/kdebindings-build/smoke/qt/x_4.cpp:2274:9: warning: 'long long' is a C++11 extension [-Wc++11-long-long]
     /tmp/RtmpOLEJbw/R.INSTALL3d2970018b2d/qtbase/tools/kdebindings-build/smoke/qt/x_4.cpp:2275:35: warning: 'long long' is a C++11 extension [-Wc++11-long-long]
     /tmp/RtmpOLEJbw/R.INSTALL3d2970018b2d/qtbase/tools/kdebindings-build/smoke/qt/x_5.cpp:584:73: warning: 'long long' is a C++11 extension [-Wc++11-long-long]
     /tmp/RtmpOLEJbw/R.INSTALL3d2970018b2d/qtbase/tools/kdebindings-build/smoke/qt/x_5.cpp:589:82: warning: 'long long' is a C++11 extension [-Wc++11-long-long]
     /tmp/RtmpOLEJbw/R.INSTALL3d2970018b2d/qtbase/tools/kdebindings-build/smoke/qt/x_5.cpp:664:105: warning: 'long long' is a C++11 extension [-Wc++11-long-long]
     /tmp/RtmpOLEJbw/R.INSTALL3d2970018b2d/qtbase/tools/kdebindings-build/smoke/qt/x_5.cpp:669:114: warning: 'long long' is a C++11 extension [-Wc++11-long-long]
     /tmp/RtmpOLEJbw/R.INSTALL3d2970018b2d/qtbase/tools/kdebindings-build/smoke/qt/x_5.cpp:3986:9: warning: 'long long' is a C++11 extension [-Wc++11-long-long]
     /tmp/RtmpOLEJbw/R.INSTALL3d2970018b2d/qtbase/tools/kdebindings-build/smoke/qt/x_5.cpp:3987:35: warning: 'long long' is a C++11 extension [-Wc++11-long-long]
     /tmp/RtmpOLEJbw/R.INSTALL3d2970018b2d/qtbase/tools/kdebindings-build/smoke/qt/x_5.cpp:4001:9: warning: 'long long' is a C++11 extension [-Wc++11-long-long]
     /tmp/RtmpOLEJbw/R.INSTALL3d2970018b2d/qtbase/tools/kdebindings-build/smoke/qt/x_5.cpp:4002:35: warning: 'long long' is a C++11 extension [-Wc++11-long-long]
     /tmp/RtmpOLEJbw/R.INSTALL3d2970018b2d/qtbase/tools/kdebindings-build/smoke/qt/x_5.cpp:4006:9: warning: 'long long' is a C++11 extension [-Wc++11-long-long]
     /tmp/RtmpOLEJbw/R.INSTALL3d2970018b2d/qtbase/tools/kdebindings-build/smoke/qt/x_5.cpp:4007:35: warning: 'long long' is a C++11 extension [-Wc++11-long-long]
     /tmp/RtmpOLEJbw/R.INSTALL3d2970018b2d/qtbase/tools/kdebindings-build/smoke/qt/x_5.cpp:4011:81: warning: 'long long' is a C++11 extension [-Wc++11-long-long]
     /tmp/RtmpOLEJbw/R.INSTALL3d2970018b2d/qtbase/tools/kdebindings-build/smoke/qt/x_5.cpp:4016:9: warning: 'long long' is a C++11 extension [-Wc++11-long-long]
     /tmp/RtmpOLEJbw/R.INSTALL3d2970018b2d/qtbase/tools/kdebindings-build/smoke/qt/x_5.cpp:4017:35: warning: 'long long' is a C++11 extension [-Wc++11-long-long]
     /tmp/RtmpOLEJbw/R.INSTALL3d2970018b2d/qtbase/tools/kdebindings-build/smoke/qt/x_5.cpp:4021:9: warning: 'long long' is a C++11 extension [-Wc++11-long-long]
     /tmp/RtmpOLEJbw/R.INSTALL3d2970018b2d/qtbase/tools/kdebindings-build/smoke/qt/x_5.cpp:4022:35: warning: 'long long' is a C++11 extension [-Wc++11-long-long]
     /tmp/RtmpOLEJbw/R.INSTALL3d2970018b2d/qtbase/tools/kdebindings-build/smoke/qt/x_5.cpp:4026:9: warning: 'long long' is a C++11 extension [-Wc++11-long-long]
     /tmp/RtmpOLEJbw/R.INSTALL3d2970018b2d/qtbase/tools/kdebindings-build/smoke/qt/x_5.cpp:4027:35: warning: 'long long' is a C++11 extension [-Wc++11-long-long]
     /tmp/RtmpOLEJbw/R.INSTALL3d2970018b2d/qtbase/tools/kdebindings-build/smoke/qt/x_5.cpp:6295:13: warning: 'long long' is a C++11 extension [-Wc++11-long-long]
     /tmp/RtmpOLEJbw/R.INSTALL3d2970018b2d/qtbase/tools/kdebindings-build/smoke/qt/x_5.cpp:6305:13: warning: 'long long' is a C++11 extension [-Wc++11-long-long]
     /tmp/RtmpOLEJbw/R.INSTALL3d2970018b2d/qtbase/tools/kdebindings-build/smoke/qt/x_5.cpp:6315:23: warning: 'long long' is a C++11 extension [-Wc++11-long-long]
     /tmp/RtmpOLEJbw/R.INSTALL3d2970018b2d/qtbase/tools/kdebindings-build/smoke/qt/x_5.cpp:6363:26: warning: 'long long' is a C++11 extension [-Wc++11-long-long]
     /tmp/RtmpOLEJbw/R.INSTALL3d2970018b2d/qtbase/tools/kdebindings-build/smoke/qt/x_5.cpp:6465:38: warning: 'long long' is a C++11 extension [-Wc++11-long-long]
     /tmp/RtmpOLEJbw/R.INSTALL3d2970018b2d/qtbase/tools/kdebindings-build/smoke/qt/x_5.cpp:6465:13: warning: 'long long' is a C++11 extension [-Wc++11-long-long]
     /tmp/RtmpOLEJbw/R.INSTALL3d2970018b2d/qtbase/tools/kdebindings-build/smoke/qt/x_5.cpp:6477:42: warning: 'long long' is a C++11 extension [-Wc++11-long-long]
     /tmp/RtmpOLEJbw/R.INSTALL3d2970018b2d/qtbase/tools/kdebindings-build/smoke/qt/x_5.cpp:6477:13: warning: 'long long' is a C++11 extension [-Wc++11-long-long]
     /tmp/RtmpOLEJbw/R.INSTALL3d2970018b2d/qtbase/tools/kdebindings-build/smoke/qt/x_5.cpp:6489:45: warning: 'long long' is a C++11 extension [-Wc++11-long-long]
     /tmp/RtmpOLEJbw/R.INSTALL3d2970018b2d/qtbase/tools/kdebindings-build/smoke/qt/x_5.cpp:6489:13: warning: 'long long' is a C++11 extension [-Wc++11-long-long]
     /tmp/RtmpOLEJbw/R.INSTALL3d2970018b2d/qtbase/tools/kdebindings-build/smoke/qt/x_5.cpp:5937:13: warning: 'long long' is a C++11 extension [-Wc++11-long-long]
     /tmp/RtmpOLEJbw/R.INSTALL3d2970018b2d/qtbase/tools/kdebindings-build/smoke/qt/x_5.cpp:5938:39: warning: 'long long' is a C++11 extension [-Wc++11-long-long]
     /tmp/RtmpOLEJbw/R.INSTALL3d2970018b2d/qtbase/tools/kdebindings-build/smoke/qt/x_5.cpp:5940:13: warning: 'long long' is a C++11 extension [-Wc++11-long-long]
     /tmp/RtmpOLEJbw/R.INSTALL3d2970018b2d/qtbase/tools/kdebindings-build/smoke/qt/x_5.cpp:5941:39: warning: 'long long' is a C++11 extension [-Wc++11-long-long]
     /tmp/RtmpOLEJbw/R.INSTALL3d2970018b2d/qtbase/tools/kdebindings-build/smoke/qt/x_5.cpp:5947:13: warning: 'long long' is a C++11 extension [-Wc++11-long-long]
     /tmp/RtmpOLEJbw/R.INSTALL3d2970018b2d/qtbase/tools/kdebindings-build/smoke/qt/x_5.cpp:5948:39: warning: 'long long' is a C++11 extension [-Wc++11-long-long]
     /tmp/RtmpOLEJbw/R.INSTALL3d2970018b2d/qtbase/tools/kdebindings-build/smoke/qt/x_5.cpp:5950:13: warning: 'long long' is a C++11 extension [-Wc++11-long-long]
     /tmp/RtmpOLEJbw/R.INSTALL3d2970018b2d/qtbase/tools/kdebindings-build/smoke/qt/x_5.cpp:5951:39: warning: 'long long' is a C++11 extension [-Wc++11-long-long]
     /tmp/RtmpOLEJbw/R.INSTALL3d2970018b2d/qtbase/tools/kdebindings-build/smoke/qt/x_5.cpp:5957:53: warning: 'long long' is a C++11 extension [-Wc++11-long-long]
     /tmp/RtmpOLEJbw/R.INSTALL3d2970018b2d/qtbase/tools/kdebindings-build/smoke/qt/x_5.cpp:5960:38: warning: 'long long' is a C++11 extension [-Wc++11-long-long]
     /tmp/RtmpOLEJbw/R.INSTALL3d2970018b2d/qtbase/tools/kdebindings-build/smoke/qt/x_5.cpp:6037:56: warning: 'long long' is a C++11 extension [-Wc++11-long-long]
     /tmp/RtmpOLEJbw/R.INSTALL3d2970018b2d/qtbase/tools/kdebindings-build/smoke/qt/x_5.cpp:6040:41: warning: 'long long' is a C++11 extension [-Wc++11-long-long]
     /tmp/RtmpOLEJbw/R.INSTALL3d2970018b2d/qtbase/tools/kdebindings-build/smoke/qt/x_5.cpp:6177:13: warning: 'long long' is a C++11 extension [-Wc++11-long-long]
     /tmp/RtmpOLEJbw/R.INSTALL3d2970018b2d/qtbase/tools/kdebindings-build/smoke/qt/x_5.cpp:6177:78: warning: 'long long' is a C++11 extension [-Wc++11-long-long]
     /tmp/RtmpOLEJbw/R.INSTALL3d2970018b2d/qtbase/tools/kdebindings-build/smoke/qt/x_5.cpp:6178:39: warning: 'long long' is a C++11 extension [-Wc++11-long-long]
     /tmp/RtmpOLEJbw/R.INSTALL3d2970018b2d/qtbase/tools/kdebindings-build/smoke/qt/x_5.cpp:6180:13: warning: 'long long' is a C++11 extension [-Wc++11-long-long]
     /tmp/RtmpOLEJbw/R.INSTALL3d2970018b2d/qtbase/tools/kdebindings-build/smoke/qt/x_5.cpp:6180:63: warning: 'long long' is a C++11 extension [-Wc++11-long-long]
     /tmp/RtmpOLEJbw/R.INSTALL3d2970018b2d/qtbase/tools/kdebindings-build/smoke/qt/x_5.cpp:6181:39: warning: 'long long' is a C++11 extension [-Wc++11-long-long]
     /tmp/RtmpOLEJbw/R.INSTALL3d2970018b2d/qtbase/tools/kdebindings-build/smoke/qt/x_5.cpp:6187:13: warning: 'long long' is a C++11 extension [-Wc++11-long-long]
     /tmp/RtmpOLEJbw/R.INSTALL3d2970018b2d/qtbase/tools/kdebindings-build/smoke/qt/x_5.cpp:6187:82: warning: 'long long' is a C++11 extension [-Wc++11-long-long]
     /tmp/RtmpOLEJbw/R.INSTALL3d2970018b2d/qtbase/tools/kdebindings-build/smoke/qt/x_5.cpp:6188:39: warning: 'long long' is a C++11 extension [-Wc++11-long-long]
     /tmp/RtmpOLEJbw/R.INSTALL3d2970018b2d/qtbase/tools/kdebindings-build/smoke/qt/x_5.cpp:6190:13: warning: 'long long' is a C++11 extension [-Wc++11-long-long]
     /tmp/RtmpOLEJbw/R.INSTALL3d2970018b2d/qtbase/tools/kdebindings-build/smoke/qt/x_5.cpp:6190:67: warning: 'long long' is a C++11 extension [-Wc++11-long-long]
     /tmp/RtmpOLEJbw/R.INSTALL3d2970018b2d/qtbase/tools/kdebindings-build/smoke/qt/x_5.cpp:6191:39: warning: 'long long' is a C++11 extension [-Wc++11-long-long]
     /tmp/RtmpOLEJbw/R.INSTALL3d2970018b2d/qtbase/tools/kdebindings-build/smoke/qt/x_5.cpp:6197:13: warning: 'long long' is a C++11 extension [-Wc++11-long-long]
     /tmp/RtmpOLEJbw/R.INSTALL3d2970018b2d/qtbase/tools/kdebindings-build/smoke/qt/x_5.cpp:6197:85: warning: 'long long' is a C++11 extension [-Wc++11-long-long]
     /tmp/RtmpOLEJbw/R.INSTALL3d2970018b2d/qtbase/tools/kdebindings-build/smoke/qt/x_5.cpp:6198:39: warning: 'long long' is a C++11 extension [-Wc++11-long-long]
     /tmp/RtmpOLEJbw/R.INSTALL3d2970018b2d/qtbase/tools/kdebindings-build/smoke/qt/x_5.cpp:6200:13: warning: 'long long' is a C++11 extension [-Wc++11-long-long]
     /tmp/RtmpOLEJbw/R.INSTALL3d2970018b2d/qtbase/tools/kdebindings-build/smoke/qt/x_5.cpp:6200:70: warning: 'long long' is a C++11 extension [-Wc++11-long-long]
     /tmp/RtmpOLEJbw/R.INSTALL3d2970018b2d/qtbase/tools/kdebindings-build/smoke/qt/x_5.cpp:6201:39: warning: 'long long' is a C++11 extension [-Wc++11-long-long]
     /tmp/RtmpOLEJbw/R.INSTALL3d2970018b2d/qtbase/tools/kdebindings-build/smoke/qt/x_5.cpp:6298:13: warning: 'long long' is a C++11 extension [-Wc++11-long-long]
     /tmp/RtmpOLEJbw/R.INSTALL3d2970018b2d/qtbase/tools/kdebindings-build/smoke/qt/x_5.cpp:6298:32: warning: 'long long' is a C++11 extension [-Wc++11-long-long]
     /tmp/RtmpOLEJbw/R.INSTALL3d2970018b2d/qtbase/tools/kdebindings-build/smoke/qt/x_5.cpp:6299:13: warning: 'long long' is a C++11 extension [-Wc++11-long-long]
     /tmp/RtmpOLEJbw/R.INSTALL3d2970018b2d/qtbase/tools/kdebindings-build/smoke/qt/x_5.cpp:6308:13: warning: 'long long' is a C++11 extension [-Wc++11-long-long]
     /tmp/RtmpOLEJbw/R.INSTALL3d2970018b2d/qtbase/tools/kdebindings-build/smoke/qt/x_5.cpp:6308:32: warning: 'long long' is a C++11 extension [-Wc++11-long-long]
     /tmp/RtmpOLEJbw/R.INSTALL3d2970018b2d/qtbase/tools/kdebindings-build/smoke/qt/x_5.cpp:6309:13: warning: 'long long' is a C++11 extension [-Wc++11-long-long]
     /tmp/RtmpOLEJbw/R.INSTALL3d2970018b2d/qtbase/tools/kdebindings-build/smoke/qt/x_5.cpp:6317:35: warning: 'long long' is a C++11 extension [-Wc++11-long-long]
     /tmp/RtmpOLEJbw/R.INSTALL3d2970018b2d/qtbase/tools/kdebindings-build/smoke/qt/x_5.cpp:6365:35: warning: 'long long' is a C++11 extension [-Wc++11-long-long]
     /tmp/RtmpOLEJbw/R.INSTALL3d2970018b2d/qtbase/tools/kdebindings-build/smoke/qt/x_5.cpp:6468:35: warning: 'long long' is a C++11 extension [-Wc++11-long-long]
     /tmp/RtmpOLEJbw/R.INSTALL3d2970018b2d/qtbase/tools/kdebindings-build/smoke/qt/x_5.cpp:6470:13: warning: 'long long' is a C++11 extension [-Wc++11-long-long]
     /tmp/RtmpOLEJbw/R.INSTALL3d2970018b2d/qtbase/tools/kdebindings-build/smoke/qt/x_5.cpp:6470:32: warning: 'long long' is a C++11 extension [-Wc++11-long-long]
     /tmp/RtmpOLEJbw/R.INSTALL3d2970018b2d/qtbase/tools/kdebindings-build/smoke/qt/x_5.cpp:6471:13: warning: 'long long' is a C++11 extension [-Wc++11-long-long]
     /tmp/RtmpOLEJbw/R.INSTALL3d2970018b2d/qtbase/tools/kdebindings-build/smoke/qt/x_5.cpp:6480:35: warning: 'long long' is a C++11 extension [-Wc++11-long-long]
     /tmp/RtmpOLEJbw/R.INSTALL3d2970018b2d/qtbase/tools/kdebindings-build/smoke/qt/x_5.cpp:6482:13: warning: 'long long' is a C++11 extension [-Wc++11-long-long]
     /tmp/RtmpOLEJbw/R.INSTALL3d2970018b2d/qtbase/tools/kdebindings-build/smoke/qt/x_5.cpp:6482:32: warning: 'long long' is a C++11 extension [-Wc++11-long-long]
     /tmp/RtmpOLEJbw/R.INSTALL3d2970018b2d/qtbase/tools/kdebindings-build/smoke/qt/x_5.cpp:6483:13: warning: 'long long' is a C++11 extension [-Wc++11-long-long]
     /tmp/RtmpOLEJbw/R.INSTALL3d2970018b2d/qtbase/tools/kdebindings-build/smoke/qt/x_5.cpp:6492:35: warning: 'long long' is a C++11 extension [-Wc++11-long-long]
     /tmp/RtmpOLEJbw/R.INSTALL3d2970018b2d/qtbase/tools/kdebindings-build/smoke/qt/x_5.cpp:6494:13: warning: 'long long' is a C++11 extension [-Wc++11-long-long]
     /tmp/RtmpOLEJbw/R.INSTALL3d2970018b2d/qtbase/tools/kdebindings-build/smoke/qt/x_5.cpp:6494:32: warning: 'long long' is a C++11 extension [-Wc++11-long-long]
     /tmp/RtmpOLEJbw/R.INSTALL3d2970018b2d/qtbase/tools/kdebindings-build/smoke/qt/x_5.cpp:6495:13: warning: 'long long' is a C++11 extension [-Wc++11-long-long]
     /tmp/RtmpOLEJbw/R.INSTALL3d2970018b2d/qtbase/tools/kdebindings-build/smoke/qt/x_5.cpp:7128:13: warning: 'long long' is a C++11 extension [-Wc++11-long-long]
     /tmp/RtmpOLEJbw/R.INSTALL3d2970018b2d/qtbase/tools/kdebindings-build/smoke/qt/x_5.cpp:7138:13: warning: 'long long' is a C++11 extension [-Wc++11-long-long]
     /tmp/RtmpOLEJbw/R.INSTALL3d2970018b2d/qtbase/tools/kdebindings-build/smoke/qt/x_5.cpp:7148:23: warning: 'long long' is a C++11 extension [-Wc++11-long-long]
     /tmp/RtmpOLEJbw/R.INSTALL3d2970018b2d/qtbase/tools/kdebindings-build/smoke/qt/x_5.cpp:7164:13: warning: 'long long' is a C++11 extension [-Wc++11-long-long]
     /tmp/RtmpOLEJbw/R.INSTALL3d2970018b2d/qtbase/tools/kdebindings-build/smoke/qt/x_5.cpp:7174:13: warning: 'long long' is a C++11 extension [-Wc++11-long-long]
     /tmp/RtmpOLEJbw/R.INSTALL3d2970018b2d/qtbase/tools/kdebindings-build/smoke/qt/x_5.cpp:7201:42: warning: 'long long' is a C++11 extension [-Wc++11-long-long]
     /tmp/RtmpOLEJbw/R.INSTALL3d2970018b2d/qtbase/tools/kdebindings-build/smoke/qt/x_5.cpp:7201:13: warning: 'long long' is a C++11 extension [-Wc++11-long-long]
     /tmp/RtmpOLEJbw/R.INSTALL3d2970018b2d/qtbase/tools/kdebindings-build/smoke/qt/x_5.cpp:7213:46: warning: 'long long' is a C++11 extension [-Wc++11-long-long]
     /tmp/RtmpOLEJbw/R.INSTALL3d2970018b2d/qtbase/tools/kdebindings-build/smoke/qt/x_5.cpp:7213:13: warning: 'long long' is a C++11 extension [-Wc++11-long-long]
     /tmp/RtmpOLEJbw/R.INSTALL3d2970018b2d/qtbase/tools/kdebindings-build/smoke/qt/x_5.cpp:7225:49: warning: 'long long' is a C++11 extension [-Wc++11-long-long]
     /tmp/RtmpOLEJbw/R.INSTALL3d2970018b2d/qtbase/tools/kdebindings-build/smoke/qt/x_5.cpp:7225:13: warning: 'long long' is a C++11 extension [-Wc++11-long-long]
     /tmp/RtmpOLEJbw/R.INSTALL3d2970018b2d/qtbase/tools/kdebindings-build/smoke/qt/x_5.cpp:6852:13: warning: 'long long' is a C++11 extension [-Wc++11-long-long]
     /tmp/RtmpOLEJbw/R.INSTALL3d2970018b2d/qtbase/tools/kdebindings-build/smoke/qt/x_5.cpp:6853:39: warning: 'long long' is a C++11 extension [-Wc++11-long-long]
     /tmp/RtmpOLEJbw/R.INSTALL3d2970018b2d/qtbase/tools/kdebindings-build/smoke/qt/x_5.cpp:6855:13: warning: 'long long' is a C++11 extension [-Wc++11-long-long]
     /tmp/RtmpOLEJbw/R.INSTALL3d2970018b2d/qtbase/tools/kdebindings-build/smoke/qt/x_5.cpp:6856:39: warning: 'long long' is a C++11 extension [-Wc++11-long-long]
     /tmp/RtmpOLEJbw/R.INSTALL3d2970018b2d/qtbase/tools/kdebindings-build/smoke/qt/x_5.cpp:6862:13: warning: 'long long' is a C++11 extension [-Wc++11-long-long]
     /tmp/RtmpOLEJbw/R.INSTALL3d2970018b2d/qtbase/tools/kdebindings-build/smoke/qt/x_5.cpp:6863:39: warning: 'long long' is a C++11 extension [-Wc++11-long-long]
     /tmp/RtmpOLEJbw/R.INSTALL3d2970018b2d/qtbase/tools/kdebindings-build/smoke/qt/x_5.cpp:6865:13: warning: 'long long' is a C++11 extension [-Wc++11-long-long]
     /tmp/RtmpOLEJbw/R.INSTALL3d2970018b2d/qtbase/tools/kdebindings-build/smoke/qt/x_5.cpp:6866:39: warning: 'long long' is a C++11 extension [-Wc++11-long-long]
     /tmp/RtmpOLEJbw/R.INSTALL3d2970018b2d/qtbase/tools/kdebindings-build/smoke/qt/x_5.cpp:6872:45: warning: 'long long' is a C++11 extension [-Wc++11-long-long]
     /tmp/RtmpOLEJbw/R.INSTALL3d2970018b2d/qtbase/tools/kdebindings-build/smoke/qt/x_5.cpp:6875:38: warning: 'long long' is a C++11 extension [-Wc++11-long-long]
     /tmp/RtmpOLEJbw/R.INSTALL3d2970018b2d/qtbase/tools/kdebindings-build/smoke/qt/x_5.cpp:6896:43: warning: 'long long' is a C++11 extension [-Wc++11-long-long]
     /tmp/RtmpOLEJbw/R.INSTALL3d2970018b2d/qtbase/tools/kdebindings-build/smoke/qt/x_5.cpp:6901:67: warning: 'long long' is a C++11 extension [-Wc++11-long-long]
     /tmp/RtmpOLEJbw/R.INSTALL3d2970018b2d/qtbase/tools/kdebindings-build/smoke/qt/x_5.cpp:6931:50: warning: 'long long' is a C++11 extension [-Wc++11-long-long]
     /tmp/RtmpOLEJbw/R.INSTALL3d2970018b2d/qtbase/tools/kdebindings-build/smoke/qt/x_5.cpp:6931:76: warning: 'long long' is a C++11 extension [-Wc++11-long-long]
     /tmp/RtmpOLEJbw/R.INSTALL3d2970018b2d/qtbase/tools/kdebindings-build/smoke/qt/x_5.cpp:6952:13: warning: 'long long' is a C++11 extension [-Wc++11-long-long]
     /tmp/RtmpOLEJbw/R.INSTALL3d2970018b2d/qtbase/tools/kdebindings-build/smoke/qt/x_5.cpp:6952:74: warning: 'long long' is a C++11 extension [-Wc++11-long-long]
     /tmp/RtmpOLEJbw/R.INSTALL3d2970018b2d/qtbase/tools/kdebindings-build/smoke/qt/x_5.cpp:6953:39: warning: 'long long' is a C++11 extension [-Wc++11-long-long]
     /tmp/RtmpOLEJbw/R.INSTALL3d2970018b2d/qtbase/tools/kdebindings-build/smoke/qt/x_5.cpp:6955:13: warning: 'long long' is a C++11 extension [-Wc++11-long-long]
     /tmp/RtmpOLEJbw/R.INSTALL3d2970018b2d/qtbase/tools/kdebindings-build/smoke/qt/x_5.cpp:6955:67: warning: 'long long' is a C++11 extension [-Wc++11-long-long]
     /tmp/RtmpOLEJbw/R.INSTALL3d2970018b2d/qtbase/tools/kdebindings-build/smoke/qt/x_5.cpp:6956:39: warning: 'long long' is a C++11 extension [-Wc++11-long-long]
     /tmp/RtmpOLEJbw/R.INSTALL3d2970018b2d/qtbase/tools/kdebindings-build/smoke/qt/x_5.cpp:6962:13: warning: 'long long' is a C++11 extension [-Wc++11-long-long]
     /tmp/RtmpOLEJbw/R.INSTALL3d2970018b2d/qtbase/tools/kdebindings-build/smoke/qt/x_5.cpp:6962:81: warning: 'long long' is a C++11 extension [-Wc++11-long-long]
     /tmp/RtmpOLEJbw/R.INSTALL3d2970018b2d/qtbase/tools/kdebindings-build/smoke/qt/x_5.cpp:6963:39: warning: 'long long' is a C++11 extension [-Wc++11-long-long]
     /tmp/RtmpOLEJbw/R.INSTALL3d2970018b2d/qtbase/tools/kdebindings-build/smoke/qt/x_5.cpp:6965:13: warning: 'long long' is a C++11 extension [-Wc++11-long-long]
     /tmp/RtmpOLEJbw/R.INSTALL3d2970018b2d/qtbase/tools/kdebindings-build/smoke/qt/x_5.cpp:6965:74: warning: 'long long' is a C++11 extension [-Wc++11-long-long]
     /tmp/RtmpOLEJbw/R.INSTALL3d2970018b2d/qtbase/tools/kdebindings-build/smoke/qt/x_5.cpp:6966:39: warning: 'long long' is a C++11 extension [-Wc++11-long-long]
     /tmp/RtmpOLEJbw/R.INSTALL3d2970018b2d/qtbase/tools/kdebindings-build/smoke/qt/x_5.cpp:6972:13: warning: 'long long' is a C++11 extension [-Wc++11-long-long]
     /tmp/RtmpOLEJbw/R.INSTALL3d2970018b2d/qtbase/tools/kdebindings-build/smoke/qt/x_5.cpp:6972:78: warning: 'long long' is a C++11 extension [-Wc++11-long-long]
     /tmp/RtmpOLEJbw/R.INSTALL3d2970018b2d/qtbase/tools/kdebindings-build/smoke/qt/x_5.cpp:6973:39: warning: 'long long' is a C++11 extension [-Wc++11-long-long]
     /tmp/RtmpOLEJbw/R.INSTALL3d2970018b2d/qtbase/tools/kdebindings-build/smoke/qt/x_5.cpp:6975:13: warning: 'long long' is a C++11 extension [-Wc++11-long-long]
     /tmp/RtmpOLEJbw/R.INSTALL3d2970018b2d/qtbase/tools/kdebindings-build/smoke/qt/x_5.cpp:6975:71: warning: 'long long' is a C++11 extension [-Wc++11-long-long]
     /tmp/RtmpOLEJbw/R.INSTALL3d2970018b2d/qtbase/tools/kdebindings-build/smoke/qt/x_5.cpp:6976:39: warning: 'long long' is a C++11 extension [-Wc++11-long-long]
     /tmp/RtmpOLEJbw/R.INSTALL3d2970018b2d/qtbase/tools/kdebindings-build/smoke/qt/x_5.cpp:6991:50: warning: 'long long' is a C++11 extension [-Wc++11-long-long]
     /tmp/RtmpOLEJbw/R.INSTALL3d2970018b2d/qtbase/tools/kdebindings-build/smoke/qt/x_5.cpp:6991:76: warning: 'long long' is a C++11 extension [-Wc++11-long-long]
     /tmp/RtmpOLEJbw/R.INSTALL3d2970018b2d/qtbase/tools/kdebindings-build/smoke/qt/x_5.cpp:7131:13: warning: 'long long' is a C++11 extension [-Wc++11-long-long]
     /tmp/RtmpOLEJbw/R.INSTALL3d2970018b2d/qtbase/tools/kdebindings-build/smoke/qt/x_5.cpp:7131:32: warning: 'long long' is a C++11 extension [-Wc++11-long-long]
     /tmp/RtmpOLEJbw/R.INSTALL3d2970018b2d/qtbase/tools/kdebindings-build/smoke/qt/x_5.cpp:7132:13: warning: 'long long' is a C++11 extension [-Wc++11-long-long]
     /tmp/RtmpOLEJbw/R.INSTALL3d2970018b2d/qtbase/tools/kdebindings-build/smoke/qt/x_5.cpp:7141:13: warning: 'long long' is a C++11 extension [-Wc++11-long-long]
     /tmp/RtmpOLEJbw/R.INSTALL3d2970018b2d/qtbase/tools/kdebindings-build/smoke/qt/x_5.cpp:7141:32: warning: 'long long' is a C++11 extension [-Wc++11-long-long]
     /tmp/RtmpOLEJbw/R.INSTALL3d2970018b2d/qtbase/tools/kdebindings-build/smoke/qt/x_5.cpp:7142:13: warning: 'long long' is a C++11 extension [-Wc++11-long-long]
     /tmp/RtmpOLEJbw/R.INSTALL3d2970018b2d/qtbase/tools/kdebindings-build/smoke/qt/x_5.cpp:7150:35: warning: 'long long' is a C++11 extension [-Wc++11-long-long]
     /tmp/RtmpOLEJbw/R.INSTALL3d2970018b2d/qtbase/tools/kdebindings-build/smoke/qt/x_5.cpp:7167:13: warning: 'long long' is a C++11 extension [-Wc++11-long-long]
     /tmp/RtmpOLEJbw/R.INSTALL3d2970018b2d/qtbase/tools/kdebindings-build/smoke/qt/x_5.cpp:7167:32: warning: 'long long' is a C++11 extension [-Wc++11-long-long]
     /tmp/RtmpOLEJbw/R.INSTALL3d2970018b2d/qtbase/tools/kdebindings-build/smoke/qt/x_5.cpp:7168:13: warning: 'long long' is a C++11 extension [-Wc++11-long-long]
     /tmp/RtmpOLEJbw/R.INSTALL3d2970018b2d/qtbase/tools/kdebindings-build/smoke/qt/x_5.cpp:7177:13: warning: 'long long' is a C++11 extension [-Wc++11-long-long]
     /tmp/RtmpOLEJbw/R.INSTALL3d2970018b2d/qtbase/tools/kdebindings-build/smoke/qt/x_5.cpp:7177:32: warning: 'long long' is a C++11 extension [-Wc++11-long-long]
     /tmp/RtmpOLEJbw/R.INSTALL3d2970018b2d/qtbase/tools/kdebindings-build/smoke/qt/x_5.cpp:7178:13: warning: 'long long' is a C++11 extension [-Wc++11-long-long]
     /tmp/RtmpOLEJbw/R.INSTALL3d2970018b2d/qtbase/tools/kdebindings-build/smoke/qt/x_5.cpp:7204:35: warning: 'long long' is a C++11 extension [-Wc++11-long-long]
     /tmp/RtmpOLEJbw/R.INSTALL3d2970018b2d/qtbase/tools/kdebindings-build/smoke/qt/x_5.cpp:7206:13: warning: 'long long' is a C++11 extension [-Wc++11-long-long]
     /tmp/RtmpOLEJbw/R.INSTALL3d2970018b2d/qtbase/tools/kdebindings-build/smoke/qt/x_5.cpp:7206:32: warning: 'long long' is a C++11 extension [-Wc++11-long-long]
     /tmp/RtmpOLEJbw/R.INSTALL3d2970018b2d/qtbase/tools/kdebindings-build/smoke/qt/x_5.cpp:7207:13: warning: 'long long' is a C++11 extension [-Wc++11-long-long]
     /tmp/RtmpOLEJbw/R.INSTALL3d2970018b2d/qtbase/tools/kdebindings-build/smoke/qt/x_5.cpp:7216:35: warning: 'long long' is a C++11 extension [-Wc++11-long-long]
     /tmp/RtmpOLEJbw/R.INSTALL3d2970018b2d/qtbase/tools/kdebindings-build/smoke/qt/x_5.cpp:7218:13: warning: 'long long' is a C++11 extension [-Wc++11-long-long]
     /tmp/RtmpOLEJbw/R.INSTALL3d2970018b2d/qtbase/tools/kdebindings-build/smoke/qt/x_5.cpp:7218:32: warning: 'long long' is a C++11 extension [-Wc++11-long-long]
     /tmp/RtmpOLEJbw/R.INSTALL3d2970018b2d/qtbase/tools/kdebindings-build/smoke/qt/x_5.cpp:7219:13: warning: 'long long' is a C++11 extension [-Wc++11-long-long]
     /tmp/RtmpOLEJbw/R.INSTALL3d2970018b2d/qtbase/tools/kdebindings-build/smoke/qt/x_5.cpp:7228:35: warning: 'long long' is a C++11 extension [-Wc++11-long-long]
     /tmp/RtmpOLEJbw/R.INSTALL3d2970018b2d/qtbase/tools/kdebindings-build/smoke/qt/x_5.cpp:7230:13: warning: 'long long' is a C++11 extension [-Wc++11-long-long]
     /tmp/RtmpOLEJbw/R.INSTALL3d2970018b2d/qtbase/tools/kdebindings-build/smoke/qt/x_5.cpp:7230:32: warning: 'long long' is a C++11 extension [-Wc++11-long-long]
     /tmp/RtmpOLEJbw/R.INSTALL3d2970018b2d/qtbase/tools/kdebindings-build/smoke/qt/x_5.cpp:7231:13: warning: 'long long' is a C++11 extension [-Wc++11-long-long]
     /tmp/RtmpOLEJbw/R.INSTALL3d2970018b2d/qtbase/tools/kdebindings-build/smoke/qt/x_5.cpp:9054:9: warning: 'long long' is a C++11 extension [-Wc++11-long-long]
     /tmp/RtmpOLEJbw/R.INSTALL3d2970018b2d/qtbase/tools/kdebindings-build/smoke/qt/x_5.cpp:9055:35: warning: 'long long' is a C++11 extension [-Wc++11-long-long]
     /tmp/RtmpOLEJbw/R.INSTALL3d2970018b2d/qtbase/tools/kdebindings-build/smoke/qt/x_6.cpp:402:9: warning: 'long long' is a C++11 extension [-Wc++11-long-long]
     /tmp/RtmpOLEJbw/R.INSTALL3d2970018b2d/qtbase/tools/kdebindings-build/smoke/qt/x_6.cpp:403:35: warning: 'long long' is a C++11 extension [-Wc++11-long-long]
     /tmp/RtmpOLEJbw/R.INSTALL3d2970018b2d/qtbase/tools/kdebindings-build/smoke/qt/x_6.cpp:6685:9: warning: 'long long' is a C++11 extension [-Wc++11-long-long]
     /tmp/RtmpOLEJbw/R.INSTALL3d2970018b2d/qtbase/tools/kdebindings-build/smoke/qt/x_6.cpp:6686:35: warning: 'long long' is a C++11 extension [-Wc++11-long-long]
     /tmp/RtmpOLEJbw/R.INSTALL3d2970018b2d/qtbase/tools/kdebindings-build/smoke/qt/x_6.cpp:6690:9: warning: 'long long' is a C++11 extension [-Wc++11-long-long]
     /tmp/RtmpOLEJbw/R.INSTALL3d2970018b2d/qtbase/tools/kdebindings-build/smoke/qt/x_6.cpp:6690:65: warning: 'long long' is a C++11 extension [-Wc++11-long-long]
     /tmp/RtmpOLEJbw/R.INSTALL3d2970018b2d/qtbase/tools/kdebindings-build/smoke/qt/x_6.cpp:6691:35: warning: 'long long' is a C++11 extension [-Wc++11-long-long]
     /tmp/RtmpOLEJbw/R.INSTALL3d2970018b2d/qtbase/tools/kdebindings-build/smoke/qt/x_8.cpp:9018:9: warning: 'long long' is a C++11 extension [-Wc++11-long-long]
     /tmp/RtmpOLEJbw/R.INSTALL3d2970018b2d/qtbase/tools/kdebindings-build/smoke/qt/x_8.cpp:9019:35: warning: 'long long' is a C++11 extension [-Wc++11-long-long]
     /tmp/RtmpOLEJbw/R.INSTALL3d2970018b2d/qtbase/tools/kdebindings-build/smoke/qt/x_8.cpp:9023:9: warning: 'long long' is a C++11 extension [-Wc++11-long-long]
     /tmp/RtmpOLEJbw/R.INSTALL3d2970018b2d/qtbase/tools/kdebindings-build/smoke/qt/x_8.cpp:9023:66: warning: 'long long' is a C++11 extension [-Wc++11-long-long]
     /tmp/RtmpOLEJbw/R.INSTALL3d2970018b2d/qtbase/tools/kdebindings-build/smoke/qt/x_8.cpp:9024:35: warning: 'long long' is a C++11 extension [-Wc++11-long-long]
     /tmp/RtmpOLEJbw/R.INSTALL3d2970018b2d/qtbase/tools/kdebindings-build/smoke/qt/x_8.cpp:10494:13: warning: 'long long' is a C++11 extension [-Wc++11-long-long]
     /tmp/RtmpOLEJbw/R.INSTALL3d2970018b2d/qtbase/tools/kdebindings-build/smoke/qt/x_8.cpp:10504:13: warning: 'long long' is a C++11 extension [-Wc++11-long-long]
     /tmp/RtmpOLEJbw/R.INSTALL3d2970018b2d/qtbase/tools/kdebindings-build/smoke/qt/x_8.cpp:10514:23: warning: 'long long' is a C++11 extension [-Wc++11-long-long]
     /tmp/RtmpOLEJbw/R.INSTALL3d2970018b2d/qtbase/tools/kdebindings-build/smoke/qt/x_8.cpp:10530:13: warning: 'long long' is a C++11 extension [-Wc++11-long-long]
     /tmp/RtmpOLEJbw/R.INSTALL3d2970018b2d/qtbase/tools/kdebindings-build/smoke/qt/x_8.cpp:10540:13: warning: 'long long' is a C++11 extension [-Wc++11-long-long]
     /tmp/RtmpOLEJbw/R.INSTALL3d2970018b2d/qtbase/tools/kdebindings-build/smoke/qt/x_8.cpp:10567:42: warning: 'long long' is a C++11 extension [-Wc++11-long-long]
     /tmp/RtmpOLEJbw/R.INSTALL3d2970018b2d/qtbase/tools/kdebindings-build/smoke/qt/x_8.cpp:10567:13: warning: 'long long' is a C++11 extension [-Wc++11-long-long]
     /tmp/RtmpOLEJbw/R.INSTALL3d2970018b2d/qtbase/tools/kdebindings-build/smoke/qt/x_8.cpp:10577:46: warning: 'long long' is a C++11 extension [-Wc++11-long-long]
     /tmp/RtmpOLEJbw/R.INSTALL3d2970018b2d/qtbase/tools/kdebindings-build/smoke/qt/x_8.cpp:10577:13: warning: 'long long' is a C++11 extension [-Wc++11-long-long]
     /tmp/RtmpOLEJbw/R.INSTALL3d2970018b2d/qtbase/tools/kdebindings-build/smoke/qt/x_8.cpp:10589:49: warning: 'long long' is a C++11 extension [-Wc++11-long-long]
     /tmp/RtmpOLEJbw/R.INSTALL3d2970018b2d/qtbase/tools/kdebindings-build/smoke/qt/x_8.cpp:10589:13: warning: 'long long' is a C++11 extension [-Wc++11-long-long]
     /tmp/RtmpOLEJbw/R.INSTALL3d2970018b2d/qtbase/tools/kdebindings-build/smoke/qt/x_8.cpp:10199:13: warning: 'long long' is a C++11 extension [-Wc++11-long-long]
     /tmp/RtmpOLEJbw/R.INSTALL3d2970018b2d/qtbase/tools/kdebindings-build/smoke/qt/x_8.cpp:10200:39: warning: 'long long' is a C++11 extension [-Wc++11-long-long]
     /tmp/RtmpOLEJbw/R.INSTALL3d2970018b2d/qtbase/tools/kdebindings-build/smoke/qt/x_8.cpp:10202:13: warning: 'long long' is a C++11 extension [-Wc++11-long-long]
     /tmp/RtmpOLEJbw/R.INSTALL3d2970018b2d/qtbase/tools/kdebindings-build/smoke/qt/x_8.cpp:10203:39: warning: 'long long' is a C++11 extension [-Wc++11-long-long]
     /tmp/RtmpOLEJbw/R.INSTALL3d2970018b2d/qtbase/tools/kdebindings-build/smoke/qt/x_8.cpp:10209:13: warning: 'long long' is a C++11 extension [-Wc++11-long-long]
     /tmp/RtmpOLEJbw/R.INSTALL3d2970018b2d/qtbase/tools/kdebindings-build/smoke/qt/x_8.cpp:10210:39: warning: 'long long' is a C++11 extension [-Wc++11-long-long]
     /tmp/RtmpOLEJbw/R.INSTALL3d2970018b2d/qtbase/tools/kdebindings-build/smoke/qt/x_8.cpp:10212:13: warning: 'long long' is a C++11 extension [-Wc++11-long-long]
     /tmp/RtmpOLEJbw/R.INSTALL3d2970018b2d/qtbase/tools/kdebindings-build/smoke/qt/x_8.cpp:10213:39: warning: 'long long' is a C++11 extension [-Wc++11-long-long]
     /tmp/RtmpOLEJbw/R.INSTALL3d2970018b2d/qtbase/tools/kdebindings-build/smoke/qt/x_8.cpp:10219:49: warning: 'long long' is a C++11 extension [-Wc++11-long-long]
     /tmp/RtmpOLEJbw/R.INSTALL3d2970018b2d/qtbase/tools/kdebindings-build/smoke/qt/x_8.cpp:10222:38: warning: 'long long' is a C++11 extension [-Wc++11-long-long]
     /tmp/RtmpOLEJbw/R.INSTALL3d2970018b2d/qtbase/tools/kdebindings-build/smoke/qt/x_8.cpp:10249:13: warning: 'long long' is a C++11 extension [-Wc++11-long-long]
     /tmp/RtmpOLEJbw/R.INSTALL3d2970018b2d/qtbase/tools/kdebindings-build/smoke/qt/x_8.cpp:10250:39: warning: 'long long' is a C++11 extension [-Wc++11-long-long]
     /tmp/RtmpOLEJbw/R.INSTALL3d2970018b2d/qtbase/tools/kdebindings-build/smoke/qt/x_8.cpp:10252:13: warning: 'long long' is a C++11 extension [-Wc++11-long-long]
     /tmp/RtmpOLEJbw/R.INSTALL3d2970018b2d/qtbase/tools/kdebindings-build/smoke/qt/x_8.cpp:10253:39: warning: 'long long' is a C++11 extension [-Wc++11-long-long]
     /tmp/RtmpOLEJbw/R.INSTALL3d2970018b2d/qtbase/tools/kdebindings-build/smoke/qt/x_8.cpp:10259:13: warning: 'long long' is a C++11 extension [-Wc++11-long-long]
     /tmp/RtmpOLEJbw/R.INSTALL3d2970018b2d/qtbase/tools/kdebindings-build/smoke/qt/x_8.cpp:10260:39: warning: 'long long' is a C++11 extension [-Wc++11-long-long]
     /tmp/RtmpOLEJbw/R.INSTALL3d2970018b2d/qtbase/tools/kdebindings-build/smoke/qt/x_8.cpp:10262:13: warning: 'long long' is a C++11 extension [-Wc++11-long-long]
     /tmp/RtmpOLEJbw/R.INSTALL3d2970018b2d/qtbase/tools/kdebindings-build/smoke/qt/x_8.cpp:10263:39: warning: 'long long' is a C++11 extension [-Wc++11-long-long]
     /tmp/RtmpOLEJbw/R.INSTALL3d2970018b2d/qtbase/tools/kdebindings-build/smoke/qt/x_8.cpp:10268:9: warning: 'long long' is a C++11 extension [-Wc++11-long-long]
     /tmp/RtmpOLEJbw/R.INSTALL3d2970018b2d/qtbase/tools/kdebindings-build/smoke/qt/x_8.cpp:10268:70: warning: 'long long' is a C++11 extension [-Wc++11-long-long]
     /tmp/RtmpOLEJbw/R.INSTALL3d2970018b2d/qtbase/tools/kdebindings-build/smoke/qt/x_8.cpp:10269:35: warning: 'long long' is a C++11 extension [-Wc++11-long-long]
     /tmp/RtmpOLEJbw/R.INSTALL3d2970018b2d/qtbase/tools/kdebindings-build/smoke/qt/x_8.cpp:10273:51: warning: 'long long' is a C++11 extension [-Wc++11-long-long]
     /tmp/RtmpOLEJbw/R.INSTALL3d2970018b2d/qtbase/tools/kdebindings-build/smoke/qt/x_8.cpp:10283:9: warning: 'long long' is a C++11 extension [-Wc++11-long-long]
     /tmp/RtmpOLEJbw/R.INSTALL3d2970018b2d/qtbase/tools/kdebindings-build/smoke/qt/x_8.cpp:10283:74: warning: 'long long' is a C++11 extension [-Wc++11-long-long]
     /tmp/RtmpOLEJbw/R.INSTALL3d2970018b2d/qtbase/tools/kdebindings-build/smoke/qt/x_8.cpp:10284:35: warning: 'long long' is a C++11 extension [-Wc++11-long-long]
     /tmp/RtmpOLEJbw/R.INSTALL3d2970018b2d/qtbase/tools/kdebindings-build/smoke/qt/x_8.cpp:10288:55: warning: 'long long' is a C++11 extension [-Wc++11-long-long]
     /tmp/RtmpOLEJbw/R.INSTALL3d2970018b2d/qtbase/tools/kdebindings-build/smoke/qt/x_8.cpp:10303:9: warning: 'long long' is a C++11 extension [-Wc++11-long-long]
     /tmp/RtmpOLEJbw/R.INSTALL3d2970018b2d/qtbase/tools/kdebindings-build/smoke/qt/x_8.cpp:10303:77: warning: 'long long' is a C++11 extension [-Wc++11-long-long]
     /tmp/RtmpOLEJbw/R.INSTALL3d2970018b2d/qtbase/tools/kdebindings-build/smoke/qt/x_8.cpp:10304:35: warning: 'long long' is a C++11 extension [-Wc++11-long-long]
     /tmp/RtmpOLEJbw/R.INSTALL3d2970018b2d/qtbase/tools/kdebindings-build/smoke/qt/x_8.cpp:10308:9: warning: 'long long' is a C++11 extension [-Wc++11-long-long]
     /tmp/RtmpOLEJbw/R.INSTALL3d2970018b2d/qtbase/tools/kdebindings-build/smoke/qt/x_8.cpp:10309:35: warning: 'long long' is a C++11 extension [-Wc++11-long-long]
     /tmp/RtmpOLEJbw/R.INSTALL3d2970018b2d/qtbase/tools/kdebindings-build/smoke/qt/x_8.cpp:10313:9: warning: 'long long' is a C++11 extension [-Wc++11-long-long]
     /tmp/RtmpOLEJbw/R.INSTALL3d2970018b2d/qtbase/tools/kdebindings-build/smoke/qt/x_8.cpp:10314:35: warning: 'long long' is a C++11 extension [-Wc++11-long-long]
     /tmp/RtmpOLEJbw/R.INSTALL3d2970018b2d/qtbase/tools/kdebindings-build/smoke/qt/x_8.cpp:10318:9: warning: 'long long' is a C++11 extension [-Wc++11-long-long]
     /tmp/RtmpOLEJbw/R.INSTALL3d2970018b2d/qtbase/tools/kdebindings-build/smoke/qt/x_8.cpp:10318:70: warning: 'long long' is a C++11 extension [-Wc++11-long-long]
     /tmp/RtmpOLEJbw/R.INSTALL3d2970018b2d/qtbase/tools/kdebindings-build/smoke/qt/x_8.cpp:10319:35: warning: 'long long' is a C++11 extension [-Wc++11-long-long]
     /tmp/RtmpOLEJbw/R.INSTALL3d2970018b2d/qtbase/tools/kdebindings-build/smoke/qt/x_8.cpp:10323:51: warning: 'long long' is a C++11 extension [-Wc++11-long-long]
     /tmp/RtmpOLEJbw/R.INSTALL3d2970018b2d/qtbase/tools/kdebindings-build/smoke/qt/x_8.cpp:10388:9: warning: 'long long' is a C++11 extension [-Wc++11-long-long]
     /tmp/RtmpOLEJbw/R.INSTALL3d2970018b2d/qtbase/tools/kdebindings-build/smoke/qt/x_8.cpp:10388:63: warning: 'long long' is a C++11 extension [-Wc++11-long-long]
     /tmp/RtmpOLEJbw/R.INSTALL3d2970018b2d/qtbase/tools/kdebindings-build/smoke/qt/x_8.cpp:10389:35: warning: 'long long' is a C++11 extension [-Wc++11-long-long]
     /tmp/RtmpOLEJbw/R.INSTALL3d2970018b2d/qtbase/tools/kdebindings-build/smoke/qt/x_8.cpp:10394:13: warning: 'long long' is a C++11 extension [-Wc++11-long-long]
     /tmp/RtmpOLEJbw/R.INSTALL3d2970018b2d/qtbase/tools/kdebindings-build/smoke/qt/x_8.cpp:10394:82: warning: 'long long' is a C++11 extension [-Wc++11-long-long]
     /tmp/RtmpOLEJbw/R.INSTALL3d2970018b2d/qtbase/tools/kdebindings-build/smoke/qt/x_8.cpp:10395:39: warning: 'long long' is a C++11 extension [-Wc++11-long-long]
     /tmp/RtmpOLEJbw/R.INSTALL3d2970018b2d/qtbase/tools/kdebindings-build/smoke/qt/x_8.cpp:10397:13: warning: 'long long' is a C++11 extension [-Wc++11-long-long]
     /tmp/RtmpOLEJbw/R.INSTALL3d2970018b2d/qtbase/tools/kdebindings-build/smoke/qt/x_8.cpp:10397:71: warning: 'long long' is a C++11 extension [-Wc++11-long-long]
     /tmp/RtmpOLEJbw/R.INSTALL3d2970018b2d/qtbase/tools/kdebindings-build/smoke/qt/x_8.cpp:10398:39: warning: 'long long' is a C++11 extension [-Wc++11-long-long]
     /tmp/RtmpOLEJbw/R.INSTALL3d2970018b2d/qtbase/tools/kdebindings-build/smoke/qt/x_8.cpp:10403:9: warning: 'long long' is a C++11 extension [-Wc++11-long-long]
     /tmp/RtmpOLEJbw/R.INSTALL3d2970018b2d/qtbase/tools/kdebindings-build/smoke/qt/x_8.cpp:10403:70: warning: 'long long' is a C++11 extension [-Wc++11-long-long]
     /tmp/RtmpOLEJbw/R.INSTALL3d2970018b2d/qtbase/tools/kdebindings-build/smoke/qt/x_8.cpp:10404:35: warning: 'long long' is a C++11 extension [-Wc++11-long-long]
     /tmp/RtmpOLEJbw/R.INSTALL3d2970018b2d/qtbase/tools/kdebindings-build/smoke/qt/x_8.cpp:10428:54: warning: 'long long' is a C++11 extension [-Wc++11-long-long]
     /tmp/RtmpOLEJbw/R.INSTALL3d2970018b2d/qtbase/tools/kdebindings-build/smoke/qt/x_8.cpp:10497:13: warning: 'long long' is a C++11 extension [-Wc++11-long-long]
     /tmp/RtmpOLEJbw/R.INSTALL3d2970018b2d/qtbase/tools/kdebindings-build/smoke/qt/x_8.cpp:10497:32: warning: 'long long' is a C++11 extension [-Wc++11-long-long]
     /tmp/RtmpOLEJbw/R.INSTALL3d2970018b2d/qtbase/tools/kdebindings-build/smoke/qt/x_8.cpp:10498:13: warning: 'long long' is a C++11 extension [-Wc++11-long-long]
     /tmp/RtmpOLEJbw/R.INSTALL3d2970018b2d/qtbase/tools/kdebindings-build/smoke/qt/x_8.cpp:10507:13: warning: 'long long' is a C++11 extension [-Wc++11-long-long]
     /tmp/RtmpOLEJbw/R.INSTALL3d2970018b2d/qtbase/tools/kdebindings-build/smoke/qt/x_8.cpp:10507:32: warning: 'long long' is a C++11 extension [-Wc++11-long-long]
     /tmp/RtmpOLEJbw/R.INSTALL3d2970018b2d/qtbase/tools/kdebindings-build/smoke/qt/x_8.cpp:10508:13: warning: 'long long' is a C++11 extension [-Wc++11-long-long]
     /tmp/RtmpOLEJbw/R.INSTALL3d2970018b2d/qtbase/tools/kdebindings-build/smoke/qt/x_8.cpp:10516:35: warning: 'long long' is a C++11 extension [-Wc++11-long-long]
     /tmp/RtmpOLEJbw/R.INSTALL3d2970018b2d/qtbase/tools/kdebindings-build/smoke/qt/x_8.cpp:10533:13: warning: 'long long' is a C++11 extension [-Wc++11-long-long]
     /tmp/RtmpOLEJbw/R.INSTALL3d2970018b2d/qtbase/tools/kdebindings-build/smoke/qt/x_8.cpp:10533:32: warning: 'long long' is a C++11 extension [-Wc++11-long-long]
     /tmp/RtmpOLEJbw/R.INSTALL3d2970018b2d/qtbase/tools/kdebindings-build/smoke/qt/x_8.cpp:10534:13: warning: 'long long' is a C++11 extension [-Wc++11-long-long]
     /tmp/RtmpOLEJbw/R.INSTALL3d2970018b2d/qtbase/tools/kdebindings-build/smoke/qt/x_8.cpp:10543:13: warning: 'long long' is a C++11 extension [-Wc++11-long-long]
     /tmp/RtmpOLEJbw/R.INSTALL3d2970018b2d/qtbase/tools/kdebindings-build/smoke/qt/x_8.cpp:10543:32: warning: 'long long' is a C++11 extension [-Wc++11-long-long]
     /tmp/RtmpOLEJbw/R.INSTALL3d2970018b2d/qtbase/tools/kdebindings-build/smoke/qt/x_8.cpp:10544:13: warning: 'long long' is a C++11 extension [-Wc++11-long-long]
     /tmp/RtmpOLEJbw/R.INSTALL3d2970018b2d/qtbase/tools/kdebindings-build/smoke/qt/x_8.cpp:10570:35: warning: 'long long' is a C++11 extension [-Wc++11-long-long]
     /tmp/RtmpOLEJbw/R.INSTALL3d2970018b2d/qtbase/tools/kdebindings-build/smoke/qt/x_8.cpp:10572:9: warning: 'long long' is a C++11 extension [-Wc++11-long-long]
     /tmp/RtmpOLEJbw/R.INSTALL3d2970018b2d/qtbase/tools/kdebindings-build/smoke/qt/x_8.cpp:10572:28: warning: 'long long' is a C++11 extension [-Wc++11-long-long]
     /tmp/RtmpOLEJbw/R.INSTALL3d2970018b2d/qtbase/tools/kdebindings-build/smoke/qt/x_8.cpp:10573:9: warning: 'long long' is a C++11 extension [-Wc++11-long-long]
     /tmp/RtmpOLEJbw/R.INSTALL3d2970018b2d/qtbase/tools/kdebindings-build/smoke/qt/x_8.cpp:10580:35: warning: 'long long' is a C++11 extension [-Wc++11-long-long]
     /tmp/RtmpOLEJbw/R.INSTALL3d2970018b2d/qtbase/tools/kdebindings-build/smoke/qt/x_8.cpp:10582:13: warning: 'long long' is a C++11 extension [-Wc++11-long-long]
     /tmp/RtmpOLEJbw/R.INSTALL3d2970018b2d/qtbase/tools/kdebindings-build/smoke/qt/x_8.cpp:10582:32: warning: 'long long' is a C++11 extension [-Wc++11-long-long]
     /tmp/RtmpOLEJbw/R.INSTALL3d2970018b2d/qtbase/tools/kdebindings-build/smoke/qt/x_8.cpp:10583:13: warning: 'long long' is a C++11 extension [-Wc++11-long-long]
     /tmp/RtmpOLEJbw/R.INSTALL3d2970018b2d/qtbase/tools/kdebindings-build/smoke/qt/x_8.cpp:10592:35: warning: 'long long' is a C++11 extension [-Wc++11-long-long]
     /tmp/RtmpOLEJbw/R.INSTALL3d2970018b2d/qtbase/tools/kdebindings-build/smoke/qt/x_8.cpp:10594:9: warning: 'long long' is a C++11 extension [-Wc++11-long-long]
     /tmp/RtmpOLEJbw/R.INSTALL3d2970018b2d/qtbase/tools/kdebindings-build/smoke/qt/x_8.cpp:10594:28: warning: 'long long' is a C++11 extension [-Wc++11-long-long]
     /tmp/RtmpOLEJbw/R.INSTALL3d2970018b2d/qtbase/tools/kdebindings-build/smoke/qt/x_8.cpp:10595:9: warning: 'long long' is a C++11 extension [-Wc++11-long-long]
     /tmp/RtmpOLEJbw/R.INSTALL3d2970018b2d/qtbase/tools/kdebindings-build/smoke/qt/x_8.cpp:10894:9: warning: 'long long' is a C++11 extension [-Wc++11-long-long]
     /tmp/RtmpOLEJbw/R.INSTALL3d2970018b2d/qtbase/tools/kdebindings-build/smoke/qt/x_8.cpp:10895:35: warning: 'long long' is a C++11 extension [-Wc++11-long-long]
     /tmp/RtmpOLEJbw/R.INSTALL3d2970018b2d/qtbase/tools/kdebindings-build/smoke/qt/x_9.cpp:1145:9: warning: 'long long' is a C++11 extension [-Wc++11-long-long]
     /tmp/RtmpOLEJbw/R.INSTALL3d2970018b2d/qtbase/tools/kdebindings-build/smoke/qt/x_9.cpp:1146:35: warning: 'long long' is a C++11 extension [-Wc++11-long-long]
     /tmp/RtmpOLEJbw/R.INSTALL3d2970018b2d/qtbase/tools/kdebindings-build/smoke/qt/x_10.cpp:5946:13: warning: 'long long' is a C++11 extension [-Wc++11-long-long]
     /tmp/RtmpOLEJbw/R.INSTALL3d2970018b2d/qtbase/tools/kdebindings-build/smoke/qt/x_10.cpp:5956:13: warning: 'long long' is a C++11 extension [-Wc++11-long-long]
     /tmp/RtmpOLEJbw/R.INSTALL3d2970018b2d/qtbase/tools/kdebindings-build/smoke/qt/x_10.cpp:5976:42: warning: 'long long' is a C++11 extension [-Wc++11-long-long]
     /tmp/RtmpOLEJbw/R.INSTALL3d2970018b2d/qtbase/tools/kdebindings-build/smoke/qt/x_10.cpp:5976:13: warning: 'long long' is a C++11 extension [-Wc++11-long-long]
     /tmp/RtmpOLEJbw/R.INSTALL3d2970018b2d/qtbase/tools/kdebindings-build/smoke/qt/x_10.cpp:5988:49: warning: 'long long' is a C++11 extension [-Wc++11-long-long]
     /tmp/RtmpOLEJbw/R.INSTALL3d2970018b2d/qtbase/tools/kdebindings-build/smoke/qt/x_10.cpp:5988:13: warning: 'long long' is a C++11 extension [-Wc++11-long-long]
     /tmp/RtmpOLEJbw/R.INSTALL3d2970018b2d/qtbase/tools/kdebindings-build/smoke/qt/x_10.cpp:6006:13: warning: 'long long' is a C++11 extension [-Wc++11-long-long]
     /tmp/RtmpOLEJbw/R.INSTALL3d2970018b2d/qtbase/tools/kdebindings-build/smoke/qt/x_10.cpp:6016:13: warning: 'long long' is a C++11 extension [-Wc++11-long-long]
     /tmp/RtmpOLEJbw/R.INSTALL3d2970018b2d/qtbase/tools/kdebindings-build/smoke/qt/x_10.cpp:6026:23: warning: 'long long' is a C++11 extension [-Wc++11-long-long]
     /tmp/RtmpOLEJbw/R.INSTALL3d2970018b2d/qtbase/tools/kdebindings-build/smoke/qt/x_10.cpp:6054:46: warning: 'long long' is a C++11 extension [-Wc++11-long-long]
     /tmp/RtmpOLEJbw/R.INSTALL3d2970018b2d/qtbase/tools/kdebindings-build/smoke/qt/x_10.cpp:6054:13: warning: 'long long' is a C++11 extension [-Wc++11-long-long]
     /tmp/RtmpOLEJbw/R.INSTALL3d2970018b2d/qtbase/tools/kdebindings-build/smoke/qt/x_10.cpp:5679:13: warning: 'long long' is a C++11 extension [-Wc++11-long-long]
     /tmp/RtmpOLEJbw/R.INSTALL3d2970018b2d/qtbase/tools/kdebindings-build/smoke/qt/x_10.cpp:5680:39: warning: 'long long' is a C++11 extension [-Wc++11-long-long]
     /tmp/RtmpOLEJbw/R.INSTALL3d2970018b2d/qtbase/tools/kdebindings-build/smoke/qt/x_10.cpp:5682:13: warning: 'long long' is a C++11 extension [-Wc++11-long-long]
     /tmp/RtmpOLEJbw/R.INSTALL3d2970018b2d/qtbase/tools/kdebindings-build/smoke/qt/x_10.cpp:5683:39: warning: 'long long' is a C++11 extension [-Wc++11-long-long]
     /tmp/RtmpOLEJbw/R.INSTALL3d2970018b2d/qtbase/tools/kdebindings-build/smoke/qt/x_10.cpp:5689:13: warning: 'long long' is a C++11 extension [-Wc++11-long-long]
     /tmp/RtmpOLEJbw/R.INSTALL3d2970018b2d/qtbase/tools/kdebindings-build/smoke/qt/x_10.cpp:5690:39: warning: 'long long' is a C++11 extension [-Wc++11-long-long]
     /tmp/RtmpOLEJbw/R.INSTALL3d2970018b2d/qtbase/tools/kdebindings-build/smoke/qt/x_10.cpp:5692:13: warning: 'long long' is a C++11 extension [-Wc++11-long-long]
     /tmp/RtmpOLEJbw/R.INSTALL3d2970018b2d/qtbase/tools/kdebindings-build/smoke/qt/x_10.cpp:5693:39: warning: 'long long' is a C++11 extension [-Wc++11-long-long]
     /tmp/RtmpOLEJbw/R.INSTALL3d2970018b2d/qtbase/tools/kdebindings-build/smoke/qt/x_10.cpp:5733:9: warning: 'long long' is a C++11 extension [-Wc++11-long-long]
     /tmp/RtmpOLEJbw/R.INSTALL3d2970018b2d/qtbase/tools/kdebindings-build/smoke/qt/x_10.cpp:5734:35: warning: 'long long' is a C++11 extension [-Wc++11-long-long]
     /tmp/RtmpOLEJbw/R.INSTALL3d2970018b2d/qtbase/tools/kdebindings-build/smoke/qt/x_10.cpp:5738:49: warning: 'long long' is a C++11 extension [-Wc++11-long-long]
     /tmp/RtmpOLEJbw/R.INSTALL3d2970018b2d/qtbase/tools/kdebindings-build/smoke/qt/x_10.cpp:5809:13: warning: 'long long' is a C++11 extension [-Wc++11-long-long]
     /tmp/RtmpOLEJbw/R.INSTALL3d2970018b2d/qtbase/tools/kdebindings-build/smoke/qt/x_10.cpp:5809:81: warning: 'long long' is a C++11 extension [-Wc++11-long-long]
     /tmp/RtmpOLEJbw/R.INSTALL3d2970018b2d/qtbase/tools/kdebindings-build/smoke/qt/x_10.cpp:5810:39: warning: 'long long' is a C++11 extension [-Wc++11-long-long]
     /tmp/RtmpOLEJbw/R.INSTALL3d2970018b2d/qtbase/tools/kdebindings-build/smoke/qt/x_10.cpp:5812:13: warning: 'long long' is a C++11 extension [-Wc++11-long-long]
     /tmp/RtmpOLEJbw/R.INSTALL3d2970018b2d/qtbase/tools/kdebindings-build/smoke/qt/x_10.cpp:5812:67: warning: 'long long' is a C++11 extension [-Wc++11-long-long]
     /tmp/RtmpOLEJbw/R.INSTALL3d2970018b2d/qtbase/tools/kdebindings-build/smoke/qt/x_10.cpp:5813:39: warning: 'long long' is a C++11 extension [-Wc++11-long-long]
     /tmp/RtmpOLEJbw/R.INSTALL3d2970018b2d/qtbase/tools/kdebindings-build/smoke/qt/x_10.cpp:5819:13: warning: 'long long' is a C++11 extension [-Wc++11-long-long]
     /tmp/RtmpOLEJbw/R.INSTALL3d2970018b2d/qtbase/tools/kdebindings-build/smoke/qt/x_10.cpp:5819:88: warning: 'long long' is a C++11 extension [-Wc++11-long-long]
     /tmp/RtmpOLEJbw/R.INSTALL3d2970018b2d/qtbase/tools/kdebindings-build/smoke/qt/x_10.cpp:5820:39: warning: 'long long' is a C++11 extension [-Wc++11-long-long]
     /tmp/RtmpOLEJbw/R.INSTALL3d2970018b2d/qtbase/tools/kdebindings-build/smoke/qt/x_10.cpp:5822:13: warning: 'long long' is a C++11 extension [-Wc++11-long-long]
     /tmp/RtmpOLEJbw/R.INSTALL3d2970018b2d/qtbase/tools/kdebindings-build/smoke/qt/x_10.cpp:5822:74: warning: 'long long' is a C++11 extension [-Wc++11-long-long]
     /tmp/RtmpOLEJbw/R.INSTALL3d2970018b2d/qtbase/tools/kdebindings-build/smoke/qt/x_10.cpp:5823:39: warning: 'long long' is a C++11 extension [-Wc++11-long-long]
     /tmp/RtmpOLEJbw/R.INSTALL3d2970018b2d/qtbase/tools/kdebindings-build/smoke/qt/x_10.cpp:5949:13: warning: 'long long' is a C++11 extension [-Wc++11-long-long]
     /tmp/RtmpOLEJbw/R.INSTALL3d2970018b2d/qtbase/tools/kdebindings-build/smoke/qt/x_10.cpp:5949:32: warning: 'long long' is a C++11 extension [-Wc++11-long-long]
     /tmp/RtmpOLEJbw/R.INSTALL3d2970018b2d/qtbase/tools/kdebindings-build/smoke/qt/x_10.cpp:5950:13: warning: 'long long' is a C++11 extension [-Wc++11-long-long]
     /tmp/RtmpOLEJbw/R.INSTALL3d2970018b2d/qtbase/tools/kdebindings-build/smoke/qt/x_10.cpp:5959:13: warning: 'long long' is a C++11 extension [-Wc++11-long-long]
     /tmp/RtmpOLEJbw/R.INSTALL3d2970018b2d/qtbase/tools/kdebindings-build/smoke/qt/x_10.cpp:5959:32: warning: 'long long' is a C++11 extension [-Wc++11-long-long]
     /tmp/RtmpOLEJbw/R.INSTALL3d2970018b2d/qtbase/tools/kdebindings-build/smoke/qt/x_10.cpp:5960:13: warning: 'long long' is a C++11 extension [-Wc++11-long-long]
     /tmp/RtmpOLEJbw/R.INSTALL3d2970018b2d/qtbase/tools/kdebindings-build/smoke/qt/x_10.cpp:5979:35: warning: 'long long' is a C++11 extension [-Wc++11-long-long]
     /tmp/RtmpOLEJbw/R.INSTALL3d2970018b2d/qtbase/tools/kdebindings-build/smoke/qt/x_10.cpp:5981:13: warning: 'long long' is a C++11 extension [-Wc++11-long-long]
     /tmp/RtmpOLEJbw/R.INSTALL3d2970018b2d/qtbase/tools/kdebindings-build/smoke/qt/x_10.cpp:5981:32: warning: 'long long' is a C++11 extension [-Wc++11-long-long]
     /tmp/RtmpOLEJbw/R.INSTALL3d2970018b2d/qtbase/tools/kdebindings-build/smoke/qt/x_10.cpp:5982:13: warning: 'long long' is a C++11 extension [-Wc++11-long-long]
     /tmp/RtmpOLEJbw/R.INSTALL3d2970018b2d/qtbase/tools/kdebindings-build/smoke/qt/x_10.cpp:5991:35: warning: 'long long' is a C++11 extension [-Wc++11-long-long]
     /tmp/RtmpOLEJbw/R.INSTALL3d2970018b2d/qtbase/tools/kdebindings-build/smoke/qt/x_10.cpp:5993:13: warning: 'long long' is a C++11 extension [-Wc++11-long-long]
     /tmp/RtmpOLEJbw/R.INSTALL3d2970018b2d/qtbase/tools/kdebindings-build/smoke/qt/x_10.cpp:5993:32: warning: 'long long' is a C++11 extension [-Wc++11-long-long]
     /tmp/RtmpOLEJbw/R.INSTALL3d2970018b2d/qtbase/tools/kdebindings-build/smoke/qt/x_10.cpp:5994:13: warning: 'long long' is a C++11 extension [-Wc++11-long-long]
     /tmp/RtmpOLEJbw/R.INSTALL3d2970018b2d/qtbase/tools/kdebindings-build/smoke/qt/x_10.cpp:6009:13: warning: 'long long' is a C++11 extension [-Wc++11-long-long]
     /tmp/RtmpOLEJbw/R.INSTALL3d2970018b2d/qtbase/tools/kdebindings-build/smoke/qt/x_10.cpp:6009:32: warning: 'long long' is a C++11 extension [-Wc++11-long-long]
     /tmp/RtmpOLEJbw/R.INSTALL3d2970018b2d/qtbase/tools/kdebindings-build/smoke/qt/x_10.cpp:6010:13: warning: 'long long' is a C++11 extension [-Wc++11-long-long]
     /tmp/RtmpOLEJbw/R.INSTALL3d2970018b2d/qtbase/tools/kdebindings-build/smoke/qt/x_10.cpp:6019:13: warning: 'long long' is a C++11 extension [-Wc++11-long-long]
     /tmp/RtmpOLEJbw/R.INSTALL3d2970018b2d/qtbase/tools/kdebindings-build/smoke/qt/x_10.cpp:6019:32: warning: 'long long' is a C++11 extension [-Wc++11-long-long]
     /tmp/RtmpOLEJbw/R.INSTALL3d2970018b2d/qtbase/tools/kdebindings-build/smoke/qt/x_10.cpp:6020:13: warning: 'long long' is a C++11 extension [-Wc++11-long-long]
     /tmp/RtmpOLEJbw/R.INSTALL3d2970018b2d/qtbase/tools/kdebindings-build/smoke/qt/x_10.cpp:6028:35: warning: 'long long' is a C++11 extension [-Wc++11-long-long]
     /tmp/RtmpOLEJbw/R.INSTALL3d2970018b2d/qtbase/tools/kdebindings-build/smoke/qt/x_10.cpp:6057:35: warning: 'long long' is a C++11 extension [-Wc++11-long-long]
     /tmp/RtmpOLEJbw/R.INSTALL3d2970018b2d/qtbase/tools/kdebindings-build/smoke/qt/x_10.cpp:6059:13: warning: 'long long' is a C++11 extension [-Wc++11-long-long]
     /tmp/RtmpOLEJbw/R.INSTALL3d2970018b2d/qtbase/tools/kdebindings-build/smoke/qt/x_10.cpp:6059:32: warning: 'long long' is a C++11 extension [-Wc++11-long-long]
     /tmp/RtmpOLEJbw/R.INSTALL3d2970018b2d/qtbase/tools/kdebindings-build/smoke/qt/x_10.cpp:6060:13: warning: 'long long' is a C++11 extension [-Wc++11-long-long]
     /tmp/RtmpOLEJbw/R.INSTALL3d2970018b2d/qtbase/tools/kdebindings-build/smoke/qt/x_10.cpp:6317:9: warning: 'long long' is a C++11 extension [-Wc++11-long-long]
     /tmp/RtmpOLEJbw/R.INSTALL3d2970018b2d/qtbase/tools/kdebindings-build/smoke/qt/x_10.cpp:6318:35: warning: 'long long' is a C++11 extension [-Wc++11-long-long]
     /tmp/RtmpOLEJbw/R.INSTALL3d2970018b2d/qtbase/tools/kdebindings-build/smoke/qt/x_10.cpp:6322:9: warning: 'long long' is a C++11 extension [-Wc++11-long-long]
     /tmp/RtmpOLEJbw/R.INSTALL3d2970018b2d/qtbase/tools/kdebindings-build/smoke/qt/x_10.cpp:6323:35: warning: 'long long' is a C++11 extension [-Wc++11-long-long]
     /tmp/RtmpOLEJbw/R.INSTALL3d2970018b2d/qtbase/tools/kdebindings-build/smoke/qt/x_10.cpp:6337:70: warning: 'long long' is a C++11 extension [-Wc++11-long-long]
     /tmp/RtmpOLEJbw/R.INSTALL3d2970018b2d/qtbase/tools/kdebindings-build/smoke/qt/x_10.cpp:6342:79: warning: 'long long' is a C++11 extension [-Wc++11-long-long]
     /tmp/RtmpOLEJbw/R.INSTALL3d2970018b2d/qtbase/tools/kdebindings-build/smoke/qt/x_10.cpp:6552:78: warning: 'long long' is a C++11 extension [-Wc++11-long-long]
     /tmp/RtmpOLEJbw/R.INSTALL3d2970018b2d/qtbase/tools/kdebindings-build/smoke/qt/x_10.cpp:6557:87: warning: 'long long' is a C++11 extension [-Wc++11-long-long]
     /tmp/RtmpOLEJbw/R.INSTALL3d2970018b2d/qtbase/tools/kdebindings-build/smoke/qt/x_10.cpp:6717:9: warning: 'long long' is a C++11 extension [-Wc++11-long-long]
     /tmp/RtmpOLEJbw/R.INSTALL3d2970018b2d/qtbase/tools/kdebindings-build/smoke/qt/x_10.cpp:6718:35: warning: 'long long' is a C++11 extension [-Wc++11-long-long]
     /tmp/RtmpOLEJbw/R.INSTALL3d2970018b2d/qtbase/tools/kdebindings-build/smoke/qt/x_10.cpp:6722:9: warning: 'long long' is a C++11 extension [-Wc++11-long-long]
     /tmp/RtmpOLEJbw/R.INSTALL3d2970018b2d/qtbase/tools/kdebindings-build/smoke/qt/x_10.cpp:6723:35: warning: 'long long' is a C++11 extension [-Wc++11-long-long]
     /tmp/RtmpOLEJbw/R.INSTALL3d2970018b2d/qtbase/tools/kdebindings-build/smoke/qt/x_10.cpp:6727:9: warning: 'long long' is a C++11 extension [-Wc++11-long-long]
     /tmp/RtmpOLEJbw/R.INSTALL3d2970018b2d/qtbase/tools/kdebindings-build/smoke/qt/x_10.cpp:6728:35: warning: 'long long' is a C++11 extension [-Wc++11-long-long]
     /tmp/RtmpOLEJbw/R.INSTALL3d2970018b2d/qtbase/tools/kdebindings-build/smoke/qt/x_10.cpp:6732:9: warning: 'long long' is a C++11 extension [-Wc++11-long-long]
     /tmp/RtmpOLEJbw/R.INSTALL3d2970018b2d/qtbase/tools/kdebindings-build/smoke/qt/x_10.cpp:6733:35: warning: 'long long' is a C++11 extension [-Wc++11-long-long]
     /tmp/RtmpOLEJbw/R.INSTALL3d2970018b2d/qtbase/tools/kdebindings-build/smoke/qt/x_10.cpp:6837:78: warning: 'long long' is a C++11 extension [-Wc++11-long-long]
     /tmp/RtmpOLEJbw/R.INSTALL3d2970018b2d/qtbase/tools/kdebindings-build/smoke/qt/x_10.cpp:6842:87: warning: 'long long' is a C++11 extension [-Wc++11-long-long]
     /tmp/RtmpOLEJbw/R.INSTALL3d2970018b2d/qtbase/tools/kdebindings-build/smoke/qt/x_10.cpp:17853:9: warning: 'long long' is a C++11 extension [-Wc++11-long-long]
     /tmp/RtmpOLEJbw/R.INSTALL3d2970018b2d/qtbase/tools/kdebindings-build/smoke/qt/x_10.cpp:17854:35: warning: 'long long' is a C++11 extension [-Wc++11-long-long]
     /tmp/RtmpOLEJbw/R.INSTALL3d2970018b2d/qtbase/tools/kdebindings-build/smoke/qt/x_11.cpp:1423:13: warning: 'long long' is a C++11 extension [-Wc++11-long-long]
     /tmp/RtmpOLEJbw/R.INSTALL3d2970018b2d/qtbase/tools/kdebindings-build/smoke/qt/x_11.cpp:1462:13: warning: 'long long' is a C++11 extension [-Wc++11-long-long]
     /tmp/RtmpOLEJbw/R.INSTALL3d2970018b2d/qtbase/tools/kdebindings-build/smoke/qt/x_11.cpp:1282:9: warning: 'long long' is a C++11 extension [-Wc++11-long-long]
     /tmp/RtmpOLEJbw/R.INSTALL3d2970018b2d/qtbase/tools/kdebindings-build/smoke/qt/x_11.cpp:1283:35: warning: 'long long' is a C++11 extension [-Wc++11-long-long]
     /tmp/RtmpOLEJbw/R.INSTALL3d2970018b2d/qtbase/tools/kdebindings-build/smoke/qt/x_11.cpp:1287:56: warning: 'long long' is a C++11 extension [-Wc++11-long-long]
     /tmp/RtmpOLEJbw/R.INSTALL3d2970018b2d/qtbase/tools/kdebindings-build/smoke/qt/x_11.cpp:1293:13: warning: 'long long' is a C++11 extension [-Wc++11-long-long]
     /tmp/RtmpOLEJbw/R.INSTALL3d2970018b2d/qtbase/tools/kdebindings-build/smoke/qt/x_11.cpp:1294:39: warning: 'long long' is a C++11 extension [-Wc++11-long-long]
     /tmp/RtmpOLEJbw/R.INSTALL3d2970018b2d/qtbase/tools/kdebindings-build/smoke/qt/x_11.cpp:1296:13: warning: 'long long' is a C++11 extension [-Wc++11-long-long]
     /tmp/RtmpOLEJbw/R.INSTALL3d2970018b2d/qtbase/tools/kdebindings-build/smoke/qt/x_11.cpp:1297:39: warning: 'long long' is a C++11 extension [-Wc++11-long-long]
     /tmp/RtmpOLEJbw/R.INSTALL3d2970018b2d/qtbase/tools/kdebindings-build/smoke/qt/x_11.cpp:1378:13: warning: 'long long' is a C++11 extension [-Wc++11-long-long]
     /tmp/RtmpOLEJbw/R.INSTALL3d2970018b2d/qtbase/tools/kdebindings-build/smoke/qt/x_11.cpp:1379:39: warning: 'long long' is a C++11 extension [-Wc++11-long-long]
     /tmp/RtmpOLEJbw/R.INSTALL3d2970018b2d/qtbase/tools/kdebindings-build/smoke/qt/x_11.cpp:1381:13: warning: 'long long' is a C++11 extension [-Wc++11-long-long]
     /tmp/RtmpOLEJbw/R.INSTALL3d2970018b2d/qtbase/tools/kdebindings-build/smoke/qt/x_11.cpp:1382:39: warning: 'long long' is a C++11 extension [-Wc++11-long-long]
     /tmp/RtmpOLEJbw/R.INSTALL3d2970018b2d/qtbase/tools/kdebindings-build/smoke/qt/x_11.cpp:1426:13: warning: 'long long' is a C++11 extension [-Wc++11-long-long]
     /tmp/RtmpOLEJbw/R.INSTALL3d2970018b2d/qtbase/tools/kdebindings-build/smoke/qt/x_11.cpp:1426:32: warning: 'long long' is a C++11 extension [-Wc++11-long-long]
     /tmp/RtmpOLEJbw/R.INSTALL3d2970018b2d/qtbase/tools/kdebindings-build/smoke/qt/x_11.cpp:1427:13: warning: 'long long' is a C++11 extension [-Wc++11-long-long]
     /tmp/RtmpOLEJbw/R.INSTALL3d2970018b2d/qtbase/tools/kdebindings-build/smoke/qt/x_11.cpp:1465:13: warning: 'long long' is a C++11 extension [-Wc++11-long-long]
     /tmp/RtmpOLEJbw/R.INSTALL3d2970018b2d/qtbase/tools/kdebindings-build/smoke/qt/x_11.cpp:1465:32: warning: 'long long' is a C++11 extension [-Wc++11-long-long]
     /tmp/RtmpOLEJbw/R.INSTALL3d2970018b2d/qtbase/tools/kdebindings-build/smoke/qt/x_11.cpp:1466:13: warning: 'long long' is a C++11 extension [-Wc++11-long-long]
     /tmp/RtmpOLEJbw/R.INSTALL3d2970018b2d/qtbase/tools/kdebindings-build/smoke/qt/x_11.cpp:2725:36: warning: 'long long' is a C++11 extension [-Wc++11-long-long]
     /tmp/RtmpOLEJbw/R.INSTALL3d2970018b2d/qtbase/tools/kdebindings-build/smoke/qt/x_11.cpp:2736:49: warning: 'long long' is a C++11 extension [-Wc++11-long-long]
     /tmp/RtmpOLEJbw/R.INSTALL3d2970018b2d/qtbase/tools/kdebindings-build/smoke/qt/x_11.cpp:2736:13: warning: 'long long' is a C++11 extension [-Wc++11-long-long]
     /tmp/RtmpOLEJbw/R.INSTALL3d2970018b2d/qtbase/tools/kdebindings-build/smoke/qt/x_11.cpp:2754:13: warning: 'long long' is a C++11 extension [-Wc++11-long-long]
     /tmp/RtmpOLEJbw/R.INSTALL3d2970018b2d/qtbase/tools/kdebindings-build/smoke/qt/x_11.cpp:2764:13: warning: 'long long' is a C++11 extension [-Wc++11-long-long]
     /tmp/RtmpOLEJbw/R.INSTALL3d2970018b2d/qtbase/tools/kdebindings-build/smoke/qt/x_11.cpp:2774:23: warning: 'long long' is a C++11 extension [-Wc++11-long-long]
     /tmp/RtmpOLEJbw/R.INSTALL3d2970018b2d/qtbase/tools/kdebindings-build/smoke/qt/x_11.cpp:2790:13: warning: 'long long' is a C++11 extension [-Wc++11-long-long]
     /tmp/RtmpOLEJbw/R.INSTALL3d2970018b2d/qtbase/tools/kdebindings-build/smoke/qt/x_11.cpp:2800:13: warning: 'long long' is a C++11 extension [-Wc++11-long-long]
     /tmp/RtmpOLEJbw/R.INSTALL3d2970018b2d/qtbase/tools/kdebindings-build/smoke/qt/x_11.cpp:2827:42: warning: 'long long' is a C++11 extension [-Wc++11-long-long]
     /tmp/RtmpOLEJbw/R.INSTALL3d2970018b2d/qtbase/tools/kdebindings-build/smoke/qt/x_11.cpp:2827:13: warning: 'long long' is a C++11 extension [-Wc++11-long-long]
     /tmp/RtmpOLEJbw/R.INSTALL3d2970018b2d/qtbase/tools/kdebindings-build/smoke/qt/x_11.cpp:2837:46: warning: 'long long' is a C++11 extension [-Wc++11-long-long]
     /tmp/RtmpOLEJbw/R.INSTALL3d2970018b2d/qtbase/tools/kdebindings-build/smoke/qt/x_11.cpp:2837:13: warning: 'long long' is a C++11 extension [-Wc++11-long-long]
     /tmp/RtmpOLEJbw/R.INSTALL3d2970018b2d/qtbase/tools/kdebindings-build/smoke/qt/x_11.cpp:2412:9: warning: 'long long' is a C++11 extension [-Wc++11-long-long]
     /tmp/RtmpOLEJbw/R.INSTALL3d2970018b2d/qtbase/tools/kdebindings-build/smoke/qt/x_11.cpp:2413:35: warning: 'long long' is a C++11 extension [-Wc++11-long-long]
     /tmp/RtmpOLEJbw/R.INSTALL3d2970018b2d/qtbase/tools/kdebindings-build/smoke/qt/x_11.cpp:2418:54: warning: 'long long' is a C++11 extension [-Wc++11-long-long]
     /tmp/RtmpOLEJbw/R.INSTALL3d2970018b2d/qtbase/tools/kdebindings-build/smoke/qt/x_11.cpp:2421:39: warning: 'long long' is a C++11 extension [-Wc++11-long-long]
     /tmp/RtmpOLEJbw/R.INSTALL3d2970018b2d/qtbase/tools/kdebindings-build/smoke/qt/x_11.cpp:2554:13: warning: 'long long' is a C++11 extension [-Wc++11-long-long]
     /tmp/RtmpOLEJbw/R.INSTALL3d2970018b2d/qtbase/tools/kdebindings-build/smoke/qt/x_11.cpp:2554:89: warning: 'long long' is a C++11 extension [-Wc++11-long-long]
     /tmp/RtmpOLEJbw/R.INSTALL3d2970018b2d/qtbase/tools/kdebindings-build/smoke/qt/x_11.cpp:2555:39: warning: 'long long' is a C++11 extension [-Wc++11-long-long]
     /tmp/RtmpOLEJbw/R.INSTALL3d2970018b2d/qtbase/tools/kdebindings-build/smoke/qt/x_11.cpp:2557:13: warning: 'long long' is a C++11 extension [-Wc++11-long-long]
     /tmp/RtmpOLEJbw/R.INSTALL3d2970018b2d/qtbase/tools/kdebindings-build/smoke/qt/x_11.cpp:2557:74: warning: 'long long' is a C++11 extension [-Wc++11-long-long]
     /tmp/RtmpOLEJbw/R.INSTALL3d2970018b2d/qtbase/tools/kdebindings-build/smoke/qt/x_11.cpp:2558:39: warning: 'long long' is a C++11 extension [-Wc++11-long-long]
     /tmp/RtmpOLEJbw/R.INSTALL3d2970018b2d/qtbase/tools/kdebindings-build/smoke/qt/x_11.cpp:2727:35: warning: 'long long' is a C++11 extension [-Wc++11-long-long]
     /tmp/RtmpOLEJbw/R.INSTALL3d2970018b2d/qtbase/tools/kdebindings-build/smoke/qt/x_11.cpp:2739:35: warning: 'long long' is a C++11 extension [-Wc++11-long-long]
     /tmp/RtmpOLEJbw/R.INSTALL3d2970018b2d/qtbase/tools/kdebindings-build/smoke/qt/x_11.cpp:2741:13: warning: 'long long' is a C++11 extension [-Wc++11-long-long]
     /tmp/RtmpOLEJbw/R.INSTALL3d2970018b2d/qtbase/tools/kdebindings-build/smoke/qt/x_11.cpp:2741:32: warning: 'long long' is a C++11 extension [-Wc++11-long-long]
     /tmp/RtmpOLEJbw/R.INSTALL3d2970018b2d/qtbase/tools/kdebindings-build/smoke/qt/x_11.cpp:2742:13: warning: 'long long' is a C++11 extension [-Wc++11-long-long]
     /tmp/RtmpOLEJbw/R.INSTALL3d2970018b2d/qtbase/tools/kdebindings-build/smoke/qt/x_11.cpp:2757:13: warning: 'long long' is a C++11 extension [-Wc++11-long-long]
     /tmp/RtmpOLEJbw/R.INSTALL3d2970018b2d/qtbase/tools/kdebindings-build/smoke/qt/x_11.cpp:2757:32: warning: 'long long' is a C++11 extension [-Wc++11-long-long]
     /tmp/RtmpOLEJbw/R.INSTALL3d2970018b2d/qtbase/tools/kdebindings-build/smoke/qt/x_11.cpp:2758:13: warning: 'long long' is a C++11 extension [-Wc++11-long-long]
     /tmp/RtmpOLEJbw/R.INSTALL3d2970018b2d/qtbase/tools/kdebindings-build/smoke/qt/x_11.cpp:2767:13: warning: 'long long' is a C++11 extension [-Wc++11-long-long]
     /tmp/RtmpOLEJbw/R.INSTALL3d2970018b2d/qtbase/tools/kdebindings-build/smoke/qt/x_11.cpp:2767:32: warning: 'long long' is a C++11 extension [-Wc++11-long-long]
     /tmp/RtmpOLEJbw/R.INSTALL3d2970018b2d/qtbase/tools/kdebindings-build/smoke/qt/x_11.cpp:2768:13: warning: 'long long' is a C++11 extension [-Wc++11-long-long]
     /tmp/RtmpOLEJbw/R.INSTALL3d2970018b2d/qtbase/tools/kdebindings-build/smoke/qt/x_11.cpp:2776:35: warning: 'long long' is a C++11 extension [-Wc++11-long-long]
     /tmp/RtmpOLEJbw/R.INSTALL3d2970018b2d/qtbase/tools/kdebindings-build/smoke/qt/x_11.cpp:2793:13: warning: 'long long' is a C++11 extension [-Wc++11-long-long]
     /tmp/RtmpOLEJbw/R.INSTALL3d2970018b2d/qtbase/tools/kdebindings-build/smoke/qt/x_11.cpp:2793:32: warning: 'long long' is a C++11 extension [-Wc++11-long-long]
     /tmp/RtmpOLEJbw/R.INSTALL3d2970018b2d/qtbase/tools/kdebindings-build/smoke/qt/x_11.cpp:2794:13: warning: 'long long' is a C++11 extension [-Wc++11-long-long]
     /tmp/RtmpOLEJbw/R.INSTALL3d2970018b2d/qtbase/tools/kdebindings-build/smoke/qt/x_11.cpp:2803:13: warning: 'long long' is a C++11 extension [-Wc++11-long-long]
     /tmp/RtmpOLEJbw/R.INSTALL3d2970018b2d/qtbase/tools/kdebindings-build/smoke/qt/x_11.cpp:2803:32: warning: 'long long' is a C++11 extension [-Wc++11-long-long]
     /tmp/RtmpOLEJbw/R.INSTALL3d2970018b2d/qtbase/tools/kdebindings-build/smoke/qt/x_11.cpp:2804:13: warning: 'long long' is a C++11 extension [-Wc++11-long-long]
     /tmp/RtmpOLEJbw/R.INSTALL3d2970018b2d/qtbase/tools/kdebindings-build/smoke/qt/x_11.cpp:2830:35: warning: 'long long' is a C++11 extension [-Wc++11-long-long]
     /tmp/RtmpOLEJbw/R.INSTALL3d2970018b2d/qtbase/tools/kdebindings-build/smoke/qt/x_11.cpp:2832:9: warning: 'long long' is a C++11 extension [-Wc++11-long-long]
     /tmp/RtmpOLEJbw/R.INSTALL3d2970018b2d/qtbase/tools/kdebindings-build/smoke/qt/x_11.cpp:2832:28: warning: 'long long' is a C++11 extension [-Wc++11-long-long]
     /tmp/RtmpOLEJbw/R.INSTALL3d2970018b2d/qtbase/tools/kdebindings-build/smoke/qt/x_11.cpp:2833:9: warning: 'long long' is a C++11 extension [-Wc++11-long-long]
     /tmp/RtmpOLEJbw/R.INSTALL3d2970018b2d/qtbase/tools/kdebindings-build/smoke/qt/x_11.cpp:2840:35: warning: 'long long' is a C++11 extension [-Wc++11-long-long]
     /tmp/RtmpOLEJbw/R.INSTALL3d2970018b2d/qtbase/tools/kdebindings-build/smoke/qt/x_11.cpp:2842:13: warning: 'long long' is a C++11 extension [-Wc++11-long-long]
     /tmp/RtmpOLEJbw/R.INSTALL3d2970018b2d/qtbase/tools/kdebindings-build/smoke/qt/x_11.cpp:2842:32: warning: 'long long' is a C++11 extension [-Wc++11-long-long]
     /tmp/RtmpOLEJbw/R.INSTALL3d2970018b2d/qtbase/tools/kdebindings-build/smoke/qt/x_11.cpp:2843:13: warning: 'long long' is a C++11 extension [-Wc++11-long-long]
     /tmp/RtmpOLEJbw/R.INSTALL3d2970018b2d/qtbase/tools/kdebindings-build/smoke/qt/x_11.cpp:3485:18: warning: 'long long' is a C++11 extension [-Wc++11-long-long]
     /tmp/RtmpOLEJbw/R.INSTALL3d2970018b2d/qtbase/tools/kdebindings-build/smoke/qt/x_11.cpp:3486:44: warning: 'long long' is a C++11 extension [-Wc++11-long-long]
     /tmp/RtmpOLEJbw/R.INSTALL3d2970018b2d/qtbase/tools/kdebindings-build/smoke/qt/x_11.cpp:3490:18: warning: 'long long' is a C++11 extension [-Wc++11-long-long]
     /tmp/RtmpOLEJbw/R.INSTALL3d2970018b2d/qtbase/tools/kdebindings-build/smoke/qt/x_11.cpp:3491:44: warning: 'long long' is a C++11 extension [-Wc++11-long-long]
     /tmp/RtmpOLEJbw/R.INSTALL3d2970018b2d/qtbase/tools/kdebindings-build/smoke/qt/x_11.cpp:3495:18: warning: 'long long' is a C++11 extension [-Wc++11-long-long]
     /tmp/RtmpOLEJbw/R.INSTALL3d2970018b2d/qtbase/tools/kdebindings-build/smoke/qt/x_11.cpp:3496:44: warning: 'long long' is a C++11 extension [-Wc++11-long-long]
     /tmp/RtmpOLEJbw/R.INSTALL3d2970018b2d/qtbase/tools/kdebindings-build/smoke/qt/x_11.cpp:9200:9: warning: 'long long' is a C++11 extension [-Wc++11-long-long]
     /tmp/RtmpOLEJbw/R.INSTALL3d2970018b2d/qtbase/tools/kdebindings-build/smoke/qt/x_11.cpp:9201:35: warning: 'long long' is a C++11 extension [-Wc++11-long-long]
     /tmp/RtmpOLEJbw/R.INSTALL3d2970018b2d/qtbase/tools/kdebindings-build/smoke/qt/x_11.cpp:10465:9: warning: 'long long' is a C++11 extension [-Wc++11-long-long]
     /tmp/RtmpOLEJbw/R.INSTALL3d2970018b2d/qtbase/tools/kdebindings-build/smoke/qt/x_11.cpp:10466:35: warning: 'long long' is a C++11 extension [-Wc++11-long-long]
     /tmp/RtmpOLEJbw/R.INSTALL3d2970018b2d/qtbase/tools/kdebindings-build/smoke/qt/x_12.cpp:489:9: warning: 'long long' is a C++11 extension [-Wc++11-long-long]
     /tmp/RtmpOLEJbw/R.INSTALL3d2970018b2d/qtbase/tools/kdebindings-build/smoke/qt/x_12.cpp:490:35: warning: 'long long' is a C++11 extension [-Wc++11-long-long]
     /tmp/RtmpOLEJbw/R.INSTALL3d2970018b2d/qtbase/tools/kdebindings-build/smoke/qt/x_12.cpp:7015:13: warning: 'long long' is a C++11 extension [-Wc++11-long-long]
     /tmp/RtmpOLEJbw/R.INSTALL3d2970018b2d/qtbase/tools/kdebindings-build/smoke/qt/x_12.cpp:7025:13: warning: 'long long' is a C++11 extension [-Wc++11-long-long]
     /tmp/RtmpOLEJbw/R.INSTALL3d2970018b2d/qtbase/tools/kdebindings-build/smoke/qt/x_12.cpp:7035:23: warning: 'long long' is a C++11 extension [-Wc++11-long-long]
     /tmp/RtmpOLEJbw/R.INSTALL3d2970018b2d/qtbase/tools/kdebindings-build/smoke/qt/x_12.cpp:7051:13: warning: 'long long' is a C++11 extension [-Wc++11-long-long]
     /tmp/RtmpOLEJbw/R.INSTALL3d2970018b2d/qtbase/tools/kdebindings-build/smoke/qt/x_12.cpp:7061:13: warning: 'long long' is a C++11 extension [-Wc++11-long-long]
     /tmp/RtmpOLEJbw/R.INSTALL3d2970018b2d/qtbase/tools/kdebindings-build/smoke/qt/x_12.cpp:7088:42: warning: 'long long' is a C++11 extension [-Wc++11-long-long]
     /tmp/RtmpOLEJbw/R.INSTALL3d2970018b2d/qtbase/tools/kdebindings-build/smoke/qt/x_12.cpp:7088:13: warning: 'long long' is a C++11 extension [-Wc++11-long-long]
     /tmp/RtmpOLEJbw/R.INSTALL3d2970018b2d/qtbase/tools/kdebindings-build/smoke/qt/x_12.cpp:7100:46: warning: 'long long' is a C++11 extension [-Wc++11-long-long]
     /tmp/RtmpOLEJbw/R.INSTALL3d2970018b2d/qtbase/tools/kdebindings-build/smoke/qt/x_12.cpp:7100:13: warning: 'long long' is a C++11 extension [-Wc++11-long-long]
     /tmp/RtmpOLEJbw/R.INSTALL3d2970018b2d/qtbase/tools/kdebindings-build/smoke/qt/x_12.cpp:7112:49: warning: 'long long' is a C++11 extension [-Wc++11-long-long]
     /tmp/RtmpOLEJbw/R.INSTALL3d2970018b2d/qtbase/tools/kdebindings-build/smoke/qt/x_12.cpp:7112:13: warning: 'long long' is a C++11 extension [-Wc++11-long-long]
     /tmp/RtmpOLEJbw/R.INSTALL3d2970018b2d/qtbase/tools/kdebindings-build/smoke/qt/x_12.cpp:6640:9: warning: 'long long' is a C++11 extension [-Wc++11-long-long]
     /tmp/RtmpOLEJbw/R.INSTALL3d2970018b2d/qtbase/tools/kdebindings-build/smoke/qt/x_12.cpp:6641:35: warning: 'long long' is a C++11 extension [-Wc++11-long-long]
     /tmp/RtmpOLEJbw/R.INSTALL3d2970018b2d/qtbase/tools/kdebindings-build/smoke/qt/x_12.cpp:6696:13: warning: 'long long' is a C++11 extension [-Wc++11-long-long]
     /tmp/RtmpOLEJbw/R.INSTALL3d2970018b2d/qtbase/tools/kdebindings-build/smoke/qt/x_12.cpp:6697:39: warning: 'long long' is a C++11 extension [-Wc++11-long-long]
     /tmp/RtmpOLEJbw/R.INSTALL3d2970018b2d/qtbase/tools/kdebindings-build/smoke/qt/x_12.cpp:6699:13: warning: 'long long' is a C++11 extension [-Wc++11-long-long]
     /tmp/RtmpOLEJbw/R.INSTALL3d2970018b2d/qtbase/tools/kdebindings-build/smoke/qt/x_12.cpp:6700:39: warning: 'long long' is a C++11 extension [-Wc++11-long-long]
     /tmp/RtmpOLEJbw/R.INSTALL3d2970018b2d/qtbase/tools/kdebindings-build/smoke/qt/x_12.cpp:6706:13: warning: 'long long' is a C++11 extension [-Wc++11-long-long]
     /tmp/RtmpOLEJbw/R.INSTALL3d2970018b2d/qtbase/tools/kdebindings-build/smoke/qt/x_12.cpp:6707:39: warning: 'long long' is a C++11 extension [-Wc++11-long-long]
     /tmp/RtmpOLEJbw/R.INSTALL3d2970018b2d/qtbase/tools/kdebindings-build/smoke/qt/x_12.cpp:6709:13: warning: 'long long' is a C++11 extension [-Wc++11-long-long]
     /tmp/RtmpOLEJbw/R.INSTALL3d2970018b2d/qtbase/tools/kdebindings-build/smoke/qt/x_12.cpp:6710:39: warning: 'long long' is a C++11 extension [-Wc++11-long-long]
     /tmp/RtmpOLEJbw/R.INSTALL3d2970018b2d/qtbase/tools/kdebindings-build/smoke/qt/x_12.cpp:6765:140: warning: 'long long' is a C++11 extension [-Wc++11-long-long]
     /tmp/RtmpOLEJbw/R.INSTALL3d2970018b2d/qtbase/tools/kdebindings-build/smoke/qt/x_12.cpp:6846:13: warning: 'long long' is a C++11 extension [-Wc++11-long-long]
     /tmp/RtmpOLEJbw/R.INSTALL3d2970018b2d/qtbase/tools/kdebindings-build/smoke/qt/x_12.cpp:6846:77: warning: 'long long' is a C++11 extension [-Wc++11-long-long]
     /tmp/RtmpOLEJbw/R.INSTALL3d2970018b2d/qtbase/tools/kdebindings-build/smoke/qt/x_12.cpp:6847:39: warning: 'long long' is a C++11 extension [-Wc++11-long-long]
     /tmp/RtmpOLEJbw/R.INSTALL3d2970018b2d/qtbase/tools/kdebindings-build/smoke/qt/x_12.cpp:6849:13: warning: 'long long' is a C++11 extension [-Wc++11-long-long]
     /tmp/RtmpOLEJbw/R.INSTALL3d2970018b2d/qtbase/tools/kdebindings-build/smoke/qt/x_12.cpp:6849:67: warning: 'long long' is a C++11 extension [-Wc++11-long-long]
     /tmp/RtmpOLEJbw/R.INSTALL3d2970018b2d/qtbase/tools/kdebindings-build/smoke/qt/x_12.cpp:6850:39: warning: 'long long' is a C++11 extension [-Wc++11-long-long]
     /tmp/RtmpOLEJbw/R.INSTALL3d2970018b2d/qtbase/tools/kdebindings-build/smoke/qt/x_12.cpp:6856:13: warning: 'long long' is a C++11 extension [-Wc++11-long-long]
     /tmp/RtmpOLEJbw/R.INSTALL3d2970018b2d/qtbase/tools/kdebindings-build/smoke/qt/x_12.cpp:6856:84: warning: 'long long' is a C++11 extension [-Wc++11-long-long]
     /tmp/RtmpOLEJbw/R.INSTALL3d2970018b2d/qtbase/tools/kdebindings-build/smoke/qt/x_12.cpp:6857:39: warning: 'long long' is a C++11 extension [-Wc++11-long-long]
     /tmp/RtmpOLEJbw/R.INSTALL3d2970018b2d/qtbase/tools/kdebindings-build/smoke/qt/x_12.cpp:6859:13: warning: 'long long' is a C++11 extension [-Wc++11-long-long]
     /tmp/RtmpOLEJbw/R.INSTALL3d2970018b2d/qtbase/tools/kdebindings-build/smoke/qt/x_12.cpp:6859:74: warning: 'long long' is a C++11 extension [-Wc++11-long-long]
     /tmp/RtmpOLEJbw/R.INSTALL3d2970018b2d/qtbase/tools/kdebindings-build/smoke/qt/x_12.cpp:6860:39: warning: 'long long' is a C++11 extension [-Wc++11-long-long]
     /tmp/RtmpOLEJbw/R.INSTALL3d2970018b2d/qtbase/tools/kdebindings-build/smoke/qt/x_12.cpp:6920:140: warning: 'long long' is a C++11 extension [-Wc++11-long-long]
     /tmp/RtmpOLEJbw/R.INSTALL3d2970018b2d/qtbase/tools/kdebindings-build/smoke/qt/x_12.cpp:7018:13: warning: 'long long' is a C++11 extension [-Wc++11-long-long]
     /tmp/RtmpOLEJbw/R.INSTALL3d2970018b2d/qtbase/tools/kdebindings-build/smoke/qt/x_12.cpp:7018:32: warning: 'long long' is a C++11 extension [-Wc++11-long-long]
     /tmp/RtmpOLEJbw/R.INSTALL3d2970018b2d/qtbase/tools/kdebindings-build/smoke/qt/x_12.cpp:7019:13: warning: 'long long' is a C++11 extension [-Wc++11-long-long]
     /tmp/RtmpOLEJbw/R.INSTALL3d2970018b2d/qtbase/tools/kdebindings-build/smoke/qt/x_12.cpp:7028:13: warning: 'long long' is a C++11 extension [-Wc++11-long-long]
     /tmp/RtmpOLEJbw/R.INSTALL3d2970018b2d/qtbase/tools/kdebindings-build/smoke/qt/x_12.cpp:7028:32: warning: 'long long' is a C++11 extension [-Wc++11-long-long]
     /tmp/RtmpOLEJbw/R.INSTALL3d2970018b2d/qtbase/tools/kdebindings-build/smoke/qt/x_12.cpp:7029:13: warning: 'long long' is a C++11 extension [-Wc++11-long-long]
     /tmp/RtmpOLEJbw/R.INSTALL3d2970018b2d/qtbase/tools/kdebindings-build/smoke/qt/x_12.cpp:7037:35: warning: 'long long' is a C++11 extension [-Wc++11-long-long]
     /tmp/RtmpOLEJbw/R.INSTALL3d2970018b2d/qtbase/tools/kdebindings-build/smoke/qt/x_12.cpp:7054:13: warning: 'long long' is a C++11 extension [-Wc++11-long-long]
     /tmp/RtmpOLEJbw/R.INSTALL3d2970018b2d/qtbase/tools/kdebindings-build/smoke/qt/x_12.cpp:7054:32: warning: 'long long' is a C++11 extension [-Wc++11-long-long]
     /tmp/RtmpOLEJbw/R.INSTALL3d2970018b2d/qtbase/tools/kdebindings-build/smoke/qt/x_12.cpp:7055:13: warning: 'long long' is a C++11 extension [-Wc++11-long-long]
     /tmp/RtmpOLEJbw/R.INSTALL3d2970018b2d/qtbase/tools/kdebindings-build/smoke/qt/x_12.cpp:7064:13: warning: 'long long' is a C++11 extension [-Wc++11-long-long]
     /tmp/RtmpOLEJbw/R.INSTALL3d2970018b2d/qtbase/tools/kdebindings-build/smoke/qt/x_12.cpp:7064:32: warning: 'long long' is a C++11 extension [-Wc++11-long-long]
     /tmp/RtmpOLEJbw/R.INSTALL3d2970018b2d/qtbase/tools/kdebindings-build/smoke/qt/x_12.cpp:7065:13: warning: 'long long' is a C++11 extension [-Wc++11-long-long]
     /tmp/RtmpOLEJbw/R.INSTALL3d2970018b2d/qtbase/tools/kdebindings-build/smoke/qt/x_12.cpp:7091:35: warning: 'long long' is a C++11 extension [-Wc++11-long-long]
     /tmp/RtmpOLEJbw/R.INSTALL3d2970018b2d/qtbase/tools/kdebindings-build/smoke/qt/x_12.cpp:7093:13: warning: 'long long' is a C++11 extension [-Wc++11-long-long]
     /tmp/RtmpOLEJbw/R.INSTALL3d2970018b2d/qtbase/tools/kdebindings-build/smoke/qt/x_12.cpp:7093:32: warning: 'long long' is a C++11 extension [-Wc++11-long-long]
     /tmp/RtmpOLEJbw/R.INSTALL3d2970018b2d/qtbase/tools/kdebindings-build/smoke/qt/x_12.cpp:7094:13: warning: 'long long' is a C++11 extension [-Wc++11-long-long]
     /tmp/RtmpOLEJbw/R.INSTALL3d2970018b2d/qtbase/tools/kdebindings-build/smoke/qt/x_12.cpp:7103:35: warning: 'long long' is a C++11 extension [-Wc++11-long-long]
     /tmp/RtmpOLEJbw/R.INSTALL3d2970018b2d/qtbase/tools/kdebindings-build/smoke/qt/x_12.cpp:7105:13: warning: 'long long' is a C++11 extension [-Wc++11-long-long]
     /tmp/RtmpOLEJbw/R.INSTALL3d2970018b2d/qtbase/tools/kdebindings-build/smoke/qt/x_12.cpp:7105:32: warning: 'long long' is a C++11 extension [-Wc++11-long-long]
     /tmp/RtmpOLEJbw/R.INSTALL3d2970018b2d/qtbase/tools/kdebindings-build/smoke/qt/x_12.cpp:7106:13: warning: 'long long' is a C++11 extension [-Wc++11-long-long]
     /tmp/RtmpOLEJbw/R.INSTALL3d2970018b2d/qtbase/tools/kdebindings-build/smoke/qt/x_12.cpp:7115:35: warning: 'long long' is a C++11 extension [-Wc++11-long-long]
     /tmp/RtmpOLEJbw/R.INSTALL3d2970018b2d/qtbase/tools/kdebindings-build/smoke/qt/x_12.cpp:7117:13: warning: 'long long' is a C++11 extension [-Wc++11-long-long]
     /tmp/RtmpOLEJbw/R.INSTALL3d2970018b2d/qtbase/tools/kdebindings-build/smoke/qt/x_12.cpp:7117:32: warning: 'long long' is a C++11 extension [-Wc++11-long-long]
     /tmp/RtmpOLEJbw/R.INSTALL3d2970018b2d/qtbase/tools/kdebindings-build/smoke/qt/x_12.cpp:7118:13: warning: 'long long' is a C++11 extension [-Wc++11-long-long]
     /tmp/RtmpOLEJbw/R.INSTALL3d2970018b2d/qtbase/tools/kdebindings-build/smoke/qt/x_12.cpp:13370:9: warning: 'long long' is a C++11 extension [-Wc++11-long-long]
     /tmp/RtmpOLEJbw/R.INSTALL3d2970018b2d/qtbase/tools/kdebindings-build/smoke/qt/x_12.cpp:13371:35: warning: 'long long' is a C++11 extension [-Wc++11-long-long]
     /tmp/RtmpOLEJbw/R.INSTALL3d2970018b2d/qtbase/tools/kdebindings-build/smoke/qt/x_13.cpp:724:9: warning: 'long long' is a C++11 extension [-Wc++11-long-long]
     /tmp/RtmpOLEJbw/R.INSTALL3d2970018b2d/qtbase/tools/kdebindings-build/smoke/qt/x_13.cpp:725:35: warning: 'long long' is a C++11 extension [-Wc++11-long-long]
     /tmp/RtmpOLEJbw/R.INSTALL3d2970018b2d/qtbase/tools/kdebindings-build/smoke/qt/x_13.cpp:1158:89: warning: 'long long' is a C++11 extension [-Wc++11-long-long]
     /tmp/RtmpOLEJbw/R.INSTALL3d2970018b2d/qtbase/tools/kdebindings-build/smoke/qt/x_13.cpp:1614:29: warning: 'long long' is a C++11 extension [-Wc++11-long-long]
     /tmp/RtmpOLEJbw/R.INSTALL3d2970018b2d/qtbase/tools/kdebindings-build/smoke/qt/x_13.cpp:1623:31: warning: 'long long' is a C++11 extension [-Wc++11-long-long]
     /tmp/RtmpOLEJbw/R.INSTALL3d2970018b2d/qtbase/tools/kdebindings-build/smoke/qt/x_13.cpp:1639:32: warning: 'long long' is a C++11 extension [-Wc++11-long-long]
     /tmp/RtmpOLEJbw/R.INSTALL3d2970018b2d/qtbase/tools/kdebindings-build/smoke/qt/x_13.cpp:1645:31: warning: 'long long' is a C++11 extension [-Wc++11-long-long]
     /tmp/RtmpOLEJbw/R.INSTALL3d2970018b2d/qtbase/tools/kdebindings-build/smoke/qt/x_13.cpp:1652:33: warning: 'long long' is a C++11 extension [-Wc++11-long-long]
     /tmp/RtmpOLEJbw/R.INSTALL3d2970018b2d/qtbase/tools/kdebindings-build/smoke/qt/x_13.cpp:1660:33: warning: 'long long' is a C++11 extension [-Wc++11-long-long]
     /tmp/RtmpOLEJbw/R.INSTALL3d2970018b2d/qtbase/tools/kdebindings-build/smoke/qt/x_13.cpp:1668:33: warning: 'long long' is a C++11 extension [-Wc++11-long-long]
     /tmp/RtmpOLEJbw/R.INSTALL3d2970018b2d/qtbase/tools/kdebindings-build/smoke/qt/x_13.cpp:1494:52: warning: 'long long' is a C++11 extension [-Wc++11-long-long]
     /tmp/RtmpOLEJbw/R.INSTALL3d2970018b2d/qtbase/tools/kdebindings-build/smoke/qt/x_13.cpp:1497:32: warning: 'long long' is a C++11 extension [-Wc++11-long-long]
     /tmp/RtmpOLEJbw/R.INSTALL3d2970018b2d/qtbase/tools/kdebindings-build/smoke/qt/x_13.cpp:1504:54: warning: 'long long' is a C++11 extension [-Wc++11-long-long]
     /tmp/RtmpOLEJbw/R.INSTALL3d2970018b2d/qtbase/tools/kdebindings-build/smoke/qt/x_13.cpp:1507:34: warning: 'long long' is a C++11 extension [-Wc++11-long-long]
     /tmp/RtmpOLEJbw/R.INSTALL3d2970018b2d/qtbase/tools/kdebindings-build/smoke/qt/x_13.cpp:1534:55: warning: 'long long' is a C++11 extension [-Wc++11-long-long]
     /tmp/RtmpOLEJbw/R.INSTALL3d2970018b2d/qtbase/tools/kdebindings-build/smoke/qt/x_13.cpp:1537:35: warning: 'long long' is a C++11 extension [-Wc++11-long-long]
     /tmp/RtmpOLEJbw/R.INSTALL3d2970018b2d/qtbase/tools/kdebindings-build/smoke/qt/x_13.cpp:1544:54: warning: 'long long' is a C++11 extension [-Wc++11-long-long]
     /tmp/RtmpOLEJbw/R.INSTALL3d2970018b2d/qtbase/tools/kdebindings-build/smoke/qt/x_13.cpp:1547:34: warning: 'long long' is a C++11 extension [-Wc++11-long-long]
     /tmp/RtmpOLEJbw/R.INSTALL3d2970018b2d/qtbase/tools/kdebindings-build/smoke/qt/x_13.cpp:1554:56: warning: 'long long' is a C++11 extension [-Wc++11-long-long]
     /tmp/RtmpOLEJbw/R.INSTALL3d2970018b2d/qtbase/tools/kdebindings-build/smoke/qt/x_13.cpp:1557:36: warning: 'long long' is a C++11 extension [-Wc++11-long-long]
     /tmp/RtmpOLEJbw/R.INSTALL3d2970018b2d/qtbase/tools/kdebindings-build/smoke/qt/x_13.cpp:1564:56: warning: 'long long' is a C++11 extension [-Wc++11-long-long]
     /tmp/RtmpOLEJbw/R.INSTALL3d2970018b2d/qtbase/tools/kdebindings-build/smoke/qt/x_13.cpp:1567:36: warning: 'long long' is a C++11 extension [-Wc++11-long-long]
     /tmp/RtmpOLEJbw/R.INSTALL3d2970018b2d/qtbase/tools/kdebindings-build/smoke/qt/x_13.cpp:1574:56: warning: 'long long' is a C++11 extension [-Wc++11-long-long]
     /tmp/RtmpOLEJbw/R.INSTALL3d2970018b2d/qtbase/tools/kdebindings-build/smoke/qt/x_13.cpp:1577:36: warning: 'long long' is a C++11 extension [-Wc++11-long-long]
     /tmp/RtmpOLEJbw/R.INSTALL3d2970018b2d/qtbase/tools/kdebindings-build/smoke/qt/x_13.cpp:1616:35: warning: 'long long' is a C++11 extension [-Wc++11-long-long]
     /tmp/RtmpOLEJbw/R.INSTALL3d2970018b2d/qtbase/tools/kdebindings-build/smoke/qt/x_13.cpp:1625:35: warning: 'long long' is a C++11 extension [-Wc++11-long-long]
     /tmp/RtmpOLEJbw/R.INSTALL3d2970018b2d/qtbase/tools/kdebindings-build/smoke/qt/x_13.cpp:1641:35: warning: 'long long' is a C++11 extension [-Wc++11-long-long]
     /tmp/RtmpOLEJbw/R.INSTALL3d2970018b2d/qtbase/tools/kdebindings-build/smoke/qt/x_13.cpp:1647:35: warning: 'long long' is a C++11 extension [-Wc++11-long-long]
     /tmp/RtmpOLEJbw/R.INSTALL3d2970018b2d/qtbase/tools/kdebindings-build/smoke/qt/x_13.cpp:1654:35: warning: 'long long' is a C++11 extension [-Wc++11-long-long]
     /tmp/RtmpOLEJbw/R.INSTALL3d2970018b2d/qtbase/tools/kdebindings-build/smoke/qt/x_13.cpp:1662:35: warning: 'long long' is a C++11 extension [-Wc++11-long-long]
     /tmp/RtmpOLEJbw/R.INSTALL3d2970018b2d/qtbase/tools/kdebindings-build/smoke/qt/x_13.cpp:1670:35: warning: 'long long' is a C++11 extension [-Wc++11-long-long]
     /tmp/RtmpOLEJbw/R.INSTALL3d2970018b2d/qtbase/tools/kdebindings-build/smoke/qt/x_13.cpp:2544:9: warning: 'long long' is a C++11 extension [-Wc++11-long-long]
     /tmp/RtmpOLEJbw/R.INSTALL3d2970018b2d/qtbase/tools/kdebindings-build/smoke/qt/x_13.cpp:2545:35: warning: 'long long' is a C++11 extension [-Wc++11-long-long]
     /tmp/RtmpOLEJbw/R.INSTALL3d2970018b2d/qtbase/tools/kdebindings-build/smoke/qt/x_14.cpp:1344:9: warning: 'long long' is a C++11 extension [-Wc++11-long-long]
     /tmp/RtmpOLEJbw/R.INSTALL3d2970018b2d/qtbase/tools/kdebindings-build/smoke/qt/x_14.cpp:1345:35: warning: 'long long' is a C++11 extension [-Wc++11-long-long]
     /tmp/RtmpOLEJbw/R.INSTALL3d2970018b2d/qtbase/tools/kdebindings-build/smoke/qt/x_14.cpp:1349:44: warning: 'long long' is a C++11 extension [-Wc++11-long-long]
     /tmp/RtmpOLEJbw/R.INSTALL3d2970018b2d/qtbase/tools/kdebindings-build/smoke/qt/x_14.cpp:1354:9: warning: 'long long' is a C++11 extension [-Wc++11-long-long]
     /tmp/RtmpOLEJbw/R.INSTALL3d2970018b2d/qtbase/tools/kdebindings-build/smoke/qt/x_14.cpp:1355:35: warning: 'long long' is a C++11 extension [-Wc++11-long-long]
     /tmp/RtmpOLEJbw/R.INSTALL3d2970018b2d/qtbase/tools/kdebindings-build/smoke/qt/x_14.cpp:1359:42: warning: 'long long' is a C++11 extension [-Wc++11-long-long]
     /tmp/RtmpOLEJbw/R.INSTALL3d2970018b2d/qtbase/tools/kdebindings-build/smoke/qt/x_14.cpp:11195:13: warning: 'long long' is a C++11 extension [-Wc++11-long-long]
     /tmp/RtmpOLEJbw/R.INSTALL3d2970018b2d/qtbase/tools/kdebindings-build/smoke/qt/x_14.cpp:11205:13: warning: 'long long' is a C++11 extension [-Wc++11-long-long]
     /tmp/RtmpOLEJbw/R.INSTALL3d2970018b2d/qtbase/tools/kdebindings-build/smoke/qt/x_14.cpp:11215:23: warning: 'long long' is a C++11 extension [-Wc++11-long-long]
     /tmp/RtmpOLEJbw/R.INSTALL3d2970018b2d/qtbase/tools/kdebindings-build/smoke/qt/x_14.cpp:11231:13: warning: 'long long' is a C++11 extension [-Wc++11-long-long]
     /tmp/RtmpOLEJbw/R.INSTALL3d2970018b2d/qtbase/tools/kdebindings-build/smoke/qt/x_14.cpp:11241:13: warning: 'long long' is a C++11 extension [-Wc++11-long-long]
     /tmp/RtmpOLEJbw/R.INSTALL3d2970018b2d/qtbase/tools/kdebindings-build/smoke/qt/x_14.cpp:11268:42: warning: 'long long' is a C++11 extension [-Wc++11-long-long]
     /tmp/RtmpOLEJbw/R.INSTALL3d2970018b2d/qtbase/tools/kdebindings-build/smoke/qt/x_14.cpp:11268:13: warning: 'long long' is a C++11 extension [-Wc++11-long-long]
     /tmp/RtmpOLEJbw/R.INSTALL3d2970018b2d/qtbase/tools/kdebindings-build/smoke/qt/x_14.cpp:11280:46: warning: 'long long' is a C++11 extension [-Wc++11-long-long]
     /tmp/RtmpOLEJbw/R.INSTALL3d2970018b2d/qtbase/tools/kdebindings-build/smoke/qt/x_14.cpp:11280:13: warning: 'long long' is a C++11 extension [-Wc++11-long-long]
     /tmp/RtmpOLEJbw/R.INSTALL3d2970018b2d/qtbase/tools/kdebindings-build/smoke/qt/x_14.cpp:11292:49: warning: 'long long' is a C++11 extension [-Wc++11-long-long]
     /tmp/RtmpOLEJbw/R.INSTALL3d2970018b2d/qtbase/tools/kdebindings-build/smoke/qt/x_14.cpp:11292:13: warning: 'long long' is a C++11 extension [-Wc++11-long-long]
     /tmp/RtmpOLEJbw/R.INSTALL3d2970018b2d/qtbase/tools/kdebindings-build/smoke/qt/x_14.cpp:10703:13: warning: 'long long' is a C++11 extension [-Wc++11-long-long]
     /tmp/RtmpOLEJbw/R.INSTALL3d2970018b2d/qtbase/tools/kdebindings-build/smoke/qt/x_14.cpp:10704:39: warning: 'long long' is a C++11 extension [-Wc++11-long-long]
     /tmp/RtmpOLEJbw/R.INSTALL3d2970018b2d/qtbase/tools/kdebindings-build/smoke/qt/x_14.cpp:10706:13: warning: 'long long' is a C++11 extension [-Wc++11-long-long]
     /tmp/RtmpOLEJbw/R.INSTALL3d2970018b2d/qtbase/tools/kdebindings-build/smoke/qt/x_14.cpp:10707:39: warning: 'long long' is a C++11 extension [-Wc++11-long-long]
     /tmp/RtmpOLEJbw/R.INSTALL3d2970018b2d/qtbase/tools/kdebindings-build/smoke/qt/x_14.cpp:10713:13: warning: 'long long' is a C++11 extension [-Wc++11-long-long]
     /tmp/RtmpOLEJbw/R.INSTALL3d2970018b2d/qtbase/tools/kdebindings-build/smoke/qt/x_14.cpp:10714:39: warning: 'long long' is a C++11 extension [-Wc++11-long-long]
     /tmp/RtmpOLEJbw/R.INSTALL3d2970018b2d/qtbase/tools/kdebindings-build/smoke/qt/x_14.cpp:10716:13: warning: 'long long' is a C++11 extension [-Wc++11-long-long]
     /tmp/RtmpOLEJbw/R.INSTALL3d2970018b2d/qtbase/tools/kdebindings-build/smoke/qt/x_14.cpp:10717:39: warning: 'long long' is a C++11 extension [-Wc++11-long-long]
     /tmp/RtmpOLEJbw/R.INSTALL3d2970018b2d/qtbase/tools/kdebindings-build/smoke/qt/x_14.cpp:10762:47: warning: 'long long' is a C++11 extension [-Wc++11-long-long]
     /tmp/RtmpOLEJbw/R.INSTALL3d2970018b2d/qtbase/tools/kdebindings-build/smoke/qt/x_14.cpp:10767:9: warning: 'long long' is a C++11 extension [-Wc++11-long-long]
     /tmp/RtmpOLEJbw/R.INSTALL3d2970018b2d/qtbase/tools/kdebindings-build/smoke/qt/x_14.cpp:10768:35: warning: 'long long' is a C++11 extension [-Wc++11-long-long]
     /tmp/RtmpOLEJbw/R.INSTALL3d2970018b2d/qtbase/tools/kdebindings-build/smoke/qt/x_14.cpp:10772:9: warning: 'long long' is a C++11 extension [-Wc++11-long-long]
     /tmp/RtmpOLEJbw/R.INSTALL3d2970018b2d/qtbase/tools/kdebindings-build/smoke/qt/x_14.cpp:10773:35: warning: 'long long' is a C++11 extension [-Wc++11-long-long]
     /tmp/RtmpOLEJbw/R.INSTALL3d2970018b2d/qtbase/tools/kdebindings-build/smoke/qt/x_14.cpp:11018:13: warning: 'long long' is a C++11 extension [-Wc++11-long-long]
     /tmp/RtmpOLEJbw/R.INSTALL3d2970018b2d/qtbase/tools/kdebindings-build/smoke/qt/x_14.cpp:11018:79: warning: 'long long' is a C++11 extension [-Wc++11-long-long]
     /tmp/RtmpOLEJbw/R.INSTALL3d2970018b2d/qtbase/tools/kdebindings-build/smoke/qt/x_14.cpp:11019:39: warning: 'long long' is a C++11 extension [-Wc++11-long-long]
     /tmp/RtmpOLEJbw/R.INSTALL3d2970018b2d/qtbase/tools/kdebindings-build/smoke/qt/x_14.cpp:11021:13: warning: 'long long' is a C++11 extension [-Wc++11-long-long]
     /tmp/RtmpOLEJbw/R.INSTALL3d2970018b2d/qtbase/tools/kdebindings-build/smoke/qt/x_14.cpp:11021:67: warning: 'long long' is a C++11 extension [-Wc++11-long-long]
     /tmp/RtmpOLEJbw/R.INSTALL3d2970018b2d/qtbase/tools/kdebindings-build/smoke/qt/x_14.cpp:11022:39: warning: 'long long' is a C++11 extension [-Wc++11-long-long]
     /tmp/RtmpOLEJbw/R.INSTALL3d2970018b2d/qtbase/tools/kdebindings-build/smoke/qt/x_14.cpp:11028:13: warning: 'long long' is a C++11 extension [-Wc++11-long-long]
     /tmp/RtmpOLEJbw/R.INSTALL3d2970018b2d/qtbase/tools/kdebindings-build/smoke/qt/x_14.cpp:11028:86: warning: 'long long' is a C++11 extension [-Wc++11-long-long]
     /tmp/RtmpOLEJbw/R.INSTALL3d2970018b2d/qtbase/tools/kdebindings-build/smoke/qt/x_14.cpp:11029:39: warning: 'long long' is a C++11 extension [-Wc++11-long-long]
     /tmp/RtmpOLEJbw/R.INSTALL3d2970018b2d/qtbase/tools/kdebindings-build/smoke/qt/x_14.cpp:11031:13: warning: 'long long' is a C++11 extension [-Wc++11-long-long]
     /tmp/RtmpOLEJbw/R.INSTALL3d2970018b2d/qtbase/tools/kdebindings-build/smoke/qt/x_14.cpp:11031:74: warning: 'long long' is a C++11 extension [-Wc++11-long-long]
     /tmp/RtmpOLEJbw/R.INSTALL3d2970018b2d/qtbase/tools/kdebindings-build/smoke/qt/x_14.cpp:11032:39: warning: 'long long' is a C++11 extension [-Wc++11-long-long]
     /tmp/RtmpOLEJbw/R.INSTALL3d2970018b2d/qtbase/tools/kdebindings-build/smoke/qt/x_14.cpp:11198:13: warning: 'long long' is a C++11 extension [-Wc++11-long-long]
     /tmp/RtmpOLEJbw/R.INSTALL3d2970018b2d/qtbase/tools/kdebindings-build/smoke/qt/x_14.cpp:11198:32: warning: 'long long' is a C++11 extension [-Wc++11-long-long]
     /tmp/RtmpOLEJbw/R.INSTALL3d2970018b2d/qtbase/tools/kdebindings-build/smoke/qt/x_14.cpp:11199:13: warning: 'long long' is a C++11 extension [-Wc++11-long-long]
     /tmp/RtmpOLEJbw/R.INSTALL3d2970018b2d/qtbase/tools/kdebindings-build/smoke/qt/x_14.cpp:11208:13: warning: 'long long' is a C++11 extension [-Wc++11-long-long]
     /tmp/RtmpOLEJbw/R.INSTALL3d2970018b2d/qtbase/tools/kdebindings-build/smoke/qt/x_14.cpp:11208:32: warning: 'long long' is a C++11 extension [-Wc++11-long-long]
     /tmp/RtmpOLEJbw/R.INSTALL3d2970018b2d/qtbase/tools/kdebindings-build/smoke/qt/x_14.cpp:11209:13: warning: 'long long' is a C++11 extension [-Wc++11-long-long]
     /tmp/RtmpOLEJbw/R.INSTALL3d2970018b2d/qtbase/tools/kdebindings-build/smoke/qt/x_14.cpp:11217:35: warning: 'long long' is a C++11 extension [-Wc++11-long-long]
     /tmp/RtmpOLEJbw/R.INSTALL3d2970018b2d/qtbase/tools/kdebindings-build/smoke/qt/x_14.cpp:11234:13: warning: 'long long' is a C++11 extension [-Wc++11-long-long]
     /tmp/RtmpOLEJbw/R.INSTALL3d2970018b2d/qtbase/tools/kdebindings-build/smoke/qt/x_14.cpp:11234:32: warning: 'long long' is a C++11 extension [-Wc++11-long-long]
     /tmp/RtmpOLEJbw/R.INSTALL3d2970018b2d/qtbase/tools/kdebindings-build/smoke/qt/x_14.cpp:11235:13: warning: 'long long' is a C++11 extension [-Wc++11-long-long]
     /tmp/RtmpOLEJbw/R.INSTALL3d2970018b2d/qtbase/tools/kdebindings-build/smoke/qt/x_14.cpp:11244:13: warning: 'long long' is a C++11 extension [-Wc++11-long-long]
     /tmp/RtmpOLEJbw/R.INSTALL3d2970018b2d/qtbase/tools/kdebindings-build/smoke/qt/x_14.cpp:11244:32: warning: 'long long' is a C++11 extension [-Wc++11-long-long]
     /tmp/RtmpOLEJbw/R.INSTALL3d2970018b2d/qtbase/tools/kdebindings-build/smoke/qt/x_14.cpp:11245:13: warning: 'long long' is a C++11 extension [-Wc++11-long-long]
     /tmp/RtmpOLEJbw/R.INSTALL3d2970018b2d/qtbase/tools/kdebindings-build/smoke/qt/x_14.cpp:11271:35: warning: 'long long' is a C++11 extension [-Wc++11-long-long]
     /tmp/RtmpOLEJbw/R.INSTALL3d2970018b2d/qtbase/tools/kdebindings-build/smoke/qt/x_14.cpp:11273:13: warning: 'long long' is a C++11 extension [-Wc++11-long-long]
     /tmp/RtmpOLEJbw/R.INSTALL3d2970018b2d/qtbase/tools/kdebindings-build/smoke/qt/x_14.cpp:11273:32: warning: 'long long' is a C++11 extension [-Wc++11-long-long]
     /tmp/RtmpOLEJbw/R.INSTALL3d2970018b2d/qtbase/tools/kdebindings-build/smoke/qt/x_14.cpp:11274:13: warning: 'long long' is a C++11 extension [-Wc++11-long-long]
     /tmp/RtmpOLEJbw/R.INSTALL3d2970018b2d/qtbase/tools/kdebindings-build/smoke/qt/x_14.cpp:11283:35: warning: 'long long' is a C++11 extension [-Wc++11-long-long]
     /tmp/RtmpOLEJbw/R.INSTALL3d2970018b2d/qtbase/tools/kdebindings-build/smoke/qt/x_14.cpp:11285:13: warning: 'long long' is a C++11 extension [-Wc++11-long-long]
     /tmp/RtmpOLEJbw/R.INSTALL3d2970018b2d/qtbase/tools/kdebindings-build/smoke/qt/x_14.cpp:11285:32: warning: 'long long' is a C++11 extension [-Wc++11-long-long]
     /tmp/RtmpOLEJbw/R.INSTALL3d2970018b2d/qtbase/tools/kdebindings-build/smoke/qt/x_14.cpp:11286:13: warning: 'long long' is a C++11 extension [-Wc++11-long-long]
     /tmp/RtmpOLEJbw/R.INSTALL3d2970018b2d/qtbase/tools/kdebindings-build/smoke/qt/x_14.cpp:11295:35: warning: 'long long' is a C++11 extension [-Wc++11-long-long]
     /tmp/RtmpOLEJbw/R.INSTALL3d2970018b2d/qtbase/tools/kdebindings-build/smoke/qt/x_14.cpp:11297:13: warning: 'long long' is a C++11 extension [-Wc++11-long-long]
     /tmp/RtmpOLEJbw/R.INSTALL3d2970018b2d/qtbase/tools/kdebindings-build/smoke/qt/x_14.cpp:11297:32: warning: 'long long' is a C++11 extension [-Wc++11-long-long]
     /tmp/RtmpOLEJbw/R.INSTALL3d2970018b2d/qtbase/tools/kdebindings-build/smoke/qt/x_14.cpp:11298:13: warning: 'long long' is a C++11 extension [-Wc++11-long-long]
     /tmp/RtmpOLEJbw/R.INSTALL3d2970018b2d/qtbase/tools/kdebindings-build/smoke/qt/x_16.cpp:9477:211: warning: 'long long' is a C++11 extension [-Wc++11-long-long]
     /tmp/RtmpOLEJbw/R.INSTALL3d2970018b2d/qtbase/tools/kdebindings-build/smoke/qt/x_16.cpp:9474:359: warning: 'long long' is a C++11 extension [-Wc++11-long-long]
     /tmp/RtmpOLEJbw/R.INSTALL3d2970018b2d/qtbase/tools/kdebindings-build/smoke/qt/x_16.cpp:9535:9: warning: 'long long' is a C++11 extension [-Wc++11-long-long]
     /tmp/RtmpOLEJbw/R.INSTALL3d2970018b2d/qtbase/tools/kdebindings-build/smoke/qt/x_16.cpp:9536:35: warning: 'long long' is a C++11 extension [-Wc++11-long-long]
     /tmp/RtmpOLEJbw/R.INSTALL3d2970018b2d/qtbase/tools/kdebindings-build/smoke/qt/x_16.cpp:9664:35: warning: 'long long' is a C++11 extension [-Wc++11-long-long]
     /tmp/RtmpOLEJbw/R.INSTALL3d2970018b2d/qtbase/tools/kdebindings-build/smoke/qt/x_16.cpp:9668:41: warning: 'long long' is a C++11 extension [-Wc++11-long-long]
     /tmp/RtmpOLEJbw/R.INSTALL3d2970018b2d/qtbase/tools/kdebindings-build/smoke/qt/x_16.cpp:10267:13: warning: 'long long' is a C++11 extension [-Wc++11-long-long]
     /tmp/RtmpOLEJbw/R.INSTALL3d2970018b2d/qtbase/tools/kdebindings-build/smoke/qt/x_16.cpp:10277:13: warning: 'long long' is a C++11 extension [-Wc++11-long-long]
     /tmp/RtmpOLEJbw/R.INSTALL3d2970018b2d/qtbase/tools/kdebindings-build/smoke/qt/x_16.cpp:10287:23: warning: 'long long' is a C++11 extension [-Wc++11-long-long]
     /tmp/RtmpOLEJbw/R.INSTALL3d2970018b2d/qtbase/tools/kdebindings-build/smoke/qt/x_16.cpp:10303:13: warning: 'long long' is a C++11 extension [-Wc++11-long-long]
     /tmp/RtmpOLEJbw/R.INSTALL3d2970018b2d/qtbase/tools/kdebindings-build/smoke/qt/x_16.cpp:10313:13: warning: 'long long' is a C++11 extension [-Wc++11-long-long]
     /tmp/RtmpOLEJbw/R.INSTALL3d2970018b2d/qtbase/tools/kdebindings-build/smoke/qt/x_16.cpp:10340:42: warning: 'long long' is a C++11 extension [-Wc++11-long-long]
     /tmp/RtmpOLEJbw/R.INSTALL3d2970018b2d/qtbase/tools/kdebindings-build/smoke/qt/x_16.cpp:10340:13: warning: 'long long' is a C++11 extension [-Wc++11-long-long]
     /tmp/RtmpOLEJbw/R.INSTALL3d2970018b2d/qtbase/tools/kdebindings-build/smoke/qt/x_16.cpp:10352:46: warning: 'long long' is a C++11 extension [-Wc++11-long-long]
     /tmp/RtmpOLEJbw/R.INSTALL3d2970018b2d/qtbase/tools/kdebindings-build/smoke/qt/x_16.cpp:10352:13: warning: 'long long' is a C++11 extension [-Wc++11-long-long]
     /tmp/RtmpOLEJbw/R.INSTALL3d2970018b2d/qtbase/tools/kdebindings-build/smoke/qt/x_16.cpp:10364:49: warning: 'long long' is a C++11 extension [-Wc++11-long-long]
     /tmp/RtmpOLEJbw/R.INSTALL3d2970018b2d/qtbase/tools/kdebindings-build/smoke/qt/x_16.cpp:10364:13: warning: 'long long' is a C++11 extension [-Wc++11-long-long]
     /tmp/RtmpOLEJbw/R.INSTALL3d2970018b2d/qtbase/tools/kdebindings-build/smoke/qt/x_16.cpp:10270:13: warning: 'long long' is a C++11 extension [-Wc++11-long-long]
     /tmp/RtmpOLEJbw/R.INSTALL3d2970018b2d/qtbase/tools/kdebindings-build/smoke/qt/x_16.cpp:10270:32: warning: 'long long' is a C++11 extension [-Wc++11-long-long]
     /tmp/RtmpOLEJbw/R.INSTALL3d2970018b2d/qtbase/tools/kdebindings-build/smoke/qt/x_16.cpp:10271:13: warning: 'long long' is a C++11 extension [-Wc++11-long-long]
     /tmp/RtmpOLEJbw/R.INSTALL3d2970018b2d/qtbase/tools/kdebindings-build/smoke/qt/x_16.cpp:10280:13: warning: 'long long' is a C++11 extension [-Wc++11-long-long]
     /tmp/RtmpOLEJbw/R.INSTALL3d2970018b2d/qtbase/tools/kdebindings-build/smoke/qt/x_16.cpp:10280:32: warning: 'long long' is a C++11 extension [-Wc++11-long-long]
     /tmp/RtmpOLEJbw/R.INSTALL3d2970018b2d/qtbase/tools/kdebindings-build/smoke/qt/x_16.cpp:10281:13: warning: 'long long' is a C++11 extension [-Wc++11-long-long]
     /tmp/RtmpOLEJbw/R.INSTALL3d2970018b2d/qtbase/tools/kdebindings-build/smoke/qt/x_16.cpp:10289:35: warning: 'long long' is a C++11 extension [-Wc++11-long-long]
     /tmp/RtmpOLEJbw/R.INSTALL3d2970018b2d/qtbase/tools/kdebindings-build/smoke/qt/x_16.cpp:10306:13: warning: 'long long' is a C++11 extension [-Wc++11-long-long]
     /tmp/RtmpOLEJbw/R.INSTALL3d2970018b2d/qtbase/tools/kdebindings-build/smoke/qt/x_16.cpp:10306:32: warning: 'long long' is a C++11 extension [-Wc++11-long-long]
     /tmp/RtmpOLEJbw/R.INSTALL3d2970018b2d/qtbase/tools/kdebindings-build/smoke/qt/x_16.cpp:10307:13: warning: 'long long' is a C++11 extension [-Wc++11-long-long]
     /tmp/RtmpOLEJbw/R.INSTALL3d2970018b2d/qtbase/tools/kdebindings-build/smoke/qt/x_16.cpp:10316:13: warning: 'long long' is a C++11 extension [-Wc++11-long-long]
     /tmp/RtmpOLEJbw/R.INSTALL3d2970018b2d/qtbase/tools/kdebindings-build/smoke/qt/x_16.cpp:10316:32: warning: 'long long' is a C++11 extension [-Wc++11-long-long]
     /tmp/RtmpOLEJbw/R.INSTALL3d2970018b2d/qtbase/tools/kdebindings-build/smoke/qt/x_16.cpp:10317:13: warning: 'long long' is a C++11 extension [-Wc++11-long-long]
     /tmp/RtmpOLEJbw/R.INSTALL3d2970018b2d/qtbase/tools/kdebindings-build/smoke/qt/x_16.cpp:10343:35: warning: 'long long' is a C++11 extension [-Wc++11-long-long]
     /tmp/RtmpOLEJbw/R.INSTALL3d2970018b2d/qtbase/tools/kdebindings-build/smoke/qt/x_16.cpp:10345:13: warning: 'long long' is a C++11 extension [-Wc++11-long-long]
     /tmp/RtmpOLEJbw/R.INSTALL3d2970018b2d/qtbase/tools/kdebindings-build/smoke/qt/x_16.cpp:10345:32: warning: 'long long' is a C++11 extension [-Wc++11-long-long]
     /tmp/RtmpOLEJbw/R.INSTALL3d2970018b2d/qtbase/tools/kdebindings-build/smoke/qt/x_16.cpp:10346:13: warning: 'long long' is a C++11 extension [-Wc++11-long-long]
     /tmp/RtmpOLEJbw/R.INSTALL3d2970018b2d/qtbase/tools/kdebindings-build/smoke/qt/x_16.cpp:10355:35: warning: 'long long' is a C++11 extension [-Wc++11-long-long]
     /tmp/RtmpOLEJbw/R.INSTALL3d2970018b2d/qtbase/tools/kdebindings-build/smoke/qt/x_16.cpp:10357:13: warning: 'long long' is a C++11 extension [-Wc++11-long-long]
     /tmp/RtmpOLEJbw/R.INSTALL3d2970018b2d/qtbase/tools/kdebindings-build/smoke/qt/x_16.cpp:10357:32: warning: 'long long' is a C++11 extension [-Wc++11-long-long]
     /tmp/RtmpOLEJbw/R.INSTALL3d2970018b2d/qtbase/tools/kdebindings-build/smoke/qt/x_16.cpp:10358:13: warning: 'long long' is a C++11 extension [-Wc++11-long-long]
     /tmp/RtmpOLEJbw/R.INSTALL3d2970018b2d/qtbase/tools/kdebindings-build/smoke/qt/x_16.cpp:10367:35: warning: 'long long' is a C++11 extension [-Wc++11-long-long]
     /tmp/RtmpOLEJbw/R.INSTALL3d2970018b2d/qtbase/tools/kdebindings-build/smoke/qt/x_16.cpp:10369:13: warning: 'long long' is a C++11 extension [-Wc++11-long-long]
     /tmp/RtmpOLEJbw/R.INSTALL3d2970018b2d/qtbase/tools/kdebindings-build/smoke/qt/x_16.cpp:10369:32: warning: 'long long' is a C++11 extension [-Wc++11-long-long]
     /tmp/RtmpOLEJbw/R.INSTALL3d2970018b2d/qtbase/tools/kdebindings-build/smoke/qt/x_16.cpp:10370:13: warning: 'long long' is a C++11 extension [-Wc++11-long-long]
     /tmp/RtmpOLEJbw/R.INSTALL3d2970018b2d/qtbase/tools/kdebindings-build/smoke/qt/x_16.cpp:10635:13: warning: 'long long' is a C++11 extension [-Wc++11-long-long]
     /tmp/RtmpOLEJbw/R.INSTALL3d2970018b2d/qtbase/tools/kdebindings-build/smoke/qt/x_16.cpp:10645:13: warning: 'long long' is a C++11 extension [-Wc++11-long-long]
     /tmp/RtmpOLEJbw/R.INSTALL3d2970018b2d/qtbase/tools/kdebindings-build/smoke/qt/x_16.cpp:10655:23: warning: 'long long' is a C++11 extension [-Wc++11-long-long]
     /tmp/RtmpOLEJbw/R.INSTALL3d2970018b2d/qtbase/tools/kdebindings-build/smoke/qt/x_16.cpp:10671:13: warning: 'long long' is a C++11 extension [-Wc++11-long-long]
     /tmp/RtmpOLEJbw/R.INSTALL3d2970018b2d/qtbase/tools/kdebindings-build/smoke/qt/x_16.cpp:10681:13: warning: 'long long' is a C++11 extension [-Wc++11-long-long]
     /tmp/RtmpOLEJbw/R.INSTALL3d2970018b2d/qtbase/tools/kdebindings-build/smoke/qt/x_16.cpp:10708:42: warning: 'long long' is a C++11 extension [-Wc++11-long-long]
     /tmp/RtmpOLEJbw/R.INSTALL3d2970018b2d/qtbase/tools/kdebindings-build/smoke/qt/x_16.cpp:10708:13: warning: 'long long' is a C++11 extension [-Wc++11-long-long]
     /tmp/RtmpOLEJbw/R.INSTALL3d2970018b2d/qtbase/tools/kdebindings-build/smoke/qt/x_16.cpp:10720:46: warning: 'long long' is a C++11 extension [-Wc++11-long-long]
     /tmp/RtmpOLEJbw/R.INSTALL3d2970018b2d/qtbase/tools/kdebindings-build/smoke/qt/x_16.cpp:10720:13: warning: 'long long' is a C++11 extension [-Wc++11-long-long]
     /tmp/RtmpOLEJbw/R.INSTALL3d2970018b2d/qtbase/tools/kdebindings-build/smoke/qt/x_16.cpp:10732:49: warning: 'long long' is a C++11 extension [-Wc++11-long-long]
     /tmp/RtmpOLEJbw/R.INSTALL3d2970018b2d/qtbase/tools/kdebindings-build/smoke/qt/x_16.cpp:10732:13: warning: 'long long' is a C++11 extension [-Wc++11-long-long]
     /tmp/RtmpOLEJbw/R.INSTALL3d2970018b2d/qtbase/tools/kdebindings-build/smoke/qt/x_16.cpp:10638:13: warning: 'long long' is a C++11 extension [-Wc++11-long-long]
     /tmp/RtmpOLEJbw/R.INSTALL3d2970018b2d/qtbase/tools/kdebindings-build/smoke/qt/x_16.cpp:10638:32: warning: 'long long' is a C++11 extension [-Wc++11-long-long]
     /tmp/RtmpOLEJbw/R.INSTALL3d2970018b2d/qtbase/tools/kdebindings-build/smoke/qt/x_16.cpp:10639:13: warning: 'long long' is a C++11 extension [-Wc++11-long-long]
     /tmp/RtmpOLEJbw/R.INSTALL3d2970018b2d/qtbase/tools/kdebindings-build/smoke/qt/x_16.cpp:10648:13: warning: 'long long' is a C++11 extension [-Wc++11-long-long]
     /tmp/RtmpOLEJbw/R.INSTALL3d2970018b2d/qtbase/tools/kdebindings-build/smoke/qt/x_16.cpp:10648:32: warning: 'long long' is a C++11 extension [-Wc++11-long-long]
     /tmp/RtmpOLEJbw/R.INSTALL3d2970018b2d/qtbase/tools/kdebindings-build/smoke/qt/x_16.cpp:10649:13: warning: 'long long' is a C++11 extension [-Wc++11-long-long]
     /tmp/RtmpOLEJbw/R.INSTALL3d2970018b2d/qtbase/tools/kdebindings-build/smoke/qt/x_16.cpp:10657:35: warning: 'long long' is a C++11 extension [-Wc++11-long-long]
     /tmp/RtmpOLEJbw/R.INSTALL3d2970018b2d/qtbase/tools/kdebindings-build/smoke/qt/x_16.cpp:10674:13: warning: 'long long' is a C++11 extension [-Wc++11-long-long]
     /tmp/RtmpOLEJbw/R.INSTALL3d2970018b2d/qtbase/tools/kdebindings-build/smoke/qt/x_16.cpp:10674:32: warning: 'long long' is a C++11 extension [-Wc++11-long-long]
     /tmp/RtmpOLEJbw/R.INSTALL3d2970018b2d/qtbase/tools/kdebindings-build/smoke/qt/x_16.cpp:10675:13: warning: 'long long' is a C++11 extension [-Wc++11-long-long]
     /tmp/RtmpOLEJbw/R.INSTALL3d2970018b2d/qtbase/tools/kdebindings-build/smoke/qt/x_16.cpp:10684:13: warning: 'long long' is a C++11 extension [-Wc++11-long-long]
     /tmp/RtmpOLEJbw/R.INSTALL3d2970018b2d/qtbase/tools/kdebindings-build/smoke/qt/x_16.cpp:10684:32: warning: 'long long' is a C++11 extension [-Wc++11-long-long]
     /tmp/RtmpOLEJbw/R.INSTALL3d2970018b2d/qtbase/tools/kdebindings-build/smoke/qt/x_16.cpp:10685:13: warning: 'long long' is a C++11 extension [-Wc++11-long-long]
     /tmp/RtmpOLEJbw/R.INSTALL3d2970018b2d/qtbase/tools/kdebindings-build/smoke/qt/x_16.cpp:10711:35: warning: 'long long' is a C++11 extension [-Wc++11-long-long]
     /tmp/RtmpOLEJbw/R.INSTALL3d2970018b2d/qtbase/tools/kdebindings-build/smoke/qt/x_16.cpp:10713:13: warning: 'long long' is a C++11 extension [-Wc++11-long-long]
     /tmp/RtmpOLEJbw/R.INSTALL3d2970018b2d/qtbase/tools/kdebindings-build/smoke/qt/x_16.cpp:10713:32: warning: 'long long' is a C++11 extension [-Wc++11-long-long]
     /tmp/RtmpOLEJbw/R.INSTALL3d2970018b2d/qtbase/tools/kdebindings-build/smoke/qt/x_16.cpp:10714:13: warning: 'long long' is a C++11 extension [-Wc++11-long-long]
     /tmp/RtmpOLEJbw/R.INSTALL3d2970018b2d/qtbase/tools/kdebindings-build/smoke/qt/x_16.cpp:10723:35: warning: 'long long' is a C++11 extension [-Wc++11-long-long]
     /tmp/RtmpOLEJbw/R.INSTALL3d2970018b2d/qtbase/tools/kdebindings-build/smoke/qt/x_16.cpp:10725:13: warning: 'long long' is a C++11 extension [-Wc++11-long-long]
     /tmp/RtmpOLEJbw/R.INSTALL3d2970018b2d/qtbase/tools/kdebindings-build/smoke/qt/x_16.cpp:10725:32: warning: 'long long' is a C++11 extension [-Wc++11-long-long]
     /tmp/RtmpOLEJbw/R.INSTALL3d2970018b2d/qtbase/tools/kdebindings-build/smoke/qt/x_16.cpp:10726:13: warning: 'long long' is a C++11 extension [-Wc++11-long-long]
     /tmp/RtmpOLEJbw/R.INSTALL3d2970018b2d/qtbase/tools/kdebindings-build/smoke/qt/x_16.cpp:10735:35: warning: 'long long' is a C++11 extension [-Wc++11-long-long]
     /tmp/RtmpOLEJbw/R.INSTALL3d2970018b2d/qtbase/tools/kdebindings-build/smoke/qt/x_16.cpp:10737:13: warning: 'long long' is a C++11 extension [-Wc++11-long-long]
     /tmp/RtmpOLEJbw/R.INSTALL3d2970018b2d/qtbase/tools/kdebindings-build/smoke/qt/x_16.cpp:10737:32: warning: 'long long' is a C++11 extension [-Wc++11-long-long]
     /tmp/RtmpOLEJbw/R.INSTALL3d2970018b2d/qtbase/tools/kdebindings-build/smoke/qt/x_16.cpp:10738:13: warning: 'long long' is a C++11 extension [-Wc++11-long-long]
     /tmp/RtmpOLEJbw/R.INSTALL3d2970018b2d/qtbase/tools/kdebindings-build/smoke/qt/x_18.cpp:1497:47: warning: 'long long' is a C++11 extension [-Wc++11-long-long]
     /tmp/RtmpOLEJbw/R.INSTALL3d2970018b2d/qtbase/tools/kdebindings-build/smoke/qt/x_18.cpp:1502:9: warning: 'long long' is a C++11 extension [-Wc++11-long-long]
     /tmp/RtmpOLEJbw/R.INSTALL3d2970018b2d/qtbase/tools/kdebindings-build/smoke/qt/x_18.cpp:1503:35: warning: 'long long' is a C++11 extension [-Wc++11-long-long]
     /tmp/RtmpOLEJbw/R.INSTALL3d2970018b2d/qtbase/tools/kdebindings-build/smoke/qt/x_18.cpp:1512:54: warning: 'long long' is a C++11 extension [-Wc++11-long-long]
     /tmp/RtmpOLEJbw/R.INSTALL3d2970018b2d/qtbase/tools/kdebindings-build/smoke/qt/x_18.cpp:1522:50: warning: 'long long' is a C++11 extension [-Wc++11-long-long]
     /tmp/RtmpOLEJbw/R.INSTALL3d2970018b2d/qtbase/tools/kdebindings-build/smoke/qt/x_18.cpp:1637:61: warning: 'long long' is a C++11 extension [-Wc++11-long-long]
     /tmp/RtmpOLEJbw/R.INSTALL3d2970018b2d/qtbase/tools/kdebindings-build/smoke/qt/x_18.cpp:1642:70: warning: 'long long' is a C++11 extension [-Wc++11-long-long]
     /tmp/RtmpOLEJbw/R.INSTALL3d2970018b2d/qtbase/tools/kdebindings-build/smoke/qt/x_18.cpp:1717:61: warning: 'long long' is a C++11 extension [-Wc++11-long-long]
     /tmp/RtmpOLEJbw/R.INSTALL3d2970018b2d/qtbase/tools/kdebindings-build/smoke/qt/x_18.cpp:1722:70: warning: 'long long' is a C++11 extension [-Wc++11-long-long]
     /tmp/RtmpOLEJbw/R.INSTALL3d2970018b2d/qtbase/tools/kdebindings-build/smoke/qt/x_18.cpp:1777:53: warning: 'long long' is a C++11 extension [-Wc++11-long-long]
     /tmp/RtmpOLEJbw/R.INSTALL3d2970018b2d/qtbase/tools/kdebindings-build/smoke/qt/x_18.cpp:10838:13: warning: 'long long' is a C++11 extension [-Wc++11-long-long]
     /tmp/RtmpOLEJbw/R.INSTALL3d2970018b2d/qtbase/tools/kdebindings-build/smoke/qt/x_18.cpp:10848:13: warning: 'long long' is a C++11 extension [-Wc++11-long-long]
     /tmp/RtmpOLEJbw/R.INSTALL3d2970018b2d/qtbase/tools/kdebindings-build/smoke/qt/x_18.cpp:10858:23: warning: 'long long' is a C++11 extension [-Wc++11-long-long]
     /tmp/RtmpOLEJbw/R.INSTALL3d2970018b2d/qtbase/tools/kdebindings-build/smoke/qt/x_18.cpp:10874:13: warning: 'long long' is a C++11 extension [-Wc++11-long-long]
     /tmp/RtmpOLEJbw/R.INSTALL3d2970018b2d/qtbase/tools/kdebindings-build/smoke/qt/x_18.cpp:10884:13: warning: 'long long' is a C++11 extension [-Wc++11-long-long]
     /tmp/RtmpOLEJbw/R.INSTALL3d2970018b2d/qtbase/tools/kdebindings-build/smoke/qt/x_18.cpp:10911:42: warning: 'long long' is a C++11 extension [-Wc++11-long-long]
     /tmp/RtmpOLEJbw/R.INSTALL3d2970018b2d/qtbase/tools/kdebindings-build/smoke/qt/x_18.cpp:10911:13: warning: 'long long' is a C++11 extension [-Wc++11-long-long]
     /tmp/RtmpOLEJbw/R.INSTALL3d2970018b2d/qtbase/tools/kdebindings-build/smoke/qt/x_18.cpp:10923:46: warning: 'long long' is a C++11 extension [-Wc++11-long-long]
     /tmp/RtmpOLEJbw/R.INSTALL3d2970018b2d/qtbase/tools/kdebindings-build/smoke/qt/x_18.cpp:10923:13: warning: 'long long' is a C++11 extension [-Wc++11-long-long]
     /tmp/RtmpOLEJbw/R.INSTALL3d2970018b2d/qtbase/tools/kdebindings-build/smoke/qt/x_18.cpp:10935:49: warning: 'long long' is a C++11 extension [-Wc++11-long-long]
     /tmp/RtmpOLEJbw/R.INSTALL3d2970018b2d/qtbase/tools/kdebindings-build/smoke/qt/x_18.cpp:10935:13: warning: 'long long' is a C++11 extension [-Wc++11-long-long]
     /tmp/RtmpOLEJbw/R.INSTALL3d2970018b2d/qtbase/tools/kdebindings-build/smoke/qt/x_18.cpp:10739:9: warning: 'long long' is a C++11 extension [-Wc++11-long-long]
     /tmp/RtmpOLEJbw/R.INSTALL3d2970018b2d/qtbase/tools/kdebindings-build/smoke/qt/x_18.cpp:10740:35: warning: 'long long' is a C++11 extension [-Wc++11-long-long]
     /tmp/RtmpOLEJbw/R.INSTALL3d2970018b2d/qtbase/tools/kdebindings-build/smoke/qt/x_18.cpp:10744:9: warning: 'long long' is a C++11 extension [-Wc++11-long-long]
     /tmp/RtmpOLEJbw/R.INSTALL3d2970018b2d/qtbase/tools/kdebindings-build/smoke/qt/x_18.cpp:10744:79: warning: 'long long' is a C++11 extension [-Wc++11-long-long]
     /tmp/RtmpOLEJbw/R.INSTALL3d2970018b2d/qtbase/tools/kdebindings-build/smoke/qt/x_18.cpp:10745:35: warning: 'long long' is a C++11 extension [-Wc++11-long-long]
     /tmp/RtmpOLEJbw/R.INSTALL3d2970018b2d/qtbase/tools/kdebindings-build/smoke/qt/x_18.cpp:10749:9: warning: 'long long' is a C++11 extension [-Wc++11-long-long]
     /tmp/RtmpOLEJbw/R.INSTALL3d2970018b2d/qtbase/tools/kdebindings-build/smoke/qt/x_18.cpp:10749:86: warning: 'long long' is a C++11 extension [-Wc++11-long-long]
     /tmp/RtmpOLEJbw/R.INSTALL3d2970018b2d/qtbase/tools/kdebindings-build/smoke/qt/x_18.cpp:10750:35: warning: 'long long' is a C++11 extension [-Wc++11-long-long]
     /tmp/RtmpOLEJbw/R.INSTALL3d2970018b2d/qtbase/tools/kdebindings-build/smoke/qt/x_18.cpp:10754:9: warning: 'long long' is a C++11 extension [-Wc++11-long-long]
     /tmp/RtmpOLEJbw/R.INSTALL3d2970018b2d/qtbase/tools/kdebindings-build/smoke/qt/x_18.cpp:10755:35: warning: 'long long' is a C++11 extension [-Wc++11-long-long]
     /tmp/RtmpOLEJbw/R.INSTALL3d2970018b2d/qtbase/tools/kdebindings-build/smoke/qt/x_18.cpp:10779:9: warning: 'long long' is a C++11 extension [-Wc++11-long-long]
     /tmp/RtmpOLEJbw/R.INSTALL3d2970018b2d/qtbase/tools/kdebindings-build/smoke/qt/x_18.cpp:10779:79: warning: 'long long' is a C++11 extension [-Wc++11-long-long]
     /tmp/RtmpOLEJbw/R.INSTALL3d2970018b2d/qtbase/tools/kdebindings-build/smoke/qt/x_18.cpp:10780:35: warning: 'long long' is a C++11 extension [-Wc++11-long-long]
     /tmp/RtmpOLEJbw/R.INSTALL3d2970018b2d/qtbase/tools/kdebindings-build/smoke/qt/x_18.cpp:10784:9: warning: 'long long' is a C++11 extension [-Wc++11-long-long]
     /tmp/RtmpOLEJbw/R.INSTALL3d2970018b2d/qtbase/tools/kdebindings-build/smoke/qt/x_18.cpp:10784:79: warning: 'long long' is a C++11 extension [-Wc++11-long-long]
     /tmp/RtmpOLEJbw/R.INSTALL3d2970018b2d/qtbase/tools/kdebindings-build/smoke/qt/x_18.cpp:10785:35: warning: 'long long' is a C++11 extension [-Wc++11-long-long]
     /tmp/RtmpOLEJbw/R.INSTALL3d2970018b2d/qtbase/tools/kdebindings-build/smoke/qt/x_18.cpp:10841:13: warning: 'long long' is a C++11 extension [-Wc++11-long-long]
     /tmp/RtmpOLEJbw/R.INSTALL3d2970018b2d/qtbase/tools/kdebindings-build/smoke/qt/x_18.cpp:10841:32: warning: 'long long' is a C++11 extension [-Wc++11-long-long]
     /tmp/RtmpOLEJbw/R.INSTALL3d2970018b2d/qtbase/tools/kdebindings-build/smoke/qt/x_18.cpp:10842:13: warning: 'long long' is a C++11 extension [-Wc++11-long-long]
     /tmp/RtmpOLEJbw/R.INSTALL3d2970018b2d/qtbase/tools/kdebindings-build/smoke/qt/x_18.cpp:10851:13: warning: 'long long' is a C++11 extension [-Wc++11-long-long]
     /tmp/RtmpOLEJbw/R.INSTALL3d2970018b2d/qtbase/tools/kdebindings-build/smoke/qt/x_18.cpp:10851:32: warning: 'long long' is a C++11 extension [-Wc++11-long-long]
     /tmp/RtmpOLEJbw/R.INSTALL3d2970018b2d/qtbase/tools/kdebindings-build/smoke/qt/x_18.cpp:10852:13: warning: 'long long' is a C++11 extension [-Wc++11-long-long]
     /tmp/RtmpOLEJbw/R.INSTALL3d2970018b2d/qtbase/tools/kdebindings-build/smoke/qt/x_18.cpp:10860:35: warning: 'long long' is a C++11 extension [-Wc++11-long-long]
     /tmp/RtmpOLEJbw/R.INSTALL3d2970018b2d/qtbase/tools/kdebindings-build/smoke/qt/x_18.cpp:10877:13: warning: 'long long' is a C++11 extension [-Wc++11-long-long]
     /tmp/RtmpOLEJbw/R.INSTALL3d2970018b2d/qtbase/tools/kdebindings-build/smoke/qt/x_18.cpp:10877:32: warning: 'long long' is a C++11 extension [-Wc++11-long-long]
     /tmp/RtmpOLEJbw/R.INSTALL3d2970018b2d/qtbase/tools/kdebindings-build/smoke/qt/x_18.cpp:10878:13: warning: 'long long' is a C++11 extension [-Wc++11-long-long]
     /tmp/RtmpOLEJbw/R.INSTALL3d2970018b2d/qtbase/tools/kdebindings-build/smoke/qt/x_18.cpp:10887:13: warning: 'long long' is a C++11 extension [-Wc++11-long-long]
     /tmp/RtmpOLEJbw/R.INSTALL3d2970018b2d/qtbase/tools/kdebindings-build/smoke/qt/x_18.cpp:10887:32: warning: 'long long' is a C++11 extension [-Wc++11-long-long]
     /tmp/RtmpOLEJbw/R.INSTALL3d2970018b2d/qtbase/tools/kdebindings-build/smoke/qt/x_18.cpp:10888:13: warning: 'long long' is a C++11 extension [-Wc++11-long-long]
     /tmp/RtmpOLEJbw/R.INSTALL3d2970018b2d/qtbase/tools/kdebindings-build/smoke/qt/x_18.cpp:10914:35: warning: 'long long' is a C++11 extension [-Wc++11-long-long]
     /tmp/RtmpOLEJbw/R.INSTALL3d2970018b2d/qtbase/tools/kdebindings-build/smoke/qt/x_18.cpp:10916:13: warning: 'long long' is a C++11 extension [-Wc++11-long-long]
     /tmp/RtmpOLEJbw/R.INSTALL3d2970018b2d/qtbase/tools/kdebindings-build/smoke/qt/x_18.cpp:10916:32: warning: 'long long' is a C++11 extension [-Wc++11-long-long]
     /tmp/RtmpOLEJbw/R.INSTALL3d2970018b2d/qtbase/tools/kdebindings-build/smoke/qt/x_18.cpp:10917:13: warning: 'long long' is a C++11 extension [-Wc++11-long-long]
     /tmp/RtmpOLEJbw/R.INSTALL3d2970018b2d/qtbase/tools/kdebindings-build/smoke/qt/x_18.cpp:10926:35: warning: 'long long' is a C++11 extension [-Wc++11-long-long]
     /tmp/RtmpOLEJbw/R.INSTALL3d2970018b2d/qtbase/tools/kdebindings-build/smoke/qt/x_18.cpp:10928:13: warning: 'long long' is a C++11 extension [-Wc++11-long-long]
     /tmp/RtmpOLEJbw/R.INSTALL3d2970018b2d/qtbase/tools/kdebindings-build/smoke/qt/x_18.cpp:10928:32: warning: 'long long' is a C++11 extension [-Wc++11-long-long]
     /tmp/RtmpOLEJbw/R.INSTALL3d2970018b2d/qtbase/tools/kdebindings-build/smoke/qt/x_18.cpp:10929:13: warning: 'long long' is a C++11 extension [-Wc++11-long-long]
     /tmp/RtmpOLEJbw/R.INSTALL3d2970018b2d/qtbase/tools/kdebindings-build/smoke/qt/x_18.cpp:10938:35: warning: 'long long' is a C++11 extension [-Wc++11-long-long]
     /tmp/RtmpOLEJbw/R.INSTALL3d2970018b2d/qtbase/tools/kdebindings-build/smoke/qt/x_18.cpp:10940:13: warning: 'long long' is a C++11 extension [-Wc++11-long-long]
     /tmp/RtmpOLEJbw/R.INSTALL3d2970018b2d/qtbase/tools/kdebindings-build/smoke/qt/x_18.cpp:10940:32: warning: 'long long' is a C++11 extension [-Wc++11-long-long]
     /tmp/RtmpOLEJbw/R.INSTALL3d2970018b2d/qtbase/tools/kdebindings-build/smoke/qt/x_18.cpp:10941:13: warning: 'long long' is a C++11 extension [-Wc++11-long-long]
     /tmp/RtmpOLEJbw/R.INSTALL3d2970018b2d/qtbase/tools/kdebindings-build/smoke/qt/x_19.cpp:1158:90: warning: 'long long' is a C++11 extension [-Wc++11-long-long]
     /tmp/RtmpOLEJbw/R.INSTALL3d2970018b2d/qtbase/tools/kdebindings-build/smoke/qt/x_19.cpp:1164:87: warning: 'long long' is a C++11 extension [-Wc++11-long-long]
     /tmp/RtmpOLEJbw/R.INSTALL3d2970018b2d/qtbase/tools/kdebindings-build/smoke/qt/x_19.cpp:1443:26: warning: 'long long' is a C++11 extension [-Wc++11-long-long]
     /tmp/RtmpOLEJbw/R.INSTALL3d2970018b2d/qtbase/tools/kdebindings-build/smoke/qt/x_19.cpp:1155:151: warning: 'long long' is a C++11 extension [-Wc++11-long-long]
     /tmp/RtmpOLEJbw/R.INSTALL3d2970018b2d/qtbase/tools/kdebindings-build/smoke/qt/x_19.cpp:1161:148: warning: 'long long' is a C++11 extension [-Wc++11-long-long]
     /tmp/RtmpOLEJbw/R.INSTALL3d2970018b2d/qtbase/tools/kdebindings-build/smoke/qt/x_19.cpp:1233:39: warning: 'long long' is a C++11 extension [-Wc++11-long-long]
     /tmp/RtmpOLEJbw/R.INSTALL3d2970018b2d/qtbase/tools/kdebindings-build/smoke/qt/x_19.cpp:1236:29: warning: 'long long' is a C++11 extension [-Wc++11-long-long]
     /tmp/RtmpOLEJbw/R.INSTALL3d2970018b2d/qtbase/tools/kdebindings-build/smoke/qt/x_19.cpp:1312:9: warning: 'long long' is a C++11 extension [-Wc++11-long-long]
     /tmp/RtmpOLEJbw/R.INSTALL3d2970018b2d/qtbase/tools/kdebindings-build/smoke/qt/x_19.cpp:1313:35: warning: 'long long' is a C++11 extension [-Wc++11-long-long]
     /tmp/RtmpOLEJbw/R.INSTALL3d2970018b2d/qtbase/tools/kdebindings-build/smoke/qt/x_19.cpp:1445:35: warning: 'long long' is a C++11 extension [-Wc++11-long-long]
     /tmp/RtmpOLEJbw/R.INSTALL3d2970018b2d/qtbase/tools/kdebindings-build/smoke/qt/x_19.cpp:2355:25: warning: 'long long' is a C++11 extension [-Wc++11-long-long]
     /tmp/RtmpOLEJbw/R.INSTALL3d2970018b2d/qtbase/tools/kdebindings-build/smoke/qt/x_19.cpp:2361:34: warning: 'long long' is a C++11 extension [-Wc++11-long-long]
     /tmp/RtmpOLEJbw/R.INSTALL3d2970018b2d/qtbase/tools/kdebindings-build/smoke/qt/x_19.cpp:2352:45: warning: 'long long' is a C++11 extension [-Wc++11-long-long]
     /tmp/RtmpOLEJbw/R.INSTALL3d2970018b2d/qtbase/tools/kdebindings-build/smoke/qt/x_19.cpp:2358:54: warning: 'long long' is a C++11 extension [-Wc++11-long-long]
     /tmp/RtmpOLEJbw/R.INSTALL3d2970018b2d/qtbase/tools/kdebindings-build/smoke/qt/x_19.cpp:2608:9: warning: 'long long' is a C++11 extension [-Wc++11-long-long]
     /tmp/RtmpOLEJbw/R.INSTALL3d2970018b2d/qtbase/tools/kdebindings-build/smoke/qt/x_19.cpp:2609:35: warning: 'long long' is a C++11 extension [-Wc++11-long-long]
     /tmp/RtmpOLEJbw/R.INSTALL3d2970018b2d/qtbase/tools/kdebindings-build/smoke/qt/x_19.cpp:2613:18: warning: 'long long' is a C++11 extension [-Wc++11-long-long]
     /tmp/RtmpOLEJbw/R.INSTALL3d2970018b2d/qtbase/tools/kdebindings-build/smoke/qt/x_19.cpp:2614:44: warning: 'long long' is a C++11 extension [-Wc++11-long-long]
     /tmp/RtmpOLEJbw/R.INSTALL3d2970018b2d/qtbase/tools/kdebindings-build/smoke/qt/x_19.cpp:2823:9: warning: 'long long' is a C++11 extension [-Wc++11-long-long]
     /tmp/RtmpOLEJbw/R.INSTALL3d2970018b2d/qtbase/tools/kdebindings-build/smoke/qt/x_19.cpp:2824:35: warning: 'long long' is a C++11 extension [-Wc++11-long-long]
     /tmp/RtmpOLEJbw/R.INSTALL3d2970018b2d/qtbase/tools/kdebindings-build/smoke/qt/x_19.cpp:2828:18: warning: 'long long' is a C++11 extension [-Wc++11-long-long]
     /tmp/RtmpOLEJbw/R.INSTALL3d2970018b2d/qtbase/tools/kdebindings-build/smoke/qt/x_19.cpp:2829:44: warning: 'long long' is a C++11 extension [-Wc++11-long-long]
     /tmp/RtmpOLEJbw/R.INSTALL3d2970018b2d/qtbase/tools/kdebindings-build/smoke/qt/x_19.cpp:4283:9: warning: 'long long' is a C++11 extension [-Wc++11-long-long]
     /tmp/RtmpOLEJbw/R.INSTALL3d2970018b2d/qtbase/tools/kdebindings-build/smoke/qt/x_19.cpp:4284:35: warning: 'long long' is a C++11 extension [-Wc++11-long-long]
     /tmp/RtmpOLEJbw/R.INSTALL3d2970018b2d/qtbase/tools/kdebindings-build/smoke/qt/x_19.cpp:4288:9: warning: 'long long' is a C++11 extension [-Wc++11-long-long]
     /tmp/RtmpOLEJbw/R.INSTALL3d2970018b2d/qtbase/tools/kdebindings-build/smoke/qt/x_19.cpp:4289:35: warning: 'long long' is a C++11 extension [-Wc++11-long-long]
     /tmp/RtmpOLEJbw/R.INSTALL3d2970018b2d/qtbase/tools/kdebindings-build/smoke/qt/x_19.cpp:6854:18: warning: 'long long' is a C++11 extension [-Wc++11-long-long]
     /tmp/RtmpOLEJbw/R.INSTALL3d2970018b2d/qtbase/tools/kdebindings-build/smoke/qt/x_19.cpp:6855:44: warning: 'long long' is a C++11 extension [-Wc++11-long-long]
     /tmp/RtmpOLEJbw/R.INSTALL3d2970018b2d/qtbase/tools/kdebindings-build/smoke/qt/x_19.cpp:6859:18: warning: 'long long' is a C++11 extension [-Wc++11-long-long]
     /tmp/RtmpOLEJbw/R.INSTALL3d2970018b2d/qtbase/tools/kdebindings-build/smoke/qt/x_19.cpp:6860:44: warning: 'long long' is a C++11 extension [-Wc++11-long-long]
     /tmp/RtmpOLEJbw/R.INSTALL3d2970018b2d/qtbase/tools/kdebindings-build/smoke/qt/x_19.cpp:8702:9: warning: 'long long' is a C++11 extension [-Wc++11-long-long]
     /tmp/RtmpOLEJbw/R.INSTALL3d2970018b2d/qtbase/tools/kdebindings-build/smoke/qt/x_19.cpp:8703:35: warning: 'long long' is a C++11 extension [-Wc++11-long-long]
     /tmp/RtmpOLEJbw/R.INSTALL3d2970018b2d/qtbase/tools/kdebindings-build/smoke/qt/x_19.cpp:8707:9: warning: 'long long' is a C++11 extension [-Wc++11-long-long]
     /tmp/RtmpOLEJbw/R.INSTALL3d2970018b2d/qtbase/tools/kdebindings-build/smoke/qt/x_19.cpp:8708:35: warning: 'long long' is a C++11 extension [-Wc++11-long-long]
     /tmp/RtmpOLEJbw/R.INSTALL3d2970018b2d/qtbase/tools/kdebindings-build/smoke/qt/x_19.cpp:8712:54: warning: 'long long' is a C++11 extension [-Wc++11-long-long]
     /tmp/RtmpOLEJbw/R.INSTALL3d2970018b2d/qtbase/tools/kdebindings-build/smoke/qt/x_19.cpp:8717:62: warning: 'long long' is a C++11 extension [-Wc++11-long-long]
     /tmp/RtmpOLEJbw/R.INSTALL3d2970018b2d/qtbase/tools/kdebindings-build/smoke/qt/x_19.cpp:8888:55: warning: 'long long' is a C++11 extension [-Wc++11-long-long]
     /tmp/RtmpOLEJbw/R.INSTALL3d2970018b2d/qtbase/tools/kdebindings-build/smoke/qt/x_19.cpp:8893:9: warning: 'long long' is a C++11 extension [-Wc++11-long-long]
     /tmp/RtmpOLEJbw/R.INSTALL3d2970018b2d/qtbase/tools/kdebindings-build/smoke/qt/x_19.cpp:8894:35: warning: 'long long' is a C++11 extension [-Wc++11-long-long]
     /tmp/RtmpOLEJbw/R.INSTALL3d2970018b2d/qtbase/tools/kdebindings-build/smoke/qt/x_19.cpp:8908:60: warning: 'long long' is a C++11 extension [-Wc++11-long-long]
     /tmp/RtmpOLEJbw/R.INSTALL3d2970018b2d/qtbase/tools/kdebindings-build/smoke/qt/x_19.cpp:8913:9: warning: 'long long' is a C++11 extension [-Wc++11-long-long]
     /tmp/RtmpOLEJbw/R.INSTALL3d2970018b2d/qtbase/tools/kdebindings-build/smoke/qt/x_19.cpp:8914:35: warning: 'long long' is a C++11 extension [-Wc++11-long-long]
     /tmp/RtmpOLEJbw/R.INSTALL3d2970018b2d/qtbase/tools/kdebindings-build/smoke/qt/x_20.cpp:9281:9: warning: 'long long' is a C++11 extension [-Wc++11-long-long]
     /tmp/RtmpOLEJbw/R.INSTALL3d2970018b2d/qtbase/tools/kdebindings-build/smoke/qt/x_20.cpp:9282:35: warning: 'long long' is a C++11 extension [-Wc++11-long-long]
     /tmp/RtmpOLEJbw/R.INSTALL3d2970018b2d/qtbase/tools/kdebindings-build/smoke/qt/x_20.cpp:9296:9: warning: 'long long' is a C++11 extension [-Wc++11-long-long]
     /tmp/RtmpOLEJbw/R.INSTALL3d2970018b2d/qtbase/tools/kdebindings-build/smoke/qt/x_20.cpp:9297:35: warning: 'long long' is a C++11 extension [-Wc++11-long-long]
     /tmp/RtmpOLEJbw/R.INSTALL3d2970018b2d/qtbase/tools/kdebindings-build/smoke/qt/x_20.cpp:11736:9: warning: 'long long' is a C++11 extension [-Wc++11-long-long]
     /tmp/RtmpOLEJbw/R.INSTALL3d2970018b2d/qtbase/tools/kdebindings-build/smoke/qt/x_20.cpp:11737:35: warning: 'long long' is a C++11 extension [-Wc++11-long-long]
     /tmp/RtmpOLEJbw/R.INSTALL3d2970018b2d/qtbase/tools/kdebindings-build/smoke/qt/x_20.cpp:11741:9: warning: 'long long' is a C++11 extension [-Wc++11-long-long]
     /tmp/RtmpOLEJbw/R.INSTALL3d2970018b2d/qtbase/tools/kdebindings-build/smoke/qt/x_20.cpp:11742:35: warning: 'long long' is a C++11 extension [-Wc++11-long-long]
     /tmp/RtmpOLEJbw/R.INSTALL3d2970018b2d/qtbase/tools/kdebindings-build/smoke/qt/x_20.cpp:11746:9: warning: 'long long' is a C++11 extension [-Wc++11-long-long]
     /tmp/RtmpOLEJbw/R.INSTALL3d2970018b2d/qtbase/tools/kdebindings-build/smoke/qt/x_20.cpp:11747:35: warning: 'long long' is a C++11 extension [-Wc++11-long-long]
     /tmp/RtmpOLEJbw/R.INSTALL3d2970018b2d/qtbase/tools/kdebindings-build/smoke/qt/x_20.cpp:13033:37: warning: 'long long' is a C++11 extension [-Wc++11-long-long]
     /tmp/RtmpOLEJbw/R.INSTALL3d2970018b2d/qtbase/tools/kdebindings-build/smoke/qt/x_20.cpp:14118:46: warning: 'long long' is a C++11 extension [-Wc++11-long-long]
     /tmp/RtmpOLEJbw/R.INSTALL3d2970018b2d/qtbase/tools/kdebindings-build/smoke/qt/x_20.cpp:16128:9: warning: 'long long' is a C++11 extension [-Wc++11-long-long]
     /tmp/RtmpOLEJbw/R.INSTALL3d2970018b2d/qtbase/tools/kdebindings-build/smoke/qt/x_20.cpp:16129:35: warning: 'long long' is a C++11 extension [-Wc++11-long-long]
     /tmp/RtmpOLEJbw/R.INSTALL3d2970018b2d/qtbase/src/convert.hpp:178:21: warning: 'long long' is a C++11 extension [-Wc++11-long-long]
     /tmp/RtmpOLEJbw/R.INSTALL3d2970018b2d/qtbase/src/convert.hpp:178:1: warning: 'long long' is a C++11 extension [-Wc++11-long-long]
     /tmp/RtmpOLEJbw/R.INSTALL3d2970018b2d/qtbase/src/convert.hpp:183:21: warning: 'long long' is a C++11 extension [-Wc++11-long-long]
     /tmp/RtmpOLEJbw/R.INSTALL3d2970018b2d/qtbase/src/convert.hpp:191:39: warning: 'long long' is a C++11 extension [-Wc++11-long-long]
     /tmp/RtmpOLEJbw/R.INSTALL3d2970018b2d/qtbase/src/convert.hpp:191:10: warning: 'long long' is a C++11 extension [-Wc++11-long-long]
     /tmp/RtmpOLEJbw/R.INSTALL3d2970018b2d/qtbase/src/convert.hpp:196:30: warning: 'long long' is a C++11 extension [-Wc++11-long-long]
     /tmp/RtmpOLEJbw/R.INSTALL3d2970018b2d/qtbase/src/type-handlers.cpp:520:25: warning: 'long long' is a C++11 extension [-Wc++11-long-long]
     /tmp/RtmpOLEJbw/R.INSTALL3d2970018b2d/qtbase/src/type-handlers.cpp:527:34: warning: 'long long' is a C++11 extension [-Wc++11-long-long]
     /tmp/RtmpOLEJbw/R.INSTALL3d2970018b2d/qtbase/src/type-handlers.cpp:528:19: warning: 'long long' is a C++11 extension [-Wc++11-long-long]
     /tmp/RtmpOLEJbw/R.INSTALL3d2970018b2d/qtbase/src/type-handlers.cpp:861:22: warning: 'long long' is a C++11 extension [-Wc++11-long-long]
     /tmp/RtmpOLEJbw/R.INSTALL3d2970018b2d/qtbase/src/type-handlers.cpp:862:39: warning: 'long long' is a C++11 extension [-Wc++11-long-long]
     /tmp/RtmpOLEJbw/R.INSTALL3d2970018b2d/qtbase/src/type-handlers.cpp:863:31: warning: 'long long' is a C++11 extension [-Wc++11-long-long]
Flavor: r-devel-linux-x86_64-debian-clang

Version: 1.0.12
Check: dependencies in R code
Result: NOTE
    There are ::: calls to the package's namespace in its code. A package
     almost never needs to use ::: for its own objects:
     ‘compileMetaObject’
Flavors: r-devel-linux-x86_64-debian-clang, r-devel-linux-x86_64-debian-gcc, r-patched-linux-x86_64, r-release-linux-x86_64

Version: 1.0.12
Check: compiled code
Result: NOTE
    File ‘qtbase/libs/qtbase.so’:
     Found non-API calls to R: ‘R_CStackLimit’, ‘Rf_EncodeInteger’,
     ‘Rf_EncodeLogical’, ‘Rf_EncodeReal’, ‘Rf_formatInteger’,
     ‘Rf_formatLogical’, ‘Rf_formatReal’
    
    Compiled code should not call non-API entry points in R.
    
    See ‘Writing portable packages’ in the ‘Writing R Extensions’ manual.
Flavors: r-devel-linux-x86_64-debian-clang, r-devel-linux-x86_64-debian-gcc, r-patched-linux-x86_64, r-release-linux-x86_64

Version: 1.0.12
Flags: --no-stop-on-test-error
Check: whether package can be installed
Result: ERROR
    Installation failed.
Flavor: r-devel-linux-x86_64-fedora-clang

Version: 1.0.12
Flags: --no-stop-on-test-error
Check: installed package size
Result: NOTE
     installed size is 66.9Mb
     sub-directories of 1Mb or more:
     libs 56.7Mb
     local 9.4Mb
Flavor: r-devel-linux-x86_64-fedora-gcc

Version: 1.0.12
Flags: --no-stop-on-test-error
Check: dependencies in R code
Result: NOTE
    There are ::: calls to the package's namespace in its code. A package
     almost never needs to use ::: for its own objects:
     ‘compileMetaObject’
Flavor: r-devel-linux-x86_64-fedora-gcc

Version: 1.0.12
Flags: --no-stop-on-test-error
Check: compiled code
Result: NOTE
    File ‘qtbase/libs/qtbase.so’:
     Found non-API calls to R: ‘R_CStackLimit’, ‘Rf_EncodeInteger’,
     ‘Rf_EncodeLogical’, ‘Rf_EncodeReal’, ‘Rf_formatInteger’,
     ‘Rf_formatLogical’, ‘Rf_formatReal’
    
    Compiled code should not call non-API entry points in R.
    
    See ‘Writing portable packages’ in the ‘Writing R Extensions’ manual.
Flavor: r-devel-linux-x86_64-fedora-gcc

Version: 1.0.12
Check: whether package can be installed
Result: ERROR
    Installation failed.
Flavors: r-release-osx-x86_64, r-oldrel-osx-x86_64

Version: 1.0.11
Check: whether package can be installed
Result: ERROR
    Installation failed.
Flavor: r-oldrel-windows-ix86+x86_64