CRAN Package Check Results for Package qte

Last updated on 2022-01-21 18:50:23 CET.

Flavor Version Tinstall Tcheck Ttotal Status Flags
r-devel-linux-x86_64-debian-clang 1.3.0 19.33 177.67 197.00 OK
r-devel-linux-x86_64-debian-gcc 1.3.0 14.18 132.87 147.05 OK
r-devel-linux-x86_64-fedora-clang 1.3.0 237.48 NOTE
r-devel-linux-x86_64-fedora-gcc 1.3.0 220.27 NOTE
r-devel-windows-x86_64-new-UL 1.3.0 53.00 206.00 259.00 OK
r-devel-windows-x86_64-new-TK 1.3.0 NOTE
r-patched-linux-x86_64 1.3.0 20.32 170.83 191.15 OK
r-release-linux-x86_64 1.3.0 13.52 173.05 186.57 OK
r-release-macos-arm64 1.3.0 NOTE
r-release-macos-x86_64 1.3.0 NOTE
r-release-windows-ix86+x86_64 1.3.0 41.00 200.00 241.00 OK
r-oldrel-macos-x86_64 1.3.0 NOTE
r-oldrel-windows-ix86+x86_64 1.3.0 43.00 202.00 245.00 OK

Check Details

Version: 1.3.0
Check: dependencies in R code
Result: NOTE
    Namespaces in Imports field not imported from:
     ‘knitr’ ‘msm’
     All declared Imports should be used.
Flavors: r-devel-linux-x86_64-fedora-clang, r-devel-linux-x86_64-fedora-gcc, r-devel-windows-x86_64-new-TK, r-release-macos-arm64, r-release-macos-x86_64, r-oldrel-macos-x86_64