CRAN Package Check Results for Package qtl

Last updated on 2022-01-24 06:49:01 CET.

Flavor Version Tinstall Tcheck Ttotal Status Flags
r-devel-linux-x86_64-debian-clang 1.50 81.40 392.76 474.16 OK
r-devel-linux-x86_64-debian-gcc 1.50 64.14 287.22 351.36 OK
r-devel-linux-x86_64-fedora-clang 1.50 590.68 NOTE
r-devel-linux-x86_64-fedora-gcc 1.50 564.52 OK
r-devel-windows-x86_64-new-UL 1.50 429.00 433.00 862.00 NOTE
r-devel-windows-x86_64-new-TK 1.50 OK
r-patched-linux-x86_64 1.50 77.49 382.27 459.76 OK
r-release-linux-x86_64 1.50 64.81 384.57 449.38 OK
r-release-macos-arm64 1.50 NOTE
r-release-macos-x86_64 1.50 NOTE
r-release-windows-ix86+x86_64 1.50 177.00 595.00 772.00 NOTE
r-oldrel-macos-x86_64 1.50 NOTE
r-oldrel-windows-ix86+x86_64 1.50 173.00 588.00 761.00 NOTE

Check Details

Version: 1.50
Check: installed package size
Result: NOTE
     installed size is 11.7Mb
     sub-directories of 1Mb or more:
     R 1.7Mb
     contrib 3.8Mb
     doc 3.0Mb
     libs 1.6Mb
Flavors: r-devel-linux-x86_64-fedora-clang, r-devel-windows-x86_64-new-UL, r-release-macos-arm64, r-release-macos-x86_64, r-release-windows-ix86+x86_64, r-oldrel-macos-x86_64, r-oldrel-windows-ix86+x86_64