CRAN Package Check Results for Package qtlDesign

Last updated on 2016-12-10 16:47:24.

Flavor Version Tinstall Tcheck Ttotal Status Flags
r-devel-linux-x86_64-debian-clang 0.941 0.64 12.89 13.53 NOTE
r-devel-linux-x86_64-debian-gcc 0.941 0.64 12.49 13.13 NOTE
r-devel-linux-x86_64-fedora-clang 0.941 22.97 NOTE --no-stop-on-test-error
r-devel-linux-x86_64-fedora-gcc 0.941 20.96 NOTE --no-stop-on-test-error
r-devel-macos-x86_64-clang 0.941 19.91 NOTE --no-stop-on-test-error
r-devel-windows-ix86+x86_64 0.941 4.00 24.00 28.00 NOTE
r-patched-linux-x86_64 0.941 0.61 10.83 11.44 NOTE
r-patched-solaris-sparc 0.941 120.50 NOTE
r-patched-solaris-x86 0.941 26.60 NOTE
r-release-linux-x86_64 0.941 0.66 11.18 11.85 NOTE
r-release-osx-x86_64-mavericks 0.941 NOTE
r-release-windows-ix86+x86_64 0.941 3.00 27.00 30.00 NOTE
r-oldrel-windows-ix86+x86_64 0.941 3.00 21.00 24.00 NOTE

Check Details

Version: 0.941
Check: DESCRIPTION meta-information
Result: NOTE
    Malformed Description field: should contain one or more complete sentences.
Flavors: r-devel-linux-x86_64-debian-clang, r-devel-linux-x86_64-debian-gcc, r-devel-windows-ix86+x86_64, r-patched-linux-x86_64, r-patched-solaris-sparc, r-patched-solaris-x86, r-release-linux-x86_64, r-release-osx-x86_64-mavericks, r-release-windows-ix86+x86_64, r-oldrel-windows-ix86+x86_64

Version: 0.941
Check: R code for possible problems
Result: NOTE
    ci.length: no visible global function definition for ‘qexp’
    detectable.bc: no visible global function definition for ‘uniroot’
    detectable.f2: no visible global function definition for ‘uniroot’
    detectable.ri: no visible global function definition for ‘uniroot’
    nu: no visible global function definition for ‘pnorm’
    nullinfo: no visible global function definition for ‘qnorm’
    nullinfo: no visible global function definition for ‘dnorm’
    optselection.bc: no visible global function definition for ‘optimize’
    optselection.f2: no visible global function definition for ‘optimize’
    optspacing.bc: no visible global function definition for ‘optim’
    optspacing.bc: no visible global function definition for ‘optimize’
    optspacing.f2: no visible global function definition for ‘optim’
    optspacing.f2: no visible global function definition for ‘optimize’
    powercalc.bc: no visible global function definition for ‘pchisq’
    powercalc.f2: no visible global function definition for ‘pchisq’
    samplesize.bc: no visible global function definition for ‘uniroot’
    samplesize.f2: no visible global function definition for ‘uniroot’
    samplesize.ri: no visible global function definition for ‘uniroot’
    tailprob: no visible global function definition for ‘pchisq’
    thresh: no visible global function definition for ‘uniroot’
    Undefined global functions or variables:
     dnorm optim optimize pchisq pnorm qexp qnorm uniroot
    Consider adding
     importFrom("stats", "dnorm", "optim", "optimize", "pchisq", "pnorm",
     "qexp", "qnorm", "uniroot")
    to your NAMESPACE file.
Flavors: r-devel-linux-x86_64-debian-clang, r-devel-linux-x86_64-debian-gcc, r-devel-windows-ix86+x86_64, r-patched-linux-x86_64, r-patched-solaris-sparc, r-patched-solaris-x86, r-release-linux-x86_64, r-release-osx-x86_64-mavericks, r-release-windows-ix86+x86_64

Version: 0.941
Flags: --no-stop-on-test-error
Check: DESCRIPTION meta-information
Result: NOTE
    Malformed Description field: should contain one or more complete sentences.
Flavors: r-devel-linux-x86_64-fedora-clang, r-devel-linux-x86_64-fedora-gcc, r-devel-macos-x86_64-clang

Version: 0.941
Flags: --no-stop-on-test-error
Check: R code for possible problems
Result: NOTE
    ci.length: no visible global function definition for ‘qexp’
    detectable.bc: no visible global function definition for ‘uniroot’
    detectable.f2: no visible global function definition for ‘uniroot’
    detectable.ri: no visible global function definition for ‘uniroot’
    nu: no visible global function definition for ‘pnorm’
    nullinfo: no visible global function definition for ‘qnorm’
    nullinfo: no visible global function definition for ‘dnorm’
    optselection.bc: no visible global function definition for ‘optimize’
    optselection.f2: no visible global function definition for ‘optimize’
    optspacing.bc: no visible global function definition for ‘optim’
    optspacing.bc: no visible global function definition for ‘optimize’
    optspacing.f2: no visible global function definition for ‘optim’
    optspacing.f2: no visible global function definition for ‘optimize’
    powercalc.bc: no visible global function definition for ‘pchisq’
    powercalc.f2: no visible global function definition for ‘pchisq’
    samplesize.bc: no visible global function definition for ‘uniroot’
    samplesize.f2: no visible global function definition for ‘uniroot’
    samplesize.ri: no visible global function definition for ‘uniroot’
    tailprob: no visible global function definition for ‘pchisq’
    thresh: no visible global function definition for ‘uniroot’
    Undefined global functions or variables:
     dnorm optim optimize pchisq pnorm qexp qnorm uniroot
    Consider adding
     importFrom("stats", "dnorm", "optim", "optimize", "pchisq", "pnorm",
     "qexp", "qnorm", "uniroot")
    to your NAMESPACE file.
Flavors: r-devel-linux-x86_64-fedora-clang, r-devel-linux-x86_64-fedora-gcc, r-devel-macos-x86_64-clang

Version: 0.941
Check: R code for possible problems
Result: NOTE
    tailprob: warning in pchisq(t, df, low = FALSE): partial argument match
     of 'low' to 'lower.tail'
Flavor: r-oldrel-windows-ix86+x86_64