CRAN Package Check Results for Package qtlDesign

Last updated on 2014-11-21 16:46:39.

Flavor Version Tinstall Tcheck Ttotal Status Flags
r-devel-linux-x86_64-debian-clang 0.941 0.66 11.91 12.57 NOTE
r-devel-linux-x86_64-debian-gcc 0.941 0.64 10.95 11.59 NOTE
r-devel-linux-x86_64-fedora-clang 0.941 25.01 NOTE
r-devel-linux-x86_64-fedora-gcc 0.941 22.10 NOTE
r-devel-osx-x86_64-clang 0.941 26.09 NOTE
r-devel-windows-ix86+x86_64 0.941 2.00 18.00 20.00 NOTE
r-patched-linux-x86_64 0.941 0.66 11.61 12.28 NOTE
r-patched-solaris-sparc 0.941 133.10 NOTE
r-patched-solaris-x86 0.941 33.10 NOTE
r-release-linux-ix86 0.941 0.93 16.52 17.44 NOTE
r-release-linux-x86_64 0.941 0.82 11.29 12.11 NOTE
r-release-osx-x86_64-mavericks 0.941 NOTE
r-release-windows-ix86+x86_64 0.941 2.00 19.00 21.00 NOTE
r-oldrel-windows-ix86+x86_64 0.941 3.00 27.00 30.00 NOTE

Check Details

Version: 0.941
Check: R code for possible problems
Result: NOTE
    tailprob: warning in pchisq(t, df, low = FALSE): partial argument match
     of ‘low’ to ‘lower.tail’
Flavors: r-devel-linux-x86_64-debian-clang, r-devel-linux-x86_64-debian-gcc, r-devel-linux-x86_64-fedora-clang, r-devel-linux-x86_64-fedora-gcc, r-devel-osx-x86_64-clang, r-devel-windows-ix86+x86_64, r-patched-linux-x86_64, r-patched-solaris-sparc, r-patched-solaris-x86, r-release-linux-ix86, r-release-linux-x86_64, r-release-osx-x86_64-mavericks, r-release-windows-ix86+x86_64, r-oldrel-windows-ix86+x86_64