CRAN Package Check Results for Package qtlc

Last updated on 2019-08-17 18:46:19 CEST.

Flavor Version Tinstall Tcheck Ttotal Status Flags
r-devel-linux-x86_64-debian-clang 1.0 3.89 35.11 39.00 OK
r-devel-linux-x86_64-debian-gcc 1.0 3.41 28.48 31.89 OK
r-devel-linux-x86_64-fedora-clang 1.0 46.79 OK
r-devel-linux-x86_64-fedora-gcc 1.0 46.10 OK
r-devel-windows-ix86+x86_64 1.0 17.00 56.00 73.00 OK
r-patched-linux-x86_64 1.0 3.99 34.78 38.77 OK
r-patched-solaris-x86 1.0 79.70 OK
r-release-linux-x86_64 1.0 3.42 34.66 38.08 OK
r-release-windows-ix86+x86_64 1.0 12.00 81.00 93.00 OK
r-release-osx-x86_64 1.0 WARN
r-oldrel-windows-ix86+x86_64 1.0 7.00 70.00 77.00 OK
r-oldrel-osx-x86_64 1.0 OK

Check Details

Version: 1.0
Check: whether package can be installed
Result: WARN
    Found the following significant warnings:
     Warning: 'rgl_init' failed, running with rgl.useNULL = TRUE
Flavor: r-release-osx-x86_64