CRAN Package Check Results for Package qtlcharts

Last updated on 2022-01-20 22:54:13 CET.

Flavor Version Tinstall Tcheck Ttotal Status Flags
r-devel-linux-x86_64-debian-clang 0.16 OK
r-devel-linux-x86_64-debian-gcc 0.16 3.81 41.40 45.21 OK
r-devel-linux-x86_64-fedora-clang 0.16 73.39 OK
r-devel-linux-x86_64-fedora-gcc 0.16 60.39 OK
r-devel-windows-x86_64-new-UL 0.16 403.00 86.00 489.00 OK
r-devel-windows-x86_64-new-TK 0.16 OK
r-patched-linux-x86_64 0.16 3.77 51.45 55.22 OK
r-release-linux-x86_64 0.16 5.11 51.50 56.61 OK
r-release-macos-arm64 0.16 OK
r-release-macos-x86_64 0.16 WARN --as-cran
r-release-windows-ix86+x86_64 0.16 10.00 63.00 73.00 OK
r-oldrel-macos-x86_64 0.14 OK
r-oldrel-windows-ix86+x86_64 0.16 9.00 63.00 72.00 OK

Check Details

Version: 0.16
Flags: --as-cran
Check: CRAN incoming feasibility
Result: WARN
    Maintainer: ‘Karl W Broman <broman@wisc.edu>’
    
    Insufficient package version (submitted: 0.16, existing: 0.16)
    
    Days since last update: 1
Flavor: r-release-macos-x86_64

Version: 0.16
Flags: --as-cran
Check: top-level files
Result: WARN
    A complete check needs the 'checkbashisms' script.
    See section ‘Configure and cleanup’ in the ‘Writing R Extensions’
    manual.
    Files ‘README.md’ or ‘NEWS.md’ cannot be checked without ‘pandoc’ being installed.
Flavor: r-release-macos-x86_64