CRAN Package Check Results for Package qtlhot

Last updated on 2014-09-18 03:47:58.

Flavor Version Tinstall Tcheck Ttotal Status Flags
r-devel-linux-x86_64-debian-clang 0.9.0 2.02 47.72 49.74 OK
r-devel-linux-x86_64-debian-gcc 0.9.0 1.46 46.82 48.29 OK
r-devel-linux-x86_64-fedora-clang 0.9.0 100.45 OK
r-devel-linux-x86_64-fedora-gcc 0.9.0 97.33 OK
r-devel-osx-x86_64-clang 0.9.0 82.58 OK
r-devel-windows-ix86+x86_64 0.9.0 7.00 79.00 86.00 OK
r-patched-linux-x86_64 0.9.0 1.52 47.69 49.21 OK
r-patched-solaris-sparc 0.9.0 602.60 OK
r-patched-solaris-x86 0.9.0 119.10 OK
r-release-linux-ix86 0.9.0 2.26 61.04 63.31 OK
r-release-linux-x86_64 0.9.0 1.67 49.87 51.54 OK
r-release-osx-x86_64-mavericks 0.9.0 NOTE
r-release-osx-x86_64-snowleopard 0.9.0 NOTE
r-release-windows-ix86+x86_64 0.9.0 8.00 85.00 93.00 OK
r-oldrel-windows-ix86+x86_64 0.9.0 8.00 89.00 97.00 OK

Check Details

Version: 0.9.0
Check: re-building of vignette outputs
Result: NOTE
    Error in re-building vignettes:
     ...
    Loading required package: qtl
    Loading required package: parallel
    Loading required package: lattice
    Loading required package: corpcor
    Loading required package: mnormt
    Error in texi2dvi(file = file, pdf = TRUE, clean = clean, quiet = quiet, :
     Running 'texi2dvi' on 'cmst.tex' failed.
    LaTeX errors:
    ! LaTeX Error: File `epsf.sty' not found.
    
    Type X to quit or <RETURN> to proceed,
    or enter new name. (Default extension: sty)
    
    test/qtlhot/vignettes/cmst.tex:7: ==> Fatal error occurred, no output PDF file
     produced!
    Calls: buildVignettes -> texi2pdf -> texi2dvi
    Execution halted
Flavor: r-release-osx-x86_64-mavericks

Version: 0.9.0
Check: re-building of vignette outputs
Result: NOTE
    Error in re-building vignettes:
     ...
    Loading required package: qtl
    Loading required package: parallel
    Loading required package: lattice
    Loading required package: corpcor
    Loading required package: mnormt
    Error in texi2dvi(file = file, pdf = TRUE, clean = clean, quiet = quiet, :
     Running 'texi2dvi' on 'cmst.tex' failed.
    LaTeX errors:
    ! LaTeX Error: File `epsf.sty' not found.
    
    Type X to quit or <RETURN> to proceed,
    or enter new name. (Default extension: sty)
    
    qtlhot.Rcheck/vign_test/qtlhot/vignettes/cmst.tex:7: ==> Fatal error occurred,
     no output PDF file produced!
    Calls: buildVignettes -> texi2pdf -> texi2dvi
    Execution halted
Flavor: r-release-osx-x86_64-snowleopard