CRAN Package Check Results for Package qtlhot

Last updated on 2015-03-04 19:50:26.

Flavor Version Tinstall Tcheck Ttotal Status Flags
r-devel-linux-x86_64-debian-clang 0.9.0 1.45 44.53 45.98 NOTE
r-devel-linux-x86_64-debian-gcc 0.9.0 1.40 45.09 46.50 NOTE
r-devel-linux-x86_64-fedora-clang 0.9.0 91.11 NOTE
r-devel-linux-x86_64-fedora-gcc 0.9.0 86.62 NOTE
r-devel-osx-x86_64-clang 0.9.0 83.89 NOTE
r-devel-windows-ix86+x86_64 0.9.0 8.00 74.00 82.00 NOTE
r-patched-linux-x86_64 0.9.0 1.67 50.07 51.74 OK
r-patched-solaris-sparc 0.9.0 588.10 OK
r-patched-solaris-x86 0.9.0 125.90 OK
r-release-linux-ix86 0.9.0 2.25 63.22 65.47 OK
r-release-linux-x86_64 0.9.0 1.77 49.60 51.37 OK
r-release-osx-x86_64-mavericks 0.9.0 OK
r-release-osx-x86_64-snowleopard 0.9.0 NOTE
r-release-windows-ix86+x86_64 0.9.0 9.00 90.00 99.00 OK
r-oldrel-windows-ix86+x86_64 0.9.0 8.00 96.00 104.00 OK

Check Details

Version: 0.9.0
Check: DESCRIPTION meta-information
Result: NOTE
    Malformed Description field: should contain one or more complete sentences.
Flavors: r-devel-linux-x86_64-debian-clang, r-devel-linux-x86_64-debian-gcc, r-devel-linux-x86_64-fedora-clang, r-devel-linux-x86_64-fedora-gcc, r-devel-osx-x86_64-clang, r-devel-windows-ix86+x86_64

Version: 0.9.0
Check: S3 generic/method consistency
Result: NOTE
    Found the following apparent S3 methods exported but not registered:
     parallel.qtlhot
    See section ‘Registering S3 methods’ in the ‘Writing R Extensions’
    manual.
Flavors: r-devel-linux-x86_64-debian-clang, r-devel-linux-x86_64-debian-gcc, r-devel-linux-x86_64-fedora-clang, r-devel-linux-x86_64-fedora-gcc, r-devel-osx-x86_64-clang

Version: 0.9.0
Check: re-building of vignette outputs
Result: NOTE
    Error in re-building vignettes:
     ...
    Loading required package: qtl
    Loading required package: parallel
    Loading required package: lattice
    Loading required package: corpcor
    Loading required package: mnormt
    Error in texi2dvi(file = file, pdf = TRUE, clean = clean, quiet = quiet, :
     Running 'texi2dvi' on 'cmst.tex' failed.
    LaTeX errors:
    ! LaTeX Error: File `epsf.sty' not found.
    
    Type X to quit or <RETURN> to proceed,
    or enter new name. (Default extension: sty)
    
    qtlhot.Rcheck/vign_test/qtlhot/vignettes/cmst.tex:7: ==> Fatal error occurred,
     no output PDF file produced!
    Calls: buildVignettes -> texi2pdf -> texi2dvi
    Execution halted
Flavor: r-release-osx-x86_64-snowleopard