CRAN Package Check Results for Package qtlhot

Last updated on 2015-05-27 09:48:00.

Flavor Version Tinstall Tcheck Ttotal Status Flags
r-devel-linux-x86_64-debian-clang 0.9.0 1.47 44.27 45.74 NOTE
r-devel-linux-x86_64-debian-gcc 0.9.0 1.47 44.46 45.93 NOTE
r-devel-linux-x86_64-fedora-clang 0.9.0 90.72 NOTE
r-devel-linux-x86_64-fedora-gcc 0.9.0 86.63 NOTE
r-devel-osx-x86_64-clang 0.9.0 81.09 NOTE
r-devel-windows-ix86+x86_64 0.9.0 6.00 74.00 80.00 NOTE
r-patched-linux-x86_64 0.9.0 1.37 43.32 44.69 NOTE
r-patched-solaris-sparc 0.9.0 535.90 NOTE
r-patched-solaris-x86 0.9.0 110.70 NOTE
r-release-linux-x86_64 0.9.0 1.44 44.07 45.51 NOTE
r-release-osx-x86_64-mavericks 0.9.0 NOTE
r-release-osx-x86_64-snowleopard 0.9.0 NOTE
r-release-windows-ix86+x86_64 0.9.0 7.00 82.00 89.00 NOTE
r-oldrel-windows-ix86+x86_64 0.9.0 8.00 87.00 95.00 OK

Check Details

Version: 0.9.0
Check: DESCRIPTION meta-information
Result: NOTE
    Malformed Description field: should contain one or more complete sentences.
Flavors: r-devel-linux-x86_64-debian-clang, r-devel-linux-x86_64-debian-gcc, r-devel-linux-x86_64-fedora-clang, r-devel-linux-x86_64-fedora-gcc, r-devel-osx-x86_64-clang, r-devel-windows-ix86+x86_64, r-patched-linux-x86_64, r-patched-solaris-sparc, r-patched-solaris-x86, r-release-linux-x86_64, r-release-osx-x86_64-mavericks, r-release-osx-x86_64-snowleopard, r-release-windows-ix86+x86_64

Version: 0.9.0
Check: S3 generic/method consistency
Result: NOTE
    Found the following apparent S3 methods exported but not registered:
     parallel.qtlhot
    See section ‘Registering S3 methods’ in the ‘Writing R Extensions’
    manual.
Flavors: r-devel-linux-x86_64-debian-clang, r-devel-linux-x86_64-debian-gcc, r-devel-linux-x86_64-fedora-clang, r-devel-linux-x86_64-fedora-gcc, r-devel-osx-x86_64-clang, r-patched-linux-x86_64, r-patched-solaris-sparc, r-patched-solaris-x86, r-release-linux-x86_64