CRAN Package Check Results for Package qtlhot

Last updated on 2015-01-28 15:47:18.

Flavor Version Tinstall Tcheck Ttotal Status Flags
r-devel-linux-x86_64-debian-clang 0.9.0 1.75 45.73 47.48 NOTE
r-devel-linux-x86_64-debian-gcc 0.9.0 1.49 46.30 47.79 NOTE
r-devel-linux-x86_64-fedora-clang 0.9.0 101.69 NOTE
r-devel-linux-x86_64-fedora-gcc 0.9.0 95.04 NOTE
r-devel-osx-x86_64-clang 0.9.0 90.38 NOTE
r-devel-windows-ix86+x86_64 0.9.0 12.00 74.00 86.00 OK
r-patched-linux-x86_64 0.9.0 1.57 49.30 50.87 OK
r-patched-solaris-sparc 0.9.0 570.40 OK
r-patched-solaris-x86 0.9.0 125.10 OK
r-release-linux-ix86 0.9.0 2.20 59.62 61.82 OK
r-release-linux-x86_64 0.9.0 1.57 49.83 51.40 OK
r-release-osx-x86_64-mavericks 0.9.0 OK
r-release-osx-x86_64-snowleopard 0.9.0 NOTE
r-release-windows-ix86+x86_64 0.9.0 8.00 87.00 95.00 OK
r-oldrel-windows-ix86+x86_64 0.9.0 9.00 94.00 103.00 OK

Check Details

Version: 0.9.0
Check: S3 generic/method consistency
Result: NOTE
    Found the following apparent S3 methods exported but not registered:
     parallel.qtlhot
    See section ‘Registering S3 methods’ in the ‘Writing R Extensions’
    manual.
Flavors: r-devel-linux-x86_64-debian-clang, r-devel-linux-x86_64-debian-gcc, r-devel-linux-x86_64-fedora-clang, r-devel-linux-x86_64-fedora-gcc, r-devel-osx-x86_64-clang

Version: 0.9.0
Check: re-building of vignette outputs
Result: NOTE
    Error in re-building vignettes:
     ...
    Loading required package: qtl
    Loading required package: parallel
    Loading required package: lattice
    Loading required package: corpcor
    Loading required package: mnormt
    Error in texi2dvi(file = file, pdf = TRUE, clean = clean, quiet = quiet, :
     Running 'texi2dvi' on 'cmst.tex' failed.
    LaTeX errors:
    ! LaTeX Error: File `epsf.sty' not found.
    
    Type X to quit or <RETURN> to proceed,
    or enter new name. (Default extension: sty)
    
    qtlhot.Rcheck/vign_test/qtlhot/vignettes/cmst.tex:7: ==> Fatal error occurred,
     no output PDF file produced!
    Calls: buildVignettes -> texi2pdf -> texi2dvi
    Execution halted
Flavor: r-release-osx-x86_64-snowleopard