CRAN Package Check Results for Package qtlhot

Last updated on 2014-04-20 03:47:34.

Flavor Version Tinstall Tcheck Ttotal Status Flags
r-devel-linux-x86_64-debian-clang 0.9.0 1.81 50.82 52.63 OK
r-devel-linux-x86_64-debian-gcc 0.9.0 1.75 50.70 52.45 OK
r-devel-linux-x86_64-fedora-clang 0.9.0 105.05 OK
r-devel-linux-x86_64-fedora-gcc 0.9.0 99.64 OK
r-devel-macosx-x86_64-clang 0.9.0 88.11 OK
r-devel-macosx-x86_64-gcc 0.9.0 OK
r-devel-windows-ix86+x86_64 0.9.0 8.00 78.00 86.00 OK
r-patched-linux-x86_64 0.9.0 3.68 49.90 53.58 OK
r-patched-solaris-sparc 0.9.0 658.30 OK
r-patched-solaris-x86 0.9.0 126.60 OK
r-release-linux-ix86 OK
r-release-linux-x86_64 0.9.0 1.62 49.15 50.77 OK
r-release-macosx-x86_64 0.9.0 NOTE
r-release-windows-ix86+x86_64 0.9.0 10.00 84.00 94.00 OK
r-oldrel-windows-ix86+x86_64 0.9.0 9.00 92.00 101.00 OK

Check Details

Version: 0.9.0
Check: re-building of vignette outputs
Result: NOTE
    Error in re-building vignettes:
     ...
    Loading required package: qtl
    Loading required package: parallel
    Loading required package: lattice
    Loading required package: corpcor
    Loading required package: mnormt
    Error in texi2dvi(file = file, pdf = TRUE, clean = clean, quiet = quiet, :
     Running 'texi2dvi' on 'cmst.tex' failed.
    LaTeX errors:
    ! LaTeX Error: File `epsf.sty' not found.
    
    Type X to quit or <RETURN> to proceed,
    or enter new name. (Default extension: sty)
    
    qtlhot.Rcheck/vign_test/qtlhot/vignettes/cmst.tex:7: ==> Fatal error occurred,
     no output PDF file produced!
    Calls: buildVignettes -> texi2pdf -> texi2dvi
    Execution halted
Flavor: r-release-macosx-x86_64