CRAN Package Check Results for Package qtlnet

Last updated on 2014-04-23 17:47:51.

Flavor Version Tinstall Tcheck Ttotal Status Flags
r-devel-linux-x86_64-debian-clang 1.3.6 4.83 85.78 90.61 NOTE
r-devel-linux-x86_64-debian-gcc 1.3.6 4.62 84.82 89.44 NOTE
r-devel-linux-x86_64-fedora-clang 1.3.6 187.73 NOTE
r-devel-linux-x86_64-fedora-gcc 1.3.6 184.64 NOTE
r-devel-osx-x86_64-clang 1.3.6 150.25 NOTE
r-devel-osx-x86_64-gcc 1.3.6 ERROR
r-devel-windows-ix86+x86_64 1.3.6 13.00 116.00 129.00 NOTE
r-patched-linux-x86_64 1.3.6 4.52 86.22 90.74 NOTE
r-patched-solaris-sparc 1.3.6 926.10 NOTE
r-patched-solaris-x86 1.3.6 217.40 NOTE
r-release-linux-ix86 1.3.6 7.00 133.00 140.00 NOTE
r-release-linux-x86_64 1.3.6 4.63 84.81 89.44 NOTE
r-release-osx-x86_64-mavericks 1.3.6 ERROR
r-release-osx-x86_64-snowleopard 1.3.6 ERROR
r-release-windows-ix86+x86_64 1.3.6 13.00 121.00 134.00 NOTE
r-oldrel-windows-ix86+x86_64 1.3.6 13.00 118.00 131.00 NOTE

Check Details

Version: 1.3.6
Check: dependencies in R code
Result: NOTE
    Packages in Depends field not imported from:
     ‘graph’ ‘igraph’ ‘pcalg’ ‘qtl’ ‘sem’
     These packages need to be imported from (in the NAMESPACE file)
     for when this namespace is loaded but not attached.
    See the information on DESCRIPTION files in the chapter ‘Creating R
    packages’ of the ‘Writing R Extensions’ manual.
Flavors: r-devel-linux-x86_64-debian-clang, r-devel-linux-x86_64-debian-gcc, r-devel-linux-x86_64-fedora-clang, r-devel-linux-x86_64-fedora-gcc, r-devel-osx-x86_64-clang, r-devel-windows-ix86+x86_64, r-patched-linux-x86_64, r-patched-solaris-sparc, r-patched-solaris-x86, r-release-linux-ix86, r-release-linux-x86_64, r-release-windows-ix86+x86_64, r-oldrel-windows-ix86+x86_64

Version: 1.3.6
Check: package dependencies
Result: ERROR
    Packages required but not available: ‘igraph’ ‘graph’ ‘pcalg’
    
    See the information on DESCRIPTION files in the chapter ‘Creating R
    packages’ of the ‘Writing R Extensions’ manual.
Flavor: r-devel-osx-x86_64-gcc

Version: 1.3.6
Check: package dependencies
Result: ERROR
    Packages required but not available: ‘graph’ ‘pcalg’
    
    See the information on DESCRIPTION files in the chapter ‘Creating R
    packages’ of the ‘Writing R Extensions’ manual.
Flavors: r-release-osx-x86_64-mavericks, r-release-osx-x86_64-snowleopard