CRAN Package Check Results for Package qtlnet

Last updated on 2014-09-18 08:49:59.

Flavor Version Tinstall Tcheck Ttotal Status Flags
r-devel-linux-x86_64-debian-clang 1.3.6 4.22 77.63 81.85 NOTE
r-devel-linux-x86_64-debian-gcc 1.3.6 4.26 76.42 80.68 NOTE
r-devel-linux-x86_64-fedora-clang 1.3.6 175.02 NOTE
r-devel-linux-x86_64-fedora-gcc 1.3.6 163.02 NOTE
r-devel-osx-x86_64-clang 1.3.6 135.90 NOTE
r-devel-windows-ix86+x86_64 1.3.6 13.00 109.00 122.00 NOTE
r-patched-linux-x86_64 1.3.6 4.24 80.23 84.48 NOTE
r-patched-solaris-sparc 1.3.6 979.80 NOTE
r-patched-solaris-x86 1.3.6 212.70 NOTE
r-release-linux-ix86 1.3.6 6.00 101.75 107.75 NOTE
r-release-linux-x86_64 1.3.6 4.37 81.14 85.51 NOTE
r-release-osx-x86_64-mavericks 1.3.6 NOTE
r-release-osx-x86_64-snowleopard 1.3.6 NOTE
r-release-windows-ix86+x86_64 1.3.6 11.00 122.00 133.00 NOTE
r-oldrel-windows-ix86+x86_64 1.3.6 14.00 115.00 129.00 NOTE

Check Details

Version: 1.3.6
Check: dependencies in R code
Result: NOTE
    Packages in Depends field not imported from:
     ‘graph’ ‘igraph’ ‘pcalg’ ‘qtl’ ‘sem’
     These packages need to be imported from (in the NAMESPACE file)
     for when this namespace is loaded but not attached.
    See the information on DESCRIPTION files in the chapter ‘Creating R
    packages’ of the ‘Writing R Extensions’ manual.
Flavors: r-devel-linux-x86_64-debian-clang, r-devel-linux-x86_64-debian-gcc, r-devel-linux-x86_64-fedora-clang, r-devel-linux-x86_64-fedora-gcc, r-devel-osx-x86_64-clang, r-devel-windows-ix86+x86_64, r-patched-linux-x86_64, r-patched-solaris-sparc, r-patched-solaris-x86, r-release-linux-ix86, r-release-linux-x86_64, r-release-osx-x86_64-mavericks, r-release-osx-x86_64-snowleopard, r-release-windows-ix86+x86_64, r-oldrel-windows-ix86+x86_64

Version: 1.3.6
Check: R code for possible problems
Result: NOTE
    adjust.pheno: no visible global function definition for ‘find.pheno’
    bic.qtlnet: no visible global function definition for ‘calc.genoprob’
    est.qtlnet: no visible global function definition for ‘calc.genoprob’
    est.qtlnet: no visible global function definition for ‘makeqtl’
    est.qtlnet: no visible global function definition for ‘fitqtl’
    generate.qtl.markers: no visible global function definition for
     ‘makeqtl’
    generate.qtl.markers: no visible global function definition for
     ‘find.marker’
    get.graph.edges: no visible global function definition for
     ‘list.edge.attributes’
    get.graph.edges: no visible global function definition for
     ‘get.edgelist’
    get.graph.edges: no visible global function definition for
     ‘get.edge.attribute’
    get.graph.vertices: no visible global function definition for
     ‘list.vertex.attributes’
    get.graph.vertices: no visible global function definition for
     ‘get.vertex.attribute’
    igraph.qtlnet: no visible global function definition for
     ‘igraph.options’
    igraph.qtlnet: no visible global function definition for
     ‘graph.data.frame’
    loci.qtlnet: no visible global function definition for ‘calc.genoprob’
    lod.score: no visible global function definition for ‘qtlversion’
    lod.score : myfitqtl: no visible global function definition for
     ‘fitqtl’
    lod.score: no visible global function definition for ‘find.pheno’
    log.likelihood.s: no visible global function definition for
     ‘find.pheno’
    match.parents: no visible global function definition for ‘nind’
    mcmc.qtlnet: no visible global function definition for ‘calc.genoprob’
    plot.qtlnet: no visible global function definition for ‘tkplot’
    pull.loci: no visible global function definition for ‘create.map’
    qdg: no visible global function definition for ‘skeleton’
    qdg: no visible binding for global variable ‘gaussCItest’
    qdg: no visible global function definition for ‘argmax.geno’
    qdg.sem : score.sem.models: no visible global function definition for
     ‘nind’
    qdg.sem : score.sem.models: no visible global function definition for
     ‘sem’
    qtlnet.phase1: no visible global function definition for
     ‘calc.genoprob’
    scan.genome: no visible global function definition for ‘makeqtl’
    scanone.summary: no visible global function definition for ‘scanone’
Flavors: r-devel-linux-x86_64-debian-clang, r-devel-linux-x86_64-debian-gcc, r-devel-linux-x86_64-fedora-clang, r-devel-linux-x86_64-fedora-gcc, r-devel-osx-x86_64-clang, r-devel-windows-ix86+x86_64