CRAN Package Check Results for Package qtlnet

Last updated on 2014-07-26 10:48:30.

Flavor Version Tinstall Tcheck Ttotal Status Flags
r-devel-linux-x86_64-debian-clang 1.3.6 4.39 82.60 86.99 NOTE
r-devel-linux-x86_64-debian-gcc 1.3.6 5.86 79.65 85.51 NOTE
r-devel-linux-x86_64-fedora-clang 1.3.6 186.09 NOTE
r-devel-linux-x86_64-fedora-gcc 1.3.6 175.62 NOTE
r-devel-osx-x86_64-clang 1.3.6 141.63 NOTE
r-devel-windows-ix86+x86_64 1.3.6 12.00 118.00 130.00 NOTE
r-patched-linux-x86_64 1.3.6 5.41 79.01 84.42 NOTE
r-patched-solaris-sparc 1.3.6 926.10 NOTE
r-patched-solaris-x86 1.3.6 214.50 NOTE
r-release-linux-ix86 1.3.6 5.80 101.96 107.76 NOTE
r-release-linux-x86_64 1.3.6 5.12 81.02 86.14 NOTE
r-release-osx-x86_64-mavericks 1.3.6 NOTE
r-release-osx-x86_64-snowleopard 1.3.6 NOTE
r-release-windows-ix86+x86_64 1.3.6 12.00 124.00 136.00 NOTE
r-oldrel-windows-ix86+x86_64 1.3.6 13.00 119.00 132.00 NOTE

Check Details

Version: 1.3.6
Check: dependencies in R code
Result: NOTE
    Packages in Depends field not imported from:
     ‘graph’ ‘igraph’ ‘pcalg’ ‘qtl’ ‘sem’
     These packages need to be imported from (in the NAMESPACE file)
     for when this namespace is loaded but not attached.
    See the information on DESCRIPTION files in the chapter ‘Creating R
    packages’ of the ‘Writing R Extensions’ manual.
Flavors: r-devel-linux-x86_64-debian-clang, r-devel-linux-x86_64-debian-gcc, r-devel-linux-x86_64-fedora-clang, r-devel-linux-x86_64-fedora-gcc, r-devel-osx-x86_64-clang, r-devel-windows-ix86+x86_64, r-patched-linux-x86_64, r-patched-solaris-sparc, r-patched-solaris-x86, r-release-linux-ix86, r-release-linux-x86_64, r-release-osx-x86_64-mavericks, r-release-osx-x86_64-snowleopard, r-release-windows-ix86+x86_64, r-oldrel-windows-ix86+x86_64