CRAN Package Check Results for Package qtutils

Last updated on 2018-06-23 15:53:37 CEST.

Flavor Version Tinstall Tcheck Ttotal Status Flags
r-oldrel-osx-x86_64 0.1-3 ERROR

Check Details

Version: 0.1-3
Check: package dependencies
Result: ERROR
    Package required but not available: ‘qtbase’
    
    See section ‘The DESCRIPTION file’ in the ‘Writing R Extensions’
    manual.
Flavor: r-oldrel-osx-x86_64