CRAN Package Check Results for Package qtutils

Last updated on 2015-08-28 21:46:53.

Flavor Version Tinstall Tcheck Ttotal Status Flags
r-devel-linux-x86_64-debian-clang 0.1-3 6.42 22.60 29.02 NOTE
r-devel-linux-x86_64-debian-gcc 0.1-3 5.35 21.76 27.11 NOTE
r-devel-linux-x86_64-fedora-clang 0.1-3 2.34 ERROR
r-devel-linux-x86_64-fedora-gcc 0.1-3 45.17 NOTE
r-patched-linux-x86_64 0.1-3 5.61 21.50 27.11 NOTE
r-release-linux-x86_64 0.1-3 5.42 21.87 27.28 NOTE
r-release-osx-x86_64-mavericks 0.1-3 ERROR

Check Details

Version: 0.1-3
Check: DESCRIPTION meta-information
Result: NOTE
    Malformed Description field: should contain one or more complete sentences.
    Package listed in more than one of Depends, Imports, Suggests, Enhances:
     ‘qtbase’
    A package should be listed in only one of these fields.
Flavors: r-devel-linux-x86_64-debian-clang, r-devel-linux-x86_64-debian-gcc, r-devel-linux-x86_64-fedora-gcc, r-patched-linux-x86_64, r-release-linux-x86_64

Version: 0.1-3
Check: dependencies in R code
Result: NOTE
    'library' or 'require' call to ‘xtable’ in package code.
     Please use :: or requireNamespace() instead.
     See section 'Suggested packages' in the 'Writing R Extensions' manual.
    Unexported object imported by a ':::' call: ‘utils:::.win32consoleCompletion’
     See the note in ?`:::` about the use of this operator.
Flavors: r-devel-linux-x86_64-debian-clang, r-devel-linux-x86_64-debian-gcc, r-devel-linux-x86_64-fedora-gcc, r-patched-linux-x86_64, r-release-linux-x86_64

Version: 0.1-3
Check: R code for possible problems
Result: NOTE
    S4methodsList: no visible global function definition for ‘showMethods’
    S4methodsList: no visible global function definition for ‘head’
    computeTabSpaces: no visible global function definition for ‘tail’
    qeditor: no visible global function definition for ‘tail’
    qexport.QGraphicsScene: no visible global function definition for
     ‘tail’
    qexport.QWidget: no visible global function definition for ‘tail’
    qgetColor: no visible global function definition for ‘rgb’
    qpager: no visible global function definition for ‘is’
    qrecover: no visible global function definition for ‘limitedLabels’
    qrepl: no visible global function definition for ‘capture.output’
    qrepl : executeCode: no visible global function definition for ‘is’
    qrepl : executeCode: no visible global function definition for ‘xtable’
    qrepl : executeCode: no visible global function definition for
     ‘capture.output’
    qrepl : runHandler2: no visible global function definition for ‘is’
    qreplu: no visible global function definition for ‘capture.output’
    qreplu : setEnv: no visible global function definition for
     ‘capture.output’
    qreplu : processCodeIfReady: no visible global function definition for
     ‘is’
    qreplu : executeCode: no visible global function definition for ‘is’
    qreplu : executeCode: no visible global function definition for
     ‘capture.output’
    qstr.default: no visible global function definition for ‘is’
    qstr.default: no visible global function definition for
     ‘capture.output’
    qstr.environment: no visible global function definition for ‘is’
    qstr.function: no visible global function definition for
     ‘capture.output’
    qstr.list: no visible global function definition for ‘is’
    qstr.listOrEnv: no visible global function definition for ‘is’
    tryParseEval: no visible global function definition for ‘is’
    tryParseEval: no visible global function definition for
     ‘capture.output’
    Undefined global functions or variables:
     capture.output head is limitedLabels rgb showMethods tail xtable
    Consider adding
     importFrom("grDevices", "rgb")
     importFrom("methods", "is", "showMethods")
     importFrom("utils", "capture.output", "head", "limitedLabels", "tail")
    to your NAMESPACE (and ensure that your DESCRIPTION Imports field
    contains 'methods').
Flavors: r-devel-linux-x86_64-debian-clang, r-devel-linux-x86_64-debian-gcc, r-devel-linux-x86_64-fedora-gcc

Version: 0.1-3
Check: compiled code
Result: NOTE
    Note: information on .o files is not available
Flavors: r-devel-linux-x86_64-debian-clang, r-devel-linux-x86_64-debian-gcc, r-devel-linux-x86_64-fedora-gcc, r-patched-linux-x86_64, r-release-linux-x86_64

Version: 0.1-3
Check: package dependencies
Result: ERROR
    Package required but not available: ‘qtbase’
    
    See section ‘The DESCRIPTION file’ in the ‘Writing R Extensions’
    manual.
Flavors: r-devel-linux-x86_64-fedora-clang, r-release-osx-x86_64-mavericks

Version: 0.1-3
Check: R code for possible problems
Result: NOTE
    qrepl : executeCode: no visible global function definition for ‘xtable’
Flavors: r-patched-linux-x86_64, r-release-linux-x86_64