CRAN Package Check Results for Package qtutils

Last updated on 2015-05-29 19:47:52.

Flavor Version Tinstall Tcheck Ttotal Status Flags
r-devel-linux-x86_64-debian-clang 0.1-3 5.50 22.00 27.49 NOTE
r-devel-linux-x86_64-debian-gcc 0.1-3 5.44 21.35 26.79 NOTE
r-devel-linux-x86_64-fedora-clang 0.1-3 2.30 ERROR
r-devel-linux-x86_64-fedora-gcc 0.1-3 42.45 NOTE
r-patched-linux-x86_64 0.1-3 5.61 21.53 27.14 NOTE
r-release-linux-x86_64 0.1-3 5.41 21.48 26.88 NOTE
r-release-osx-x86_64-mavericks 0.1-3 ERROR
r-release-osx-x86_64-snowleopard 0.1-3 ERROR

Check Details

Version: 0.1-3
Check: DESCRIPTION meta-information
Result: NOTE
    Malformed Description field: should contain one or more complete sentences.
    Package listed in more than one of Depends, Imports, Suggests, Enhances:
     ‘qtbase’
    A package should be listed in only one of these fields.
Flavors: r-devel-linux-x86_64-debian-clang, r-devel-linux-x86_64-debian-gcc, r-devel-linux-x86_64-fedora-gcc, r-patched-linux-x86_64, r-release-linux-x86_64

Version: 0.1-3
Check: dependencies in R code
Result: NOTE
    'library' or 'require' call to ‘xtable’ in package code.
     Please use :: or requireNamespace() instead.
     See section 'Suggested packages' in the 'Writing R Extensions' manual.
    Unexported object imported by a ':::' call: ‘utils:::.win32consoleCompletion’
     See the note in ?`:::` about the use of this operator.
Flavors: r-devel-linux-x86_64-debian-clang, r-devel-linux-x86_64-debian-gcc, r-devel-linux-x86_64-fedora-gcc, r-patched-linux-x86_64, r-release-linux-x86_64

Version: 0.1-3
Check: R code for possible problems
Result: NOTE
    qrepl : executeCode: no visible global function definition for ‘xtable’
Flavors: r-devel-linux-x86_64-debian-clang, r-devel-linux-x86_64-debian-gcc, r-devel-linux-x86_64-fedora-gcc, r-patched-linux-x86_64, r-release-linux-x86_64

Version: 0.1-3
Check: compiled code
Result: NOTE
    Note: information on .o files is not available
Flavors: r-devel-linux-x86_64-debian-clang, r-devel-linux-x86_64-debian-gcc, r-devel-linux-x86_64-fedora-gcc, r-patched-linux-x86_64, r-release-linux-x86_64

Version: 0.1-3
Check: package dependencies
Result: ERROR
    Package required but not available: ‘qtbase’
    
    See section ‘The DESCRIPTION file’ in the ‘Writing R Extensions’
    manual.
Flavors: r-devel-linux-x86_64-fedora-clang, r-release-osx-x86_64-mavericks, r-release-osx-x86_64-snowleopard