CRAN Package Check Results for Package qtutils

Last updated on 2014-09-17 01:48:16.

Flavor Version Tinstall Tcheck Ttotal Status Flags
r-devel-linux-x86_64-debian-clang 0.1-3 5.42 21.36 26.78 NOTE
r-devel-linux-x86_64-debian-gcc 0.1-3 5.64 21.14 26.78 NOTE
r-devel-linux-x86_64-fedora-clang 0.1-3 43.92 NOTE
r-devel-linux-x86_64-fedora-gcc 0.1-3 43.66 NOTE
r-patched-linux-x86_64 0.1-3 5.51 21.57 27.08 NOTE
r-release-linux-ix86 0.1-3 7.41 29.77 37.18 NOTE
r-release-linux-x86_64 0.1-3 5.52 21.91 27.43 NOTE
r-release-osx-x86_64-mavericks 0.1-3 ERROR
r-release-osx-x86_64-snowleopard 0.1-3 ERROR

Check Details

Version: 0.1-3
Check: DESCRIPTION meta-information
Result: NOTE
    Package listed in more than one of Depends, Imports, Suggests, Enhances:
     ‘qtbase’
    A package should be listed in only one of these fields.
Flavors: r-devel-linux-x86_64-debian-clang, r-devel-linux-x86_64-debian-gcc, r-devel-linux-x86_64-fedora-clang, r-devel-linux-x86_64-fedora-gcc, r-patched-linux-x86_64, r-release-linux-ix86, r-release-linux-x86_64

Version: 0.1-3
Check: dependencies in R code
Result: NOTE
    Unexported object imported by a ':::' call: ‘utils:::.win32consoleCompletion’
     See the note in ?`:::` about the use of this operator.
    See the information on DESCRIPTION files in the chapter ‘Creating R
    packages’ of the ‘Writing R Extensions’ manual.
Flavors: r-devel-linux-x86_64-debian-clang, r-devel-linux-x86_64-debian-gcc, r-devel-linux-x86_64-fedora-clang, r-devel-linux-x86_64-fedora-gcc, r-patched-linux-x86_64, r-release-linux-ix86, r-release-linux-x86_64

Version: 0.1-3
Check: R code for possible problems
Result: NOTE
    qrepl : executeCode: no visible global function definition for ‘xtable’
Flavors: r-devel-linux-x86_64-debian-clang, r-devel-linux-x86_64-debian-gcc, r-devel-linux-x86_64-fedora-clang, r-devel-linux-x86_64-fedora-gcc

Version: 0.1-3
Check: compiled code
Result: NOTE
    Note: information on .o files is not available
Flavors: r-devel-linux-x86_64-debian-clang, r-devel-linux-x86_64-debian-gcc, r-devel-linux-x86_64-fedora-clang, r-devel-linux-x86_64-fedora-gcc, r-patched-linux-x86_64, r-release-linux-ix86, r-release-linux-x86_64

Version: 0.1-3
Check: package dependencies
Result: ERROR
    Package required but not available: ‘qtbase’
    
    See the information on DESCRIPTION files in the chapter ‘Creating R
    packages’ of the ‘Writing R Extensions’ manual.
Flavors: r-release-osx-x86_64-mavericks, r-release-osx-x86_64-snowleopard