CRAN Package Check Results for Package qtutils

Last updated on 2018-02-23 06:55:05 CET.

Flavor Version Tinstall Tcheck Ttotal Status Flags
r-release-osx-x86_64 0.1-3 ERROR
r-oldrel-osx-x86_64 0.1-3 ERROR

Check Details

Version: 0.1-3
Check: package dependencies
Result: ERROR
    Package required but not available: ‘qtbase’
    
    See section ‘The DESCRIPTION file’ in the ‘Writing R Extensions’
    manual.
Flavors: r-release-osx-x86_64, r-oldrel-osx-x86_64