CRAN Package Check Results for Package qtutils

Last updated on 2018-04-22 07:49:46 CEST.

Flavor Version Tinstall Tcheck Ttotal Status Flags
r-release-osx-x86_64 0.1-3 ERROR

Check Details

Version: 0.1-3
Check: package dependencies
Result: ERROR
    Package required but not available: ‘qtbase’
    
    See section ‘The DESCRIPTION file’ in the ‘Writing R Extensions’
    manual.
Flavor: r-release-osx-x86_64