CRAN Package Check Results for Package quadprog

Last updated on 2015-08-04 21:47:14.

Flavor Version Tinstall Tcheck Ttotal Status Flags
r-devel-linux-x86_64-debian-clang 1.5-5 1.62 8.59 10.21 NOTE
r-devel-linux-x86_64-debian-gcc 1.5-5 1.51 8.69 10.20 NOTE
r-devel-linux-x86_64-fedora-clang 1.5-5 19.77 NOTE
r-devel-linux-x86_64-fedora-gcc 1.5-5 17.81 NOTE
r-devel-osx-x86_64-clang 1.5-5 21.29 NOTE
r-devel-windows-ix86+x86_64 1.5-5 11.00 22.00 33.00 NOTE
r-patched-linux-x86_64 1.5-5 1.62 9.02 10.64 NOTE
r-patched-solaris-sparc 1.5-5 130.20 NOTE
r-patched-solaris-x86 1.5-5 33.00 NOTE
r-release-linux-x86_64 1.5-5 1.67 9.72 11.40 NOTE
r-release-osx-x86_64-mavericks 1.5-5 NOTE
r-release-windows-ix86+x86_64 1.5-5 10.00 22.00 32.00 NOTE
r-oldrel-windows-ix86+x86_64 1.5-5 13.00 22.00 35.00 OK

Memtest notes: valgrind valgrind

Check Details

Version: 1.5-5
Check: DESCRIPTION meta-information
Result: NOTE
    Malformed Title field: should not end in a period.
Flavors: r-devel-linux-x86_64-debian-clang, r-devel-linux-x86_64-debian-gcc, r-devel-linux-x86_64-fedora-clang, r-devel-linux-x86_64-fedora-gcc, r-devel-osx-x86_64-clang, r-devel-windows-ix86+x86_64, r-patched-linux-x86_64, r-patched-solaris-sparc, r-patched-solaris-x86, r-release-linux-x86_64, r-release-osx-x86_64-mavericks, r-release-windows-ix86+x86_64

Version: 1.5-5
Check: top-level files
Result: NOTE
    Non-standard files/directories found at top level:
     ‘LICENSE.GPL-2’ ‘LICENSE.GPL-3’
Flavors: r-devel-linux-x86_64-debian-clang, r-devel-linux-x86_64-debian-gcc, r-devel-linux-x86_64-fedora-clang, r-devel-linux-x86_64-fedora-gcc, r-patched-linux-x86_64, r-release-linux-x86_64