CRAN Package Check Results for Package quadprog

Last updated on 2014-07-23 15:47:50.

Flavor Version Tinstall Tcheck Ttotal Status Flags
r-devel-linux-x86_64-debian-clang 1.5-5 1.56 9.28 10.83 OK
r-devel-linux-x86_64-debian-gcc 1.5-5 1.51 9.33 10.84 OK
r-devel-linux-x86_64-fedora-clang 1.5-5 22.32 NOTE
r-devel-linux-x86_64-fedora-gcc 1.5-5 21.32 NOTE
r-devel-osx-x86_64-clang 1.5-5 27.24 OK
r-devel-windows-ix86+x86_64 1.5-5 10.00 22.00 32.00 OK
r-patched-linux-x86_64 1.5-5 1.57 9.42 10.98 OK
r-patched-solaris-sparc 1.5-5 209.00 OK
r-patched-solaris-x86 1.5-5 34.10 OK
r-release-linux-ix86 1.5-5 2.21 16.12 18.32 OK
r-release-linux-x86_64 1.5-5 1.61 9.65 11.26 OK
r-release-osx-x86_64-mavericks 1.5-5 OK
r-release-windows-ix86+x86_64 1.5-5 12.00 27.00 39.00 OK
r-oldrel-windows-ix86+x86_64 1.5-5 10.00 31.00 41.00 OK

Check Details

Version: 1.5-5
Check: top-level files
Result: NOTE
    Non-standard files/directories found at top level:
     ‘LICENSE.GPL-2’ ‘LICENSE.GPL-3’
Flavors: r-devel-linux-x86_64-fedora-clang, r-devel-linux-x86_64-fedora-gcc