CRAN Package Check Results for Package quadprog

Last updated on 2014-11-23 16:46:37.

Flavor Version Tinstall Tcheck Ttotal Status Flags
r-devel-linux-x86_64-debian-clang 1.5-5 1.61 9.83 11.44 NOTE
r-devel-linux-x86_64-debian-gcc 1.5-5 3.44 9.70 13.14 NOTE
r-devel-linux-x86_64-fedora-clang 1.5-5 23.69 NOTE
r-devel-linux-x86_64-fedora-gcc 1.5-5 23.18 NOTE
r-devel-osx-x86_64-clang 1.5-5 26.59 OK
r-devel-windows-ix86+x86_64 1.5-5 10.00 20.00 30.00 OK
r-patched-linux-x86_64 1.5-5 2.39 9.66 12.05 NOTE
r-patched-solaris-sparc 1.5-5 165.90 OK
r-patched-solaris-x86 1.5-5 34.50 OK
r-release-linux-ix86 1.5-5 2.15 15.81 17.96 OK
r-release-linux-x86_64 1.5-5 1.65 9.65 11.30 NOTE
r-release-osx-x86_64-mavericks 1.5-5 OK
r-release-windows-ix86+x86_64 1.5-5 11.00 21.00 32.00 OK
r-oldrel-windows-ix86+x86_64 1.5-5 10.00 31.00 41.00 OK

Check Details

Version: 1.5-5
Check: top-level files
Result: NOTE
    Non-standard files/directories found at top level:
     ‘LICENSE.GPL-2’ ‘LICENSE.GPL-3’
Flavors: r-devel-linux-x86_64-debian-clang, r-devel-linux-x86_64-debian-gcc, r-devel-linux-x86_64-fedora-clang, r-devel-linux-x86_64-fedora-gcc, r-patched-linux-x86_64, r-release-linux-x86_64