CRAN Package Check Results for Package quadprog

Last updated on 2016-08-27 08:49:07.

Flavor Version Tinstall Tcheck Ttotal Status Flags
r-devel-linux-x86_64-debian-clang 1.5-5 1.68 9.27 10.95 NOTE
r-devel-linux-x86_64-debian-gcc 1.5-5 2.02 11.93 13.95 NOTE
r-devel-linux-x86_64-fedora-clang 1.5-5 18.34 NOTE
r-devel-linux-x86_64-fedora-gcc 1.5-5 17.23 NOTE
r-devel-osx-x86_64-clang 1.5-5 17.40 NOTE
r-devel-windows-ix86+x86_64 1.5-5 15.00 36.00 51.00 NOTE
r-patched-linux-x86_64 1.5-5 1.61 8.88 10.49 NOTE
r-patched-solaris-sparc 1.5-5 109.60 NOTE
r-patched-solaris-x86 1.5-5 26.50 NOTE
r-release-linux-x86_64 1.5-5 1.64 9.13 10.77 NOTE
r-release-osx-x86_64-mavericks 1.5-5 NOTE
r-release-windows-ix86+x86_64 1.5-5 11.00 40.00 51.00 NOTE
r-oldrel-windows-ix86+x86_64 1.5-5 11.00 23.00 34.00 NOTE

Memtest notes: valgrind valgrind

Check Details

Version: 1.5-5
Check: DESCRIPTION meta-information
Result: NOTE
    Malformed Title field: should not end in a period.
Flavors: r-devel-linux-x86_64-debian-clang, r-devel-linux-x86_64-debian-gcc, r-devel-linux-x86_64-fedora-clang, r-devel-linux-x86_64-fedora-gcc, r-devel-osx-x86_64-clang, r-devel-windows-ix86+x86_64, r-patched-linux-x86_64, r-patched-solaris-sparc, r-patched-solaris-x86, r-release-linux-x86_64, r-release-osx-x86_64-mavericks, r-release-windows-ix86+x86_64, r-oldrel-windows-ix86+x86_64

Version: 1.5-5
Check: top-level files
Result: NOTE
    Non-standard files/directories found at top level:
     ‘LICENSE.GPL-2’ ‘LICENSE.GPL-3’
Flavors: r-devel-linux-x86_64-debian-clang, r-devel-linux-x86_64-debian-gcc, r-devel-linux-x86_64-fedora-clang, r-devel-linux-x86_64-fedora-gcc, r-patched-linux-x86_64, r-release-linux-x86_64