CRAN Package Check Results for Package quadprog

Last updated on 2017-06-28 10:48:36.

Flavor Version Tinstall Tcheck Ttotal Status Flags
r-devel-linux-x86_64-debian-clang 1.5-5 1.92 11.63 13.55 NOTE
r-devel-linux-x86_64-debian-gcc 1.5-5 1.97 11.67 13.64 NOTE
r-devel-linux-x86_64-fedora-clang 1.5-5 22.31 NOTE
r-devel-linux-x86_64-fedora-gcc 1.5-5 21.72 NOTE
r-devel-windows-ix86+x86_64 1.5-5 14.00 42.00 56.00 NOTE
r-patched-linux-x86_64 1.5-5 1.88 11.47 13.35 NOTE
r-patched-solaris-sparc 1.5-5 130.00 NOTE
r-patched-solaris-x86 1.5-5 33.40 NOTE
r-release-linux-x86_64 1.5-5 1.82 11.62 13.44 NOTE
r-release-windows-ix86+x86_64 1.5-5 10.00 28.00 38.00 NOTE
r-release-osx-x86_64 1.5-5 NOTE
r-oldrel-windows-ix86+x86_64 1.5-5 13.00 27.00 40.00 NOTE
r-oldrel-osx-x86_64 1.5-5 NOTE

Check Details

Version: 1.5-5
Check: DESCRIPTION meta-information
Result: NOTE
    Malformed Title field: should not end in a period.
Flavors: r-devel-linux-x86_64-debian-clang, r-devel-linux-x86_64-debian-gcc, r-devel-linux-x86_64-fedora-clang, r-devel-linux-x86_64-fedora-gcc, r-devel-windows-ix86+x86_64, r-patched-linux-x86_64, r-patched-solaris-sparc, r-patched-solaris-x86, r-release-linux-x86_64, r-release-windows-ix86+x86_64, r-release-osx-x86_64, r-oldrel-windows-ix86+x86_64, r-oldrel-osx-x86_64

Version: 1.5-5
Check: top-level files
Result: NOTE
    Non-standard files/directories found at top level:
     ‘LICENSE.GPL-2’ ‘LICENSE.GPL-3’
Flavors: r-devel-linux-x86_64-debian-clang, r-devel-linux-x86_64-debian-gcc, r-devel-linux-x86_64-fedora-clang, r-devel-linux-x86_64-fedora-gcc, r-patched-linux-x86_64, r-release-linux-x86_64