CRAN Package Check Results for Package quadprog

Last updated on 2015-04-25 17:46:55.

Flavor Version Tinstall Tcheck Ttotal Status Flags
r-devel-linux-x86_64-debian-clang 1.5-5 1.63 9.11 10.74 NOTE
r-devel-linux-x86_64-debian-gcc 1.5-5 2.93 9.35 12.28 NOTE
r-devel-linux-x86_64-fedora-clang 1.5-5 21.20 NOTE
r-devel-linux-x86_64-fedora-gcc 1.5-5 20.39 NOTE
r-devel-osx-x86_64-clang 1.5-5 25.08 NOTE
r-devel-windows-ix86+x86_64 1.5-5 8.00 22.00 30.00 NOTE
r-patched-linux-x86_64 1.5-5 1.65 9.22 10.87 NOTE
r-patched-solaris-sparc 1.5-5 125.90 NOTE
r-patched-solaris-x86 1.5-5 32.60 NOTE
r-release-linux-x86_64 1.5-5 1.63 9.07 10.70 NOTE
r-release-osx-x86_64-mavericks 1.5-5 NOTE
r-release-osx-x86_64-snowleopard 1.5-5 NOTE
r-release-windows-ix86+x86_64 1.5-5 7.00 23.00 30.00 NOTE
r-oldrel-windows-ix86+x86_64 1.5-5 13.00 22.00 35.00 OK

Check Details

Version: 1.5-5
Check: DESCRIPTION meta-information
Result: NOTE
    Malformed Title field: should not end in a period.
Flavors: r-devel-windows-ix86+x86_64, r-release-windows-ix86+x86_64