CRAN Package Check Results for Package quadprog

Last updated on 2016-07-24 21:50:47.

Flavor Version Tinstall Tcheck Ttotal Status Flags
r-devel-linux-x86_64-debian-clang 1.5-5 1.86 11.41 13.27 NOTE
r-devel-linux-x86_64-debian-gcc 1.5-5 1.97 11.14 13.11 NOTE
r-devel-linux-x86_64-fedora-gcc 1.5-5 17.19 NOTE
r-devel-osx-x86_64-clang 1.5-5 17.46 NOTE
r-devel-windows-ix86+x86_64 1.5-5 36.00 29.00 65.00 NOTE
r-patched-linux-x86_64 1.5-5 1.91 11.91 13.82 NOTE
r-patched-solaris-sparc 1.5-5 107.20 NOTE
r-patched-solaris-x86 1.5-5 25.70 NOTE
r-release-linux-x86_64 1.5-5 1.80 10.93 12.73 NOTE
r-release-osx-x86_64-mavericks 1.5-5 NOTE
r-release-windows-ix86+x86_64 1.5-5 11.00 40.00 51.00 NOTE
r-oldrel-windows-ix86+x86_64 1.5-5 11.00 23.00 34.00 NOTE

Memtest notes: valgrind valgrind

Check Details

Version: 1.5-5
Check: DESCRIPTION meta-information
Result: NOTE
    Malformed Title field: should not end in a period.
Flavors: r-devel-linux-x86_64-debian-clang, r-devel-linux-x86_64-debian-gcc, r-devel-linux-x86_64-fedora-gcc, r-devel-osx-x86_64-clang, r-devel-windows-ix86+x86_64, r-patched-linux-x86_64, r-patched-solaris-sparc, r-patched-solaris-x86, r-release-linux-x86_64, r-release-osx-x86_64-mavericks, r-release-windows-ix86+x86_64, r-oldrel-windows-ix86+x86_64

Version: 1.5-5
Check: top-level files
Result: NOTE
    Non-standard files/directories found at top level:
     ‘LICENSE.GPL-2’ ‘LICENSE.GPL-3’
Flavors: r-devel-linux-x86_64-debian-clang, r-devel-linux-x86_64-debian-gcc, r-devel-linux-x86_64-fedora-gcc, r-patched-linux-x86_64, r-release-linux-x86_64

Version: 1.5-5
Check: if this is a source package
Result: WARN
    Subdirectory ‘quadprog/src’ contains apparent object files/libraries
     aind.o init.o
    Object files/libraries should not be included in a source package.
Flavor: r-devel-linux-x86_64-fedora-clang

Version: 1.5-5
Check: whether package can be installed
Result: ERROR
    Installation failed.
Flavor: r-devel-linux-x86_64-fedora-clang