CRAN Package Check Results for Package quadprog

Last updated on 2014-04-24 03:47:51.

Flavor Version Tinstall Tcheck Ttotal Status Flags
r-devel-linux-x86_64-debian-clang 1.5-5 1.61 9.99 11.60 OK
r-devel-linux-x86_64-debian-gcc 1.5-5 1.58 9.96 11.54 OK
r-devel-linux-x86_64-fedora-clang 1.5-5 22.71 NOTE
r-devel-linux-x86_64-fedora-gcc 1.5-5 21.72 NOTE
r-devel-osx-x86_64-clang 1.5-5 27.84 OK
r-devel-osx-x86_64-gcc 1.5-5 OK
r-devel-windows-ix86+x86_64 1.5-5 10.00 19.00 29.00 OK
r-patched-linux-x86_64 1.5-5 1.62 10.49 12.11 OK
r-patched-solaris-sparc 1.5-5 209.00 OK
r-patched-solaris-x86 1.5-5 34.20 OK
r-release-linux-ix86 1.5-5 3.00 24.00 27.00 OK
r-release-linux-x86_64 1.5-5 1.66 10.08 11.74 OK
r-release-osx-x86_64-mavericks 1.5-5 OK
r-release-windows-ix86+x86_64 1.5-5 17.00 26.00 43.00 OK
r-oldrel-windows-ix86+x86_64 1.5-5 10.00 31.00 41.00 OK

Check Details

Version: 1.5-5
Check: top-level files
Result: NOTE
    Non-standard files/directories found at top level:
     ‘LICENSE.GPL-2’ ‘LICENSE.GPL-3’
Flavors: r-devel-linux-x86_64-fedora-clang, r-devel-linux-x86_64-fedora-gcc