CRAN Package Check Results for Package quadprog

Last updated on 2016-12-11 06:57:39.

Flavor Version Tinstall Tcheck Ttotal Status Flags
r-devel-linux-x86_64-debian-clang 1.5-5 1.78 11.11 12.89 NOTE
r-devel-linux-x86_64-debian-gcc 1.5-5 1.83 10.89 12.73 NOTE
r-devel-linux-x86_64-fedora-clang 1.5-5 22.82 NOTE --no-stop-on-test-error
r-devel-linux-x86_64-fedora-gcc 1.5-5 20.88 NOTE --no-stop-on-test-error
r-devel-macos-x86_64-clang 1.5-5 20.51 NOTE --no-stop-on-test-error
r-devel-windows-ix86+x86_64 1.5-5 9.00 43.00 52.00 NOTE
r-patched-linux-x86_64 1.5-5 1.54 9.25 10.80 NOTE
r-patched-solaris-sparc 1.5-5 109.60 NOTE
r-patched-solaris-x86 1.5-5 25.80 NOTE
r-release-linux-x86_64 1.5-5 1.58 9.02 10.61 NOTE
r-release-osx-x86_64-mavericks 1.5-5 NOTE
r-release-windows-ix86+x86_64 1.5-5 13.00 27.00 40.00 NOTE
r-oldrel-windows-ix86+x86_64 1.5-5 21.00 26.00 47.00 NOTE

Check Details

Version: 1.5-5
Check: DESCRIPTION meta-information
Result: NOTE
    Malformed Title field: should not end in a period.
Flavors: r-devel-linux-x86_64-debian-clang, r-devel-linux-x86_64-debian-gcc, r-devel-windows-ix86+x86_64, r-patched-linux-x86_64, r-patched-solaris-sparc, r-patched-solaris-x86, r-release-linux-x86_64, r-release-osx-x86_64-mavericks, r-release-windows-ix86+x86_64, r-oldrel-windows-ix86+x86_64

Version: 1.5-5
Check: top-level files
Result: NOTE
    Non-standard files/directories found at top level:
     ‘LICENSE.GPL-2’ ‘LICENSE.GPL-3’
Flavors: r-devel-linux-x86_64-debian-clang, r-devel-linux-x86_64-debian-gcc, r-patched-linux-x86_64, r-release-linux-x86_64

Version: 1.5-5
Flags: --no-stop-on-test-error
Check: DESCRIPTION meta-information
Result: NOTE
    Malformed Title field: should not end in a period.
Flavors: r-devel-linux-x86_64-fedora-clang, r-devel-linux-x86_64-fedora-gcc, r-devel-macos-x86_64-clang

Version: 1.5-5
Flags: --no-stop-on-test-error
Check: top-level files
Result: NOTE
    Non-standard files/directories found at top level:
     ‘LICENSE.GPL-2’ ‘LICENSE.GPL-3’
Flavors: r-devel-linux-x86_64-fedora-clang, r-devel-linux-x86_64-fedora-gcc