CRAN Package Check Results for Package quadprog

Last updated on 2017-10-17 19:48:06.

Flavor Version Tinstall Tcheck Ttotal Status Flags
r-devel-linux-x86_64-debian-clang 1.5-5 2.03 12.52 14.55 NOTE
r-devel-linux-x86_64-debian-gcc 1.5-5 4.02 12.42 16.44 NOTE
r-devel-linux-x86_64-fedora-clang 1.5-5 23.87 NOTE
r-devel-linux-x86_64-fedora-gcc 1.5-5 22.39 NOTE
r-devel-windows-ix86+x86_64 1.5-5 17.00 49.00 66.00 NOTE
r-patched-linux-x86_64 1.5-5 1.74 11.68 13.42 NOTE
r-patched-solaris-x86 1.5-5 33.70 NOTE
r-release-linux-x86_64 1.5-5 1.73 11.62 13.35 NOTE
r-release-windows-ix86+x86_64 1.5-5 10.00 33.00 43.00 NOTE
r-release-osx-x86_64 1.5-5 NOTE
r-oldrel-windows-ix86+x86_64 1.5-5 13.00 27.00 40.00 NOTE
r-oldrel-osx-x86_64 1.5-5 NOTE

Check Details

Version: 1.5-5
Check: DESCRIPTION meta-information
Result: NOTE
    Malformed Title field: should not end in a period.
Flavors: r-devel-linux-x86_64-debian-clang, r-devel-linux-x86_64-debian-gcc, r-devel-linux-x86_64-fedora-clang, r-devel-linux-x86_64-fedora-gcc, r-devel-windows-ix86+x86_64, r-patched-linux-x86_64, r-patched-solaris-x86, r-release-linux-x86_64, r-release-windows-ix86+x86_64, r-release-osx-x86_64, r-oldrel-windows-ix86+x86_64, r-oldrel-osx-x86_64

Version: 1.5-5
Check: top-level files
Result: NOTE
    Non-standard files/directories found at top level:
     ‘LICENSE.GPL-2’ ‘LICENSE.GPL-3’
Flavors: r-devel-linux-x86_64-debian-clang, r-devel-linux-x86_64-debian-gcc, r-devel-linux-x86_64-fedora-clang, r-devel-linux-x86_64-fedora-gcc, r-patched-linux-x86_64, r-release-linux-x86_64