CRAN Package Check Results for Package quadprog

Last updated on 2017-08-17 09:47:20.

Flavor Version Tinstall Tcheck Ttotal Status Flags
r-devel-linux-x86_64-debian-clang 1.5-5 1.94 11.74 13.68 NOTE
r-devel-linux-x86_64-debian-gcc 1.5-5 1.86 11.78 13.63 NOTE
r-devel-linux-x86_64-fedora-clang 1.5-5 22.72 NOTE
r-devel-linux-x86_64-fedora-gcc 1.5-5 22.30 NOTE
r-devel-windows-ix86+x86_64 1.5-5 16.00 35.00 51.00 NOTE
r-patched-linux-x86_64 1.5-5 1.80 11.61 13.41 NOTE
r-patched-solaris-x86 1.5-5 32.90 NOTE
r-release-linux-x86_64 1.5-5 1.78 11.47 13.25 NOTE
r-release-windows-ix86+x86_64 1.5-5 10.00 33.00 43.00 NOTE
r-release-osx-x86_64 1.5-5 NOTE
r-oldrel-windows-ix86+x86_64 1.5-5 13.00 27.00 40.00 NOTE
r-oldrel-osx-x86_64 1.5-5 NOTE

Check Details

Version: 1.5-5
Check: DESCRIPTION meta-information
Result: NOTE
    Malformed Title field: should not end in a period.
Flavors: r-devel-linux-x86_64-debian-clang, r-devel-linux-x86_64-debian-gcc, r-devel-linux-x86_64-fedora-clang, r-devel-linux-x86_64-fedora-gcc, r-devel-windows-ix86+x86_64, r-patched-linux-x86_64, r-patched-solaris-x86, r-release-linux-x86_64, r-release-windows-ix86+x86_64, r-release-osx-x86_64, r-oldrel-windows-ix86+x86_64, r-oldrel-osx-x86_64

Version: 1.5-5
Check: top-level files
Result: NOTE
    Non-standard files/directories found at top level:
     ‘LICENSE.GPL-2’ ‘LICENSE.GPL-3’
Flavors: r-devel-linux-x86_64-debian-clang, r-devel-linux-x86_64-debian-gcc, r-devel-linux-x86_64-fedora-clang, r-devel-linux-x86_64-fedora-gcc, r-patched-linux-x86_64, r-release-linux-x86_64