CRAN Package Check Results for Package quadprog

Last updated on 2015-03-06 03:46:43.

Flavor Version Tinstall Tcheck Ttotal Status Flags
r-devel-linux-x86_64-debian-clang 1.5-5 1.62 9.34 10.96 NOTE
r-devel-linux-x86_64-debian-gcc 1.5-5 1.62 9.11 10.73 NOTE
r-devel-linux-x86_64-fedora-clang 1.5-5 21.00 NOTE
r-devel-linux-x86_64-fedora-gcc 1.5-5 20.16 NOTE
r-devel-osx-x86_64-clang 1.5-5 25.77 NOTE
r-devel-windows-ix86+x86_64 1.5-5 15.00 21.00 36.00 NOTE
r-patched-linux-x86_64 1.5-5 1.63 9.79 11.42 NOTE
r-patched-solaris-sparc 1.5-5 134.40 OK
r-patched-solaris-x86 1.5-5 36.70 OK
r-release-linux-ix86 1.5-5 2.18 16.56 18.74 NOTE
r-release-linux-x86_64 1.5-5 1.63 9.99 11.62 NOTE
r-release-osx-x86_64-mavericks 1.5-5 OK
r-release-windows-ix86+x86_64 1.5-5 11.00 21.00 32.00 OK
r-oldrel-windows-ix86+x86_64 1.5-5 10.00 31.00 41.00 OK

Check Details

Version: 1.5-5
Check: DESCRIPTION meta-information
Result: NOTE
    Malformed Title field: should not end in a period.
Flavors: r-devel-linux-x86_64-debian-clang, r-devel-linux-x86_64-debian-gcc, r-devel-linux-x86_64-fedora-clang, r-devel-linux-x86_64-fedora-gcc, r-devel-osx-x86_64-clang, r-devel-windows-ix86+x86_64

Version: 1.5-5
Check: top-level files
Result: NOTE
    Non-standard files/directories found at top level:
     ‘LICENSE.GPL-2’ ‘LICENSE.GPL-3’
Flavors: r-devel-linux-x86_64-debian-clang, r-devel-linux-x86_64-debian-gcc, r-devel-linux-x86_64-fedora-clang, r-devel-linux-x86_64-fedora-gcc, r-patched-linux-x86_64, r-release-linux-ix86, r-release-linux-x86_64