CRAN Package Check Results for Package quadprog

Last updated on 2014-08-30 07:48:49.

Flavor Version Tinstall Tcheck Ttotal Status Flags
r-devel-linux-x86_64-debian-clang 1.5-5 1.49 9.56 11.06 OK
r-devel-linux-x86_64-debian-gcc 1.5-5 1.62 9.10 10.72 OK
r-devel-linux-x86_64-fedora-clang 1.5-5 21.69 NOTE
r-devel-linux-x86_64-fedora-gcc 1.5-5 19.88 NOTE
r-devel-osx-x86_64-clang 1.5-5 26.17 OK
r-devel-windows-ix86+x86_64 1.5-5 10.00 20.00 30.00 OK
r-patched-linux-x86_64 1.5-5 2.62 9.59 12.21 OK
r-patched-solaris-sparc 1.5-5 165.90 OK
r-patched-solaris-x86 1.5-5 34.20 OK
r-release-linux-ix86 1.5-5 2.22 16.24 18.46 OK
r-release-linux-x86_64 1.5-5 1.64 9.76 11.39 OK
r-release-osx-x86_64-mavericks 1.5-5 OK
r-release-windows-ix86+x86_64 1.5-5 12.00 27.00 39.00 OK
r-oldrel-windows-ix86+x86_64 1.5-5 10.00 31.00 41.00 OK

Check Details

Version: 1.5-5
Check: top-level files
Result: NOTE
    Non-standard files/directories found at top level:
     ‘LICENSE.GPL-2’ ‘LICENSE.GPL-3’
Flavors: r-devel-linux-x86_64-fedora-clang, r-devel-linux-x86_64-fedora-gcc