CRAN Package Check Results for Package quadprog

Last updated on 2014-09-20 01:49:17.

Flavor Version Tinstall Tcheck Ttotal Status Flags
r-devel-linux-x86_64-debian-clang 1.5-5 1.55 9.77 11.32 NOTE
r-devel-linux-x86_64-debian-gcc 1.5-5 1.52 10.25 11.76 NOTE
r-devel-linux-x86_64-fedora-clang 1.5-5 21.70 NOTE
r-devel-linux-x86_64-fedora-gcc 1.5-5 20.96 NOTE
r-devel-osx-x86_64-clang 1.5-5 29.51 OK
r-devel-windows-ix86+x86_64 1.5-5 10.00 20.00 30.00 OK
r-patched-linux-x86_64 1.5-5 1.52 10.31 11.82 NOTE
r-patched-solaris-sparc 1.5-5 165.90 OK
r-patched-solaris-x86 1.5-5 34.60 OK
r-release-linux-ix86 1.5-5 2.21 16.34 18.55 OK
r-release-linux-x86_64 1.5-5 1.72 9.94 11.66 NOTE
r-release-osx-x86_64-mavericks 1.5-5 OK
r-release-windows-ix86+x86_64 1.5-5 12.00 27.00 39.00 OK
r-oldrel-windows-ix86+x86_64 1.5-5 10.00 31.00 41.00 OK

Check Details

Version: 1.5-5
Check: top-level files
Result: NOTE
    Non-standard files/directories found at top level:
     ‘LICENSE.GPL-2’ ‘LICENSE.GPL-3’
Flavors: r-devel-linux-x86_64-debian-clang, r-devel-linux-x86_64-debian-gcc, r-devel-linux-x86_64-fedora-clang, r-devel-linux-x86_64-fedora-gcc, r-patched-linux-x86_64, r-release-linux-x86_64