CRAN Package Check Results for Package quadprog

Last updated on 2017-12-17 23:53:19 CET.

Flavor Version Tinstall Tcheck Ttotal Status Flags
r-devel-linux-x86_64-debian-clang 1.5-5 2.23 15.78 18.01 NOTE
r-devel-linux-x86_64-debian-gcc NOTE
r-devel-linux-x86_64-fedora-clang 1.5-5 23.52 NOTE
r-devel-linux-x86_64-fedora-gcc 1.5-5 23.08 NOTE
r-devel-windows-ix86+x86_64 1.5-5 12.00 30.00 42.00 NOTE
r-patched-linux-x86_64 1.5-5 2.09 15.83 17.92 NOTE
r-patched-solaris-x86 1.5-5 33.00 NOTE
r-release-linux-x86_64 1.5-5 2.10 16.34 18.44 NOTE
r-release-windows-ix86+x86_64 1.5-5 10.00 33.00 43.00 NOTE
r-release-osx-x86_64 1.5-5 NOTE
r-oldrel-windows-ix86+x86_64 1.5-5 13.00 27.00 40.00 NOTE
r-oldrel-osx-x86_64 1.5-5 NOTE

Check Details

Version: 1.5-5
Check: DESCRIPTION meta-information
Result: NOTE
    Malformed Title field: should not end in a period.
Flavors: r-devel-linux-x86_64-debian-clang, r-devel-linux-x86_64-debian-gcc, r-devel-linux-x86_64-fedora-clang, r-devel-linux-x86_64-fedora-gcc, r-devel-windows-ix86+x86_64, r-patched-linux-x86_64, r-patched-solaris-x86, r-release-linux-x86_64, r-release-windows-ix86+x86_64, r-release-osx-x86_64, r-oldrel-windows-ix86+x86_64, r-oldrel-osx-x86_64

Version: 1.5-5
Check: top-level files
Result: NOTE
    Non-standard files/directories found at top level:
     ‘LICENSE.GPL-2’ ‘LICENSE.GPL-3’
Flavors: r-devel-linux-x86_64-debian-clang, r-devel-linux-x86_64-debian-gcc, r-devel-linux-x86_64-fedora-clang, r-devel-linux-x86_64-fedora-gcc, r-patched-linux-x86_64, r-release-linux-x86_64