CRAN Package Check Results for Package quadprog

Last updated on 2017-02-26 10:48:15.

Flavor Version Tinstall Tcheck Ttotal Status Flags
r-devel-linux-x86_64-debian-clang 1.5-5 1.88 11.88 13.77 NOTE
r-devel-linux-x86_64-debian-gcc 1.5-5 1.82 11.59 13.40 NOTE
r-devel-linux-x86_64-fedora-clang 1.5-5 24.86 NOTE --no-stop-on-test-error
r-devel-linux-x86_64-fedora-gcc 1.5-5 21.00 NOTE --no-stop-on-test-error
r-devel-macos-x86_64-clang 1.5-5 20.81 NOTE --no-stop-on-test-error
r-devel-windows-ix86+x86_64 1.5-5 9.00 42.00 51.00 NOTE
r-patched-linux-x86_64 1.5-5 1.62 9.41 11.03 NOTE
r-patched-solaris-sparc 1.5-5 107.40 NOTE
r-patched-solaris-x86 1.5-5 27.60 NOTE
r-release-linux-x86_64 1.5-5 1.59 9.31 10.90 NOTE
r-release-osx-x86_64-mavericks 1.5-5 NOTE
r-release-windows-ix86+x86_64 1.5-5 13.00 27.00 40.00 NOTE
r-oldrel-windows-ix86+x86_64 1.5-5 21.00 26.00 47.00 NOTE

Check Details

Version: 1.5-5
Check: DESCRIPTION meta-information
Result: NOTE
    Malformed Title field: should not end in a period.
Flavors: r-devel-linux-x86_64-debian-clang, r-devel-linux-x86_64-debian-gcc, r-devel-windows-ix86+x86_64, r-patched-linux-x86_64, r-patched-solaris-sparc, r-patched-solaris-x86, r-release-linux-x86_64, r-release-osx-x86_64-mavericks, r-release-windows-ix86+x86_64, r-oldrel-windows-ix86+x86_64

Version: 1.5-5
Check: top-level files
Result: NOTE
    Non-standard files/directories found at top level:
     ‘LICENSE.GPL-2’ ‘LICENSE.GPL-3’
Flavors: r-devel-linux-x86_64-debian-clang, r-devel-linux-x86_64-debian-gcc, r-patched-linux-x86_64, r-release-linux-x86_64

Version: 1.5-5
Flags: --no-stop-on-test-error
Check: DESCRIPTION meta-information
Result: NOTE
    Malformed Title field: should not end in a period.
Flavors: r-devel-linux-x86_64-fedora-clang, r-devel-linux-x86_64-fedora-gcc, r-devel-macos-x86_64-clang

Version: 1.5-5
Flags: --no-stop-on-test-error
Check: top-level files
Result: NOTE
    Non-standard files/directories found at top level:
     ‘LICENSE.GPL-2’ ‘LICENSE.GPL-3’
Flavors: r-devel-linux-x86_64-fedora-clang, r-devel-linux-x86_64-fedora-gcc