CRAN Package Check Results for Package quadprogXT

Last updated on 2023-12-08 07:53:12 CET.

Flavor Version Tinstall Tcheck Ttotal Status Flags
r-devel-linux-x86_64-debian-clang 0.0.5 1.47 21.70 23.17 NOTE
r-devel-linux-x86_64-debian-gcc 0.0.5 1.65 17.05 18.70 NOTE
r-devel-linux-x86_64-fedora-clang 0.0.5 31.05 NOTE
r-devel-linux-x86_64-fedora-gcc 0.0.5 28.72 NOTE
r-devel-windows-x86_64 0.0.5 3.00 39.00 42.00 NOTE
r-patched-linux-x86_64 0.0.5 1.80 21.48 23.28 NOTE
r-release-linux-x86_64 0.0.5 2.03 21.34 23.37 NOTE
r-release-macos-arm64 0.0.5 16.00 NOTE
r-release-macos-x86_64 0.0.5 20.00 NOTE
r-release-windows-x86_64 0.0.5 6.00 38.00 44.00 NOTE
r-oldrel-macos-arm64 0.0.5 23.00 NOTE
r-oldrel-macos-x86_64 0.0.5 21.00 NOTE
r-oldrel-windows-x86_64 0.0.5 5.00 48.00 53.00 NOTE

Check Details

Version: 0.0.5
Check: LazyData
Result: NOTE 'LazyData' is specified without a 'data' directory Flavors: r-devel-linux-x86_64-debian-clang, r-devel-linux-x86_64-debian-gcc, r-devel-linux-x86_64-fedora-clang, r-devel-linux-x86_64-fedora-gcc, r-devel-windows-x86_64, r-patched-linux-x86_64, r-release-linux-x86_64, r-release-macos-arm64, r-release-macos-x86_64, r-release-windows-x86_64, r-oldrel-macos-arm64, r-oldrel-macos-x86_64, r-oldrel-windows-x86_64