CRAN Package Check Results for Package quadrupen

Last updated on 2017-03-23 03:48:09.

Flavor Version Tinstall Tcheck Ttotal Status Flags
r-devel-linux-x86_64-debian-clang 0.2-5 52.77 44.17 96.94 OK
r-devel-linux-x86_64-debian-gcc 0.2-5 55.70 44.53 100.23 OK
r-devel-linux-x86_64-fedora-clang 0.2-5 205.65 NOTE --no-stop-on-test-error
r-devel-linux-x86_64-fedora-gcc 0.2-5 201.34 NOTE --no-stop-on-test-error
r-devel-macos-x86_64-clang 0.2-5 139.37 OK --no-stop-on-test-error
r-devel-windows-ix86+x86_64 0.2-5 152.00 103.00 255.00 OK
r-patched-linux-x86_64 0.2-5 46.41 39.05 85.45 OK
r-patched-solaris-sparc 0.2-5 985.90 OK
r-patched-solaris-x86 0.2-5 222.40 OK
r-release-linux-x86_64 0.2-5 46.12 39.37 85.50 OK
r-release-osx-x86_64-mavericks 0.2-5 NOTE
r-release-windows-ix86+x86_64 0.2-5 183.00 109.00 292.00 OK
r-oldrel-windows-ix86+x86_64 0.2-5 162.00 215.00 377.00 OK

Check Details

Version: 0.2-5
Flags: --no-stop-on-test-error
Check: installed package size
Result: NOTE
     installed size is 6.2Mb
     sub-directories of 1Mb or more:
     libs 5.8Mb
Flavors: r-devel-linux-x86_64-fedora-clang, r-devel-linux-x86_64-fedora-gcc

Version: 0.2-5
Check: installed package size
Result: NOTE
     installed size is 5.9Mb
     sub-directories of 1Mb or more:
     libs 5.6Mb
Flavor: r-release-osx-x86_64-mavericks