CRAN Package Check Results for Package quadrupen

Last updated on 2017-11-24 18:50:45 CET.

Flavor Version Tinstall Tcheck Ttotal Status Flags
r-devel-linux-x86_64-debian-clang 0.2-5 77.58 101.24 178.82 OK
r-devel-linux-x86_64-debian-gcc 0.2-5 68.44 91.40 159.84 OK
r-devel-linux-x86_64-fedora-clang 0.2-5 202.06 NOTE
r-devel-linux-x86_64-fedora-gcc 0.2-5 195.31 NOTE
r-devel-windows-ix86+x86_64 0.2-5 162.00 146.00 308.00 OK
r-patched-linux-x86_64 0.2-5 79.82 110.63 190.45 OK
r-patched-solaris-x86 0.2-5 245.90 OK
r-release-linux-x86_64 0.2-5 78.80 103.53 182.33 OK
r-release-windows-ix86+x86_64 0.2-5 168.00 104.00 272.00 OK
r-release-osx-x86_64 0.2-5 NOTE
r-oldrel-windows-ix86+x86_64 0.2-5 170.00 102.00 272.00 OK
r-oldrel-osx-x86_64 0.2-5 NOTE

Check Details

Version: 0.2-5
Check: installed package size
Result: NOTE
     installed size is 7.8Mb
     sub-directories of 1Mb or more:
     libs 7.4Mb
Flavors: r-devel-linux-x86_64-fedora-clang, r-devel-linux-x86_64-fedora-gcc, r-release-osx-x86_64, r-oldrel-osx-x86_64