CRAN Package Check Results for Package quadrupen

Last updated on 2015-07-06 10:47:14.

Flavor Version Tinstall Tcheck Ttotal Status Flags
r-devel-linux-x86_64-debian-clang 0.2-4 40.94 41.04 81.98 NOTE
r-devel-linux-x86_64-debian-gcc 0.2-4 44.00 40.70 84.70 NOTE
r-devel-linux-x86_64-fedora-clang 0.2-4 178.69 NOTE
r-devel-linux-x86_64-fedora-gcc 0.2-4 166.69 NOTE
r-devel-osx-x86_64-clang 0.2-4 105.78 NOTE
r-devel-windows-ix86+x86_64 0.2-4 140.00 113.00 253.00 NOTE
r-patched-linux-x86_64 0.2-4 43.88 40.32 84.20 NOTE
r-patched-solaris-sparc 0.2-4 1044.70 NOTE
r-patched-solaris-x86 0.2-4 222.10 NOTE
r-release-linux-x86_64 0.2-4 42.89 40.85 83.74 NOTE
r-release-osx-x86_64-mavericks 0.2-4 NOTE
r-release-windows-ix86+x86_64 0.2-4 157.00 92.00 249.00 OK
r-oldrel-windows-ix86+x86_64 0.2-4 119.00 123.00 242.00 OK

Check Details

Version: 0.2-4
Check: installed package size
Result: NOTE
     installed size is 6.1Mb
     sub-directories of 1Mb or more:
     libs 5.8Mb
Flavors: r-devel-linux-x86_64-debian-clang, r-devel-linux-x86_64-debian-gcc, r-devel-linux-x86_64-fedora-clang, r-devel-linux-x86_64-fedora-gcc, r-patched-linux-x86_64, r-patched-solaris-sparc, r-patched-solaris-x86, r-release-linux-x86_64, r-release-osx-x86_64-mavericks

Version: 0.2-4
Check: R code for possible problems
Result: NOTE
    crossval: no visible global function definition for ‘modifyList’
    stability: no visible global function definition for ‘modifyList’
    stability : bloc.stability: no visible global function definition for
     ‘runif’
    plot,cvpen: no visible binding for global variable ‘lambda1’
    plot,cvpen: no visible binding for global variable ‘lambda2’
    plot,cvpen: no visible global function definition for ‘quantile’
    plot,cvpen: no visible binding for global variable ‘serr’
    plot,cvpen: no visible binding for global variable ‘xval’
    plot,cvpen: no visible binding for global variable ‘lambda.choice’
    plot,quadrupen: no visible binding for global variable ‘coefficients’
    plot,quadrupen: no visible binding for global variable ‘variables’
    plot,quadrupen: no visible binding for global variable ‘var’
    plot,quadrupen: no visible binding for global variable ‘coef’
    plot,stability.path: no visible binding for global variable ‘variables’
    plot,stability.path: no visible binding for global variable ‘var’
    Undefined global functions or variables:
     coef coefficients lambda.choice lambda1 lambda2 modifyList quantile
     runif serr var variables xval
Flavors: r-devel-linux-x86_64-debian-clang, r-devel-linux-x86_64-debian-gcc, r-devel-linux-x86_64-fedora-clang, r-devel-linux-x86_64-fedora-gcc, r-devel-windows-ix86+x86_64

Version: 0.2-4
Check: R code for possible problems
Result: NOTE
    plot,cvpen: no visible binding for global variable ‘lambda1’
    plot,cvpen: no visible binding for global variable ‘lambda2’
    plot,cvpen: no visible binding for global variable ‘serr’
    plot,cvpen: no visible binding for global variable ‘xval’
    plot,cvpen: no visible binding for global variable ‘lambda.choice’
    plot,quadrupen: no visible binding for global variable ‘variables’
    plot,stability.path: no visible binding for global variable ‘variables’
    Undefined global functions or variables:
     lambda.choice lambda1 lambda2 serr variables xval
Flavor: r-devel-osx-x86_64-clang