CRAN Package Check Results for Package quadrupen

Last updated on 2014-09-01 23:46:49.

Flavor Version Tinstall Tcheck Ttotal Status Flags
r-devel-linux-x86_64-debian-clang 0.2-4 34.90 53.38 88.28 NOTE
r-devel-linux-x86_64-debian-gcc 0.2-4 44.99 50.12 95.11 NOTE
r-devel-linux-x86_64-fedora-clang 0.2-4 205.89 NOTE
r-devel-linux-x86_64-fedora-gcc 0.2-4 202.94 NOTE
r-devel-osx-x86_64-clang 0.2-4 141.97 OK
r-devel-windows-ix86+x86_64 0.2-4 115.00 109.00 224.00 OK
r-patched-linux-x86_64 0.2-4 42.67 52.80 95.47 NOTE
r-patched-solaris-sparc 0.2-4 1182.50 NOTE
r-patched-solaris-x86 0.2-4 256.70 NOTE
r-release-linux-ix86 0.2-4 53.74 64.96 118.70 NOTE
r-release-linux-x86_64 0.2-4 43.13 53.81 96.94 NOTE
r-release-osx-x86_64-mavericks 0.2-4 OK
r-release-osx-x86_64-snowleopard 0.2-4 OK
r-release-windows-ix86+x86_64 0.2-4 107.00 117.00 224.00 OK
r-oldrel-windows-ix86+x86_64 0.2-4 107.00 115.00 222.00 OK

Check Details

Version: 0.2-4
Check: installed package size
Result: NOTE
     installed size is 5.7Mb
     sub-directories of 1Mb or more:
     libs 5.3Mb
Flavors: r-devel-linux-x86_64-debian-clang, r-devel-linux-x86_64-debian-gcc, r-devel-linux-x86_64-fedora-clang, r-devel-linux-x86_64-fedora-gcc, r-patched-linux-x86_64, r-patched-solaris-sparc, r-patched-solaris-x86, r-release-linux-ix86, r-release-linux-x86_64