CRAN Package Check Results for Package quadrupen

Last updated on 2018-04-24 03:48:44 CEST.

Flavor Version Tinstall Tcheck Ttotal Status Flags
r-devel-linux-x86_64-debian-clang 0.2-5 89.68 60.33 150.01 OK
r-devel-linux-x86_64-debian-gcc 0.2-5 75.19 52.73 127.92 WARN
r-devel-linux-x86_64-fedora-clang 0.2-5 218.63 NOTE
r-devel-linux-x86_64-fedora-gcc 0.2-5 197.04 WARN
r-devel-windows-ix86+x86_64 0.2-5 233.00 105.00 338.00 WARN
r-devel-osx-x86_64 0.2-5 NOTE
r-patched-linux-x86_64 0.2-5 96.49 65.99 162.48 WARN
r-patched-solaris-x86 0.2-5 222.20 OK
r-release-linux-x86_64 0.2-5 95.39 63.70 159.09 WARN
r-release-windows-ix86+x86_64 0.2-5 166.00 151.00 317.00 OK
r-release-osx-x86_64 0.2-5 NOTE
r-oldrel-windows-ix86+x86_64 0.2-5 180.00 134.00 314.00 OK

Check Details

Version: 0.2-5
Check: whether package can be installed
Result: WARN
    Found the following significant warnings:
     bounded_reg.cpp:87:14: warning: suggest parentheses around comparison in operand of ‘|’ [-Wparentheses]
     elastic_net.cpp:86:14: warning: suggest parentheses around comparison in operand of ‘|’ [-Wparentheses]
     elastic_net.cpp:153:13: warning: suggest parentheses around comparison in operand of ‘&’ [-Wparentheses]
     quadratic.cpp:106:21: warning: suggest parentheses around comparison in operand of ‘&’ [-Wparentheses]
     utils.cpp:70:11: warning: suggest parentheses around comparison in operand of ‘&’ [-Wparentheses]
     utils.cpp:102:11: warning: suggest parentheses around comparison in operand of ‘&’ [-Wparentheses]
     utils.cpp:124:13: warning: suggest parentheses around comparison in operand of ‘&’ [-Wparentheses]
     utils.cpp:191:23: warning: suggest parentheses around comparison in operand of ‘&’ [-Wparentheses]
     utils.cpp:222:23: warning: suggest parentheses around comparison in operand of ‘&’ [-Wparentheses]
Flavors: r-devel-linux-x86_64-debian-gcc, r-devel-linux-x86_64-fedora-gcc, r-devel-windows-ix86+x86_64, r-patched-linux-x86_64, r-release-linux-x86_64

Version: 0.2-5
Check: installed package size
Result: NOTE
     installed size is 8.3Mb
     sub-directories of 1Mb or more:
     libs 7.8Mb
Flavors: r-devel-linux-x86_64-fedora-clang, r-devel-linux-x86_64-fedora-gcc, r-devel-osx-x86_64, r-release-osx-x86_64