CRAN Package Check Results for Package quadrupen

Last updated on 2015-04-19 03:49:47.

Flavor Version Tinstall Tcheck Ttotal Status Flags
r-devel-linux-x86_64-debian-clang 0.2-4 38.54 40.60 79.14 NOTE
r-devel-linux-x86_64-debian-gcc 0.2-4 41.81 42.99 84.80 NOTE
r-devel-linux-x86_64-fedora-clang 0.2-4 179.25 NOTE
r-devel-linux-x86_64-fedora-gcc 0.2-4 169.25 NOTE
r-devel-osx-x86_64-clang 0.2-4 114.56 OK
r-patched-linux-x86_64 0.2-4 41.63 40.64 82.27 NOTE
r-patched-solaris-sparc 0.2-4 1018.90 NOTE
r-patched-solaris-x86 0.2-4 218.00 NOTE
r-release-linux-x86_64 0.2-4 41.85 40.17 82.02 NOTE
r-release-osx-x86_64-mavericks 0.2-4 NOTE
r-release-osx-x86_64-snowleopard 0.2-4 ERROR
r-release-windows-ix86+x86_64 0.2-4 137.00 116.00 253.00 OK
r-oldrel-windows-ix86+x86_64 0.2-4 142.00 161.00 303.00 OK

Check Details

Version: 0.2-4
Check: installed package size
Result: NOTE
     installed size is 6.1Mb
     sub-directories of 1Mb or more:
     libs 5.7Mb
Flavors: r-devel-linux-x86_64-debian-clang, r-devel-linux-x86_64-debian-gcc, r-devel-linux-x86_64-fedora-clang, r-devel-linux-x86_64-fedora-gcc, r-patched-linux-x86_64, r-patched-solaris-sparc, r-patched-solaris-x86, r-release-linux-x86_64, r-release-osx-x86_64-mavericks

Version: 0.2-4
Check: package dependencies
Result: ERROR
    Packages required but not available: ‘ggplot2’ ‘scales’
    
    See section ‘The DESCRIPTION file’ in the ‘Writing R Extensions’
    manual.
Flavor: r-release-osx-x86_64-snowleopard