CRAN Package Check Results for Package quadrupen

Last updated on 2015-09-02 11:48:37.

Flavor Version Tinstall Tcheck Ttotal Status Flags
r-devel-linux-x86_64-debian-clang 0.2-4 39.75 41.49 81.24 NOTE
r-devel-linux-x86_64-debian-gcc 0.2-4 43.03 40.20 83.22 NOTE
r-devel-linux-x86_64-fedora-clang 0.2-4 171.63 NOTE
r-devel-linux-x86_64-fedora-gcc 0.2-4 167.47 NOTE
r-devel-osx-x86_64-clang 0.2-4 112.66 NOTE
r-devel-windows-ix86+x86_64 0.2-4 174.00 112.00 286.00 NOTE
r-patched-linux-x86_64 0.2-4 43.67 42.46 86.13 NOTE
r-patched-solaris-sparc 0.2-4 1083.30 NOTE
r-patched-solaris-x86 0.2-4 209.10 NOTE
r-release-linux-x86_64 0.2-4 44.34 44.96 89.29 NOTE
r-release-osx-x86_64-mavericks 0.2-4 NOTE
r-release-windows-ix86+x86_64 0.2-4 161.00 107.00 268.00 NOTE
r-oldrel-windows-ix86+x86_64 0.2-4 169.00 152.00 321.00 NOTE

Check Details

Version: 0.2-4
Check: installed package size
Result: NOTE
     installed size is 6.1Mb
     sub-directories of 1Mb or more:
     libs 5.8Mb
Flavors: r-devel-linux-x86_64-debian-clang, r-devel-linux-x86_64-debian-gcc, r-devel-linux-x86_64-fedora-clang, r-devel-linux-x86_64-fedora-gcc, r-patched-linux-x86_64, r-release-linux-x86_64, r-release-osx-x86_64-mavericks

Version: 0.2-4
Check: R code for possible problems
Result: NOTE
    crossval: no visible global function definition for ‘modifyList’
    stability: no visible global function definition for ‘modifyList’
    stability : bloc.stability: no visible global function definition for
     ‘runif’
    plot,cvpen: no visible binding for global variable ‘lambda1’
    plot,cvpen: no visible binding for global variable ‘lambda2’
    plot,cvpen: no visible global function definition for ‘quantile’
    plot,cvpen: no visible binding for global variable ‘serr’
    plot,cvpen: no visible binding for global variable ‘xval’
    plot,cvpen: no visible binding for global variable ‘lambda.choice’
    plot,quadrupen: no visible binding for global variable ‘coefficients’
    plot,quadrupen: no visible binding for global variable ‘variables’
    plot,quadrupen: no visible binding for global variable ‘var’
    plot,quadrupen: no visible binding for global variable ‘coef’
    plot,stability.path: no visible binding for global variable ‘variables’
    plot,stability.path: no visible binding for global variable ‘var’
    Undefined global functions or variables:
     coef coefficients lambda.choice lambda1 lambda2 modifyList quantile
     runif serr var variables xval
    Consider adding
     importFrom("stats", "coef", "coefficients", "quantile", "runif", "var")
     importFrom("utils", "modifyList")
    to your NAMESPACE.
Flavors: r-devel-linux-x86_64-debian-clang, r-devel-linux-x86_64-debian-gcc, r-devel-linux-x86_64-fedora-clang, r-devel-linux-x86_64-fedora-gcc, r-devel-windows-ix86+x86_64

Version: 0.2-4
Check: R code for possible problems
Result: NOTE
    plot,cvpen: no visible binding for global variable ‘lambda1’
    plot,cvpen: no visible binding for global variable ‘lambda2’
    plot,cvpen: no visible binding for global variable ‘serr’
    plot,cvpen: no visible binding for global variable ‘xval’
    plot,cvpen: no visible binding for global variable ‘lambda.choice’
    plot,quadrupen: no visible binding for global variable ‘variables’
    plot,stability.path: no visible binding for global variable ‘variables’
    Undefined global functions or variables:
     lambda.choice lambda1 lambda2 serr variables xval
Flavor: r-devel-osx-x86_64-clang

Version: 0.2-4
Check: R code for possible problems
Result: NOTE
    plot,cvpen : .local: no visible binding for global variable ‘lambda1’
    plot,cvpen : .local: no visible binding for global variable ‘lambda2’
    plot,cvpen : .local: no visible binding for global variable ‘serr’
    plot,cvpen : .local: no visible binding for global variable ‘xval’
    plot,cvpen : .local: no visible binding for global variable
     ‘lambda.choice’
    plot,quadrupen : .local: no visible binding for global variable
     ‘variables’
    plot,stability.path : .local: no visible binding for global variable
     ‘variables’
Flavors: r-patched-linux-x86_64, r-patched-solaris-sparc, r-patched-solaris-x86, r-release-linux-x86_64, r-release-windows-ix86+x86_64, r-oldrel-windows-ix86+x86_64