CRAN Package Check Results for Package quadrupen

Last updated on 2016-07-28 17:48:28.

Flavor Version Tinstall Tcheck Ttotal Status Flags
r-devel-linux-x86_64-debian-clang 0.2-4 62.93 48.25 111.17 NOTE
r-devel-linux-x86_64-debian-gcc 0.2-4 68.10 49.47 117.58 NOTE
r-devel-linux-x86_64-fedora-clang 0.2-4 190.72 NOTE
r-devel-linux-x86_64-fedora-gcc 0.2-4 177.40 NOTE
r-devel-osx-x86_64-clang 0.2-4 136.18 NOTE
r-devel-windows-ix86+x86_64 0.2-4 183.00 98.00 281.00 NOTE
r-patched-linux-x86_64 0.2-4 52.91 44.57 97.48 NOTE
r-patched-solaris-sparc 0.2-4 943.20 NOTE
r-patched-solaris-x86 0.2-4 193.00 NOTE
r-release-linux-x86_64 0.2-4 51.23 45.41 96.64 NOTE
r-release-osx-x86_64-mavericks 0.2-4 NOTE
r-release-windows-ix86+x86_64 0.2-4 196.00 125.00 321.00 NOTE
r-oldrel-windows-ix86+x86_64 0.2-4 167.00 136.00 303.00 NOTE

Check Details

Version: 0.2-4
Check: installed package size
Result: NOTE
     installed size is 6.3Mb
     sub-directories of 1Mb or more:
     libs 5.9Mb
Flavors: r-devel-linux-x86_64-debian-clang, r-devel-linux-x86_64-debian-gcc, r-devel-linux-x86_64-fedora-clang, r-devel-linux-x86_64-fedora-gcc, r-patched-linux-x86_64, r-release-linux-x86_64, r-release-osx-x86_64-mavericks

Version: 0.2-4
Check: R code for possible problems
Result: NOTE
    crossval: no visible global function definition for ‘modifyList’
    stability: no visible global function definition for ‘modifyList’
    stability : bloc.stability: no visible global function definition for
     ‘runif’
    plot,cvpen: no visible binding for global variable ‘lambda1’
    plot,cvpen: no visible binding for global variable ‘lambda2’
    plot,cvpen: no visible global function definition for ‘quantile’
    plot,cvpen: no visible binding for global variable ‘serr’
    plot,cvpen: no visible binding for global variable ‘xval’
    plot,cvpen: no visible binding for global variable ‘lambda.choice’
    plot,quadrupen: no visible binding for global variable ‘coefficients’
    plot,quadrupen: no visible binding for global variable ‘variables’
    plot,quadrupen: no visible binding for global variable ‘var’
    plot,quadrupen: no visible binding for global variable ‘coef’
    plot,stability.path: no visible binding for global variable ‘variables’
    plot,stability.path: no visible binding for global variable ‘var’
    Undefined global functions or variables:
     coef coefficients lambda.choice lambda1 lambda2 modifyList quantile
     runif serr var variables xval
    Consider adding
     importFrom("stats", "coef", "coefficients", "quantile", "runif", "var")
     importFrom("utils", "modifyList")
    to your NAMESPACE file.
Flavors: r-devel-linux-x86_64-debian-clang, r-devel-linux-x86_64-debian-gcc, r-devel-linux-x86_64-fedora-clang, r-devel-linux-x86_64-fedora-gcc, r-devel-osx-x86_64-clang, r-devel-windows-ix86+x86_64, r-patched-linux-x86_64, r-patched-solaris-sparc, r-patched-solaris-x86, r-release-linux-x86_64, r-release-osx-x86_64-mavericks, r-release-windows-ix86+x86_64

Version: 0.2-4
Check: R code for possible problems
Result: NOTE
    plot,cvpen : .local: no visible binding for global variable 'lambda1'
    plot,cvpen : .local: no visible binding for global variable 'lambda2'
    plot,cvpen : .local: no visible binding for global variable 'serr'
    plot,cvpen : .local: no visible binding for global variable 'xval'
    plot,cvpen : .local: no visible binding for global variable
     'lambda.choice'
    plot,quadrupen : .local: no visible binding for global variable
     'variables'
    plot,stability.path : .local: no visible binding for global variable
     'variables'
Flavor: r-oldrel-windows-ix86+x86_64