CRAN Package Check Results for Package quadrupen

Last updated on 2016-05-26 11:49:45.

Flavor Version Tinstall Tcheck Ttotal Status Flags
r-devel-linux-x86_64-debian-gcc 0.2-4 60.08 39.48 99.56 NOTE
r-devel-linux-x86_64-fedora-clang 0.2-4 181.89 NOTE
r-devel-linux-x86_64-fedora-gcc 0.2-4 169.95 NOTE
r-devel-osx-x86_64-clang 0.2-4 129.22 NOTE
r-devel-windows-ix86+x86_64 0.2-4 139.00 112.00 251.00 NOTE
r-patched-linux-x86_64 0.2-4 45.61 38.88 84.48 NOTE
r-patched-solaris-sparc 0.2-4 917.80 NOTE
r-patched-solaris-x86 0.2-4 192.20 NOTE
r-release-linux-x86_64 0.2-4 44.85 39.76 84.61 NOTE
r-release-osx-x86_64-mavericks 0.2-4 NOTE
r-release-windows-ix86+x86_64 0.2-4 183.00 89.00 272.00 NOTE
r-oldrel-windows-ix86+x86_64 0.2-4 120.00 99.00 219.00 NOTE

Check Details

Version: 0.2-4
Check: installed package size
Result: NOTE
     installed size is 7.5Mb
     sub-directories of 1Mb or more:
     libs 7.1Mb
Flavors: r-devel-linux-x86_64-debian-gcc, r-devel-linux-x86_64-fedora-clang, r-devel-linux-x86_64-fedora-gcc, r-patched-linux-x86_64, r-release-linux-x86_64, r-release-osx-x86_64-mavericks

Version: 0.2-4
Check: R code for possible problems
Result: NOTE
    crossval: no visible global function definition for ‘modifyList’
    stability: no visible global function definition for ‘modifyList’
    stability : bloc.stability: no visible global function definition for
     ‘runif’
    plot,cvpen: no visible binding for global variable ‘lambda1’
    plot,cvpen: no visible binding for global variable ‘lambda2’
    plot,cvpen: no visible global function definition for ‘quantile’
    plot,cvpen: no visible binding for global variable ‘serr’
    plot,cvpen: no visible binding for global variable ‘xval’
    plot,cvpen: no visible binding for global variable ‘lambda.choice’
    plot,quadrupen: no visible binding for global variable ‘coefficients’
    plot,quadrupen: no visible binding for global variable ‘variables’
    plot,quadrupen: no visible binding for global variable ‘var’
    plot,quadrupen: no visible binding for global variable ‘coef’
    plot,stability.path: no visible binding for global variable ‘variables’
    plot,stability.path: no visible binding for global variable ‘var’
    Undefined global functions or variables:
     coef coefficients lambda.choice lambda1 lambda2 modifyList quantile
     runif serr var variables xval
    Consider adding
     importFrom("stats", "coef", "coefficients", "quantile", "runif", "var")
     importFrom("utils", "modifyList")
    to your NAMESPACE file.
Flavors: r-devel-linux-x86_64-debian-gcc, r-devel-linux-x86_64-fedora-clang, r-devel-linux-x86_64-fedora-gcc, r-devel-osx-x86_64-clang, r-devel-windows-ix86+x86_64, r-patched-linux-x86_64, r-patched-solaris-sparc, r-patched-solaris-x86, r-release-linux-x86_64, r-release-osx-x86_64-mavericks, r-release-windows-ix86+x86_64

Version: 0.2-4
Check: R code for possible problems
Result: NOTE
    plot,cvpen : .local: no visible binding for global variable 'lambda1'
    plot,cvpen : .local: no visible binding for global variable 'lambda2'
    plot,cvpen : .local: no visible binding for global variable 'serr'
    plot,cvpen : .local: no visible binding for global variable 'xval'
    plot,cvpen : .local: no visible binding for global variable
     'lambda.choice'
    plot,quadrupen : .local: no visible binding for global variable
     'variables'
    plot,stability.path : .local: no visible binding for global variable
     'variables'
Flavor: r-oldrel-windows-ix86+x86_64