CRAN Package Check Results for Package quadrupen

Last updated on 2014-10-21 14:48:25.

Flavor Version Tinstall Tcheck Ttotal Status Flags
r-devel-linux-x86_64-debian-clang 0.2-4 36.64 51.12 87.76 NOTE
r-devel-linux-x86_64-debian-gcc 0.2-4 42.54 50.78 93.32 NOTE
r-devel-linux-x86_64-fedora-clang 0.2-4 208.82 NOTE
r-devel-linux-x86_64-fedora-gcc 0.2-4 201.25 NOTE
r-devel-osx-x86_64-clang 0.2-4 140.68 OK
r-devel-windows-ix86+x86_64 0.2-4 111.00 108.00 219.00 OK
r-patched-linux-x86_64 0.2-4 49.60 53.20 102.79 NOTE
r-patched-solaris-sparc 0.2-4 1182.50 NOTE
r-patched-solaris-x86 0.2-4 261.20 NOTE
r-release-linux-ix86 0.2-4 54.16 65.68 119.84 NOTE
r-release-linux-x86_64 0.2-4 42.98 53.54 96.52 NOTE
r-release-osx-x86_64-mavericks 0.2-4 OK
r-release-osx-x86_64-snowleopard 0.2-4 OK
r-release-windows-ix86+x86_64 0.2-4 117.00 110.00 227.00 OK
r-oldrel-windows-ix86+x86_64 0.2-4 108.00 120.00 228.00 OK

Check Details

Version: 0.2-4
Check: installed package size
Result: NOTE
     installed size is 6.6Mb
     sub-directories of 1Mb or more:
     libs 6.3Mb
Flavors: r-devel-linux-x86_64-debian-clang, r-devel-linux-x86_64-debian-gcc, r-devel-linux-x86_64-fedora-clang, r-devel-linux-x86_64-fedora-gcc, r-patched-linux-x86_64, r-patched-solaris-sparc, r-patched-solaris-x86, r-release-linux-ix86, r-release-linux-x86_64