CRAN Package Check Results for Package quadrupen

Last updated on 2018-06-21 23:50:33 CEST.

Flavor Version Tinstall Tcheck Ttotal Status Flags
r-devel-linux-x86_64-debian-clang 0.2-6 97.30 70.61 167.91 OK
r-devel-linux-x86_64-debian-gcc 0.2-6 76.09 63.62 139.71 OK
r-devel-linux-x86_64-fedora-clang 0.2-6 228.43 NOTE
r-devel-linux-x86_64-fedora-gcc 0.2-6 205.97 OK
r-devel-windows-ix86+x86_64 0.2-6 219.00 123.00 342.00 OK
r-patched-linux-x86_64 0.2-6 91.48 65.66 157.14 OK
r-patched-solaris-x86 0.2-6 219.60 OK
r-release-linux-x86_64 0.2-6 94.69 65.87 160.56 OK
r-release-windows-ix86+x86_64 0.2-6 168.00 105.00 273.00 OK
r-release-osx-x86_64 0.2-6 NOTE
r-oldrel-windows-ix86+x86_64 0.2-6 171.00 113.00 284.00 OK
r-oldrel-osx-x86_64 0.2-6 NOTE

Check Details

Version: 0.2-6
Check: installed package size
Result: NOTE
     installed size is 8.2Mb
     sub-directories of 1Mb or more:
     libs 7.8Mb
Flavors: r-devel-linux-x86_64-fedora-clang, r-release-osx-x86_64, r-oldrel-osx-x86_64