CRAN Package Check Results for Package quadrupen

Last updated on 2015-03-05 10:50:08.

Flavor Version Tinstall Tcheck Ttotal Status Flags
r-devel-linux-x86_64-debian-clang 0.2-4 36.21 43.81 80.02 NOTE
r-devel-linux-x86_64-debian-gcc 0.2-4 43.24 42.53 85.77 NOTE
r-devel-linux-x86_64-fedora-clang 0.2-4 180.64 NOTE
r-devel-linux-x86_64-fedora-gcc 0.2-4 169.34 NOTE
r-devel-osx-x86_64-clang 0.2-4 139.60 OK
r-devel-windows-ix86+x86_64 0.2-4 114.00 96.00 210.00 OK
r-patched-linux-x86_64 0.2-4 43.28 54.13 97.41 NOTE
r-patched-solaris-sparc 0.2-4 1191.20 NOTE
r-patched-solaris-x86 0.2-4 266.10 NOTE
r-release-linux-ix86 0.2-4 51.72 64.06 115.78 NOTE
r-release-linux-x86_64 0.2-4 43.48 57.30 100.78 NOTE
r-release-osx-x86_64-mavericks 0.2-4 NOTE
r-release-osx-x86_64-snowleopard 0.2-4 OK
r-release-windows-ix86+x86_64 0.2-4 117.00 122.00 239.00 OK
r-oldrel-windows-ix86+x86_64 0.2-4 111.00 119.00 230.00 OK

Check Details

Version: 0.2-4
Check: installed package size
Result: NOTE
     installed size is 6.5Mb
     sub-directories of 1Mb or more:
     libs 6.1Mb
Flavors: r-devel-linux-x86_64-debian-clang, r-devel-linux-x86_64-debian-gcc, r-devel-linux-x86_64-fedora-clang, r-devel-linux-x86_64-fedora-gcc, r-patched-linux-x86_64, r-patched-solaris-sparc, r-patched-solaris-x86, r-release-linux-ix86, r-release-linux-x86_64, r-release-osx-x86_64-mavericks