CRAN Package Check Results for Package quadrupen

Last updated on 2014-07-23 15:47:50.

Flavor Version Tinstall Tcheck Ttotal Status Flags
r-devel-linux-x86_64-debian-clang 0.2-4 34.97 53.28 88.25 NOTE
r-devel-linux-x86_64-debian-gcc 0.2-4 42.30 52.36 94.66 NOTE
r-devel-linux-x86_64-fedora-clang 0.2-4 207.65 NOTE
r-devel-linux-x86_64-fedora-gcc 0.2-4 208.15 NOTE
r-devel-osx-x86_64-clang 0.2-4 158.03 OK
r-devel-windows-ix86+x86_64 0.2-4 116.00 104.00 220.00 OK
r-patched-linux-x86_64 0.2-4 42.69 52.25 94.94 NOTE
r-patched-solaris-sparc 0.2-4 1262.30 NOTE
r-patched-solaris-x86 0.2-4 260.70 NOTE
r-release-linux-ix86 0.2-4 52.93 65.23 118.16 NOTE
r-release-linux-x86_64 0.2-4 42.15 53.28 95.43 NOTE
r-release-osx-x86_64-mavericks 0.2-4 OK
r-release-osx-x86_64-snowleopard 0.2-4 OK
r-release-windows-ix86+x86_64 0.2-4 108.00 110.00 218.00 OK
r-oldrel-windows-ix86+x86_64 0.2-4 112.00 118.00 230.00 OK

Check Details

Version: 0.2-4
Check: installed package size
Result: NOTE
     installed size is 5.5Mb
     sub-directories of 1Mb or more:
     libs 5.1Mb
Flavors: r-devel-linux-x86_64-debian-clang, r-devel-linux-x86_64-debian-gcc, r-devel-linux-x86_64-fedora-clang, r-devel-linux-x86_64-fedora-gcc, r-patched-linux-x86_64, r-patched-solaris-sparc, r-patched-solaris-x86, r-release-linux-ix86, r-release-linux-x86_64