CRAN Package Check Results for Package quadrupen

Last updated on 2017-07-21 18:47:11.

Flavor Version Tinstall Tcheck Ttotal Status Flags
r-devel-linux-x86_64-debian-clang 0.2-5 53.73 51.65 105.38 OK
r-devel-linux-x86_64-debian-gcc 0.2-5 58.90 49.53 108.43 OK
r-devel-linux-x86_64-fedora-clang 0.2-5 211.03 NOTE
r-devel-linux-x86_64-fedora-gcc 0.2-5 200.72 NOTE
r-devel-windows-ix86+x86_64 0.2-5 194.00 140.00 334.00 OK
r-patched-linux-x86_64 0.2-5 56.70 50.90 107.60 OK
r-patched-solaris-x86 0.2-5 216.50 OK
r-release-linux-x86_64 0.2-5 55.89 51.02 106.91 OK
r-release-windows-ix86+x86_64 0.2-5 167.00 136.00 303.00 OK
r-release-osx-x86_64 0.2-5 NOTE
r-oldrel-windows-ix86+x86_64 0.2-5 147.00 104.00 251.00 OK
r-oldrel-osx-x86_64 0.2-5 NOTE

Check Details

Version: 0.2-5
Check: installed package size
Result: NOTE
     installed size is 6.3Mb
     sub-directories of 1Mb or more:
     libs 5.9Mb
Flavors: r-devel-linux-x86_64-fedora-clang, r-devel-linux-x86_64-fedora-gcc, r-release-osx-x86_64, r-oldrel-osx-x86_64