CRAN Package Check Results for Package quadrupen

Last updated on 2014-04-21 05:48:20.

Flavor Version Tinstall Tcheck Ttotal Status Flags
r-devel-linux-x86_64-debian-clang 0.2-4 36.81 56.72 93.53 NOTE
r-devel-linux-x86_64-debian-gcc 0.2-4 43.68 58.28 101.96 NOTE
r-devel-linux-x86_64-fedora-clang 0.2-4 209.34 NOTE
r-devel-linux-x86_64-fedora-gcc 0.2-4 206.41 NOTE
r-devel-macosx-x86_64-clang 0.2-4 161.07 OK
r-devel-macosx-x86_64-gcc 0.2-4 ERROR
r-devel-windows-ix86+x86_64 0.2-4 110.00 114.00 224.00 OK
r-patched-linux-x86_64 0.2-4 43.49 56.26 99.75 NOTE
r-patched-solaris-sparc 0.2-4 1262.30 NOTE
r-patched-solaris-x86 0.2-4 259.50 NOTE
r-release-linux-ix86 NOTE
r-release-linux-x86_64 0.2-4 43.47 56.95 100.42 NOTE
r-release-macosx-x86_64 0.2-4 OK
r-release-windows-ix86+x86_64 0.2-4 149.00 118.00 267.00 OK
r-oldrel-windows-ix86+x86_64 0.2-4 117.00 119.00 236.00 OK

Check Details

Version: 0.2-4
Check: installed package size
Result: NOTE
     installed size is 5.5Mb
     sub-directories of 1Mb or more:
     libs 5.1Mb
Flavors: r-devel-linux-x86_64-debian-clang, r-devel-linux-x86_64-debian-gcc, r-devel-linux-x86_64-fedora-clang, r-devel-linux-x86_64-fedora-gcc, r-patched-linux-x86_64, r-patched-solaris-sparc, r-patched-solaris-x86, r-release-linux-ix86, r-release-linux-x86_64

Version: 0.2-4
Check: package dependencies
Result: ERROR
    Packages required but not available: ‘ggplot2’ ‘scales’
    
    See the information on DESCRIPTION files in the chapter ‘Creating R
    packages’ of the ‘Writing R Extensions’ manual.
Flavor: r-devel-macosx-x86_64-gcc