CRAN Package Check Results for Package quadrupen

Last updated on 2017-02-25 23:48:00.

Flavor Version Tinstall Tcheck Ttotal Status Flags
r-devel-linux-x86_64-debian-clang 0.2-4 51.51 44.24 95.75 NOTE
r-devel-linux-x86_64-debian-gcc 0.2-4 55.00 43.35 98.35 NOTE
r-devel-linux-x86_64-fedora-clang 0.2-4 221.45 NOTE --no-stop-on-test-error
r-devel-linux-x86_64-fedora-gcc 0.2-4 205.43 NOTE --no-stop-on-test-error
r-devel-macos-x86_64-clang 0.2-4 139.74 NOTE --no-stop-on-test-error
r-devel-windows-ix86+x86_64 0.2-4 191.00 146.00 337.00 NOTE
r-patched-linux-x86_64 0.2-4 46.57 39.29 85.86 NOTE
r-patched-solaris-sparc 0.2-4 928.10 NOTE
r-patched-solaris-x86 0.2-4 204.20 NOTE
r-release-linux-x86_64 0.2-4 46.54 38.80 85.34 NOTE
r-release-osx-x86_64-mavericks 0.2-4 NOTE
r-release-windows-ix86+x86_64 0.2-4 188.00 94.00 282.00 NOTE
r-oldrel-windows-ix86+x86_64 0.2-4 163.00 132.00 295.00 NOTE

Check Details

Version: 0.2-4
Check: R code for possible problems
Result: NOTE
    crossval: no visible global function definition for ‘modifyList’
    stability: no visible global function definition for ‘modifyList’
    stability : bloc.stability: no visible global function definition for
     ‘runif’
    plot,cvpen: no visible binding for global variable ‘lambda1’
    plot,cvpen: no visible binding for global variable ‘lambda2’
    plot,cvpen: no visible global function definition for ‘quantile’
    plot,cvpen: no visible binding for global variable ‘serr’
    plot,cvpen: no visible binding for global variable ‘xval’
    plot,cvpen: no visible binding for global variable ‘lambda.choice’
    plot,quadrupen: no visible binding for global variable ‘coefficients’
    plot,quadrupen: no visible binding for global variable ‘variables’
    plot,quadrupen: no visible binding for global variable ‘var’
    plot,quadrupen: no visible binding for global variable ‘coef’
    plot,stability.path: no visible binding for global variable ‘variables’
    plot,stability.path: no visible binding for global variable ‘var’
    Undefined global functions or variables:
     coef coefficients lambda.choice lambda1 lambda2 modifyList quantile
     runif serr var variables xval
    Consider adding
     importFrom("stats", "coef", "coefficients", "quantile", "runif", "var")
     importFrom("utils", "modifyList")
    to your NAMESPACE file.
Flavors: r-devel-linux-x86_64-debian-clang, r-devel-linux-x86_64-debian-gcc, r-devel-windows-ix86+x86_64, r-patched-linux-x86_64, r-patched-solaris-sparc, r-patched-solaris-x86, r-release-linux-x86_64, r-release-osx-x86_64-mavericks, r-release-windows-ix86+x86_64

Version: 0.2-4
Check: compiled code
Result: NOTE
    File ‘quadrupen/libs/quadrupen.so’:
     Found no calls to: ‘R_registerRoutines’, ‘R_useDynamicSymbols’
    
    It is good practice to register native routines and to disable symbol
    search.
    
    See ‘Writing portable packages’ in the ‘Writing R Extensions’ manual.
Flavors: r-devel-linux-x86_64-debian-clang, r-devel-linux-x86_64-debian-gcc

Version: 0.2-4
Flags: --no-stop-on-test-error
Check: installed package size
Result: NOTE
     installed size is 6.3Mb
     sub-directories of 1Mb or more:
     libs 5.9Mb
Flavors: r-devel-linux-x86_64-fedora-clang, r-devel-linux-x86_64-fedora-gcc

Version: 0.2-4
Flags: --no-stop-on-test-error
Check: R code for possible problems
Result: NOTE
    crossval: no visible global function definition for ‘modifyList’
    stability: no visible global function definition for ‘modifyList’
    stability : bloc.stability: no visible global function definition for
     ‘runif’
    plot,cvpen: no visible binding for global variable ‘lambda1’
    plot,cvpen: no visible binding for global variable ‘lambda2’
    plot,cvpen: no visible global function definition for ‘quantile’
    plot,cvpen: no visible binding for global variable ‘serr’
    plot,cvpen: no visible binding for global variable ‘xval’
    plot,cvpen: no visible binding for global variable ‘lambda.choice’
    plot,quadrupen: no visible binding for global variable ‘coefficients’
    plot,quadrupen: no visible binding for global variable ‘variables’
    plot,quadrupen: no visible binding for global variable ‘var’
    plot,quadrupen: no visible binding for global variable ‘coef’
    plot,stability.path: no visible binding for global variable ‘variables’
    plot,stability.path: no visible binding for global variable ‘var’
    Undefined global functions or variables:
     coef coefficients lambda.choice lambda1 lambda2 modifyList quantile
     runif serr var variables xval
    Consider adding
     importFrom("stats", "coef", "coefficients", "quantile", "runif", "var")
     importFrom("utils", "modifyList")
    to your NAMESPACE file.
Flavors: r-devel-linux-x86_64-fedora-clang, r-devel-linux-x86_64-fedora-gcc, r-devel-macos-x86_64-clang

Version: 0.2-4
Flags: --no-stop-on-test-error
Check: compiled code
Result: NOTE
    File ‘quadrupen/libs/quadrupen.so’:
     Found no calls to: ‘R_registerRoutines’, ‘R_useDynamicSymbols’
    
    It is good practice to register native routines and to disable symbol
    search.
    
    See ‘Writing portable packages’ in the ‘Writing R Extensions’ manual.
Flavors: r-devel-linux-x86_64-fedora-clang, r-devel-linux-x86_64-fedora-gcc, r-devel-macos-x86_64-clang

Version: 0.2-4
Check: installed package size
Result: NOTE
     installed size is 5.8Mb
     sub-directories of 1Mb or more:
     libs 5.5Mb
Flavor: r-release-osx-x86_64-mavericks

Version: 0.2-4
Check: R code for possible problems
Result: NOTE
    plot,cvpen : .local: no visible binding for global variable 'lambda1'
    plot,cvpen : .local: no visible binding for global variable 'lambda2'
    plot,cvpen : .local: no visible binding for global variable 'serr'
    plot,cvpen : .local: no visible binding for global variable 'xval'
    plot,cvpen : .local: no visible binding for global variable
     'lambda.choice'
    plot,quadrupen : .local: no visible binding for global variable
     'variables'
    plot,stability.path : .local: no visible binding for global variable
     'variables'
Flavor: r-oldrel-windows-ix86+x86_64