CRAN Package Check Results for Package quadrupen

Last updated on 2016-02-13 11:54:32.

Flavor Version Tinstall Tcheck Ttotal Status Flags
r-devel-linux-x86_64-debian-gcc 0.2-4 44.11 38.47 82.58 NOTE
r-devel-linux-x86_64-fedora-clang 0.2-4 178.62 NOTE
r-devel-linux-x86_64-fedora-gcc 0.2-4 167.98 NOTE
r-devel-osx-x86_64-clang 0.2-4 127.93 NOTE
r-devel-windows-ix86+x86_64 0.2-4 174.00 85.00 259.00 NOTE
r-patched-linux-x86_64 0.2-4 44.54 41.23 85.77 NOTE
r-patched-solaris-sparc 0.2-4 976.70 NOTE
r-patched-solaris-x86 0.2-4 197.30 NOTE
r-release-linux-x86_64 0.2-4 44.64 41.01 85.66 WARN
r-release-osx-x86_64-mavericks 0.2-4 NOTE
r-release-windows-ix86+x86_64 0.2-4 164.00 91.00 255.00 NOTE
r-oldrel-windows-ix86+x86_64 0.2-4 173.00 187.00 360.00 WARN

Check Details

Version: 0.2-4
Check: installed package size
Result: NOTE
     installed size is 6.9Mb
     sub-directories of 1Mb or more:
     libs 6.5Mb
Flavors: r-devel-linux-x86_64-debian-gcc, r-devel-linux-x86_64-fedora-clang, r-devel-linux-x86_64-fedora-gcc, r-patched-linux-x86_64, r-release-linux-x86_64, r-release-osx-x86_64-mavericks

Version: 0.2-4
Check: R code for possible problems
Result: NOTE
    crossval: no visible global function definition for ‘modifyList’
    stability: no visible global function definition for ‘modifyList’
    stability : bloc.stability: no visible global function definition for
     ‘runif’
    plot,cvpen: no visible binding for global variable ‘lambda1’
    plot,cvpen: no visible binding for global variable ‘lambda2’
    plot,cvpen: no visible global function definition for ‘quantile’
    plot,cvpen: no visible binding for global variable ‘serr’
    plot,cvpen: no visible binding for global variable ‘xval’
    plot,cvpen: no visible binding for global variable ‘lambda.choice’
    plot,quadrupen: no visible binding for global variable ‘coefficients’
    plot,quadrupen: no visible binding for global variable ‘variables’
    plot,quadrupen: no visible binding for global variable ‘var’
    plot,quadrupen: no visible binding for global variable ‘coef’
    plot,stability.path: no visible binding for global variable ‘variables’
    plot,stability.path: no visible binding for global variable ‘var’
    Undefined global functions or variables:
     coef coefficients lambda.choice lambda1 lambda2 modifyList quantile
     runif serr var variables xval
    Consider adding
     importFrom("stats", "coef", "coefficients", "quantile", "runif", "var")
     importFrom("utils", "modifyList")
    to your NAMESPACE file.
Flavors: r-devel-linux-x86_64-debian-gcc, r-devel-linux-x86_64-fedora-clang, r-devel-linux-x86_64-fedora-gcc, r-devel-osx-x86_64-clang, r-devel-windows-ix86+x86_64

Version: 0.2-4
Check: R code for possible problems
Result: NOTE
    plot,cvpen : .local: no visible binding for global variable ‘lambda1’
    plot,cvpen : .local: no visible binding for global variable ‘lambda2’
    plot,cvpen : .local: no visible binding for global variable ‘serr’
    plot,cvpen : .local: no visible binding for global variable ‘xval’
    plot,cvpen : .local: no visible binding for global variable
     ‘lambda.choice’
    plot,quadrupen : .local: no visible binding for global variable
     ‘variables’
    plot,stability.path : .local: no visible binding for global variable
     ‘variables’
Flavors: r-patched-linux-x86_64, r-patched-solaris-sparc, r-patched-solaris-x86, r-release-linux-x86_64, r-release-windows-ix86+x86_64, r-oldrel-windows-ix86+x86_64

Version: 0.2-4
Check: whether package can be installed
Result: WARN
    Found the following significant warnings:
     Warning: replacing previous import by ‘grid::arrow’ when loading ‘quadrupen’
     Warning: replacing previous import by ‘grid::unit’ when loading ‘quadrupen’
     Warning: replacing previous import by ‘scales::alpha’ when loading ‘quadrupen’
Flavors: r-release-linux-x86_64, r-oldrel-windows-ix86+x86_64