CRAN Package Check Results for Package quadrupen

Last updated on 2014-11-23 03:48:07.

Flavor Version Tinstall Tcheck Ttotal Status Flags
r-devel-linux-x86_64-debian-clang 0.2-4 36.49 51.60 88.10 NOTE
r-devel-linux-x86_64-debian-gcc 0.2-4 43.98 49.41 93.39 NOTE
r-devel-linux-x86_64-fedora-clang 0.2-4 218.05 NOTE
r-devel-linux-x86_64-fedora-gcc 0.2-4 203.14 NOTE
r-devel-osx-x86_64-clang 0.2-4 157.82 OK
r-devel-windows-ix86+x86_64 0.2-4 103.00 108.00 211.00 OK
r-patched-linux-x86_64 0.2-4 42.70 55.55 98.25 NOTE
r-patched-solaris-sparc 0.2-4 1219.10 NOTE
r-patched-solaris-x86 0.2-4 259.40 NOTE
r-release-linux-ix86 0.2-4 52.15 63.18 115.33 NOTE
r-release-linux-x86_64 0.2-4 43.58 53.84 97.42 NOTE
r-release-osx-x86_64-mavericks 0.2-4 OK
r-release-osx-x86_64-snowleopard 0.2-4 OK
r-release-windows-ix86+x86_64 0.2-4 144.00 116.00 260.00 OK
r-oldrel-windows-ix86+x86_64 0.2-4 108.00 120.00 228.00 OK

Check Details

Version: 0.2-4
Check: installed package size
Result: NOTE
     installed size is 6.5Mb
     sub-directories of 1Mb or more:
     libs 6.1Mb
Flavors: r-devel-linux-x86_64-debian-clang, r-devel-linux-x86_64-debian-gcc, r-devel-linux-x86_64-fedora-clang, r-devel-linux-x86_64-fedora-gcc, r-patched-linux-x86_64, r-patched-solaris-sparc, r-patched-solaris-x86, r-release-linux-ix86, r-release-linux-x86_64