CRAN Package Check Results for Package quadrupen

Last updated on 2014-12-22 21:47:23.

Flavor Version Tinstall Tcheck Ttotal Status Flags
r-devel-linux-x86_64-debian-clang 0.2-4 37.48 51.71 89.19 NOTE
r-devel-linux-x86_64-debian-gcc 0.2-4 42.45 50.48 92.94 NOTE
r-devel-linux-x86_64-fedora-clang 0.2-4 208.19 NOTE
r-devel-linux-x86_64-fedora-gcc 0.2-4 204.93 NOTE
r-devel-osx-x86_64-clang 0.2-4 144.59 OK
r-devel-windows-ix86+x86_64 0.2-4 115.00 106.00 221.00 OK
r-patched-linux-x86_64 0.2-4 42.45 53.06 95.52 NOTE
r-patched-solaris-sparc 0.2-4 1179.80 NOTE
r-patched-solaris-x86 0.2-4 261.90 NOTE
r-release-linux-ix86 0.2-4 50.63 63.15 113.78 NOTE
r-release-linux-x86_64 0.2-4 42.84 53.40 96.25 NOTE
r-release-osx-x86_64-mavericks 0.2-4 OK
r-release-osx-x86_64-snowleopard 0.2-4 OK
r-release-windows-ix86+x86_64 0.2-4 114.00 120.00 234.00 OK
r-oldrel-windows-ix86+x86_64 0.2-4 110.00 114.00 224.00 OK

Check Details

Version: 0.2-4
Check: installed package size
Result: NOTE
     installed size is 6.5Mb
     sub-directories of 1Mb or more:
     libs 6.1Mb
Flavors: r-devel-linux-x86_64-debian-clang, r-devel-linux-x86_64-debian-gcc, r-devel-linux-x86_64-fedora-clang, r-devel-linux-x86_64-fedora-gcc, r-patched-linux-x86_64, r-patched-solaris-sparc, r-patched-solaris-x86, r-release-linux-ix86, r-release-linux-x86_64