CRAN Package Check Results for Package quadrupen

Last updated on 2017-04-23 15:48:39.

Flavor Version Tinstall Tcheck Ttotal Status Flags
r-devel-linux-x86_64-debian-clang 0.2-5 52.84 44.39 97.23 OK
r-devel-linux-x86_64-debian-gcc 0.2-5 55.89 42.98 98.87 OK
r-devel-linux-x86_64-fedora-clang 0.2-5 212.71 NOTE --no-stop-on-test-error
r-devel-linux-x86_64-fedora-gcc 0.2-5 199.02 NOTE --no-stop-on-test-error
r-devel-windows-ix86+x86_64 0.2-5 189.00 153.00 342.00 OK
r-patched-linux-x86_64 0.2-5 45.90 42.97 88.88 OK
r-patched-solaris-sparc 0.2-5 985.90 OK
r-patched-solaris-x86 0.2-5 210.00 OK
r-release-linux-x86_64 0.2-5 46.51 44.27 90.78 OK
r-release-windows-ix86+x86_64 0.2-5 149.00 118.00 267.00 OK
r-release-osx-x86_64 0.2-5 NOTE
r-oldrel-windows-ix86+x86_64 0.2-5 159.00 96.00 255.00 OK
r-oldrel-osx-x86_64 0.2-5 NOTE

Check Details

Version: 0.2-5
Flags: --no-stop-on-test-error
Check: installed package size
Result: NOTE
     installed size is 6.2Mb
     sub-directories of 1Mb or more:
     libs 5.8Mb
Flavors: r-devel-linux-x86_64-fedora-clang, r-devel-linux-x86_64-fedora-gcc

Version: 0.2-5
Check: installed package size
Result: NOTE
     installed size is 5.3Mb
     sub-directories of 1Mb or more:
     libs 4.9Mb
Flavors: r-release-osx-x86_64, r-oldrel-osx-x86_64