CRAN Package Check Results for Package quadrupen

Last updated on 2018-02-20 17:47:55 CET.

Flavor Version Tinstall Tcheck Ttotal Status Flags
r-devel-linux-x86_64-debian-clang 0.2-5 87.09 65.46 152.55 OK
r-devel-linux-x86_64-debian-gcc 0.2-5 70.88 52.07 122.95 OK
r-devel-linux-x86_64-fedora-clang 0.2-5 216.78 NOTE
r-devel-linux-x86_64-fedora-gcc 0.2-5 201.70 NOTE
r-devel-windows-ix86+x86_64 0.2-5 162.00 104.00 266.00 OK
r-patched-linux-x86_64 0.2-5 82.68 70.08 152.76 OK
r-patched-solaris-x86 0.2-5 225.00 OK
r-release-linux-x86_64 0.2-5 81.96 70.79 152.75 OK
r-release-windows-ix86+x86_64 0.2-5 224.00 146.00 370.00 OK
r-release-osx-x86_64 0.2-5 NOTE
r-oldrel-windows-ix86+x86_64 0.2-5 227.00 136.00 363.00 OK
r-oldrel-osx-x86_64 0.2-5 NOTE

Check Details

Version: 0.2-5
Check: installed package size
Result: NOTE
     installed size is 8.2Mb
     sub-directories of 1Mb or more:
     libs 7.7Mb
Flavors: r-devel-linux-x86_64-fedora-clang, r-devel-linux-x86_64-fedora-gcc, r-release-osx-x86_64, r-oldrel-osx-x86_64