CRAN Package Check Results for Package quadrupen

Last updated on 2016-06-29 15:48:01.

Flavor Version Tinstall Tcheck Ttotal Status Flags
r-devel-linux-x86_64-debian-gcc 0.2-4 63.65 42.14 105.79 NOTE
r-devel-linux-x86_64-fedora-clang 0.2-4 184.38 NOTE
r-devel-linux-x86_64-fedora-gcc 0.2-4 170.31 NOTE
r-devel-osx-x86_64-clang 0.2-4 132.68 NOTE
r-devel-windows-ix86+x86_64 0.2-4 132.00 86.00 218.00 NOTE
r-patched-linux-x86_64 0.2-4 44.90 40.73 85.63 NOTE
r-patched-solaris-sparc 0.2-4 920.70 NOTE
r-patched-solaris-x86 0.2-4 192.30 NOTE
r-release-linux-x86_64 0.2-4 45.60 38.52 84.12 NOTE
r-release-osx-x86_64-mavericks 0.2-4 NOTE
r-release-windows-ix86+x86_64 0.2-4 188.00 126.00 314.00 NOTE
r-oldrel-windows-ix86+x86_64 0.2-4 166.00 110.00 276.00 NOTE

Check Details

Version: 0.2-4
Check: installed package size
Result: NOTE
     installed size is 7.5Mb
     sub-directories of 1Mb or more:
     libs 7.1Mb
Flavors: r-devel-linux-x86_64-debian-gcc, r-devel-linux-x86_64-fedora-clang, r-devel-linux-x86_64-fedora-gcc, r-patched-linux-x86_64, r-patched-solaris-sparc, r-patched-solaris-x86, r-release-linux-x86_64, r-release-osx-x86_64-mavericks

Version: 0.2-4
Check: R code for possible problems
Result: NOTE
    crossval: no visible global function definition for ‘modifyList’
    stability: no visible global function definition for ‘modifyList’
    stability : bloc.stability: no visible global function definition for
     ‘runif’
    plot,cvpen: no visible binding for global variable ‘lambda1’
    plot,cvpen: no visible binding for global variable ‘lambda2’
    plot,cvpen: no visible global function definition for ‘quantile’
    plot,cvpen: no visible binding for global variable ‘serr’
    plot,cvpen: no visible binding for global variable ‘xval’
    plot,cvpen: no visible binding for global variable ‘lambda.choice’
    plot,quadrupen: no visible binding for global variable ‘coefficients’
    plot,quadrupen: no visible binding for global variable ‘variables’
    plot,quadrupen: no visible binding for global variable ‘var’
    plot,quadrupen: no visible binding for global variable ‘coef’
    plot,stability.path: no visible binding for global variable ‘variables’
    plot,stability.path: no visible binding for global variable ‘var’
    Undefined global functions or variables:
     coef coefficients lambda.choice lambda1 lambda2 modifyList quantile
     runif serr var variables xval
    Consider adding
     importFrom("stats", "coef", "coefficients", "quantile", "runif", "var")
     importFrom("utils", "modifyList")
    to your NAMESPACE file.
Flavors: r-devel-linux-x86_64-debian-gcc, r-devel-linux-x86_64-fedora-clang, r-devel-linux-x86_64-fedora-gcc, r-devel-osx-x86_64-clang, r-devel-windows-ix86+x86_64, r-patched-linux-x86_64, r-patched-solaris-sparc, r-patched-solaris-x86, r-release-linux-x86_64, r-release-osx-x86_64-mavericks, r-release-windows-ix86+x86_64

Version: 0.2-4
Check: R code for possible problems
Result: NOTE
    plot,cvpen : .local: no visible binding for global variable 'lambda1'
    plot,cvpen : .local: no visible binding for global variable 'lambda2'
    plot,cvpen : .local: no visible binding for global variable 'serr'
    plot,cvpen : .local: no visible binding for global variable 'xval'
    plot,cvpen : .local: no visible binding for global variable
     'lambda.choice'
    plot,quadrupen : .local: no visible binding for global variable
     'variables'
    plot,stability.path : .local: no visible binding for global variable
     'variables'
Flavor: r-oldrel-windows-ix86+x86_64