CRAN Package Check Results for Package quadrupen

Last updated on 2017-09-19 23:48:15.

Flavor Version Tinstall Tcheck Ttotal Status Flags
r-devel-linux-x86_64-debian-clang 0.2-5 57.48 44.60 102.08 OK
r-devel-linux-x86_64-debian-gcc 0.2-5 60.38 42.91 103.29 OK
r-devel-linux-x86_64-fedora-clang 0.2-5 220.00 NOTE
r-devel-linux-x86_64-fedora-gcc 0.2-5 212.52 NOTE
r-devel-windows-ix86+x86_64 0.2-5 143.00 154.00 297.00 OK
r-patched-linux-x86_64 0.2-5 60.78 44.52 105.30 OK
r-patched-solaris-x86 0.2-5 226.40 OK
r-release-linux-x86_64 0.2-5 60.73 44.20 104.94 OK
r-release-windows-ix86+x86_64 0.2-5 162.00 114.00 276.00 OK
r-release-osx-x86_64 0.2-5 NOTE
r-oldrel-windows-ix86+x86_64 0.2-5 146.00 91.00 237.00 OK
r-oldrel-osx-x86_64 0.2-5 NOTE

Check Details

Version: 0.2-5
Check: installed package size
Result: NOTE
     installed size is 7.4Mb
     sub-directories of 1Mb or more:
     libs 7.0Mb
Flavors: r-devel-linux-x86_64-fedora-clang, r-devel-linux-x86_64-fedora-gcc, r-release-osx-x86_64, r-oldrel-osx-x86_64