CRAN Package Check Results for Package quadrupen

Last updated on 2015-02-01 17:50:16.

Flavor Version Tinstall Tcheck Ttotal Status Flags
r-devel-linux-x86_64-debian-clang 0.2-4 35.27 39.59 74.86 NOTE
r-devel-linux-x86_64-debian-gcc 0.2-4 40.94 39.15 80.09 NOTE
r-devel-linux-x86_64-fedora-clang 0.2-4 202.91 NOTE
r-devel-linux-x86_64-fedora-gcc 0.2-4 167.90 NOTE
r-devel-osx-x86_64-clang 0.2-4 132.50 OK
r-devel-windows-ix86+x86_64 0.2-4 126.00 87.00 213.00 OK
r-patched-linux-x86_64 0.2-4 45.78 54.28 100.06 NOTE
r-patched-solaris-sparc 0.2-4 1246.50 NOTE
r-patched-solaris-x86 0.2-4 265.40 NOTE
r-release-linux-ix86 0.2-4 51.22 64.16 115.38 NOTE
r-release-linux-x86_64 0.2-4 44.64 53.39 98.04 NOTE
r-release-osx-x86_64-mavericks 0.2-4 NOTE
r-release-osx-x86_64-snowleopard 0.2-4 OK
r-release-windows-ix86+x86_64 0.2-4 116.00 122.00 238.00 OK
r-oldrel-windows-ix86+x86_64 0.2-4 118.00 120.00 238.00 OK

Check Details

Version: 0.2-4
Check: installed package size
Result: NOTE
     installed size is 6.4Mb
     sub-directories of 1Mb or more:
     libs 6.1Mb
Flavors: r-devel-linux-x86_64-debian-clang, r-devel-linux-x86_64-debian-gcc, r-devel-linux-x86_64-fedora-clang, r-devel-linux-x86_64-fedora-gcc, r-patched-linux-x86_64, r-patched-solaris-sparc, r-patched-solaris-x86, r-release-linux-ix86, r-release-linux-x86_64, r-release-osx-x86_64-mavericks