CRAN Package Check Results for Package quadrupen

Last updated on 2015-05-25 10:47:19.

Flavor Version Tinstall Tcheck Ttotal Status Flags
r-devel-linux-x86_64-debian-clang 0.2-4 42.50 42.19 84.69 NOTE
r-devel-linux-x86_64-debian-gcc 0.2-4 46.84 40.42 87.26 NOTE
r-devel-linux-x86_64-fedora-clang 0.2-4 179.53 NOTE
r-devel-linux-x86_64-fedora-gcc 0.2-4 169.28 NOTE
r-devel-osx-x86_64-clang 0.2-4 130.99 OK
r-devel-windows-ix86+x86_64 0.2-4 123.00 95.00 218.00 OK
r-patched-linux-x86_64 0.2-4 43.08 41.09 84.17 NOTE
r-patched-solaris-sparc 0.2-4 1044.70 NOTE
r-patched-solaris-x86 0.2-4 222.40 NOTE
r-release-linux-x86_64 0.2-4 42.95 41.56 84.52 NOTE
r-release-osx-x86_64-mavericks 0.2-4 NOTE
r-release-osx-x86_64-snowleopard 0.2-4 ERROR
r-release-windows-ix86+x86_64 0.2-4 120.00 100.00 220.00 OK
r-oldrel-windows-ix86+x86_64 0.2-4 116.00 118.00 234.00 OK

Check Details

Version: 0.2-4
Check: installed package size
Result: NOTE
     installed size is 6.1Mb
     sub-directories of 1Mb or more:
     libs 5.8Mb
Flavors: r-devel-linux-x86_64-debian-clang, r-devel-linux-x86_64-debian-gcc, r-devel-linux-x86_64-fedora-clang, r-devel-linux-x86_64-fedora-gcc, r-patched-linux-x86_64, r-patched-solaris-sparc, r-patched-solaris-x86, r-release-linux-x86_64, r-release-osx-x86_64-mavericks

Version: 0.2-4
Check: package dependencies
Result: ERROR
    Packages required but not available: ‘ggplot2’ ‘scales’
    
    See section ‘The DESCRIPTION file’ in the ‘Writing R Extensions’
    manual.
Flavor: r-release-osx-x86_64-snowleopard