CRAN Package Check Results for Package quadrupen

Last updated on 2017-05-28 02:47:12.

Flavor Version Tinstall Tcheck Ttotal Status Flags
r-devel-linux-x86_64-debian-clang 0.2-5 53.07 45.07 98.14 OK
r-devel-linux-x86_64-debian-gcc 0.2-5 57.91 44.99 102.91 OK
r-devel-linux-x86_64-fedora-clang 0.2-5 202.87 NOTE
r-devel-linux-x86_64-fedora-gcc 0.2-5 200.68 NOTE
r-devel-windows-ix86+x86_64 0.2-5 153.00 115.00 268.00 OK
r-patched-linux-x86_64 0.2-5 51.95 44.40 96.35 OK
r-patched-solaris-sparc 0.2-5 985.90 OK
r-patched-solaris-x86 0.2-5 225.00 OK
r-release-linux-x86_64 0.2-5 47.93 44.45 92.38 OK
r-release-windows-ix86+x86_64 0.2-5 145.00 103.00 248.00 OK
r-release-osx-x86_64 0.2-5 NOTE
r-oldrel-windows-ix86+x86_64 0.2-5 191.00 92.00 283.00 OK
r-oldrel-osx-x86_64 0.2-5 NOTE

Check Details

Version: 0.2-5
Check: installed package size
Result: NOTE
     installed size is 6.3Mb
     sub-directories of 1Mb or more:
     libs 5.9Mb
Flavors: r-devel-linux-x86_64-fedora-clang, r-devel-linux-x86_64-fedora-gcc, r-release-osx-x86_64, r-oldrel-osx-x86_64