CRAN Package Check Results for Package qualV

Last updated on 2017-03-29 22:47:21.

Flavor Version Tinstall Tcheck Ttotal Status Flags
r-devel-linux-x86_64-debian-clang 0.3-2 1.12 20.32 21.43 NOTE
r-devel-linux-x86_64-debian-gcc 0.3-2 1.03 19.93 20.96 NOTE
r-devel-linux-x86_64-fedora-clang 0.3-2 38.63 NOTE --no-stop-on-test-error
r-devel-linux-x86_64-fedora-gcc 0.3-2 37.37 NOTE --no-stop-on-test-error
r-devel-macos-x86_64-clang 0.3-2 29.47 NOTE --no-stop-on-test-error
r-devel-windows-ix86+x86_64 0.3-2 6.00 69.00 75.00 OK
r-patched-linux-x86_64 0.3-2 1.14 20.00 21.14 NOTE
r-patched-solaris-sparc 0.3-2 226.70 OK
r-patched-solaris-x86 0.3-2 45.60 OK
r-release-linux-x86_64 0.3-2 1.00 17.48 18.48 OK
r-release-osx-x86_64-mavericks 0.3-2 OK
r-release-windows-ix86+x86_64 0.3-2 10.00 98.00 108.00 OK
r-oldrel-windows-ix86+x86_64 0.3-2 18.00 51.00 69.00 OK

Check Details

Version: 0.3-2
Check: compiled code
Result: NOTE
    File ‘qualV/libs/qualV.so’:
     Found no calls to: ‘R_registerRoutines’, ‘R_useDynamicSymbols’
    
    It is good practice to register native routines and to disable symbol
    search.
    
    See ‘Writing portable packages’ in the ‘Writing R Extensions’ manual.
Flavors: r-devel-linux-x86_64-debian-clang, r-devel-linux-x86_64-debian-gcc, r-patched-linux-x86_64

Version: 0.3-2
Flags: --no-stop-on-test-error
Check: compiled code
Result: NOTE
    File ‘qualV/libs/qualV.so’:
     Found no calls to: ‘R_registerRoutines’, ‘R_useDynamicSymbols’
    
    It is good practice to register native routines and to disable symbol
    search.
    
    See ‘Writing portable packages’ in the ‘Writing R Extensions’ manual.
Flavors: r-devel-linux-x86_64-fedora-clang, r-devel-linux-x86_64-fedora-gcc, r-devel-macos-x86_64-clang