CRAN Package Check Results for Package qualV

Last updated on 2017-12-14 17:48:47 CET.

Flavor Version Tinstall Tcheck Ttotal Status Flags
r-devel-linux-x86_64-debian-clang 0.3-3 1.52 16.14 17.66 FAIL
r-devel-linux-x86_64-debian-gcc 0.3-3 1.15 14.53 15.68 FAIL
r-devel-linux-x86_64-fedora-clang 0.3-3 37.25 OK
r-devel-linux-x86_64-fedora-gcc 0.3-3 36.74 OK
r-devel-windows-ix86+x86_64 0.3-3 11.00 53.00 64.00 OK
r-patched-linux-x86_64 0.3-3 1.48 32.48 33.96 OK
r-patched-solaris-x86 0.3-3 45.80 OK
r-release-linux-x86_64 0.3-3 1.39 31.00 32.39 OK
r-release-windows-ix86+x86_64 0.3-3 7.00 68.00 75.00 OK
r-release-osx-x86_64 0.3-3 OK
r-oldrel-windows-ix86+x86_64 0.3-3 12.00 63.00 75.00 OK
r-oldrel-osx-x86_64 0.3-3 OK

Check Details

Version: 0.3-3
Check: pragmas in C/C++ headers and code
Result: FAIL
    
Flavors: r-devel-linux-x86_64-debian-clang, r-devel-linux-x86_64-debian-gcc