CRAN Package Check Results for Package qualV

Last updated on 2017-02-26 19:54:03.

Flavor Version Tinstall Tcheck Ttotal Status Flags
r-devel-linux-x86_64-debian-clang 0.3-2 1.10 19.85 20.95 NOTE
r-devel-linux-x86_64-debian-gcc 0.3-2 1.23 19.87 21.10 NOTE
r-devel-linux-x86_64-fedora-clang 0.3-2 43.05 NOTE --no-stop-on-test-error
r-devel-linux-x86_64-fedora-gcc 0.3-2 36.94 NOTE --no-stop-on-test-error
r-devel-macos-x86_64-clang 0.3-2 30.24 NOTE --no-stop-on-test-error
r-devel-windows-ix86+x86_64 0.3-2 6.00 107.00 113.00 OK
r-patched-linux-x86_64 0.3-2 1.05 17.60 18.65 OK
r-patched-solaris-sparc 0.3-2 197.30 OK
r-patched-solaris-x86 0.3-2 40.50 OK
r-release-linux-x86_64 0.3-2 0.93 17.27 18.21 OK
r-release-osx-x86_64-mavericks 0.3-2 OK
r-release-windows-ix86+x86_64 0.3-2 10.00 111.00 121.00 OK
r-oldrel-windows-ix86+x86_64 0.3-2 11.00 127.00 138.00 OK

Check Details

Version: 0.3-2
Check: compiled code
Result: NOTE
    File ‘qualV/libs/qualV.so’:
     Found no calls to: ‘R_registerRoutines’, ‘R_useDynamicSymbols’
    
    It is good practice to register native routines and to disable symbol
    search.
    
    See ‘Writing portable packages’ in the ‘Writing R Extensions’ manual.
Flavors: r-devel-linux-x86_64-debian-clang, r-devel-linux-x86_64-debian-gcc

Version: 0.3-2
Flags: --no-stop-on-test-error
Check: compiled code
Result: NOTE
    File ‘qualV/libs/qualV.so’:
     Found no calls to: ‘R_registerRoutines’, ‘R_useDynamicSymbols’
    
    It is good practice to register native routines and to disable symbol
    search.
    
    See ‘Writing portable packages’ in the ‘Writing R Extensions’ manual.
Flavors: r-devel-linux-x86_64-fedora-clang, r-devel-linux-x86_64-fedora-gcc, r-devel-macos-x86_64-clang