CRAN Package Check Results for Package qualV

Last updated on 2017-05-24 05:50:19.

Flavor Version Tinstall Tcheck Ttotal Status Flags
r-devel-linux-x86_64-debian-clang 0.3-2 1.16 20.21 21.37 NOTE
r-devel-linux-x86_64-debian-gcc 0.3-2 1.08 20.26 21.34 NOTE
r-devel-linux-x86_64-fedora-clang 0.3-2 39.42 NOTE --no-stop-on-test-error
r-devel-linux-x86_64-fedora-gcc 0.3-2 37.71 NOTE --no-stop-on-test-error
r-devel-windows-ix86+x86_64 0.3-2 6.00 65.00 71.00 OK
r-patched-linux-x86_64 0.3-2 1.14 19.72 20.86 NOTE
r-patched-solaris-sparc 0.3-2 226.70 OK
r-patched-solaris-x86 0.3-2 46.60 OK
r-release-linux-x86_64 0.3-2 1.07 19.82 20.89 NOTE
r-release-windows-ix86+x86_64 0.3-2 6.00 65.00 71.00 OK
r-release-osx-x86_64 0.3-2 OK
r-oldrel-windows-ix86+x86_64 0.3-2 10.00 74.00 84.00 OK
r-oldrel-osx-x86_64 0.3-2 OK

Check Details

Version: 0.3-2
Check: compiled code
Result: NOTE
    File ‘qualV/libs/qualV.so’:
     Found no calls to: ‘R_registerRoutines’, ‘R_useDynamicSymbols’
    
    It is good practice to register native routines and to disable symbol
    search.
    
    See ‘Writing portable packages’ in the ‘Writing R Extensions’ manual.
Flavors: r-devel-linux-x86_64-debian-clang, r-devel-linux-x86_64-debian-gcc, r-patched-linux-x86_64, r-release-linux-x86_64

Version: 0.3-2
Flags: --no-stop-on-test-error
Check: compiled code
Result: NOTE
    File ‘qualV/libs/qualV.so’:
     Found no calls to: ‘R_registerRoutines’, ‘R_useDynamicSymbols’
    
    It is good practice to register native routines and to disable symbol
    search.
    
    See ‘Writing portable packages’ in the ‘Writing R Extensions’ manual.
Flavors: r-devel-linux-x86_64-fedora-clang, r-devel-linux-x86_64-fedora-gcc