CRAN Package Check Results for Package qualV

Last updated on 2014-04-24 11:48:53.

Flavor Version Tinstall Tcheck Ttotal Status Flags
r-devel-linux-x86_64-debian-clang 0.3 1.02 18.02 19.04 OK
r-devel-linux-x86_64-debian-gcc 0.3 1.03 18.20 19.23 OK
r-devel-linux-x86_64-fedora-clang 0.3 35.61 OK
r-devel-linux-x86_64-fedora-gcc 0.3 35.78 OK
r-devel-osx-x86_64-clang 0.3 35.12 OK
r-devel-osx-x86_64-gcc 0.3 OK
r-devel-windows-ix86+x86_64 0.3 5.00 34.00 39.00 OK
r-patched-linux-x86_64 0.3 1.07 18.30 19.37 OK
r-patched-solaris-sparc 0.3 239.90 OK
r-patched-solaris-x86 0.3 45.80 OK
r-release-linux-ix86 0.3 2.00 30.00 32.00 OK
r-release-linux-x86_64 0.3 1.06 18.18 19.24 OK
r-release-osx-x86_64-mavericks 0.3 WARN
r-release-osx-x86_64-snowleopard 0.3 OK
r-release-windows-ix86+x86_64 0.3 5.00 35.00 40.00 OK
r-oldrel-windows-ix86+x86_64 0.3 6.00 39.00 45.00 OK

Check Details

Version: 0.3
Check: PDF version of manual
Result: WARNING
    LaTeX errors when creating PDF version.
    This typically indicates Rd problems.
    LaTeX errors found:
    ! LaTeX Error: File `upquote.sty' not found.
    
    Type X to quit or <RETURN> to proceed,
    or enter new name. (Default extension: sty)
    
    7b3787c2/Rd2.tex:8: ==> Fatal error occurred, no output PDF file produced!
Flavor: r-release-osx-x86_64-mavericks