CRAN Package Check Results for Package qualV

Last updated on 2015-07-31 22:49:41.

Flavor Version Tinstall Tcheck Ttotal Status Flags
r-devel-linux-x86_64-debian-clang 0.3-1 0.96 17.04 18.01 NOTE
r-devel-linux-x86_64-debian-gcc 0.3-1 1.25 16.48 17.74 NOTE
r-devel-linux-x86_64-fedora-clang 0.3-1 33.66 NOTE
r-devel-linux-x86_64-fedora-gcc 0.3-1 33.00 NOTE
r-devel-osx-x86_64-clang 0.3-1 30.48 OK
r-devel-windows-ix86+x86_64 0.3-1 10.00 57.00 67.00 NOTE
r-patched-linux-x86_64 0.3-1 0.97 17.14 18.12 OK
r-patched-solaris-sparc 0.3-1 208.10 OK
r-patched-solaris-x86 0.3-1 44.00 OK
r-release-linux-x86_64 0.3-1 0.96 16.90 17.86 OK
r-release-osx-x86_64-mavericks 0.3-1 OK
r-release-windows-ix86+x86_64 0.3-1 8.00 42.00 50.00 OK
r-oldrel-windows-ix86+x86_64 0.3-1 6.00 42.00 48.00 OK

Check Details

Version: 0.3-1
Check: R code for possible problems
Result: NOTE
    CMAE: no visible global function definition for ‘median’
    CMSE: no visible global function definition for ‘var’
    MAE: no visible global function definition for ‘median’
    MAGE: no visible global function definition for ‘median’
    MALE: no visible global function definition for ‘median’
    MAPE: no visible global function definition for ‘median’
    MSE: no visible global function definition for ‘var’
    MSLE: no visible global function definition for ‘var’
    RCMSE: no visible global function definition for ‘sd’
    RMSE: no visible global function definition for ‘sd’
    RMSGE: no visible global function definition for ‘sd’
    RMSLE: no visible global function definition for ‘sd’
    RSMSE: no visible global function definition for ‘resid’
    RSMSE: no visible global function definition for ‘lm’
    RSMSE: no visible global function definition for ‘sd’
    RSMSGE: no visible global function definition for ‘sd’
    RSMSLE: no visible global function definition for ‘sd’
    SMAE: no visible global function definition for ‘resid’
    SMAE: no visible global function definition for ‘lm’
    SMAE: no visible global function definition for ‘median’
    SMAGE: no visible global function definition for ‘median’
    SMALE: no visible global function definition for ‘median’
    SMSE: no visible global function definition for ‘resid’
    SMSE: no visible global function definition for ‘lm’
    SMSE: no visible global function definition for ‘var’
    SMSLE: no visible global function definition for ‘var’
    compareME : <anonymous>: no visible global function definition for
     ‘ftable’
    parallelRoot: no visible global function definition for ‘approxfun’
    plot.qvalLCS: no visible global function definition for ‘plot’
    plot.qvalLCS: no visible global function definition for ‘lines’
    plot.qvalLCS: no visible global function definition for ‘title’
    plot.qvalLCS: no visible global function definition for ‘points’
    plot.qvalLCS: no visible global function definition for ‘par’
    plot.timeTransME: no visible global function definition for ‘plot’
    plot.timeTransME: no visible global function definition for ‘lines’
    qvalLCS: no visible global function definition for ‘tail’
    qvalLCS: no visible global function definition for ‘ksmooth’
    qvalLCS: no visible global function definition for ‘na.omit’
    scaledEpsilon: no visible global function definition for ‘IQR’
    scaledEpsilon: no visible global function definition for ‘sd’
    solidOptim : <anonymous>: no visible global function definition for
     ‘optim’
    solidOptim : <anonymous>: no visible global function definition for
     ‘runif’
    timeTransME: no visible global function definition for ‘xy.coords’
    timeTransME: no visible global function definition for ‘approxfun’
    transBeta: no visible global function definition for ‘qbeta’
    transBeta: no visible global function definition for ‘pbeta’
    transSimplex: no visible global function definition for ‘approxfun’
    Undefined global functions or variables:
     IQR approxfun ftable ksmooth lines lm median na.omit optim par pbeta
     plot points qbeta resid runif sd tail title var xy.coords
    Consider adding
     importFrom("grDevices", "xy.coords")
     importFrom("graphics", "lines", "par", "plot", "points", "title")
     importFrom("stats", "IQR", "approxfun", "ftable", "ksmooth", "lm",
     "median", "na.omit", "optim", "pbeta", "qbeta", "resid",
     "runif", "sd", "var")
     importFrom("utils", "tail")
    to your NAMESPACE.
Flavors: r-devel-linux-x86_64-debian-clang, r-devel-linux-x86_64-debian-gcc, r-devel-linux-x86_64-fedora-clang, r-devel-linux-x86_64-fedora-gcc, r-devel-windows-ix86+x86_64