CRAN Package Check Results for Package qualV

Last updated on 2015-03-03 22:48:27.

Flavor Version Tinstall Tcheck Ttotal Status Flags
r-devel-linux-x86_64-debian-clang 0.3 1.05 17.12 18.17 NOTE
r-devel-linux-x86_64-debian-gcc 0.3 1.11 17.08 18.18 NOTE
r-devel-linux-x86_64-fedora-clang 0.3 35.36 NOTE
r-devel-linux-x86_64-fedora-gcc 0.3 34.71 NOTE
r-devel-osx-x86_64-clang 0.3 33.75 NOTE
r-devel-windows-ix86+x86_64 0.3 5.00 38.00 43.00 OK
r-patched-linux-x86_64 0.3 1.04 18.63 19.66 OK
r-patched-solaris-sparc 0.3 222.30 OK
r-patched-solaris-x86 0.3 50.80 OK
r-release-linux-ix86 0.3 1.64 23.03 24.67 OK
r-release-linux-x86_64 0.3 1.01 18.27 19.28 OK
r-release-osx-x86_64-mavericks 0.3 OK
r-release-osx-x86_64-snowleopard 0.3 OK
r-release-windows-ix86+x86_64 0.3 11.00 39.00 50.00 OK
r-oldrel-windows-ix86+x86_64 0.3 6.00 39.00 45.00 OK

Check Details

Version: 0.3
Check: S3 generic/method consistency
Result: NOTE
    Found the following apparent S3 methods exported but not registered:
     plot.qvalLCS plot.timeTransME print.compareME print.qvalLCS
     print.timeTransME summary.compareME summary.qvalLCS
     summary.timeTransME
    See section ‘Registering S3 methods’ in the ‘Writing R Extensions’
    manual.
Flavors: r-devel-linux-x86_64-debian-clang, r-devel-linux-x86_64-debian-gcc, r-devel-linux-x86_64-fedora-clang, r-devel-linux-x86_64-fedora-gcc, r-devel-osx-x86_64-clang