CRAN Package Check Results for Package qualityTools

Last updated on 2015-05-29 23:48:12.

Flavor Version Tinstall Tcheck Ttotal Status Flags
r-devel-linux-x86_64-debian-clang 1.54 2.62 57.29 59.91 ERROR
r-devel-linux-x86_64-debian-gcc 1.54 2.54 54.51 57.05 ERROR
r-devel-linux-x86_64-fedora-clang 1.54 112.69 ERROR
r-devel-linux-x86_64-fedora-gcc 1.54 104.27 ERROR
r-devel-osx-x86_64-clang 1.54 96.76 ERROR
r-devel-windows-ix86+x86_64 1.54 9.00 71.00 80.00 ERROR
r-patched-linux-x86_64 1.54 2.81 73.08 75.88 NOTE
r-patched-solaris-sparc 1.54 822.40 NOTE
r-patched-solaris-x86 1.54 167.90 NOTE
r-release-linux-x86_64 1.54 2.56 74.76 77.32 NOTE
r-release-osx-x86_64-mavericks 1.54 NOTE
r-release-osx-x86_64-snowleopard 1.54 NOTE
r-release-windows-ix86+x86_64 1.54 10.00 103.00 113.00 NOTE
r-oldrel-windows-ix86+x86_64 1.54 9.00 158.00 167.00 NOTE

Check Details

Version: 1.54
Check: DESCRIPTION meta-information
Result: NOTE
    Packages listed in more than one of Depends, Imports, Suggests, Enhances:
     ‘graphics’ ‘methods’
    A package should be listed in only one of these fields.
Flavors: r-devel-linux-x86_64-debian-clang, r-devel-linux-x86_64-debian-gcc, r-devel-linux-x86_64-fedora-clang, r-devel-linux-x86_64-fedora-gcc, r-devel-osx-x86_64-clang, r-devel-windows-ix86+x86_64, r-patched-linux-x86_64, r-patched-solaris-sparc, r-patched-solaris-x86, r-release-linux-x86_64, r-release-osx-x86_64-mavericks, r-release-osx-x86_64-snowleopard, r-release-windows-ix86+x86_64, r-oldrel-windows-ix86+x86_64

Version: 1.54
Check: top-level files
Result: NOTE
    Non-standard file/directory found at top level:
     ‘Rplots.pdf’
Flavors: r-devel-linux-x86_64-debian-clang, r-devel-linux-x86_64-debian-gcc, r-devel-linux-x86_64-fedora-clang, r-devel-linux-x86_64-fedora-gcc, r-patched-linux-x86_64, r-release-linux-x86_64

Version: 1.54
Check: dependencies in R code
Result: NOTE
    'library' or 'require' calls in package code:
     ‘MASS’ ‘Rsolnp’
     Please use :: or requireNamespace() instead.
     See section 'Suggested packages' in the 'Writing R Extensions' manual.
    Package in Depends field not imported from: ‘methods’
     These packages need to be imported from (in the NAMESPACE file)
     for when this namespace is loaded but not attached.
Flavors: r-devel-linux-x86_64-debian-clang, r-devel-linux-x86_64-debian-gcc, r-devel-linux-x86_64-fedora-clang, r-devel-linux-x86_64-fedora-gcc, r-devel-osx-x86_64-clang, r-devel-windows-ix86+x86_64, r-patched-linux-x86_64, r-patched-solaris-sparc, r-patched-solaris-x86, r-release-linux-x86_64, r-release-osx-x86_64-mavericks, r-release-osx-x86_64-snowleopard, r-release-windows-ix86+x86_64, r-oldrel-windows-ix86+x86_64

Version: 1.54
Check: S3 generic/method consistency
Result: NOTE
    Found the following apparent S3 methods exported but not registered:
     as.data.frame.MSALinearity as.data.frame.desOpt
     as.data.frame.facDesign as.data.frame.gageRR as.data.frame.mixDesign
     as.data.frame.pbDesign as.data.frame.steepAscent
     as.data.frame.taguchiDesign print.adtest print.invisible
    See section ‘Registering S3 methods’ in the ‘Writing R Extensions’
    manual.
Flavors: r-devel-linux-x86_64-debian-clang, r-devel-linux-x86_64-debian-gcc, r-devel-linux-x86_64-fedora-clang, r-devel-linux-x86_64-fedora-gcc, r-devel-osx-x86_64-clang, r-patched-linux-x86_64, r-patched-solaris-sparc, r-patched-solaris-x86, r-release-linux-x86_64

Version: 1.54
Check: R code for possible problems
Result: NOTE
    .myADTest: no visible global function definition for ‘fitdistr’
    .pcr: no visible binding for global variable ‘fitdistr’
    adSim: no visible global function definition for ‘fitdistr’
    adSim : <anonymous>: no visible global function definition for
     ‘fitdistr’
    cp: no visible binding for global variable ‘fitdistr’
    distribution: no visible global function definition for ‘fitdistr’
    normalPlot: no visible global function definition for ‘fitdistr’
    optimum: no visible global function definition for ‘gosolnp’
    pcr: no visible binding for global variable ‘fitdistr’
    ppPlot: no visible binding for global variable ‘fitdistr’
    qqPlot: no visible binding for global variable ‘fitdistr’
Flavors: r-devel-linux-x86_64-debian-clang, r-devel-linux-x86_64-debian-gcc, r-devel-linux-x86_64-fedora-clang, r-devel-linux-x86_64-fedora-gcc, r-devel-osx-x86_64-clang, r-devel-windows-ix86+x86_64, r-patched-linux-x86_64, r-patched-solaris-sparc, r-patched-solaris-x86, r-release-linux-x86_64, r-release-osx-x86_64-mavericks, r-release-osx-x86_64-snowleopard, r-release-windows-ix86+x86_64, r-oldrel-windows-ix86+x86_64

Version: 1.54
Check: files in ‘vignettes’
Result: NOTE
    The following files look like leftovers/mistakes:
     ‘texput.log’
    Please remove them from your package.
Flavors: r-devel-linux-x86_64-debian-clang, r-devel-linux-x86_64-debian-gcc, r-devel-linux-x86_64-fedora-clang, r-devel-linux-x86_64-fedora-gcc, r-devel-osx-x86_64-clang, r-devel-windows-ix86+x86_64, r-patched-linux-x86_64, r-patched-solaris-sparc, r-patched-solaris-x86, r-release-linux-x86_64, r-release-osx-x86_64-mavericks, r-release-osx-x86_64-snowleopard, r-release-windows-ix86+x86_64, r-oldrel-windows-ix86+x86_64

Version: 1.54
Check: examples
Result: ERROR
    Running examples in ‘qualityTools-Ex.R’ failed
    The error most likely occurred in:
    
    > ### Name: paretoChart
    > ### Title: Pareto Chart
    > ### Aliases: paretoChart
    >
    > ### ** Examples
    >
    >
    > #artifical defects dataset
    > defects = LETTERS[runif(80, 1, 10)]
    > #paretoChart of the defects
    > paretoChart(defects)
    Error in Math.factor(2L) : ‘round’ not meaningful for factors
    Calls: paretoChart ... text -> text.default -> as.graphicsAnnot -> Math.factor
    Execution halted
Flavors: r-devel-linux-x86_64-debian-clang, r-devel-linux-x86_64-debian-gcc, r-devel-linux-x86_64-fedora-clang, r-devel-linux-x86_64-fedora-gcc, r-devel-osx-x86_64-clang, r-devel-windows-ix86+x86_64

Version: 1.54
Check: running R code from vignettes
Result: ERROR
    Errors in running code in vignettes:
    when running code in ‘qualityTools.rnw’
     ...
    > library(qualityTools)
    
    > defects = c(rep("E", 62), rep("B", 15), rep("F", 3),
    + rep("A", 10), rep("C", 20), rep("D", 10))
    
    > paretoChart(defects)
    
     When sourcing ‘qualityTools.R’:
    Error: ‘round’ not meaningful for factors
    Execution halted
Flavors: r-devel-linux-x86_64-debian-clang, r-devel-linux-x86_64-debian-gcc, r-devel-linux-x86_64-fedora-clang, r-devel-linux-x86_64-fedora-gcc, r-devel-osx-x86_64-clang, r-devel-windows-ix86+x86_64

Version: 1.54
Check: re-building of vignette outputs
Result: NOTE
    Error in re-building vignettes:
     ...
    
    Error: processing vignette ‘qualityTools.rnw’ failed with diagnostics:
     chunk 2
    Error in Math.factor(structure(4L, .Names = "Frequency", .Label = c(" 51.66667", :
     ‘round’ not meaningful for factors
    Execution halted
Flavors: r-devel-linux-x86_64-debian-clang, r-devel-linux-x86_64-debian-gcc, r-devel-linux-x86_64-fedora-clang, r-devel-linux-x86_64-fedora-gcc, r-devel-osx-x86_64-clang, r-devel-windows-ix86+x86_64