CRAN Package Check Results for Package qualityTools

Last updated on 2015-04-02 03:49:02.

Flavor Version Tinstall Tcheck Ttotal Status Flags
r-devel-linux-x86_64-debian-clang 1.54 2.69 74.18 76.86 NOTE
r-devel-linux-x86_64-debian-gcc 1.54 3.36 73.18 76.54 NOTE
r-devel-linux-x86_64-fedora-clang 1.54 151.12 NOTE
r-devel-linux-x86_64-fedora-gcc 1.54 146.34 NOTE
r-devel-osx-x86_64-clang 1.54 148.52 NOTE
r-prerel-windows-ix86+x86_64 1.54 10.00 115.00 125.00 NOTE
r-prerel-linux-x86_64 1.54 2.56 80.63 83.19 NOTE
r-prerel-solaris-sparc 1.54 882.40 NOTE
r-prerel-solaris-x86 1.54 169.00 NOTE
r-release-linux-x86_64 1.54 2.77 79.02 81.79 NOTE
r-release-osx-x86_64-mavericks 1.54 NOTE
r-release-windows-ix86+x86_64 1.54 8.00 123.00 131.00 NOTE
r-oldrel-windows-ix86+x86_64 1.54 9.00 109.00 118.00 NOTE

Check Details

Version: 1.54
Check: DESCRIPTION meta-information
Result: NOTE
    Packages listed in more than one of Depends, Imports, Suggests, Enhances:
     ‘graphics’ ‘methods’
    A package should be listed in only one of these fields.
Flavors: r-devel-linux-x86_64-debian-clang, r-devel-linux-x86_64-debian-gcc, r-devel-linux-x86_64-fedora-clang, r-devel-linux-x86_64-fedora-gcc, r-devel-osx-x86_64-clang, r-prerel-windows-ix86+x86_64, r-prerel-linux-x86_64, r-prerel-solaris-sparc, r-prerel-solaris-x86, r-release-linux-x86_64, r-release-osx-x86_64-mavericks, r-release-windows-ix86+x86_64, r-oldrel-windows-ix86+x86_64

Version: 1.54
Check: top-level files
Result: NOTE
    Non-standard file/directory found at top level:
     ‘Rplots.pdf’
Flavors: r-devel-linux-x86_64-debian-clang, r-devel-linux-x86_64-debian-gcc, r-devel-linux-x86_64-fedora-clang, r-devel-linux-x86_64-fedora-gcc, r-prerel-linux-x86_64, r-release-linux-x86_64

Version: 1.54
Check: dependencies in R code
Result: NOTE
    'library' or 'require' calls in package code:
     ‘MASS’ ‘Rsolnp’
     Please use :: or requireNamespace() instead.
     See section 'Suggested packages' in the 'Writing R Extensions' manual.
    Package in Depends field not imported from: ‘methods’
     These packages need to be imported from (in the NAMESPACE file)
     for when this namespace is loaded but not attached.
Flavors: r-devel-linux-x86_64-debian-clang, r-devel-linux-x86_64-debian-gcc, r-devel-linux-x86_64-fedora-clang, r-devel-linux-x86_64-fedora-gcc, r-devel-osx-x86_64-clang, r-prerel-windows-ix86+x86_64, r-prerel-linux-x86_64, r-prerel-solaris-sparc, r-prerel-solaris-x86, r-release-linux-x86_64, r-release-windows-ix86+x86_64

Version: 1.54
Check: S3 generic/method consistency
Result: NOTE
    Found the following apparent S3 methods exported but not registered:
     as.data.frame.MSALinearity as.data.frame.desOpt
     as.data.frame.facDesign as.data.frame.gageRR as.data.frame.mixDesign
     as.data.frame.pbDesign as.data.frame.steepAscent
     as.data.frame.taguchiDesign print.adtest print.invisible
    See section ‘Registering S3 methods’ in the ‘Writing R Extensions’
    manual.
Flavors: r-devel-linux-x86_64-debian-clang, r-devel-linux-x86_64-debian-gcc, r-devel-linux-x86_64-fedora-clang, r-devel-linux-x86_64-fedora-gcc, r-devel-osx-x86_64-clang, r-prerel-linux-x86_64

Version: 1.54
Check: R code for possible problems
Result: NOTE
    .myADTest: no visible global function definition for ‘fitdistr’
    .pcr: no visible binding for global variable ‘fitdistr’
    adSim: no visible global function definition for ‘fitdistr’
    adSim : <anonymous>: no visible global function definition for
     ‘fitdistr’
    cp: no visible binding for global variable ‘fitdistr’
    distribution: no visible global function definition for ‘fitdistr’
    normalPlot: no visible global function definition for ‘fitdistr’
    optimum: no visible global function definition for ‘gosolnp’
    pcr: no visible binding for global variable ‘fitdistr’
    ppPlot: no visible binding for global variable ‘fitdistr’
    qqPlot: no visible binding for global variable ‘fitdistr’
Flavors: r-devel-linux-x86_64-debian-clang, r-devel-linux-x86_64-debian-gcc, r-devel-linux-x86_64-fedora-clang, r-devel-linux-x86_64-fedora-gcc, r-devel-osx-x86_64-clang, r-prerel-windows-ix86+x86_64, r-prerel-linux-x86_64, r-prerel-solaris-sparc, r-prerel-solaris-x86, r-release-linux-x86_64, r-release-osx-x86_64-mavericks, r-release-windows-ix86+x86_64

Version: 1.54
Check: files in ‘vignettes’
Result: NOTE
    The following files look like leftovers/mistakes:
     ‘texput.log’
    Please remove them from your package.
Flavors: r-devel-linux-x86_64-debian-clang, r-devel-linux-x86_64-debian-gcc, r-devel-linux-x86_64-fedora-clang, r-devel-linux-x86_64-fedora-gcc, r-devel-osx-x86_64-clang, r-prerel-windows-ix86+x86_64, r-prerel-linux-x86_64, r-prerel-solaris-sparc, r-prerel-solaris-x86, r-release-linux-x86_64, r-release-osx-x86_64-mavericks, r-release-windows-ix86+x86_64, r-oldrel-windows-ix86+x86_64

Version: 1.54
Check: dependencies in R code
Result: NOTE
    Package in Depends field not imported from: ‘methods’
     These packages need to be imported from (in the NAMESPACE file)
     for when this namespace is loaded but not attached.
    See the information on DESCRIPTION files in the chapter ‘Creating R
    packages’ of the ‘Writing R Extensions’ manual.
Flavors: r-release-osx-x86_64-mavericks, r-oldrel-windows-ix86+x86_64