CRAN Package Check Results for Package qualityTools

Last updated on 2017-10-19 19:47:18.

Flavor Version Tinstall Tcheck Ttotal Status Flags
r-devel-linux-x86_64-debian-clang 1.55 2.86 84.71 87.57 OK
r-devel-linux-x86_64-debian-gcc 1.55 3.61 92.81 96.42 OK
r-devel-linux-x86_64-fedora-clang 1.55 174.83 OK
r-devel-linux-x86_64-fedora-gcc 1.55 171.05 OK
r-devel-windows-ix86+x86_64 1.55 7.00 140.00 147.00 OK
r-patched-linux-x86_64 1.55 2.86 84.41 87.26 OK
r-patched-solaris-x86 1.55 178.80 OK
r-release-linux-x86_64 1.55 2.82 86.05 88.87 OK
r-release-windows-ix86+x86_64 1.55 14.00 146.00 160.00 OK
r-release-osx-x86_64 1.55 NOTE
r-oldrel-windows-ix86+x86_64 1.55 12.00 167.00 179.00 OK
r-oldrel-osx-x86_64 1.55 OK

Check Details

Version: 1.55
Check: re-building of vignette outputs
Result: NOTE
    Error in re-building vignettes:
     ...
     implicit list embedding of S4 objects is deprecated
    Warning in `[<-`(`*tmp*`, i, value = <S4 object of class "taguchiFactor">) :
     implicit list embedding of S4 objects is deprecated
    Warning in `[<-`(`*tmp*`, i, value = <S4 object of class "taguchiFactor">) :
     implicit list embedding of S4 objects is deprecated
    Warning in `[<-`(`*tmp*`, i, value = <S4 object of class "taguchiFactor">) :
     implicit list embedding of S4 objects is deprecated
    Warning in `[<-`(`*tmp*`, i, value = <S4 object of class "taguchiFactor">) :
     implicit list embedding of S4 objects is deprecated
    Error in texi2dvi(file = file, pdf = TRUE, clean = clean, quiet = quiet, :
     Running 'texi2dvi' on 'qualityTools.tex' failed.
    LaTeX errors:
    ! LaTeX Error: File `relsize.sty' not found.
    
    Type X to quit or <RETURN> to proceed,
    or enter new name. (Default extension: sty)
    
    ! Emergency stop.
    <read *>
    
    l.23 \RequirePackage
     [T1]{fontenc}^^M
    ! ==> Fatal error occurred, no output PDF file produced!
    Calls: buildVignettes -> texi2pdf -> texi2dvi
    Execution halted
Flavor: r-release-osx-x86_64