CRAN Package Check Results for Package qualityTools

Last updated on 2017-05-24 07:50:02.

Flavor Version Tinstall Tcheck Ttotal Status Flags
r-devel-linux-x86_64-debian-clang 1.55 2.81 87.50 90.31 OK
r-devel-linux-x86_64-debian-gcc 1.55 2.96 84.99 87.95 OK
r-devel-linux-x86_64-fedora-clang 1.55 166.62 OK --no-stop-on-test-error
r-devel-linux-x86_64-fedora-gcc 1.55 162.65 OK --no-stop-on-test-error
r-devel-windows-ix86+x86_64 1.55 12.00 216.00 228.00 OK
r-patched-linux-x86_64 1.55 3.05 87.45 90.50 OK
r-patched-solaris-sparc 1.55 968.70 OK
r-patched-solaris-x86 1.55 174.70 OK
r-release-linux-x86_64 1.55 2.92 86.83 89.75 OK
r-release-windows-ix86+x86_64 1.55 9.00 199.00 208.00 OK
r-release-osx-x86_64 1.55 NOTE
r-oldrel-windows-ix86+x86_64 1.55 10.00 170.00 180.00 OK
r-oldrel-osx-x86_64 1.55 OK

Check Details

Version: 1.55
Check: re-building of vignette outputs
Result: NOTE
    Error in re-building vignettes:
     ...
     implicit list embedding of S4 objects is deprecated
    Warning in `[<-`(`*tmp*`, i, value = <S4 object of class "taguchiFactor">) :
     implicit list embedding of S4 objects is deprecated
    Warning in `[<-`(`*tmp*`, i, value = <S4 object of class "taguchiFactor">) :
     implicit list embedding of S4 objects is deprecated
    Warning in `[<-`(`*tmp*`, i, value = <S4 object of class "taguchiFactor">) :
     implicit list embedding of S4 objects is deprecated
    Warning in `[<-`(`*tmp*`, i, value = <S4 object of class "taguchiFactor">) :
     implicit list embedding of S4 objects is deprecated
    Error in texi2dvi(file = file, pdf = TRUE, clean = clean, quiet = quiet, :
     Running 'texi2dvi' on 'qualityTools.tex' failed.
    LaTeX errors:
    ! LaTeX Error: File `relsize.sty' not found.
    
    Type X to quit or <RETURN> to proceed,
    or enter new name. (Default extension: sty)
    
    ! Emergency stop.
    <read *>
    
    l.23 \RequirePackage
     [T1]{fontenc}^^M
    ! ==> Fatal error occurred, no output PDF file produced!
    Calls: buildVignettes -> texi2pdf -> texi2dvi
    Execution halted
Flavor: r-release-osx-x86_64