CRAN Package Check Results for Package qualityTools

Last updated on 2015-07-28 03:48:27.

Flavor Version Tinstall Tcheck Ttotal Status Flags
r-devel-linux-x86_64-debian-clang 1.54 2.58 59.00 61.59 ERROR
r-devel-linux-x86_64-debian-gcc 1.54 2.60 55.39 57.99 ERROR
r-devel-linux-x86_64-fedora-clang 1.54 114.87 ERROR
r-devel-linux-x86_64-fedora-gcc 1.54 106.88 ERROR
r-devel-osx-x86_64-clang 1.54 84.57 ERROR
r-devel-windows-ix86+x86_64 1.54 8.00 90.00 98.00 ERROR
r-patched-linux-x86_64 1.54 3.35 83.26 86.62 NOTE
r-patched-solaris-sparc 1.54 911.10 NOTE
r-patched-solaris-x86 1.54 169.80 NOTE
r-release-linux-x86_64 1.54 2.61 76.42 79.02 NOTE
r-release-osx-x86_64-mavericks 1.54 NOTE
r-release-windows-ix86+x86_64 1.54 16.00 173.00 189.00 NOTE
r-oldrel-windows-ix86+x86_64 1.54 12.00 122.00 134.00 NOTE

Check Details

Version: 1.54
Check: DESCRIPTION meta-information
Result: NOTE
    Packages listed in more than one of Depends, Imports, Suggests, Enhances:
     ‘graphics’ ‘methods’
    A package should be listed in only one of these fields.
Flavors: r-devel-linux-x86_64-debian-clang, r-devel-linux-x86_64-debian-gcc, r-devel-linux-x86_64-fedora-clang, r-devel-linux-x86_64-fedora-gcc, r-devel-osx-x86_64-clang, r-devel-windows-ix86+x86_64, r-patched-linux-x86_64, r-patched-solaris-sparc, r-patched-solaris-x86, r-release-linux-x86_64, r-release-osx-x86_64-mavericks, r-release-windows-ix86+x86_64, r-oldrel-windows-ix86+x86_64

Version: 1.54
Check: top-level files
Result: NOTE
    Non-standard file/directory found at top level:
     ‘Rplots.pdf’
Flavors: r-devel-linux-x86_64-debian-clang, r-devel-linux-x86_64-debian-gcc, r-devel-linux-x86_64-fedora-clang, r-devel-linux-x86_64-fedora-gcc, r-patched-linux-x86_64, r-release-linux-x86_64

Version: 1.54
Check: dependencies in R code
Result: NOTE
    'library' or 'require' calls in package code:
     ‘MASS’ ‘Rsolnp’
     Please use :: or requireNamespace() instead.
     See section 'Suggested packages' in the 'Writing R Extensions' manual.
    Package in Depends field not imported from: ‘methods’
     These packages need to be imported from (in the NAMESPACE file)
     for when this namespace is loaded but not attached.
Flavors: r-devel-linux-x86_64-debian-clang, r-devel-linux-x86_64-debian-gcc, r-devel-linux-x86_64-fedora-clang, r-devel-linux-x86_64-fedora-gcc, r-devel-osx-x86_64-clang, r-devel-windows-ix86+x86_64, r-patched-linux-x86_64, r-patched-solaris-sparc, r-patched-solaris-x86, r-release-linux-x86_64, r-release-osx-x86_64-mavericks, r-release-windows-ix86+x86_64, r-oldrel-windows-ix86+x86_64

Version: 1.54
Check: S3 generic/method consistency
Result: NOTE
    Found the following apparent S3 methods exported but not registered:
     as.data.frame.MSALinearity as.data.frame.desOpt
     as.data.frame.facDesign as.data.frame.gageRR as.data.frame.mixDesign
     as.data.frame.pbDesign as.data.frame.steepAscent
     as.data.frame.taguchiDesign print.adtest print.invisible
    See section ‘Registering S3 methods’ in the ‘Writing R Extensions’
    manual.
Flavors: r-devel-linux-x86_64-debian-clang, r-devel-linux-x86_64-debian-gcc, r-devel-linux-x86_64-fedora-clang, r-devel-linux-x86_64-fedora-gcc, r-devel-osx-x86_64-clang, r-patched-linux-x86_64, r-patched-solaris-sparc, r-patched-solaris-x86, r-release-linux-x86_64

Version: 1.54
Check: R code for possible problems
Result: NOTE
    .blockInteractions: no visible global function definition for ‘combn’
    .cg: no visible global function definition for ‘pnorm’
    .cg: no visible global function definition for ‘qnorm’
    .confintbeta: no visible global function definition for ‘ppoints’
    .confintbeta: no visible global function definition for ‘qbeta’
    .confintbeta: no visible global function definition for ‘qnorm’
    .confintcauchy: no visible global function definition for ‘ppoints’
    .confintcauchy: no visible global function definition for ‘qcauchy’
    .confintcauchy: no visible global function definition for ‘qnorm’
    .confintexp: no visible global function definition for ‘ppoints’
    .confintexp: no visible global function definition for ‘qexp’
    .confintexp: no visible global function definition for ‘qnorm’
    .confintgamma: no visible global function definition for ‘ppoints’
    .confintgamma: no visible global function definition for ‘qgamma’
    .confintgamma: no visible global function definition for ‘qnorm’
    .confintlnorm: no visible global function definition for ‘ppoints’
    .confintlnorm: no visible global function definition for ‘qlnorm’
    .confintlnorm: no visible global function definition for ‘qnorm’
    .confintlogis: no visible global function definition for ‘ppoints’
    .confintlogis: no visible global function definition for ‘qlogis’
    .confintlogis: no visible global function definition for ‘qnorm’
    .confintnorm: no visible global function definition for ‘ppoints’
    .confintnorm: no visible global function definition for ‘qnorm’
    .confintweibull: no visible global function definition for ‘ppoints’
    .confintweibull: no visible global function definition for ‘qweibull’
    .confintweibull: no visible global function definition for ‘qnorm’
    .confoundings: no visible global function definition for ‘combn’
    .curvTest: no visible global function definition for ‘combn’
    .curvTest: no visible global function definition for ‘aov’
    .curvTest: no visible global function definition for ‘as.formula’
    .dHelp : out: no visible global function definition for ‘predict’
    .desHelp: no visible global function definition for ‘predict’
    .desireFun : out: no visible global function definition for
     ‘flush.console’
    .gamma3 : gammaEst: no visible global function definition for ‘pgamma’
    .gamma3: no visible global function definition for ‘optim’
    .helpAliasTable: no visible global function definition for ‘combn’
    .identityOld: no visible global function definition for ‘combn’
    .identityOld: no visible global function definition for ‘as.roman’
    .lognormal3: no visible global function definition for ‘sd’
    .lognormal3 : lnEst: no visible global function definition for ‘plnorm’
    .lognormal3: no visible global function definition for ‘optim’
    .mfc: no visible binding for global variable ‘cm.colors’
    .mv3Plot: no visible global function definition for ‘str’
    .mv4Plot: no visible global function definition for ‘str’
    .myADTest: no visible global function definition for ‘complete.cases’
    .myADTest: no visible global function definition for ‘fitdistr’
    .myADTest: no visible global function definition for ‘sd’
    .pcr: no visible binding for global variable ‘fitdistr’
    .sdSg: no visible global function definition for ‘sd’
    .weibull3 : wb3RSquared: no visible global function definition for ‘lm’
    .weibull3: no visible global function definition for ‘optimize’
    .weibull3: no visible global function definition for ‘lm’
    .weibull3: no visible global function definition for ‘coef’
    adSim: no visible global function definition for ‘fitdistr’
    adSim: no visible global function definition for ‘sd’
    adSim: no visible global function definition for ‘na.omit’
    adSim : rgumbel: no visible global function definition for ‘runif’
    adSim: no visible global function definition for ‘uniroot’
    adSim: no visible global function definition for ‘pnorm’
    adSim: no visible global function definition for ‘pexp’
    adSim: no visible global function definition for ‘pcauchy’
    adSim: no visible global function definition for ‘pgamma’
    adSim: no visible global function definition for ‘plogis’
    adSim: no visible global function definition for ‘rnorm’
    adSim: no visible global function definition for ‘rexp’
    adSim : <anonymous>: no visible global function definition for
     ‘fitdistr’
    adSim: no visible global function definition for ‘rcauchy’
    adSim: no visible global function definition for ‘rgamma’
    adSim: no visible global function definition for ‘rlogis’
    adSim: no visible global function definition for ‘quantile’
    blocking: no visible global function definition for ‘runif’
    cg: no visible global function definition for ‘pnorm’
    cg: no visible global function definition for ‘qnorm’
    cgHist: no visible global function definition for ‘pnorm’
    cgHist: no visible global function definition for ‘qnorm’
    cgHist: no visible global function definition for ‘density’
    cgHist: no visible global function definition for ‘t.test’
    cgRunChart: no visible global function definition for ‘pnorm’
    cgRunChart: no visible global function definition for ‘qnorm’
    cgRunChart: no visible global function definition for ‘lowess’
    cgToleranceView: no visible global function definition for ‘pnorm’
    cgToleranceView: no visible global function definition for ‘qnorm’
    confounds: no visible global function definition for ‘combn’
    contourPlot: no visible global function definition for
     ‘colorRampPalette’
    contourPlot: no visible global function definition for ‘lm’
    contourPlot : help.predict: no visible global function definition for
     ‘predict’
    contourPlot3: no visible global function definition for
     ‘colorRampPalette’
    contourPlot3: no visible global function definition for ‘combn’
    contourPlot3: no visible global function definition for ‘lm’
    contourPlot3 : help.predict: no visible global function definition for
     ‘predict’
    cp: no visible binding for global variable ‘fitdistr’
    desirability: no visible global function definition for ‘new’
    dgamma3 : temp: no visible global function definition for ‘dgamma’
    distribution: no visible global function definition for ‘new’
    distribution: no visible global function definition for ‘fitdistr’
    dotPlot: no visible global function definition for ‘ppoints’
    fracChoose: no visible global function definition for ‘as.roman’
    fracChoose: no visible global function definition for ‘flush.console’
    fracDesign: no visible global function definition for ‘new’
    gageLin: no visible global function definition for ‘is’
    gageLin: no visible global function definition for ‘lm’
    gageLin: no visible global function definition for ‘predict.lm’
    gageLin: no visible global function definition for ‘t.test’
    gageLinDesign: no visible global function definition for ‘new’
    gageRR: no visible global function definition for ‘as.formula’
    gageRR: no visible global function definition for ‘aov’
    gageRR: no visible global function definition for ‘anova’
    gageRRDesign: no visible global function definition for ‘new’
    interactionPlot: no visible global function definition for ‘combn’
    interactionPlot: no visible global function definition for ‘dev.new’
    mixDesign: no visible global function definition for ‘new’
    normalPlot: no visible global function definition for ‘dev.new’
    normalPlot: no visible global function definition for ‘lm’
    normalPlot: no visible global function definition for ‘as.formula’
    normalPlot: no visible global function definition for ‘coef’
    normalPlot: no visible global function definition for ‘df.residual’
    normalPlot: no visible global function definition for ‘ppoints’
    normalPlot: no visible global function definition for ‘fitdistr’
    normalPlot: no visible binding for global variable ‘qnorm’
    normalPlot: no visible global function definition for ‘qnorm’
    optimum: no visible global function definition for ‘new’
    optimum: no visible global function definition for ‘optim’
    optimum: no visible global function definition for ‘gosolnp’
    optimum: no visible global function definition for ‘predict’
    overall: no visible global function definition for ‘predict’
    paretoPlot: no visible global function definition for ‘dev.new’
    paretoPlot: no visible global function definition for ‘lm’
    paretoPlot: no visible global function definition for ‘as.formula’
    paretoPlot: no visible global function definition for ‘coef’
    paretoPlot: no visible global function definition for ‘df.residual’
    paretoPlot: no visible global function definition for ‘median’
    paretoPlot: no visible global function definition for ‘qt’
    pbDesign: no visible global function definition for ‘new’
    pcr: no visible binding for global variable ‘fitdistr’
    pgamma3 : temp: no visible global function definition for ‘pgamma’
    plnorm3 : temp: no visible global function definition for ‘pnorm’
    ppPlot: no visible global function definition for ‘ppoints’
    ppPlot: no visible global function definition for ‘na.omit’
    ppPlot: no visible binding for global variable ‘fitdistr’
    ppPlot: no visible global function definition for ‘quantile’
    qgamma3 : temp: no visible global function definition for ‘uniroot’
    qlnorm3 : temp: no visible global function definition for ‘uniroot’
    qqPlot: no visible global function definition for ‘ppoints’
    qqPlot: no visible global function definition for ‘quantile’
    qqPlot: no visible binding for global variable ‘fitdistr’
    qweibull3 : temp: no visible global function definition for ‘uniroot’
    rsmChoose: no visible global function definition for ‘colorRampPalette’
    rsmChoose: no visible global function definition for ‘flush.console’
    simProc: no visible global function definition for ‘rnorm’
    snPlot: no visible global function definition for ‘sd’
    snPlot: no visible global function definition for ‘dev.new’
    steepAscent: no visible global function definition for ‘lm’
    steepAscent: no visible global function definition for ‘coef’
    steepAscent: no visible global function definition for ‘new’
    summaryFits: no visible global function definition for ‘lm’
    summaryFits: no visible global function definition for ‘formula’
    summaryFits: no visible global function definition for ‘coefficients’
    taguchiDesign: no visible global function definition for ‘new’
    wirePlot: no visible global function definition for ‘colorRampPalette’
    wirePlot: no visible global function definition for ‘lm’
    wirePlot: no visible global function definition for ‘formula’
    wirePlot : help.predict: no visible global function definition for
     ‘predict’
    wirePlot3: no visible global function definition for ‘colorRampPalette’
    wirePlot3: no visible global function definition for ‘combn’
    wirePlot3: no visible global function definition for ‘lm’
    wirePlot3 : help.predict: no visible global function definition for
     ‘predict’
    wirePlot3: no visible global function definition for ‘contourLines’
    wirePlot3: no visible global function definition for ‘trans3d’
    averagePlot,gageRR: no visible global function definition for ‘dev.new’
    effectPlot,facDesign: no visible global function definition for
     ‘dev.new’
    effectPlot,taguchiDesign: no visible global function definition for
     ‘dev.new’
    errorPlot,gageRR: no visible global function definition for ‘rainbow’
    identity,facDesign: no visible global function definition for
     ‘as.roman’
    identity,taguchiDesign: no visible global function definition for
     ‘as.roman’
    plot,MSALinearity: no visible global function definition for ‘is’
    plot,MSALinearity: no visible global function definition for ‘lm’
    plot,MSALinearity: no visible global function definition for
     ‘predict.lm’
    plot,gageRR: no visible binding for global variable ‘median’
    plot,gageRR: no visible global function definition for ‘aggregate’
    plot,gageRR: no visible binding for global variable ‘sd’
    show,desOpt: no visible global function definition for ‘show’
    summary,mixDesign: no visible global function definition for ‘show’
    whiskersPlot,gageRR: no visible global function definition for
     ‘heat.colors’
    whiskersPlot,gageRR: no visible global function definition for ‘median’
    Undefined global functions or variables:
     aggregate anova aov as.formula as.roman cm.colors coef coefficients
     colorRampPalette combn complete.cases contourLines density dev.new
     df.residual dgamma fitdistr flush.console formula gosolnp heat.colors
     is lm lowess median na.omit new optim optimize pcauchy pexp pgamma
     plnorm plogis pnorm ppoints predict predict.lm qbeta qcauchy qexp
     qgamma qlnorm qlogis qnorm qt quantile qweibull rainbow rcauchy rexp
     rgamma rlogis rnorm runif sd show str t.test trans3d uniroot
    Consider adding
     importFrom("grDevices", "cm.colors", "colorRampPalette",
     "contourLines", "dev.new", "heat.colors", "rainbow",
     "trans3d")
     importFrom("methods", "is", "new", "show")
     importFrom("stats", "aggregate", "anova", "aov", "as.formula", "coef",
     "coefficients", "complete.cases", "density", "df.residual",
     "dgamma", "formula", "lm", "lowess", "median", "na.omit",
     "optim", "optimize", "pcauchy", "pexp", "pgamma", "plnorm",
     "plogis", "pnorm", "ppoints", "predict", "predict.lm",
     "qbeta", "qcauchy", "qexp", "qgamma", "qlnorm", "qlogis",
     "qnorm", "qt", "quantile", "qweibull", "rcauchy", "rexp",
     "rgamma", "rlogis", "rnorm", "runif", "sd", "t.test",
     "uniroot")
     importFrom("utils", "as.roman", "combn", "flush.console", "str")
    to your NAMESPACE.
Flavors: r-devel-linux-x86_64-debian-clang, r-devel-linux-x86_64-debian-gcc, r-devel-linux-x86_64-fedora-clang, r-devel-linux-x86_64-fedora-gcc, r-devel-windows-ix86+x86_64

Version: 1.54
Check: files in ‘vignettes’
Result: NOTE
    The following files look like leftovers/mistakes:
     ‘texput.log’
    Please remove them from your package.
Flavors: r-devel-linux-x86_64-debian-clang, r-devel-linux-x86_64-debian-gcc, r-devel-linux-x86_64-fedora-clang, r-devel-linux-x86_64-fedora-gcc, r-devel-osx-x86_64-clang, r-devel-windows-ix86+x86_64, r-patched-linux-x86_64, r-patched-solaris-sparc, r-patched-solaris-x86, r-release-linux-x86_64, r-release-osx-x86_64-mavericks, r-release-windows-ix86+x86_64, r-oldrel-windows-ix86+x86_64

Version: 1.54
Check: examples
Result: ERROR
    Running examples in ‘qualityTools-Ex.R’ failed
    The error most likely occurred in:
    
    > ### Name: paretoChart
    > ### Title: Pareto Chart
    > ### Aliases: paretoChart
    >
    > ### ** Examples
    >
    >
    > #artifical defects dataset
    > defects = LETTERS[runif(80, 1, 10)]
    > #paretoChart of the defects
    > paretoChart(defects)
    Error in Math.factor(2L) : ‘round’ not meaningful for factors
    Calls: paretoChart ... text -> text.default -> as.graphicsAnnot -> Math.factor
    Execution halted
Flavors: r-devel-linux-x86_64-debian-clang, r-devel-linux-x86_64-debian-gcc, r-devel-linux-x86_64-fedora-clang, r-devel-linux-x86_64-fedora-gcc, r-devel-osx-x86_64-clang, r-devel-windows-ix86+x86_64

Version: 1.54
Check: running R code from vignettes
Result: ERROR
    Errors in running code in vignettes:
    when running code in ‘qualityTools.rnw’
     ...
    
    
    > defects = c(rep("E", 62), rep("B", 15), rep("F", 3),
    + rep("A", 10), rep("C", 20), rep("D", 10))
    
    > paretoChart(defects)
    
     When sourcing ‘qualityTools.R’:
    Error: ‘round’ not meaningful for factors
    Execution halted
Flavors: r-devel-linux-x86_64-debian-clang, r-devel-linux-x86_64-debian-gcc, r-devel-linux-x86_64-fedora-clang, r-devel-linux-x86_64-fedora-gcc, r-devel-osx-x86_64-clang, r-devel-windows-ix86+x86_64

Version: 1.54
Check: re-building of vignette outputs
Result: NOTE
    Error in re-building vignettes:
     ...
    
    Attaching package: ‘qualityTools’
    
    The following object is masked from ‘package:stats’:
    
     sigma
    
    
    Error: processing vignette ‘qualityTools.rnw’ failed with diagnostics:
     chunk 2
    Error in Math.factor(structure(4L, .Names = "Frequency", .Label = c(" 51.66667", :
     ‘round’ not meaningful for factors
    Execution halted
Flavors: r-devel-linux-x86_64-debian-clang, r-devel-linux-x86_64-debian-gcc, r-devel-linux-x86_64-fedora-clang, r-devel-linux-x86_64-fedora-gcc, r-devel-osx-x86_64-clang, r-devel-windows-ix86+x86_64

Version: 1.54
Check: R code for possible problems
Result: NOTE
    .myADTest: no visible global function definition for ‘fitdistr’
    .pcr: no visible binding for global variable ‘fitdistr’
    adSim: no visible global function definition for ‘fitdistr’
    adSim : <anonymous>: no visible global function definition for
     ‘fitdistr’
    cp: no visible binding for global variable ‘fitdistr’
    distribution: no visible global function definition for ‘fitdistr’
    normalPlot: no visible global function definition for ‘fitdistr’
    optimum: no visible global function definition for ‘gosolnp’
    pcr: no visible binding for global variable ‘fitdistr’
    ppPlot: no visible binding for global variable ‘fitdistr’
    qqPlot: no visible binding for global variable ‘fitdistr’
    Undefined global functions or variables:
     fitdistr gosolnp
Flavor: r-devel-osx-x86_64-clang

Version: 1.54
Check: R code for possible problems
Result: NOTE
    .myADTest: no visible global function definition for ‘fitdistr’
    .pcr: no visible binding for global variable ‘fitdistr’
    adSim: no visible global function definition for ‘fitdistr’
    adSim : <anonymous>: no visible global function definition for
     ‘fitdistr’
    cp: no visible binding for global variable ‘fitdistr’
    distribution: no visible global function definition for ‘fitdistr’
    normalPlot: no visible global function definition for ‘fitdistr’
    optimum: no visible global function definition for ‘gosolnp’
    pcr: no visible binding for global variable ‘fitdistr’
    ppPlot: no visible binding for global variable ‘fitdistr’
    qqPlot: no visible binding for global variable ‘fitdistr’
Flavors: r-patched-linux-x86_64, r-patched-solaris-sparc, r-patched-solaris-x86, r-release-linux-x86_64, r-release-osx-x86_64-mavericks, r-release-windows-ix86+x86_64, r-oldrel-windows-ix86+x86_64