CRAN Package Check Results for Package qualityTools

Last updated on 2017-12-11 11:55:03 CET.

Flavor Version Tinstall Tcheck Ttotal Status Flags
r-devel-linux-x86_64-debian-clang 1.55 3.28 131.34 134.62 OK
r-devel-linux-x86_64-debian-gcc 1.55 3.15 105.85 109.00 OK
r-devel-linux-x86_64-fedora-clang 1.55 161.71 OK
r-devel-linux-x86_64-fedora-gcc 1.55 160.92 OK
r-devel-windows-ix86+x86_64 1.55 11.00 138.00 149.00 OK
r-patched-linux-x86_64 1.55 3.59 147.05 150.64 OK
r-patched-solaris-x86 1.55 178.90 OK
r-release-linux-x86_64 1.55 4.13 146.68 150.81 OK
r-release-windows-ix86+x86_64 1.55 9.00 194.00 203.00 OK
r-release-osx-x86_64 1.55 NOTE
r-oldrel-windows-ix86+x86_64 1.55 14.00 165.00 179.00 OK
r-oldrel-osx-x86_64 1.55 OK

Check Details

Version: 1.55
Check: re-building of vignette outputs
Result: NOTE
    Error in re-building vignettes:
     ...
     implicit list embedding of S4 objects is deprecated
    Warning in `[<-`(`*tmp*`, i, value = <S4 object of class "taguchiFactor">) :
     implicit list embedding of S4 objects is deprecated
    Warning in `[<-`(`*tmp*`, i, value = <S4 object of class "taguchiFactor">) :
     implicit list embedding of S4 objects is deprecated
    Warning in `[<-`(`*tmp*`, i, value = <S4 object of class "taguchiFactor">) :
     implicit list embedding of S4 objects is deprecated
    Warning in `[<-`(`*tmp*`, i, value = <S4 object of class "taguchiFactor">) :
     implicit list embedding of S4 objects is deprecated
    Error in texi2dvi(file = file, pdf = TRUE, clean = clean, quiet = quiet, :
     Running 'texi2dvi' on 'qualityTools.tex' failed.
    LaTeX errors:
    ! LaTeX Error: File `relsize.sty' not found.
    
    Type X to quit or <RETURN> to proceed,
    or enter new name. (Default extension: sty)
    
    ! Emergency stop.
    <read *>
    
    l.23 \RequirePackage
     [T1]{fontenc}^^M
    ! ==> Fatal error occurred, no output PDF file produced!
    Calls: buildVignettes -> texi2pdf -> texi2dvi
    Execution halted
Flavor: r-release-osx-x86_64