CRAN Package Check Results for Package qualityTools

Last updated on 2018-11-12 22:51:30 CET.

Flavor Version Tinstall Tcheck Ttotal Status Flags
r-devel-linux-x86_64-debian-clang 1.55 19.03 125.37 144.40 OK
r-devel-linux-x86_64-debian-gcc 1.55 15.33 97.28 112.61 OK
r-devel-linux-x86_64-fedora-clang 1.55 171.42 OK
r-devel-linux-x86_64-fedora-gcc 1.55 163.84 OK
r-devel-windows-ix86+x86_64 1.55 26.00 171.00 197.00 OK
r-patched-linux-x86_64 1.55 19.96 122.23 142.19 OK
r-patched-solaris-x86 1.55 202.00 OK
r-release-linux-x86_64 1.55 19.04 121.86 140.90 OK
r-release-windows-ix86+x86_64 1.55 38.00 133.00 171.00 OK
r-release-osx-x86_64 1.55 OK
r-oldrel-windows-ix86+x86_64 1.55 9.00 201.00 210.00 OK
r-oldrel-osx-x86_64 1.55 NOTE

Check Details

Version: 1.55
Check: re-building of vignette outputs
Result: NOTE
    Error in re-building vignettes:
     ...
     implicit list embedding of S4 objects is deprecated
    Warning in `[<-`(`*tmp*`, i, value = <S4 object of class "taguchiFactor">) :
     implicit list embedding of S4 objects is deprecated
    Warning in `[<-`(`*tmp*`, i, value = <S4 object of class "taguchiFactor">) :
     implicit list embedding of S4 objects is deprecated
    Warning in `[<-`(`*tmp*`, i, value = <S4 object of class "taguchiFactor">) :
     implicit list embedding of S4 objects is deprecated
    Warning in `[<-`(`*tmp*`, i, value = <S4 object of class "taguchiFactor">) :
     implicit list embedding of S4 objects is deprecated
    Error in texi2dvi(file = file, pdf = TRUE, clean = clean, quiet = quiet, :
     Running 'texi2dvi' on 'qualityTools.tex' failed.
    LaTeX errors:
    ! LaTeX Error: File `relsize.sty' not found.
    
    Type X to quit or <RETURN> to proceed,
    or enter new name. (Default extension: sty)
    
    ! Emergency stop.
    <read *>
    
    l.23 \RequirePackage
     [T1]{fontenc}^^M
    ! ==> Fatal error occurred, no output PDF file produced!
    Calls: buildVignettes -> texi2pdf -> texi2dvi
    Execution halted
Flavor: r-oldrel-osx-x86_64