CRAN Package Check Results for Package qualityTools

Last updated on 2017-08-17 20:47:01.

Flavor Version Tinstall Tcheck Ttotal Status Flags
r-devel-linux-x86_64-debian-clang 1.55 2.97 87.00 89.96 OK
r-devel-linux-x86_64-debian-gcc 1.55 2.76 83.71 86.47 OK
r-devel-linux-x86_64-fedora-clang 1.55 164.59 OK
r-devel-linux-x86_64-fedora-gcc 1.55 168.79 OK
r-devel-windows-ix86+x86_64 1.55 9.00 144.00 153.00 OK
r-patched-linux-x86_64 1.55 2.99 87.40 90.39 OK
r-patched-solaris-x86 1.55 177.20 OK
r-release-linux-x86_64 1.55 2.81 85.10 87.91 OK
r-release-windows-ix86+x86_64 1.55 8.00 156.00 164.00 OK
r-release-osx-x86_64 1.55 NOTE
r-oldrel-windows-ix86+x86_64 1.55 8.00 176.00 184.00 OK
r-oldrel-osx-x86_64 1.55 OK

Check Details

Version: 1.55
Check: re-building of vignette outputs
Result: NOTE
    Error in re-building vignettes:
     ...
     implicit list embedding of S4 objects is deprecated
    Warning in `[<-`(`*tmp*`, i, value = <S4 object of class "taguchiFactor">) :
     implicit list embedding of S4 objects is deprecated
    Warning in `[<-`(`*tmp*`, i, value = <S4 object of class "taguchiFactor">) :
     implicit list embedding of S4 objects is deprecated
    Warning in `[<-`(`*tmp*`, i, value = <S4 object of class "taguchiFactor">) :
     implicit list embedding of S4 objects is deprecated
    Warning in `[<-`(`*tmp*`, i, value = <S4 object of class "taguchiFactor">) :
     implicit list embedding of S4 objects is deprecated
    Error in texi2dvi(file = file, pdf = TRUE, clean = clean, quiet = quiet, :
     Running 'texi2dvi' on 'qualityTools.tex' failed.
    LaTeX errors:
    ! LaTeX Error: File `relsize.sty' not found.
    
    Type X to quit or <RETURN> to proceed,
    or enter new name. (Default extension: sty)
    
    ! Emergency stop.
    <read *>
    
    l.23 \RequirePackage
     [T1]{fontenc}^^M
    ! ==> Fatal error occurred, no output PDF file produced!
    Calls: buildVignettes -> texi2pdf -> texi2dvi
    Execution halted
Flavor: r-release-osx-x86_64