CRAN Package Check Results for Package qualityTools

Last updated on 2014-08-20 23:46:45.

Flavor Version Tinstall Tcheck Ttotal Status Flags
r-devel-linux-x86_64-debian-clang 1.54 3.06 73.26 76.32 NOTE
r-devel-linux-x86_64-debian-gcc 1.54 3.83 73.31 77.14 NOTE
r-devel-linux-x86_64-fedora-clang 1.54 172.02 WARN
r-devel-linux-x86_64-fedora-gcc 1.54 173.46 WARN
r-devel-osx-x86_64-clang 1.54 131.95 NOTE
r-devel-windows-ix86+x86_64 1.54 8.00 109.00 117.00 NOTE
r-patched-linux-x86_64 1.54 3.44 75.69 79.13 NOTE
r-patched-solaris-sparc 1.54 926.50 NOTE
r-patched-solaris-x86 1.54 199.40 WARN
r-release-linux-ix86 1.54 3.82 94.60 98.42 NOTE
r-release-linux-x86_64 1.54 4.41 83.92 88.32 NOTE
r-release-osx-x86_64-mavericks 1.54 NOTE
r-release-windows-ix86+x86_64 1.54 6.00 115.00 121.00 NOTE
r-oldrel-windows-ix86+x86_64 1.54 8.00 107.00 115.00 NOTE

Check Details

Version: 1.54
Check: DESCRIPTION meta-information
Result: NOTE
    Packages listed in more than one of Depends, Imports, Suggests, Enhances:
     ‘graphics’ ‘methods’
    A package should be listed in only one of these fields.
Flavors: r-devel-linux-x86_64-debian-clang, r-devel-linux-x86_64-debian-gcc, r-devel-linux-x86_64-fedora-clang, r-devel-linux-x86_64-fedora-gcc, r-devel-osx-x86_64-clang, r-devel-windows-ix86+x86_64, r-patched-linux-x86_64, r-patched-solaris-sparc, r-patched-solaris-x86, r-release-linux-ix86, r-release-linux-x86_64, r-release-osx-x86_64-mavericks, r-release-windows-ix86+x86_64, r-oldrel-windows-ix86+x86_64

Version: 1.54
Check: dependencies in R code
Result: NOTE
    Package in Depends field not imported from: ‘methods’
     These packages need to be imported from (in the NAMESPACE file)
     for when this namespace is loaded but not attached.
    See the information on DESCRIPTION files in the chapter ‘Creating R
    packages’ of the ‘Writing R Extensions’ manual.
Flavors: r-devel-linux-x86_64-debian-clang, r-devel-linux-x86_64-debian-gcc, r-devel-linux-x86_64-fedora-clang, r-devel-linux-x86_64-fedora-gcc, r-devel-osx-x86_64-clang, r-devel-windows-ix86+x86_64, r-patched-linux-x86_64, r-patched-solaris-sparc, r-patched-solaris-x86, r-release-linux-ix86, r-release-linux-x86_64, r-release-osx-x86_64-mavericks, r-release-windows-ix86+x86_64, r-oldrel-windows-ix86+x86_64

Version: 1.54
Check: files in ‘vignettes’
Result: NOTE
    The following files look like leftovers/mistakes:
     ‘texput.log’
    Please remove them from your package.
Flavors: r-devel-linux-x86_64-debian-clang, r-devel-linux-x86_64-debian-gcc, r-devel-linux-x86_64-fedora-clang, r-devel-linux-x86_64-fedora-gcc, r-devel-osx-x86_64-clang, r-devel-windows-ix86+x86_64, r-patched-linux-x86_64, r-patched-solaris-sparc, r-patched-solaris-x86, r-release-linux-ix86, r-release-linux-x86_64, r-release-osx-x86_64-mavericks, r-release-windows-ix86+x86_64, r-oldrel-windows-ix86+x86_64

Version: 1.54
Check: top-level files
Result: NOTE
    Non-standard file/directory found at top level:
     ‘Rplots.pdf’
Flavors: r-devel-linux-x86_64-fedora-clang, r-devel-linux-x86_64-fedora-gcc

Version: 1.54
Check: R code for possible problems
Result: NOTE
    .myADTest: no visible global function definition for ‘fitdistr’
    .pcr: no visible binding for global variable ‘fitdistr’
    adSim: no visible global function definition for ‘fitdistr’
    adSim : <anonymous>: no visible global function definition for
     ‘fitdistr’
    cp: no visible binding for global variable ‘fitdistr’
    distribution: no visible global function definition for ‘fitdistr’
    normalPlot: no visible global function definition for ‘fitdistr’
    optimum: no visible global function definition for ‘gosolnp’
    pcr: no visible binding for global variable ‘fitdistr’
    ppPlot: no visible binding for global variable ‘fitdistr’
    qqPlot: no visible binding for global variable ‘fitdistr’
Flavors: r-devel-linux-x86_64-fedora-clang, r-devel-linux-x86_64-fedora-gcc, r-devel-osx-x86_64-clang

Version: 1.54
Check: sizes of PDF files under ‘inst/doc’
Result: WARNING
     ‘gs+qpdf’ made some significant size reductions:
     compacted ‘qualityTools.pdf’ from 1052Kb to 791Kb
     consider running tools::compactPDF(gs_quality = "ebook") on these files
Flavors: r-devel-linux-x86_64-fedora-clang, r-devel-linux-x86_64-fedora-gcc, r-patched-solaris-x86

Version: 1.54
Check: re-building of vignette outputs
Result: NOTE
    Error in re-building vignettes:
     ...
    Warning: invalid char string in output conversion
    Warning: invalid char string in output conversion
    Error in texi2dvi(file = file, pdf = TRUE, clean = clean, quiet = quiet, :
     Running 'texi2dvi' on 'qualityTools.tex' failed.
    LaTeX errors:
    ! LaTeX Error: File `relsize.sty' not found.
    
    Type X to quit or <RETURN> to proceed,
    or enter new name. (Default extension: sty)
    
    ./Sweavel.sty:23: ==> Fatal error occurred, no output PDF file produced!
    Calls: buildVignettes -> texi2pdf -> texi2dvi
    Execution halted
Flavor: r-release-osx-x86_64-mavericks