Last updated on 2019-02-16 00:53:05 CET.
Flavor | Version | Tinstall | Tcheck | Ttotal | Status | Flags |
---|---|---|---|---|---|---|
r-devel-linux-x86_64-debian-clang | 1.55 | 19.66 | 127.22 | 146.88 | OK | |
r-devel-linux-x86_64-debian-gcc | 1.55 | 17.11 | 96.79 | 113.90 | OK | |
r-devel-linux-x86_64-fedora-clang | 1.55 | 174.57 | OK | |||
r-devel-linux-x86_64-fedora-gcc | 1.55 | 165.61 | OK | |||
r-devel-windows-ix86+x86_64 | 1.55 | 46.00 | 146.00 | 192.00 | OK | |
r-patched-linux-x86_64 | 1.55 | 15.59 | 123.31 | 138.90 | OK | |
r-patched-solaris-x86 | 1.55 | 204.50 | OK | |||
r-release-linux-x86_64 | 1.55 | 18.38 | 123.16 | 141.54 | OK | |
r-release-windows-ix86+x86_64 | 1.55 | 29.00 | 183.00 | 212.00 | OK | |
r-release-osx-x86_64 | 1.55 | OK | ||||
r-oldrel-windows-ix86+x86_64 | 1.55 | 14.00 | 209.00 | 223.00 | OK | |
r-oldrel-osx-x86_64 | 1.55 | NOTE |
Version: 1.55
Check: re-building of vignette outputs
Result: NOTE
Error in re-building vignettes:
...
implicit list embedding of S4 objects is deprecated
Warning in `[<-`(`*tmp*`, i, value = <S4 object of class "taguchiFactor">) :
implicit list embedding of S4 objects is deprecated
Warning in `[<-`(`*tmp*`, i, value = <S4 object of class "taguchiFactor">) :
implicit list embedding of S4 objects is deprecated
Warning in `[<-`(`*tmp*`, i, value = <S4 object of class "taguchiFactor">) :
implicit list embedding of S4 objects is deprecated
Warning in `[<-`(`*tmp*`, i, value = <S4 object of class "taguchiFactor">) :
implicit list embedding of S4 objects is deprecated
Error in texi2dvi(file = file, pdf = TRUE, clean = clean, quiet = quiet, :
Running 'texi2dvi' on 'qualityTools.tex' failed.
LaTeX errors:
! LaTeX Error: File `relsize.sty' not found.
Type X to quit or <RETURN> to proceed,
or enter new name. (Default extension: sty)
! Emergency stop.
<read *>
l.23 \RequirePackage
[T1]{fontenc}^^M
! ==> Fatal error occurred, no output PDF file produced!
Calls: buildVignettes -> texi2pdf -> texi2dvi
Execution halted
Flavor: r-oldrel-osx-x86_64