CRAN Package Check Results for Package quantchem

Last updated on 2015-01-25 16:49:19.

Flavor Version Tinstall Tcheck Ttotal Status Flags
r-devel-linux-x86_64-debian-clang 0.13 0.78 19.89 20.67 NOTE
r-devel-linux-x86_64-debian-gcc 0.13 0.77 19.35 20.12 NOTE
r-devel-linux-x86_64-fedora-clang 0.13 42.15 NOTE
r-devel-linux-x86_64-fedora-gcc 0.13 39.05 NOTE
r-devel-osx-x86_64-clang 0.13 40.44 NOTE
r-devel-windows-ix86+x86_64 0.13 5.00 32.00 37.00 OK
r-patched-linux-x86_64 0.13 0.83 20.50 21.34 NOTE
r-patched-solaris-sparc 0.13 229.90 OK
r-patched-solaris-x86 0.13 55.10 OK
r-release-linux-ix86 0.13 1.09 26.69 27.78 OK
r-release-linux-x86_64 0.13 0.81 20.22 21.03 NOTE
r-release-osx-x86_64-mavericks 0.13 OK
r-release-osx-x86_64-snowleopard 0.13 OK
r-release-windows-ix86+x86_64 0.13 4.00 33.00 37.00 OK
r-oldrel-windows-ix86+x86_64 0.13 3.00 32.00 35.00 OK

Check Details

Version: 0.13
Check: Rd line widths
Result: NOTE
    Rd file 'dstat.Rd':
     \usage lines wider than 90 characters:
     na.rm = FALSE, conf.level = 0.95, alternative = c("two.sided", "less", "greater"), ansari = FALSE)
    
    These lines will be truncated in the PDF manual.
Flavors: r-devel-linux-x86_64-debian-clang, r-devel-linux-x86_64-debian-gcc, r-devel-linux-x86_64-fedora-clang, r-devel-linux-x86_64-fedora-gcc, r-patched-linux-x86_64, r-release-linux-x86_64

Version: 0.13
Check: S3 generic/method consistency
Result: NOTE
    Found the following apparent S3 methods exported but not registered:
     print.lmcal print.nlscal summary.lmcal summary.nlscal plot.lmcal
     plot.nlscal AIC.cal anova.lmcal anova.nlscal confint.cal
     predict.lmcal predict.nlscal residuals.cal
    See section ‘Registering S3 methods’ in the ‘Writing R Extensions’
    manual.
Flavors: r-devel-linux-x86_64-fedora-clang, r-devel-linux-x86_64-fedora-gcc, r-devel-osx-x86_64-clang