CRAN Package Check Results for Package quantchem

Last updated on 2015-02-27 22:49:27.

Flavor Version Tinstall Tcheck Ttotal Status Flags
r-devel-linux-x86_64-debian-clang 0.13 0.71 18.14 18.85 NOTE
r-devel-linux-x86_64-debian-gcc 0.13 0.68 17.80 18.48 NOTE
r-devel-linux-x86_64-fedora-clang 0.13 37.21 NOTE
r-devel-linux-x86_64-fedora-gcc 0.13 34.87 NOTE
r-devel-osx-x86_64-clang 0.13 37.51 NOTE
r-devel-windows-ix86+x86_64 0.13 4.00 30.00 34.00 OK
r-patched-linux-x86_64 0.13 0.85 21.08 21.93 NOTE
r-patched-solaris-sparc 0.13 229.90 OK
r-release-linux-ix86 0.13 1.21 27.43 28.64 NOTE
r-release-linux-x86_64 0.13 0.82 20.81 21.63 NOTE
r-release-osx-x86_64-mavericks 0.13 OK
r-release-osx-x86_64-snowleopard 0.13 OK
r-release-windows-ix86+x86_64 0.13 4.00 33.00 37.00 OK
r-oldrel-windows-ix86+x86_64 0.13 4.00 32.00 36.00 OK

Check Details

Version: 0.13
Check: S3 generic/method consistency
Result: NOTE
    Found the following apparent S3 methods exported but not registered:
     AIC.cal anova.lmcal anova.nlscal confint.cal plot.lmcal plot.nlscal
     predict.lmcal predict.nlscal print.lmcal print.nlscal residuals.cal
     summary.lmcal summary.nlscal
    See section ‘Registering S3 methods’ in the ‘Writing R Extensions’
    manual.
Flavors: r-devel-linux-x86_64-debian-clang, r-devel-linux-x86_64-debian-gcc, r-devel-linux-x86_64-fedora-clang, r-devel-linux-x86_64-fedora-gcc, r-devel-osx-x86_64-clang

Version: 0.13
Check: Rd line widths
Result: NOTE
    Rd file 'dstat.Rd':
     \usage lines wider than 90 characters:
     na.rm = FALSE, conf.level = 0.95, alternative = c("two.sided", "less", "greater"), ansari = FALSE)
    
    These lines will be truncated in the PDF manual.
Flavors: r-devel-linux-x86_64-debian-clang, r-devel-linux-x86_64-debian-gcc, r-devel-linux-x86_64-fedora-clang, r-devel-linux-x86_64-fedora-gcc, r-patched-linux-x86_64, r-release-linux-ix86, r-release-linux-x86_64