CRAN Package Check Results for Package quantchem

Last updated on 2014-11-26 18:48:32.

Flavor Version Tinstall Tcheck Ttotal Status Flags
r-devel-linux-x86_64-debian-clang 0.13 0.91 20.54 21.45 NOTE
r-devel-linux-x86_64-debian-gcc 0.13 0.74 19.80 20.54 NOTE
r-devel-linux-x86_64-fedora-clang 0.13 40.94 NOTE
r-devel-linux-x86_64-fedora-gcc 0.13 42.66 NOTE
r-devel-osx-x86_64-clang 0.13 40.12 OK
r-devel-windows-ix86+x86_64 0.13 4.00 32.00 36.00 OK
r-patched-linux-x86_64 0.13 1.08 19.94 21.02 NOTE
r-patched-solaris-sparc 0.13 226.00 OK
r-patched-solaris-x86 0.13 54.60 OK
r-release-linux-ix86 0.13 1.10 26.50 27.60 OK
r-release-linux-x86_64 0.13 0.84 20.29 21.13 NOTE
r-release-osx-x86_64-mavericks 0.13 OK
r-release-osx-x86_64-snowleopard 0.13 OK
r-release-windows-ix86+x86_64 0.13 3.00 32.00 35.00 OK
r-oldrel-windows-ix86+x86_64 0.13 3.00 32.00 35.00 OK

Check Details

Version: 0.13
Check: Rd line widths
Result: NOTE
    Rd file 'dstat.Rd':
     \usage lines wider than 90 characters:
     na.rm = FALSE, conf.level = 0.95, alternative = c("two.sided", "less", "greater"), ansari = FALSE)
    
    These lines will be truncated in the PDF manual.
Flavors: r-devel-linux-x86_64-debian-clang, r-devel-linux-x86_64-debian-gcc, r-devel-linux-x86_64-fedora-clang, r-devel-linux-x86_64-fedora-gcc, r-patched-linux-x86_64, r-release-linux-x86_64