CRAN Package Check Results for Package quantchem

Last updated on 2014-04-23 07:55:06.

Flavor Version Tinstall Tcheck Ttotal Status Flags
r-devel-linux-x86_64-debian-clang 0.13 0.83 20.71 21.54 OK
r-devel-linux-x86_64-debian-gcc 0.13 0.81 21.50 22.30 OK
r-devel-linux-x86_64-fedora-clang 0.13 41.00 NOTE
r-devel-linux-x86_64-fedora-gcc 0.13 38.55 NOTE
r-devel-osx-x86_64-clang 0.13 39.81 OK
r-devel-osx-x86_64-gcc 0.13 OK
r-devel-windows-ix86+x86_64 0.13 3.00 33.00 36.00 OK
r-patched-linux-x86_64 0.13 0.81 20.65 21.46 OK
r-patched-solaris-sparc 0.13 229.00 OK
r-patched-solaris-x86 0.13 51.30 OK
r-release-linux-ix86 0.13 2.00 37.00 39.00 OK
r-release-linux-x86_64 0.13 0.83 20.95 21.78 OK
r-release-osx-x86_64-mavericks 0.13 WARN
r-release-osx-x86_64-snowleopard 0.13 OK
r-release-windows-ix86+x86_64 0.13 3.00 32.00 35.00 OK
r-oldrel-windows-ix86+x86_64 0.13 3.00 32.00 35.00 OK

Check Details

Version: 0.13
Check: Rd line widths
Result: NOTE
    Rd file 'dstat.Rd':
     \usage lines wider than 90 characters:
     na.rm = FALSE, conf.level = 0.95, alternative = c("two.sided", "less", "greater"), ansari = FALSE)
    
    These lines will be truncated in the PDF manual.
Flavors: r-devel-linux-x86_64-fedora-clang, r-devel-linux-x86_64-fedora-gcc

Version: 0.13
Check: PDF version of manual
Result: WARNING
    LaTeX errors when creating PDF version.
    This typically indicates Rd problems.
    LaTeX errors found:
    ! LaTeX Error: File `upquote.sty' not found.
    
    Type X to quit or <RETURN> to proceed,
    or enter new name. (Default extension: sty)
    
    3c15d561/Rd2.tex:8: ==> Fatal error occurred, no output PDF file produced!
Flavor: r-release-osx-x86_64-mavericks