CRAN Package Check Results for Package quantchem

Last updated on 2014-07-31 17:48:27.

Flavor Version Tinstall Tcheck Ttotal Status Flags
r-devel-linux-x86_64-debian-clang 0.13 0.76 19.66 20.42 OK
r-devel-linux-x86_64-debian-gcc 0.13 0.77 20.19 20.96 OK
r-devel-linux-x86_64-fedora-clang 0.13 42.70 NOTE
r-devel-linux-x86_64-fedora-gcc 0.13 38.60 NOTE
r-devel-osx-x86_64-clang 0.13 38.63 OK
r-devel-windows-ix86+x86_64 0.13 3.00 32.00 35.00 OK
r-patched-linux-x86_64 0.13 0.78 19.60 20.38 OK
r-patched-solaris-sparc 0.13 226.00 OK
r-patched-solaris-x86 0.13 52.20 OK
r-release-linux-ix86 0.13 1.12 26.62 27.74 OK
r-release-linux-x86_64 0.13 0.85 19.68 20.54 OK
r-release-osx-x86_64-mavericks 0.13 OK
r-release-osx-x86_64-snowleopard 0.13 OK
r-release-windows-ix86+x86_64 0.13 6.00 43.00 49.00 OK
r-oldrel-windows-ix86+x86_64 0.13 6.00 42.00 48.00 OK

Check Details

Version: 0.13
Check: Rd line widths
Result: NOTE
    Rd file 'dstat.Rd':
     \usage lines wider than 90 characters:
     na.rm = FALSE, conf.level = 0.95, alternative = c("two.sided", "less", "greater"), ansari = FALSE)
    
    These lines will be truncated in the PDF manual.
Flavors: r-devel-linux-x86_64-fedora-clang, r-devel-linux-x86_64-fedora-gcc