CRAN Package Check Results for Package quantchem

Last updated on 2014-08-23 10:48:09.

Flavor Version Tinstall Tcheck Ttotal Status Flags
r-devel-linux-x86_64-debian-clang 0.13 0.75 20.44 21.19 OK
r-devel-linux-x86_64-debian-gcc 0.13 0.75 18.74 19.49 OK
r-devel-linux-x86_64-fedora-clang 0.13 39.64 NOTE
r-devel-linux-x86_64-fedora-gcc 0.13 37.91 NOTE
r-devel-osx-x86_64-clang 0.13 36.63 OK
r-devel-windows-ix86+x86_64 0.13 3.00 30.00 33.00 OK
r-patched-linux-x86_64 0.13 0.75 20.19 20.94 OK
r-patched-solaris-sparc 0.13 226.00 OK
r-patched-solaris-x86 0.13 53.10 OK
r-release-linux-ix86 0.13 1.12 26.76 27.88 OK
r-release-linux-x86_64 0.13 0.92 20.14 21.05 OK
r-release-osx-x86_64-mavericks 0.13 OK
r-release-osx-x86_64-snowleopard 0.13 OK
r-release-windows-ix86+x86_64 0.13 4.00 30.00 34.00 OK
r-oldrel-windows-ix86+x86_64 0.13 4.00 35.00 39.00 OK

Check Details

Version: 0.13
Check: Rd line widths
Result: NOTE
    Rd file 'dstat.Rd':
     \usage lines wider than 90 characters:
     na.rm = FALSE, conf.level = 0.95, alternative = c("two.sided", "less", "greater"), ansari = FALSE)
    
    These lines will be truncated in the PDF manual.
Flavors: r-devel-linux-x86_64-fedora-clang, r-devel-linux-x86_64-fedora-gcc