CRAN Package Check Results for Package quantchem

Last updated on 2014-09-19 05:47:48.

Flavor Version Tinstall Tcheck Ttotal Status Flags
r-devel-linux-x86_64-debian-clang 0.13 0.76 19.44 20.20 NOTE
r-devel-linux-x86_64-debian-gcc 0.13 0.73 18.99 19.72 NOTE
r-devel-linux-x86_64-fedora-clang 0.13 39.30 NOTE
r-devel-linux-x86_64-fedora-gcc 0.13 36.77 NOTE
r-devel-osx-x86_64-clang 0.13 37.45 OK
r-devel-windows-ix86+x86_64 0.13 4.00 29.00 33.00 OK
r-patched-linux-x86_64 0.13 0.77 20.06 20.83 NOTE
r-patched-solaris-sparc 0.13 226.00 OK
r-patched-solaris-x86 0.13 51.00 OK
r-release-linux-ix86 0.13 1.12 27.16 28.28 OK
r-release-linux-x86_64 0.13 0.79 20.15 20.94 NOTE
r-release-osx-x86_64-mavericks 0.13 OK
r-release-osx-x86_64-snowleopard 0.13 OK
r-release-windows-ix86+x86_64 0.13 3.00 34.00 37.00 OK
r-oldrel-windows-ix86+x86_64 0.13 4.00 33.00 37.00 OK

Check Details

Version: 0.13
Check: Rd line widths
Result: NOTE
    Rd file 'dstat.Rd':
     \usage lines wider than 90 characters:
     na.rm = FALSE, conf.level = 0.95, alternative = c("two.sided", "less", "greater"), ansari = FALSE)
    
    These lines will be truncated in the PDF manual.
Flavors: r-devel-linux-x86_64-debian-clang, r-devel-linux-x86_64-debian-gcc, r-devel-linux-x86_64-fedora-clang, r-devel-linux-x86_64-fedora-gcc, r-patched-linux-x86_64, r-release-linux-x86_64