CRAN Package Check Results for Package quantchem

Last updated on 2014-10-20 11:48:40.

Flavor Version Tinstall Tcheck Ttotal Status Flags
r-devel-linux-x86_64-debian-clang 0.13 0.78 19.82 20.61 NOTE
r-devel-linux-x86_64-debian-gcc 0.13 0.78 20.51 21.29 NOTE
r-devel-linux-x86_64-fedora-clang 0.13 41.99 NOTE
r-devel-linux-x86_64-fedora-gcc 0.13 37.70 NOTE
r-devel-osx-x86_64-clang 0.13 40.51 OK
r-devel-windows-ix86+x86_64 0.13 3.00 28.00 31.00 OK
r-patched-linux-x86_64 0.13 0.80 20.17 20.98 NOTE
r-patched-solaris-sparc 0.13 226.00 OK
r-patched-solaris-x86 0.13 54.10 OK
r-release-linux-ix86 0.13 1.12 27.07 28.19 OK
r-release-linux-x86_64 0.13 0.78 23.36 24.15 NOTE
r-release-osx-x86_64-mavericks 0.13 OK
r-release-osx-x86_64-snowleopard 0.13 OK
r-release-windows-ix86+x86_64 0.13 3.00 30.00 33.00 OK
r-oldrel-windows-ix86+x86_64 0.13 3.00 29.00 32.00 OK

Check Details

Version: 0.13
Check: Rd line widths
Result: NOTE
    Rd file 'dstat.Rd':
     \usage lines wider than 90 characters:
     na.rm = FALSE, conf.level = 0.95, alternative = c("two.sided", "less", "greater"), ansari = FALSE)
    
    These lines will be truncated in the PDF manual.
Flavors: r-devel-linux-x86_64-debian-clang, r-devel-linux-x86_64-debian-gcc, r-devel-linux-x86_64-fedora-clang, r-devel-linux-x86_64-fedora-gcc, r-patched-linux-x86_64, r-release-linux-x86_64