CRAN Package Check Results for Package quantchem

Last updated on 2015-05-22 15:46:42.

Flavor Version Tinstall Tcheck Ttotal Status Flags
r-devel-linux-x86_64-debian-clang 0.13 0.70 18.37 19.07 NOTE
r-devel-linux-x86_64-debian-gcc 0.13 0.68 17.94 18.63 NOTE
r-devel-linux-x86_64-fedora-gcc 0.13 35.08 NOTE
r-devel-osx-x86_64-clang 0.13 36.21 NOTE
r-devel-windows-ix86+x86_64 0.13 5.00 29.00 34.00 OK
r-patched-linux-x86_64 0.13 0.68 18.06 18.74 NOTE
r-patched-solaris-sparc 0.13 224.50 OK
r-patched-solaris-x86 0.13 45.60 NOTE
r-release-linux-x86_64 0.13 0.70 19.55 20.24 NOTE
r-release-osx-x86_64-mavericks 0.13 OK
r-release-osx-x86_64-snowleopard 0.13 OK
r-release-windows-ix86+x86_64 0.13 3.00 29.00 32.00 OK
r-oldrel-windows-ix86+x86_64 0.13 4.00 52.00 56.00 OK

Check Details

Version: 0.13
Check: S3 generic/method consistency
Result: NOTE
    Found the following apparent S3 methods exported but not registered:
     AIC.cal anova.lmcal anova.nlscal confint.cal plot.lmcal plot.nlscal
     predict.lmcal predict.nlscal print.lmcal print.nlscal residuals.cal
     summary.lmcal summary.nlscal
    See section ‘Registering S3 methods’ in the ‘Writing R Extensions’
    manual.
Flavors: r-devel-linux-x86_64-debian-clang, r-devel-linux-x86_64-debian-gcc, r-devel-linux-x86_64-fedora-gcc, r-devel-osx-x86_64-clang, r-patched-linux-x86_64, r-patched-solaris-x86, r-release-linux-x86_64

Version: 0.13
Check: Rd line widths
Result: NOTE
    Rd file 'dstat.Rd':
     \usage lines wider than 90 characters:
     na.rm = FALSE, conf.level = 0.95, alternative = c("two.sided", "less", "greater"), ansari = FALSE)
    
    These lines will be truncated in the PDF manual.
Flavors: r-devel-linux-x86_64-debian-clang, r-devel-linux-x86_64-debian-gcc, r-devel-linux-x86_64-fedora-gcc, r-patched-linux-x86_64, r-release-linux-x86_64