Last updated on 2023-02-08 17:52:38 CET.
Flavor | Version | Tinstall | Tcheck | Ttotal | Status | Flags |
---|---|---|---|---|---|---|
r-devel-linux-x86_64-debian-clang | 3.2.4 | 240.62 | 312.40 | 553.02 | NOTE | |
r-devel-linux-x86_64-debian-gcc | 3.2.4 | 191.40 | 230.97 | 422.37 | NOTE | |
r-devel-linux-x86_64-fedora-clang | 3.2.4 | 746.90 | NOTE | |||
r-devel-linux-x86_64-fedora-gcc | 3.2.4 | 775.06 | NOTE | |||
r-devel-windows-x86_64 | 3.2.4 | 463.00 | 427.00 | 890.00 | NOTE | |
r-patched-linux-x86_64 | 3.2.4 | 202.61 | 293.07 | 495.68 | OK | |
r-release-linux-x86_64 | 3.2.4 | 207.38 | 284.04 | 491.42 | OK | |
r-release-macos-arm64 | 3.2.4 | 161.00 | NOTE | |||
r-release-macos-x86_64 | 3.2.4 | 224.00 | NOTE | |||
r-release-windows-x86_64 | 3.2.4 | 359.00 | 401.00 | 760.00 | OK | |
r-oldrel-macos-arm64 | 3.2.4 | 172.00 | NOTE | |||
r-oldrel-macos-x86_64 | 3.2.4 | 220.00 | NOTE | |||
r-oldrel-windows-ix86+x86_64 | 3.2.4 | 573.00 | 561.00 | 1134.00 | NOTE |
Version: 3.2.4
Check: C++ specification
Result: NOTE
Specified C++11: please update to current default of C++17
Flavors: r-devel-linux-x86_64-debian-clang, r-devel-windows-x86_64
Version: 3.2.4
Check: C++ specification
Result: NOTE
Specified C++11: please drop specification unless essential
Flavors: r-devel-linux-x86_64-debian-gcc, r-devel-linux-x86_64-fedora-clang, r-devel-linux-x86_64-fedora-gcc
Version: 3.2.4
Check: data for non-ASCII characters
Result: NOTE
Note: found 4 marked UTF-8 strings
Flavors: r-devel-linux-x86_64-fedora-clang, r-devel-linux-x86_64-fedora-gcc, r-release-macos-arm64, r-release-macos-x86_64, r-oldrel-macos-arm64, r-oldrel-macos-x86_64
Version: 3.2.4
Check: installed package size
Result: NOTE
installed size is 9.4Mb
sub-directories of 1Mb or more:
libs 6.5Mb
Flavors: r-release-macos-arm64, r-release-macos-x86_64, r-oldrel-macos-arm64, r-oldrel-macos-x86_64, r-oldrel-windows-ix86+x86_64