CRAN Package Check Results for Package quanteda.textmodels

Last updated on 2020-08-04 18:50:55 CEST.

Flavor Version Tinstall Tcheck Ttotal Status Flags
r-devel-linux-x86_64-debian-clang 0.9.1 123.42 410.59 534.01 OK
r-devel-linux-x86_64-debian-gcc 0.9.1 90.92 322.23 413.15 OK
r-devel-linux-x86_64-fedora-clang 0.9.1 646.89 NOTE
r-devel-linux-x86_64-fedora-gcc 0.9.1 690.07 NOTE
r-devel-windows-ix86+x86_64 0.9.1 81.00 5.00 86.00 ERROR
r-patched-linux-x86_64 0.9.1 99.73 393.38 493.11 OK
r-patched-solaris-x86 0.9.1 1101.20 ERROR
r-release-linux-x86_64 0.9.1 93.62 396.12 489.74 OK
r-release-macos-x86_64 0.9.1 NOTE
r-release-windows-ix86+x86_64 0.9.1 283.00 693.00 976.00 NOTE
r-oldrel-macos-x86_64 0.9.1 NOTE
r-oldrel-windows-ix86+x86_64 0.9.1 169.00 589.00 758.00 NOTE

Check Details

Version: 0.9.1
Check: installed package size
Result: NOTE
     installed size is 11.1Mb
     sub-directories of 1Mb or more:
     data 3.9Mb
     libs 6.9Mb
Flavors: r-devel-linux-x86_64-fedora-clang, r-release-macos-x86_64, r-release-windows-ix86+x86_64, r-oldrel-macos-x86_64, r-oldrel-windows-ix86+x86_64

Version: 0.9.1
Check: data for non-ASCII characters
Result: NOTE
     Note: found 35707 marked UTF-8 strings
Flavors: r-devel-linux-x86_64-fedora-clang, r-devel-linux-x86_64-fedora-gcc, r-patched-solaris-x86, r-release-macos-x86_64, r-oldrel-macos-x86_64

Version: 0.9.1
Check: whether package can be installed
Result: ERROR
    Installation failed.
Flavor: r-devel-windows-ix86+x86_64

Version: 0.9.1
Check: examples
Result: ERROR
    Running examples in ‘quanteda.textmodels-Ex.R’ failed
    The error most likely occurred in:
    
    > ### Name: data_corpus_irishbudget2010
    > ### Title: Irish budget speeches from 2010
    > ### Aliases: data_corpus_irishbudget2010
    > ### Keywords: data
    >
    > ### ** Examples
    >
    > summary(data_corpus_irishbudget2010)
    Error in h(simpleError(msg, call)) :
     error in evaluating the argument 'x' in selecting a method for function 'as.list': error in evaluating the argument 'x' in selecting a method for function 'which': Start of codes indicating failure. (U_ILLEGAL_ARGUMENT_ERROR)
    Calls: summary ... stri_detect_regex -> .handleSimpleError -> h -> .handleSimpleError -> h
    Execution halted
Flavor: r-patched-solaris-x86