Last updated on 2023-10-03 08:05:00 CEST.
Flavor | Version | Tinstall | Tcheck | Ttotal | Status | Flags |
---|---|---|---|---|---|---|
r-devel-linux-x86_64-debian-clang | 0.4.25 | 16.14 | 106.73 | 122.87 | NOTE | |
r-devel-linux-x86_64-debian-gcc | 0.4.25 | 14.87 | 77.79 | 92.66 | NOTE | |
r-devel-linux-x86_64-fedora-clang | 0.4.25 | 156.52 | OK | |||
r-devel-linux-x86_64-fedora-gcc | 0.4.25 | 146.02 | OK | |||
r-devel-windows-x86_64 | 0.4.25 | 17.00 | 106.00 | 123.00 | OK | |
r-patched-linux-x86_64 | 0.4.25 | 15.65 | 103.66 | 119.31 | NOTE | |
r-release-linux-x86_64 | 0.4.25 | 13.97 | 104.09 | 118.06 | NOTE | |
r-release-macos-arm64 | 0.4.25 | 42.00 | OK | |||
r-release-macos-x86_64 | 0.4.25 | 84.00 | OK | |||
r-release-windows-x86_64 | 0.4.25 | 23.00 | 119.00 | 142.00 | OK | |
r-oldrel-macos-arm64 | 0.4.25 | 37.00 | OK | |||
r-oldrel-macos-x86_64 | 0.4.25 | 57.00 | OK | |||
r-oldrel-windows-x86_64 | 0.4.25 | 24.00 | 122.00 | 146.00 | OK |
Version: 0.4.25
Check: R code for possible problems
Result: NOTE
Found the following calls to attach():
File ‘quantmod/R/attachSymbols.R’:
attach(NULL, pos = pos, name = DB$name)
attach(NULL, pos = pos, name = DB$name)
See section ‘Good practice’ in ‘?attach’.
Flavors: r-devel-linux-x86_64-debian-clang, r-devel-linux-x86_64-debian-gcc, r-patched-linux-x86_64, r-release-linux-x86_64