CRAN Package Check Results for Package quantmod

Last updated on 2020-04-09 23:48:38 CEST.

Flavor Version Tinstall Tcheck Ttotal Status Flags
r-devel-linux-x86_64-debian-clang 0.4.17 15.10 83.36 98.46 NOTE
r-devel-linux-x86_64-debian-gcc 0.4.17 13.90 64.37 78.27 NOTE
r-devel-linux-x86_64-fedora-clang 0.4.17 116.12 OK
r-devel-linux-x86_64-fedora-gcc 0.4.17 124.82 OK
r-devel-windows-ix86+x86_64 0.4.17 25.00 91.00 116.00 OK
r-devel-windows-ix86+x86_64-gcc8 0.4-16 27.00 95.00 122.00 OK
r-patched-linux-x86_64 0.4.17 17.42 80.78 98.20 NOTE
r-patched-osx-x86_64 0.4.17 OK
r-patched-solaris-x86 0.4.17 150.80 OK
r-release-linux-x86_64 0.4.17 13.14 74.50 87.64 NOTE
r-release-windows-ix86+x86_64 0.4.17 22.00 103.00 125.00 OK
r-release-osx-x86_64 0.4.17 OK
r-oldrel-windows-ix86+x86_64 0.4.17 24.00 120.00 144.00 OK
r-oldrel-osx-x86_64 0.4-16 OK

Check Details

Version: 0.4.17
Check: R code for possible problems
Result: NOTE
    Found the following calls to attach():
    File 'quantmod/R/attachSymbols.R':
     attach(NULL, pos = pos, name = DB$name)
     attach(NULL, pos = pos, name = DB$name)
    See section 'Good practice' in '?attach'.
Flavors: r-devel-linux-x86_64-debian-clang, r-devel-linux-x86_64-debian-gcc, r-patched-linux-x86_64, r-release-linux-x86_64