CRAN Package Check Results for Package quantmod

Last updated on 2018-06-22 20:47:11 CEST.

Flavor Version Tinstall Tcheck Ttotal Status Flags
r-devel-linux-x86_64-debian-clang 0.4-13 12.91 70.95 83.86 NOTE
r-devel-linux-x86_64-debian-gcc 0.4-13 9.42 55.81 65.23 NOTE
r-devel-linux-x86_64-fedora-clang 0.4-13 97.18 OK
r-devel-linux-x86_64-fedora-gcc 0.4-13 93.20 OK
r-devel-windows-ix86+x86_64 0.4-13 17.00 68.00 85.00 OK
r-patched-linux-x86_64 0.4-13 11.46 68.94 80.40 NOTE
r-patched-solaris-x86 0.4-13 121.60 OK
r-release-linux-x86_64 0.4-13 9.74 67.34 77.08 NOTE
r-release-windows-ix86+x86_64 0.4-13 19.00 77.00 96.00 OK
r-release-osx-x86_64 0.4-13 OK
r-oldrel-windows-ix86+x86_64 0.4-13 12.00 75.00 87.00 OK
r-oldrel-osx-x86_64 0.4-13 OK

Check Details

Version: 0.4-13
Check: R code for possible problems
Result: NOTE
    Found the following calls to attach():
    File ‘quantmod/R/attachSymbols.R’:
     attach(NULL, pos = pos, name = DB$name)
     attach(NULL, pos = pos, name = DB$name)
    See section ‘Good practice’ in ‘?attach’.
Flavors: r-devel-linux-x86_64-debian-clang, r-devel-linux-x86_64-debian-gcc, r-patched-linux-x86_64, r-release-linux-x86_64