CRAN Package Check Results for Package quantmod

Last updated on 2020-10-19 22:48:44 CEST.

Flavor Version Tinstall Tcheck Ttotal Status Flags
r-devel-linux-x86_64-debian-clang 0.4.17 15.72 89.84 105.56 NOTE
r-devel-linux-x86_64-debian-gcc 0.4.17 13.13 68.48 81.61 NOTE
r-devel-linux-x86_64-fedora-clang 0.4.17 133.46 OK
r-devel-linux-x86_64-fedora-gcc 0.4.17 126.99 OK
r-devel-windows-ix86+x86_64 0.4.17 22.00 84.00 106.00 OK
r-patched-linux-x86_64 0.4.17 16.34 83.22 99.56 NOTE
r-patched-solaris-x86 0.4.17 149.60 OK
r-release-linux-x86_64 0.4.17 15.05 83.05 98.10 NOTE
r-release-macos-x86_64 0.4.17 OK
r-release-windows-ix86+x86_64 0.4.17 26.00 82.00 108.00 OK
r-oldrel-macos-x86_64 0.4.17 OK
r-oldrel-windows-ix86+x86_64 0.4.17 16.00 112.00 128.00 OK

Check Details

Version: 0.4.17
Check: R code for possible problems
Result: NOTE
    Found the following calls to attach():
    File 'quantmod/R/attachSymbols.R':
     attach(NULL, pos = pos, name = DB$name)
     attach(NULL, pos = pos, name = DB$name)
    See section 'Good practice' in '?attach'.
Flavors: r-devel-linux-x86_64-debian-clang, r-devel-linux-x86_64-debian-gcc, r-patched-linux-x86_64, r-release-linux-x86_64