CRAN Package Check Results for Package quantmod

Last updated on 2019-04-19 12:47:49 CEST.

Flavor Version Tinstall Tcheck Ttotal Status Flags
r-devel-linux-x86_64-debian-clang 0.4-14 16.25 75.06 91.31 NOTE
r-devel-linux-x86_64-debian-gcc 0.4-14 12.80 58.36 71.16 NOTE
r-devel-linux-x86_64-fedora-clang 0.4-14 105.39 OK
r-devel-linux-x86_64-fedora-gcc 0.4-14 98.81 OK
r-devel-windows-ix86+x86_64 0.4-14 29.00 123.00 152.00 OK
r-patched-linux-x86_64 0.4-14 11.94 75.76 87.70 NOTE
r-patched-solaris-x86 0.4-14 136.10 OK
r-release-linux-x86_64 0.4-14 9.09 72.02 81.11 NOTE
r-release-windows-ix86+x86_64 0.4-14 19.00 122.00 141.00 OK
r-release-osx-x86_64 0.4-14 OK
r-oldrel-windows-ix86+x86_64 0.4-14 9.00 132.00 141.00 OK
r-oldrel-osx-x86_64 0.4-14 OK

Check Details

Version: 0.4-14
Check: R code for possible problems
Result: NOTE
    Found the following calls to attach():
    File 'quantmod/R/attachSymbols.R':
     attach(NULL, pos = pos, name = DB$name)
     attach(NULL, pos = pos, name = DB$name)
    See section 'Good practice' in '?attach'.
Flavors: r-devel-linux-x86_64-debian-clang, r-devel-linux-x86_64-debian-gcc, r-patched-linux-x86_64, r-release-linux-x86_64