CRAN Package Check Results for Package quantmod

Last updated on 2022-09-26 00:50:39 CEST.

Flavor Version Tinstall Tcheck Ttotal Status Flags
r-devel-linux-x86_64-debian-clang 0.4.20 14.76 98.29 113.05 NOTE
r-devel-linux-x86_64-debian-gcc 0.4.20 15.69 72.29 87.98 NOTE
r-devel-linux-x86_64-fedora-clang 0.4.20 149.91 OK
r-devel-linux-x86_64-fedora-gcc 0.4.20 147.82 OK
r-devel-windows-x86_64 0.4.20 84.00 141.00 225.00 OK
r-patched-linux-x86_64 0.4.20 13.16 94.05 107.21 NOTE
r-release-linux-x86_64 0.4.20 14.34 92.69 107.03 NOTE
r-release-macos-arm64 0.4.20 36.00 OK
r-release-macos-x86_64 0.4.20 57.00 OK
r-release-windows-x86_64 0.4.20 120.00 128.00 248.00 OK
r-oldrel-macos-arm64 0.4.20 37.00 OK
r-oldrel-macos-x86_64 0.4.20 49.00 OK
r-oldrel-windows-ix86+x86_64 0.4.20 32.00 116.00 148.00 OK

Check Details

Version: 0.4.20
Check: R code for possible problems
Result: NOTE
    Found the following calls to attach():
    File 'quantmod/R/attachSymbols.R':
     attach(NULL, pos = pos, name = DB$name)
     attach(NULL, pos = pos, name = DB$name)
    See section 'Good practice' in '?attach'.
Flavors: r-devel-linux-x86_64-debian-clang, r-devel-linux-x86_64-debian-gcc, r-patched-linux-x86_64, r-release-linux-x86_64