CRAN Package Check Results for Package quantmod

Last updated on 2021-04-21 20:49:51 CEST.

Flavor Version Tinstall Tcheck Ttotal Status Flags
r-devel-linux-x86_64-debian-clang 0.4.18 16.39 90.47 106.86 NOTE
r-devel-linux-x86_64-debian-gcc 0.4.18 15.01 67.02 82.03 NOTE
r-devel-linux-x86_64-fedora-clang 0.4.18 136.10 OK
r-devel-linux-x86_64-fedora-gcc 0.4.18 127.34 OK
r-devel-windows-ix86+x86_64 0.4.18 29.00 112.00 141.00 OK
r-devel-windows-x86_64-gcc10-UCRT 0.4.18 OK
r-patched-linux-x86_64 0.4.18 17.35 81.67 99.02 NOTE
r-patched-solaris-x86 0.4.18 154.00 OK
r-release-linux-x86_64 0.4.18 14.54 81.73 96.27 NOTE
r-release-macos-x86_64 0.4.18 OK
r-release-windows-ix86+x86_64 0.4.18 29.00 119.00 148.00 OK
r-oldrel-macos-x86_64 0.4.18 OK
r-oldrel-windows-ix86+x86_64 0.4.18 20.00 102.00 122.00 OK

Check Details

Version: 0.4.18
Check: R code for possible problems
Result: NOTE
    Found the following calls to attach():
    File 'quantmod/R/attachSymbols.R':
     attach(NULL, pos = pos, name = DB$name)
     attach(NULL, pos = pos, name = DB$name)
    See section 'Good practice' in '?attach'.
Flavors: r-devel-linux-x86_64-debian-clang, r-devel-linux-x86_64-debian-gcc, r-patched-linux-x86_64, r-release-linux-x86_64