CRAN Package Check Results for Package quantmod

Last updated on 2018-10-23 05:50:42 CEST.

Flavor Version Tinstall Tcheck Ttotal Status Flags
r-devel-linux-x86_64-debian-clang 0.4-13 9.77 71.05 80.82 NOTE
r-devel-linux-x86_64-debian-gcc 0.4-13 9.41 55.70 65.11 NOTE
r-devel-linux-x86_64-fedora-clang 0.4-13 99.21 OK
r-devel-linux-x86_64-fedora-gcc 0.4-13 96.15 OK
r-devel-windows-ix86+x86_64 0.4-13 22.00 101.00 123.00 OK
r-patched-linux-x86_64 0.4-13 12.99 67.38 80.37 NOTE
r-patched-solaris-x86 0.4-13 121.20 OK
r-release-linux-x86_64 0.4-13 10.36 67.34 77.70 NOTE
r-release-windows-ix86+x86_64 0.4-13 23.00 98.00 121.00 OK
r-release-osx-x86_64 0.4-13 OK
r-oldrel-windows-ix86+x86_64 0.4-13 7.00 111.00 118.00 OK
r-oldrel-osx-x86_64 0.4-13 OK

Check Details

Version: 0.4-13
Check: R code for possible problems
Result: NOTE
    Found the following calls to attach():
    File ‘quantmod/R/attachSymbols.R’:
     attach(NULL, pos = pos, name = DB$name)
     attach(NULL, pos = pos, name = DB$name)
    See section ‘Good practice’ in ‘?attach’.
Flavors: r-devel-linux-x86_64-debian-clang, r-devel-linux-x86_64-debian-gcc, r-patched-linux-x86_64, r-release-linux-x86_64