CRAN Package Check Results for Package quantmod

Last updated on 2018-04-24 17:49:25 CEST.

Flavor Version Tinstall Tcheck Ttotal Status Flags
r-devel-linux-x86_64-debian-clang 0.4-13 12.62 68.05 80.67 NOTE
r-devel-linux-x86_64-debian-gcc 0.4-13 11.95 52.35 64.30 NOTE
r-devel-linux-x86_64-fedora-clang 0.4-13 100.51 OK
r-devel-linux-x86_64-fedora-gcc 0.4-13 95.23 OK
r-devel-windows-ix86+x86_64 0.4-13 24.00 73.00 97.00 OK
r-patched-linux-x86_64 0.4-13 13.37 67.89 81.26 NOTE
r-patched-solaris-x86 0.4-13 121.30 OK
r-release-linux-x86_64 0.4-13 13.67 67.99 81.66 NOTE
r-release-windows-ix86+x86_64 0.4-13 24.00 73.00 97.00 OK
r-release-osx-x86_64 0.4-13 OK
r-oldrel-windows-ix86+x86_64 0.4-13 6.00 72.00 78.00 OK
r-oldrel-osx-x86_64 0.4-13 OK

Check Details

Version: 0.4-13
Check: R code for possible problems
Result: NOTE
    Found the following calls to attach():
    File ‘quantmod/R/attachSymbols.R’:
     attach(NULL, pos = pos, name = DB$name)
     attach(NULL, pos = pos, name = DB$name)
    See section ‘Good practice’ in ‘?attach’.
Flavors: r-devel-linux-x86_64-debian-clang, r-devel-linux-x86_64-debian-gcc, r-patched-linux-x86_64, r-release-linux-x86_64