CRAN Package Check Results for Package quantmod

Last updated on 2018-01-21 12:48:49 CET.

Flavor Version Tinstall Tcheck Ttotal Status Flags
r-devel-linux-x86_64-debian-clang 0.4-12 2.93 74.96 77.89 NOTE
r-devel-linux-x86_64-debian-gcc 0.4-12 2.24 57.09 59.33 NOTE
r-devel-linux-x86_64-fedora-clang 0.4-12 83.03 OK
r-devel-linux-x86_64-fedora-gcc 0.4-12 81.92 OK
r-devel-windows-ix86+x86_64 0.4-12 5.00 82.00 87.00 OK
r-patched-linux-x86_64 0.4-12 2.53 74.04 76.57 NOTE
r-patched-solaris-x86 0.4-12 104.80 OK
r-release-linux-x86_64 0.4-12 3.07 73.66 76.73 NOTE
r-release-windows-ix86+x86_64 0.4-12 9.00 81.00 90.00 OK
r-release-osx-x86_64 0.4-12 OK
r-oldrel-windows-ix86+x86_64 0.4-12 8.00 76.00 84.00 OK
r-oldrel-osx-x86_64 0.4-12 OK

Check Details

Version: 0.4-12
Check: R code for possible problems
Result: NOTE
    Found the following calls to attach():
    File ‘quantmod/R/attachSymbols.R’:
     attach(NULL, pos = pos, name = DB$name)
     attach(NULL, pos = pos, name = DB$name)
    See section ‘Good practice’ in ‘?attach’.
Flavors: r-devel-linux-x86_64-debian-clang, r-devel-linux-x86_64-debian-gcc, r-patched-linux-x86_64, r-release-linux-x86_64