CRAN Package Check Results for Package quantmod

Last updated on 2019-02-18 01:51:28 CET.

Flavor Version Tinstall Tcheck Ttotal Status Flags
r-devel-linux-x86_64-debian-clang 0.4-13 14.31 73.24 87.55 NOTE
r-devel-linux-x86_64-debian-gcc 0.4-13 12.03 56.51 68.54 NOTE
r-devel-linux-x86_64-fedora-clang 0.4-13 100.08 OK
r-devel-linux-x86_64-fedora-gcc 0.4-13 95.15 OK
r-devel-windows-ix86+x86_64 0.4-13 27.00 73.00 100.00 OK
r-patched-linux-x86_64 0.4-13 9.84 68.41 78.25 NOTE
r-patched-solaris-x86 0.4-13 123.50 OK
r-release-linux-x86_64 0.4-13 NOTE
r-release-windows-ix86+x86_64 0.4-13 17.00 106.00 123.00 OK
r-release-osx-x86_64 0.4-13 OK
r-oldrel-windows-ix86+x86_64 0.4-13 11.00 114.00 125.00 OK
r-oldrel-osx-x86_64 0.4-13 OK

Check Details

Version: 0.4-13
Check: R code for possible problems
Result: NOTE
    Found the following calls to attach():
    File ‘quantmod/R/attachSymbols.R’:
     attach(NULL, pos = pos, name = DB$name)
     attach(NULL, pos = pos, name = DB$name)
    See section ‘Good practice’ in ‘?attach’.
Flavors: r-devel-linux-x86_64-debian-clang, r-devel-linux-x86_64-debian-gcc, r-patched-linux-x86_64, r-release-linux-x86_64