CRAN Package Check Results for Package quantmod

Last updated on 2018-12-18 14:47:32 CET.

Flavor Version Tinstall Tcheck Ttotal Status Flags
r-devel-linux-x86_64-debian-clang 0.4-13 13.59 71.78 85.37 NOTE
r-devel-linux-x86_64-debian-gcc 0.4-13 9.22 56.01 65.23 NOTE
r-devel-linux-x86_64-fedora-clang 0.4-13 97.30 OK
r-devel-linux-x86_64-fedora-gcc 0.4-13 93.94 OK
r-devel-windows-ix86+x86_64 0.4-13 24.00 101.00 125.00 OK
r-patched-linux-x86_64 0.4-13 8.53 67.14 75.67 NOTE
r-patched-solaris-x86 0.4-13 119.50 OK
r-release-linux-x86_64 0.4-13 11.91 67.64 79.55 NOTE
r-release-windows-ix86+x86_64 0.4-13 20.00 100.00 120.00 OK
r-release-osx-x86_64 0.4-13 OK
r-oldrel-windows-ix86+x86_64 0.4-13 11.00 109.00 120.00 OK
r-oldrel-osx-x86_64 0.4-13 OK

Check Details

Version: 0.4-13
Check: R code for possible problems
Result: NOTE
    Found the following calls to attach():
    File ‘quantmod/R/attachSymbols.R’:
     attach(NULL, pos = pos, name = DB$name)
     attach(NULL, pos = pos, name = DB$name)
    See section ‘Good practice’ in ‘?attach’.
Flavors: r-devel-linux-x86_64-debian-clang, r-devel-linux-x86_64-debian-gcc, r-patched-linux-x86_64, r-release-linux-x86_64