Last updated on 2023-03-29 00:57:16 CEST.
Flavor | Version | Tinstall | Tcheck | Ttotal | Status | Flags |
---|---|---|---|---|---|---|
r-devel-linux-x86_64-debian-clang | 0.4.20 | 21.62 | 100.37 | 121.99 | NOTE | |
r-devel-linux-x86_64-debian-gcc | 0.4.20 | 14.99 | 76.25 | 91.24 | NOTE | |
r-devel-linux-x86_64-fedora-clang | 0.4.20 | 149.20 | OK | |||
r-devel-linux-x86_64-fedora-gcc | 0.4.20 | 141.69 | OK | |||
r-devel-windows-x86_64 | 0.4.20 | 130.00 | 0.00 | 130.00 | OK | |
r-patched-linux-x86_64 | 0.4.20 | 19.64 | 96.45 | 116.09 | NOTE | |
r-release-linux-x86_64 | 0.4.20 | 18.22 | 94.44 | 112.66 | NOTE | |
r-release-macos-arm64 | 0.4.20 | 36.00 | OK | |||
r-release-macos-x86_64 | 0.4.20 | 57.00 | OK | |||
r-release-windows-x86_64 | 0.4.20 | 144.00 | 137.00 | 281.00 | OK | |
r-oldrel-macos-arm64 | 0.4.20 | 37.00 | OK | |||
r-oldrel-macos-x86_64 | 0.4.20 | 49.00 | OK | |||
r-oldrel-windows-ix86+x86_64 | 0.4.20 | 31.00 | 117.00 | 148.00 | NOTE |
Version: 0.4.20
Check: R code for possible problems
Result: NOTE
Found the following calls to attach():
File ‘quantmod/R/attachSymbols.R’:
attach(NULL, pos = pos, name = DB$name)
attach(NULL, pos = pos, name = DB$name)
See section ‘Good practice’ in ‘?attach’.
Flavors: r-devel-linux-x86_64-debian-clang, r-devel-linux-x86_64-debian-gcc, r-patched-linux-x86_64, r-release-linux-x86_64
Version: 0.4.20
Check: R code for possible problems
Result: NOTE
Initiating curl with CURL_SSL_BACKEND: openssl
Flavor: r-oldrel-windows-ix86+x86_64