CRAN Package Check Results for Package quantoptr

Last updated on 2023-12-08 16:54:18 CET.

Flavor Version Tinstall Tcheck Ttotal Status Flags
r-devel-linux-x86_64-debian-clang 0.1.3 11.37 99.40 110.77 NOTE
r-devel-linux-x86_64-debian-gcc 0.1.3 8.17 75.81 83.98 NOTE
r-devel-linux-x86_64-fedora-clang 0.1.3 137.19 NOTE
r-devel-linux-x86_64-fedora-gcc 0.1.3 133.14 NOTE
r-devel-windows-x86_64 0.1.3 10.00 98.00 108.00 NOTE
r-patched-linux-x86_64 0.1.3 13.05 99.56 112.61 NOTE
r-release-linux-x86_64 0.1.3 11.68 97.49 109.17 NOTE
r-release-macos-arm64 0.1.3 43.00 NOTE
r-release-macos-x86_64 0.1.3 71.00 NOTE
r-release-windows-x86_64 0.1.3 13.00 107.00 120.00 NOTE
r-oldrel-macos-arm64 0.1.3 56.00 NOTE
r-oldrel-macos-x86_64 0.1.3 55.00 NOTE
r-oldrel-windows-x86_64 0.1.3 13.00 106.00 119.00 NOTE

Check Details

Version: 0.1.3
Check: LazyData
Result: NOTE 'LazyData' is specified without a 'data' directory Flavors: r-devel-linux-x86_64-debian-clang, r-devel-linux-x86_64-debian-gcc, r-devel-linux-x86_64-fedora-clang, r-devel-linux-x86_64-fedora-gcc, r-devel-windows-x86_64, r-patched-linux-x86_64, r-release-linux-x86_64, r-release-macos-arm64, r-release-macos-x86_64, r-release-windows-x86_64, r-oldrel-macos-arm64, r-oldrel-macos-x86_64, r-oldrel-windows-x86_64