CRAN Package Check Results for Package quantreg

Last updated on 2017-02-20 03:49:10.

Flavor Version Tinstall Tcheck Ttotal Status Flags
r-devel-linux-x86_64-debian-clang 5.29 11.83 106.64 118.47 NOTE
r-devel-linux-x86_64-debian-gcc 5.29 11.83 105.15 116.98 NOTE
r-devel-linux-x86_64-fedora-clang 5.29 233.55 NOTE --no-stop-on-test-error
r-devel-linux-x86_64-fedora-gcc 5.29 232.13 NOTE --no-stop-on-test-error
r-devel-macos-x86_64-clang 5.29 165.83 NOTE --no-stop-on-test-error
r-devel-windows-ix86+x86_64 5.29 60.00 291.00 351.00 OK
r-patched-linux-x86_64 5.29 11.00 95.23 106.23 OK
r-patched-solaris-sparc 5.29 1216.60 OK
r-patched-solaris-x86 5.29 249.60 OK
r-release-linux-x86_64 5.29 11.16 92.35 103.52 OK
r-release-osx-x86_64-mavericks 5.29 OK
r-release-windows-ix86+x86_64 5.29 35.00 199.00 234.00 OK
r-oldrel-windows-ix86+x86_64 5.29 61.00 283.00 344.00 OK

Check Details

Version: 5.29
Check: compiled code
Result: NOTE
    File ‘quantreg/libs/quantreg.so’:
     Found no calls to: ‘R_registerRoutines’, ‘R_useDynamicSymbols’
    
    It is good practice to register native routines and to disable symbol
    search.
    
    See ‘Writing portable packages’ in the ‘Writing R Extensions’ manual.
Flavors: r-devel-linux-x86_64-debian-clang, r-devel-linux-x86_64-debian-gcc

Version: 5.29
Flags: --no-stop-on-test-error
Check: compiled code
Result: NOTE
    File ‘quantreg/libs/quantreg.so’:
     Found no calls to: ‘R_registerRoutines’, ‘R_useDynamicSymbols’
    
    It is good practice to register native routines and to disable symbol
    search.
    
    See ‘Writing portable packages’ in the ‘Writing R Extensions’ manual.
Flavors: r-devel-linux-x86_64-fedora-clang, r-devel-linux-x86_64-fedora-gcc, r-devel-macos-x86_64-clang