CRAN Package Check Results for Package quantreg

Last updated on 2016-06-24 23:47:41.

Flavor Version Tinstall Tcheck Ttotal Status Flags
r-devel-linux-x86_64-debian-gcc 5.26 12.21 95.89 108.10 OK
r-devel-linux-x86_64-fedora-clang 5.26 211.18 OK
r-devel-linux-x86_64-fedora-gcc 5.26 187.57 OK
r-devel-osx-x86_64-clang 5.26 141.67 OK
r-devel-windows-ix86+x86_64 5.26 47.00 205.00 252.00 OK
r-patched-linux-x86_64 5.26 11.94 98.03 109.97 OK
r-patched-solaris-x86 5.26 238.60 OK
r-release-linux-x86_64 5.26 11.93 97.58 109.51 OK
r-release-osx-x86_64-mavericks 5.26 NOTE
r-release-windows-ix86+x86_64 5.26 52.00 202.00 254.00 OK
r-oldrel-windows-ix86+x86_64 5.26 60.00 308.00 368.00 OK

Check Details

Version: 5.26
Check: dependencies in R code
Result: NOTE
    Invalid MIT-MAGIC-COOKIE-1 key
Flavor: r-release-osx-x86_64-mavericks