CRAN Package Check Results for Package quantreg

Last updated on 2017-03-26 11:53:59.

Flavor Version Tinstall Tcheck Ttotal Status Flags
r-devel-linux-x86_64-debian-clang 5.29 11.31 106.12 117.44 NOTE
r-devel-linux-x86_64-debian-gcc 5.29 11.63 105.76 117.39 NOTE
r-devel-linux-x86_64-fedora-clang 5.29 238.51 NOTE --no-stop-on-test-error
r-devel-linux-x86_64-fedora-gcc 5.29 228.32 NOTE --no-stop-on-test-error
r-devel-macos-x86_64-clang 5.29 164.65 NOTE --no-stop-on-test-error
r-patched-linux-x86_64 5.29 11.10 104.10 115.20 NOTE
r-patched-solaris-sparc 5.29 1391.00 OK
r-patched-solaris-x86 5.29 276.30 OK
r-release-linux-x86_64 5.29 10.87 91.74 102.61 OK
r-release-osx-x86_64-mavericks 5.29 OK
r-release-windows-ix86+x86_64 5.29 57.00 202.00 259.00 OK
r-oldrel-windows-ix86+x86_64 5.29 45.00 209.00 254.00 OK

Check Details

Version: 5.29
Check: compiled code
Result: NOTE
    File ‘quantreg/libs/quantreg.so’:
     Found no calls to: ‘R_registerRoutines’, ‘R_useDynamicSymbols’
    
    It is good practice to register native routines and to disable symbol
    search.
    
    See ‘Writing portable packages’ in the ‘Writing R Extensions’ manual.
Flavors: r-devel-linux-x86_64-debian-clang, r-devel-linux-x86_64-debian-gcc, r-patched-linux-x86_64

Version: 5.29
Flags: --no-stop-on-test-error
Check: compiled code
Result: NOTE
    File ‘quantreg/libs/quantreg.so’:
     Found no calls to: ‘R_registerRoutines’, ‘R_useDynamicSymbols’
    
    It is good practice to register native routines and to disable symbol
    search.
    
    See ‘Writing portable packages’ in the ‘Writing R Extensions’ manual.
Flavors: r-devel-linux-x86_64-fedora-clang, r-devel-linux-x86_64-fedora-gcc, r-devel-macos-x86_64-clang