CRAN Package Check Results for Package quantreg

Last updated on 2015-03-06 11:48:37.

Flavor Version Tinstall Tcheck Ttotal Status Flags
r-devel-linux-x86_64-debian-clang 5.11 9.03 78.77 87.80 NOTE
r-devel-linux-x86_64-debian-gcc 5.11 8.52 82.32 90.84 NOTE
r-devel-linux-x86_64-fedora-clang 5.11 160.45 NOTE
r-devel-linux-x86_64-fedora-gcc 5.11 158.38 NOTE
r-devel-osx-x86_64-clang 5.11 136.29 NOTE
r-devel-windows-ix86+x86_64 5.11 41.00 150.00 191.00 NOTE
r-patched-linux-x86_64 5.11 8.85 90.07 98.92 NOTE
r-patched-solaris-sparc 5.11 1164.90 NOTE
r-patched-solaris-x86 5.11 231.10 NOTE
r-release-linux-ix86 5.11 12.21 111.41 123.62 NOTE
r-release-linux-x86_64 5.11 8.78 86.43 95.20 NOTE
r-release-osx-x86_64-mavericks 5.11 NOTE
r-release-osx-x86_64-snowleopard 5.11 NOTE
r-release-windows-ix86+x86_64 5.11 44.00 160.00 204.00 NOTE
r-oldrel-windows-ix86+x86_64 5.11 41.00 169.00 210.00 OK

Check Details

Version: 5.11
Check: dependencies in R code
Result: NOTE
    'library' or 'require' calls in package code:
     ‘Matrix’ ‘MatrixModels’ ‘akima’ ‘logspline’ ‘rgl’ ‘survival’
     ‘tripack’ ‘zoo’
     Please use :: or requireNamespace() instead.
     See section 'Suggested packages' in the 'Writing R Extensions' manual.
Flavors: r-devel-linux-x86_64-debian-clang, r-devel-linux-x86_64-debian-gcc, r-devel-linux-x86_64-fedora-clang, r-devel-linux-x86_64-fedora-gcc, r-devel-osx-x86_64-clang, r-devel-windows-ix86+x86_64, r-patched-linux-x86_64, r-patched-solaris-sparc, r-patched-solaris-x86

Version: 5.11
Check: S3 generic/method consistency
Result: NOTE
    Found the following apparent S3 methods exported but not registered:
     AIC.nlrq AIC.rq AIC.rqs AIC.rqss anova.rq anova.rqlist coef.crq
     coef.nlrq deviance.nlrq end.dynrq extractAIC.nlrq extractAIC.rq
     fitted.nlrq fitted.rqss formula.nlrq formula.rq latex.summary.rqs
     latex.table latex.table.rq logLik.nlrq logLik.rq logLik.rqs
     logLik.rqss plot.qss1 plot.qss2 plot.rq.process plot.rqs plot.rqss
     plot.summary.crqs plot.summary.rqs plot.summary.rqss plot.table.rq
     predict.crq predict.crqs predict.nlrq predict.qss1 predict.qss2
     predict.rq predict.rq.process predict.rqs predict.rqss print.anova.rq
     print.crq print.dynrq print.dynrqs print.nlrq print.rq print.rqs
     print.rqss print.summary.crq print.summary.crqs print.summary.dynrq
     print.summary.dynrqs print.summary.nlrq print.summary.rq
     print.summary.rqs print.summary.rqss residuals.nlrq start.dynrq
     summary.crq summary.crqs summary.dynrqs summary.nlrq summary.rq
     summary.rqs summary.rqss time.dynrq
    See section ‘Registering S3 methods’ in the ‘Writing R Extensions’
    manual.
Flavors: r-devel-linux-x86_64-debian-clang, r-devel-linux-x86_64-debian-gcc, r-devel-linux-x86_64-fedora-clang, r-devel-linux-x86_64-fedora-gcc, r-devel-osx-x86_64-clang

Version: 5.11
Check: R code for possible problems
Result: NOTE
    QTECox: no visible global function definition for ‘survfit’
    dynrq : <anonymous>: no visible global function definition for
     ‘coredata’
    dynrq : <anonymous>: no visible global function definition for ‘zoo’
    dynrq : <anonymous>: no visible global function definition for ‘index’
    dynrq : <anonymous>: no visible binding for global variable ‘merge.zoo’
    dynrq: no visible global function definition for ‘index’
    dynrq: no visible global function definition for ‘coredata’
    dynrq: no visible global function definition for ‘is.regular’
    dynrq: no visible global function definition for ‘index2char’
    plot.qss2: no visible global function definition for ‘tri.mesh’
    plot.qss2: no visible global function definition for ‘triangles’
    plot.qss2: no visible global function definition for ‘rgl.triangles’
    plot.qss2: no visible global function definition for ‘interp’
    plot.qss2: no visible global function definition for ‘convex.hull’
    predict.qss2: no visible global function definition for ‘tri.mesh’
    predict.qss2: no visible global function definition for
     ‘in.convex.hull’
    predict.qss2: no visible global function definition for ‘tri.find’
    predict.rqss: no visible global function definition for ‘model.Matrix’
    print.dynrq: no visible global function definition for ‘index2char’
    print.dynrq: no visible global function definition for ‘index’
    print.dynrqs: no visible global function definition for ‘index2char’
    print.summary.dynrq: no visible global function definition for
     ‘coredata’
    print.summary.dynrq: no visible global function definition for
     ‘index2char’
    print.summary.dynrq: no visible global function definition for ‘index’
    rq.test.anowar: no visible global function definition for ‘logspline’
    rq.test.anowar: no visible global function definition for ‘plogspline’
    rqss: no visible global function definition for ‘model.Matrix’
    triogram.fidelity: no visible global function definition for ‘tri.mesh’
    triogram.fidelity: no visible global function definition for
     ‘in.convex.hull’
    triogram.penalty: no visible global function definition for ‘tri.mesh’
    triogram.penalty: no visible global function definition for
     ‘on.convex.hull’
Flavors: r-devel-linux-x86_64-debian-clang, r-devel-linux-x86_64-debian-gcc, r-devel-linux-x86_64-fedora-clang, r-devel-linux-x86_64-fedora-gcc, r-devel-osx-x86_64-clang, r-devel-windows-ix86+x86_64, r-patched-linux-x86_64, r-patched-solaris-sparc, r-patched-solaris-x86, r-release-linux-ix86, r-release-linux-x86_64, r-release-osx-x86_64-mavericks, r-release-osx-x86_64-snowleopard, r-release-windows-ix86+x86_64