CRAN Package Check Results for Package quantreg

Last updated on 2014-11-22 10:53:08.

Flavor Version Tinstall Tcheck Ttotal Status Flags
r-devel-linux-x86_64-debian-clang 5.05 8.42 88.19 96.61 NOTE
r-devel-linux-x86_64-debian-gcc 5.05 8.74 84.81 93.55 NOTE
r-devel-linux-x86_64-fedora-clang 5.05 183.57 NOTE
r-devel-linux-x86_64-fedora-gcc 5.05 175.48 NOTE
r-devel-osx-x86_64-clang 5.05 143.51 NOTE
r-devel-windows-ix86+x86_64 5.05 37.00 147.00 184.00 NOTE
r-patched-linux-x86_64 5.05 8.77 86.42 95.19 NOTE
r-patched-solaris-sparc 5.05 1145.80 NOTE
r-patched-solaris-x86 5.05 231.30 NOTE
r-release-linux-ix86 5.05 12.39 103.58 115.96 NOTE
r-release-linux-x86_64 5.05 8.93 85.69 94.62 NOTE
r-release-osx-x86_64-mavericks 5.05 OK
r-release-windows-ix86+x86_64 5.05 46.00 152.00 198.00 NOTE
r-oldrel-windows-ix86+x86_64 5.05 37.00 161.00 198.00 OK

Check Details

Version: 5.05
Check: R code for possible problems
Result: NOTE
    QTECox: no visible global function definition for ‘survfit’
    dynrq : <anonymous>: no visible global function definition for
     ‘coredata’
    dynrq : <anonymous>: no visible global function definition for ‘zoo’
    dynrq : <anonymous>: no visible global function definition for ‘index’
    dynrq : <anonymous>: no visible binding for global variable ‘merge.zoo’
    dynrq: no visible global function definition for ‘index’
    dynrq: no visible global function definition for ‘coredata’
    dynrq: no visible global function definition for ‘is.regular’
    dynrq: no visible global function definition for ‘index2char’
    plot.qss2: no visible global function definition for ‘tri.mesh’
    plot.qss2: no visible global function definition for ‘triangles’
    plot.qss2: no visible global function definition for ‘rgl.triangles’
    plot.qss2: no visible global function definition for ‘interp’
    plot.qss2: no visible global function definition for ‘convex.hull’
    predict.qss2: no visible global function definition for ‘tri.mesh’
    predict.qss2: no visible global function definition for
     ‘in.convex.hull’
    predict.qss2: no visible global function definition for ‘tri.find’
    predict.rqss: no visible global function definition for ‘model.Matrix’
    print.dynrq: no visible global function definition for ‘index2char’
    print.dynrq: no visible global function definition for ‘index’
    print.dynrqs: no visible global function definition for ‘index2char’
    print.summary.dynrq: no visible global function definition for
     ‘coredata’
    print.summary.dynrq: no visible global function definition for
     ‘index2char’
    print.summary.dynrq: no visible global function definition for ‘index’
    rq.test.anowar: no visible global function definition for ‘logspline’
    rq.test.anowar: no visible global function definition for ‘plogspline’
    rqss: no visible global function definition for ‘model.Matrix’
    triogram.fidelity: no visible global function definition for ‘tri.mesh’
    triogram.fidelity: no visible global function definition for
     ‘in.convex.hull’
    triogram.penalty: no visible global function definition for ‘tri.mesh’
    triogram.penalty: no visible global function definition for
     ‘on.convex.hull’
Flavors: r-devel-linux-x86_64-debian-clang, r-devel-linux-x86_64-debian-gcc, r-devel-linux-x86_64-fedora-clang, r-devel-linux-x86_64-fedora-gcc, r-devel-osx-x86_64-clang, r-devel-windows-ix86+x86_64, r-patched-linux-x86_64, r-patched-solaris-sparc, r-patched-solaris-x86, r-release-linux-ix86, r-release-linux-x86_64, r-release-windows-ix86+x86_64