CRAN Package Check Results for Package quantreg

Last updated on 2016-08-26 23:49:04.

Flavor Version Tinstall Tcheck Ttotal Status Flags
r-devel-linux-x86_64-debian-clang 5.26 11.95 101.97 113.92 WARN
r-devel-linux-x86_64-debian-gcc 5.26 16.95 126.69 143.64 WARN
r-devel-linux-x86_64-fedora-clang 5.26 204.89 WARN
r-devel-linux-x86_64-fedora-gcc 5.26 198.16 WARN
r-devel-osx-x86_64-clang 5.26 146.29 WARN
r-devel-windows-ix86+x86_64 5.26 46.00 183.00 229.00 OK
r-patched-linux-x86_64 5.26 11.39 98.55 109.94 OK
r-patched-solaris-sparc 5.26 1243.10 OK
r-patched-solaris-x86 5.26 239.70 OK
r-release-linux-x86_64 5.26 11.68 99.52 111.20 OK
r-release-osx-x86_64-mavericks 5.26 NOTE
r-release-windows-ix86+x86_64 5.26 47.00 242.00 289.00 OK
r-oldrel-windows-ix86+x86_64 5.26 45.00 233.00 278.00 OK

Check Details

Version: 5.26
Check: whether package can be installed
Result: WARN
    Found the following significant warnings:
     Warning: GNU Extension: Nonstandard type declaration INTEGER*4 at (1)
     Warning: GNU Extension: Nonstandard type declaration REAL*8 at (1)
Flavors: r-devel-linux-x86_64-debian-clang, r-devel-linux-x86_64-debian-gcc, r-devel-linux-x86_64-fedora-clang, r-devel-linux-x86_64-fedora-gcc, r-devel-osx-x86_64-clang

Version: 5.26
Check: dependencies in R code
Result: NOTE
    Invalid MIT-MAGIC-COOKIE-1 key
Flavor: r-release-osx-x86_64-mavericks