CRAN Package Check Results for Package quantreg

Last updated on 2016-07-29 11:49:47.

Flavor Version Tinstall Tcheck Ttotal Status Flags
r-devel-linux-x86_64-debian-clang 5.26 11.03 104.92 115.95 OK
r-devel-linux-x86_64-debian-gcc 5.26 14.05 99.82 113.87 OK
r-devel-linux-x86_64-fedora-clang 5.26 202.21 OK
r-devel-linux-x86_64-fedora-gcc 5.26 196.62 OK
r-devel-osx-x86_64-clang 5.26 146.16 OK
r-devel-windows-ix86+x86_64 5.26 47.00 201.00 248.00 OK
r-patched-linux-x86_64 5.26 14.19 108.85 123.04 OK
r-patched-solaris-sparc 5.26 1243.10 OK
r-patched-solaris-x86 5.26 238.10 OK
r-release-linux-x86_64 5.26 14.38 111.22 125.60 OK
r-release-osx-x86_64-mavericks 5.26 NOTE
r-release-windows-ix86+x86_64 5.26 45.00 253.00 298.00 OK
r-oldrel-windows-ix86+x86_64 5.26 56.00 289.00 345.00 OK

Check Details

Version: 5.26
Check: dependencies in R code
Result: NOTE
    Invalid MIT-MAGIC-COOKIE-1 key
Flavor: r-release-osx-x86_64-mavericks