CRAN Package Check Results for Package quantreg

Last updated on 2016-05-27 15:46:53.

Flavor Version Tinstall Tcheck Ttotal Status Flags
r-devel-linux-x86_64-debian-gcc 5.24 11.47 93.56 105.03 OK
r-devel-linux-x86_64-fedora-clang 5.24 194.56 OK
r-devel-linux-x86_64-fedora-gcc 5.24 187.35 OK
r-devel-osx-x86_64-clang 5.24 189.29 OK
r-devel-windows-ix86+x86_64 5.24 34.00 205.00 239.00 OK
r-patched-linux-x86_64 5.24 11.61 93.06 104.67 OK
r-patched-solaris-sparc 5.24 1166.40 OK
r-patched-solaris-x86 5.24 236.00 OK
r-release-linux-x86_64 5.24 11.06 92.48 103.55 OK
r-release-osx-x86_64-mavericks 5.24 NOTE
r-release-windows-ix86+x86_64 5.24 52.00 178.00 230.00 OK
r-oldrel-windows-ix86+x86_64 5.24 47.00 286.00 333.00 OK

Check Details

Version: 5.24
Check: dependencies in R code
Result: NOTE
    Invalid MIT-MAGIC-COOKIE-1 key
Flavor: r-release-osx-x86_64-mavericks