CRAN Package Check Results for Package quantreg

Last updated on 2014-04-24 11:48:53.

Flavor Version Tinstall Tcheck Ttotal Status Flags
r-devel-linux-x86_64-debian-clang 5.05 8.66 86.02 94.69 OK
r-devel-linux-x86_64-debian-gcc 5.05 8.87 85.96 94.83 OK
r-devel-linux-x86_64-fedora-clang 5.05 199.07 OK
r-devel-linux-x86_64-fedora-gcc 5.05 192.33 OK
r-devel-osx-x86_64-clang 5.05 144.99 OK
r-devel-osx-x86_64-gcc 5.05 ERROR
r-devel-windows-ix86+x86_64 5.05 37.00 150.00 187.00 OK
r-patched-linux-x86_64 5.05 8.99 86.69 95.68 OK
r-patched-solaris-sparc 5.05 1193.80 OK
r-patched-solaris-x86 5.05 243.40 OK
r-release-linux-ix86 5.05 16.00 143.00 159.00 OK
r-release-linux-x86_64 5.05 8.92 86.45 95.38 OK
r-release-osx-x86_64-mavericks 5.05 WARN
r-release-windows-ix86+x86_64 5.05 39.00 160.00 199.00 OK
r-oldrel-windows-ix86+x86_64 5.05 37.00 166.00 203.00 OK

Check Details

Version: 5.05
Check: package dependencies
Result: NOTE
    Packages suggested but not available for checking: ‘zoo’ ‘dynlm’
Flavor: r-devel-osx-x86_64-gcc

Version: 5.05
Check: R code for possible problems
Result: NOTE
    dynrq : <anonymous>: no visible global function definition for
     ‘coredata’
    dynrq : <anonymous>: no visible global function definition for ‘zoo’
    dynrq : <anonymous>: no visible global function definition for ‘index’
    dynrq : <anonymous>: no visible binding for global variable ‘merge.zoo’
    dynrq: no visible global function definition for ‘index’
    dynrq: no visible global function definition for ‘coredata’
    dynrq: no visible global function definition for ‘is.regular’
    dynrq: no visible global function definition for ‘index2char’
    print.dynrq: no visible global function definition for ‘index2char’
    print.dynrq: no visible global function definition for ‘index’
    print.dynrqs: no visible global function definition for ‘index2char’
    print.summary.dynrq: no visible global function definition for
     ‘coredata’
    print.summary.dynrq: no visible global function definition for
     ‘index2char’
    print.summary.dynrq: no visible global function definition for ‘index’
Flavor: r-devel-osx-x86_64-gcc

Version: 5.05
Check: Rd cross-references
Result: NOTE
    Packages unavailable to check Rd xrefs: ‘zoo’, ‘dynlm’
Flavor: r-devel-osx-x86_64-gcc

Version: 5.05
Check: examples
Result: ERROR
    Running examples in ‘quantreg-Ex.R’ failed
    The error most likely occurred in:
    
    > ### Name: dynrq
    > ### Title: Dynamic Linear Quantile Regression
    > ### Aliases: dynrq print.dynrq print.dynrqs summary.dynrq summary.dynrqs
    > ### print.summary.dynrq print.summary.dynrqs time.dynrq index.dynrq
    > ### start.dynrq end.dynrq
    > ### Keywords: regression
    >
    > ### ** Examples
    >
    > ###########################
    > ## Dynamic Linear Quantile Regression Models ##
    > ###########################
    >
    > ## multiplicative median SARIMA(1,0,0)(1,0,0)_12 model fitted to UK seatbelt data
    > data("UKDriverDeaths", package = "datasets")
    > uk <- log10(UKDriverDeaths)
    > dfm <- dynrq(uk ~ L(uk, 1) + L(uk, 12))
    Loading required package: zoo
    Warning in library(package, lib.loc = lib.loc, character.only = TRUE, logical.return = TRUE, :
     there is no package called ‘zoo’
    Error: require("zoo") is not TRUE
    Execution halted
Flavor: r-devel-osx-x86_64-gcc

Version: 5.05
Check: package dependencies
Result: NOTE
    Package suggested but not available for checking: ‘dynlm’
Flavor: r-release-osx-x86_64-mavericks

Version: 5.05
Check: Rd cross-references
Result: NOTE
    Package unavailable to check Rd xrefs: ‘dynlm’
Flavor: r-release-osx-x86_64-mavericks

Version: 5.05
Check: PDF version of manual
Result: WARNING
    LaTeX errors when creating PDF version.
    This typically indicates Rd problems.
    LaTeX errors found:
    ! LaTeX Error: File `upquote.sty' not found.
    
    Type X to quit or <RETURN> to proceed,
    or enter new name. (Default extension: sty)
    
    37a0ec/Rd2.tex:8: ==> Fatal error occurred, no output PDF file produced!
Flavor: r-release-osx-x86_64-mavericks