CRAN Package Check Results for Package quantregForest

Last updated on 2015-05-23 02:46:56.

Flavor Version Tinstall Tcheck Ttotal Status Flags
r-devel-linux-x86_64-debian-clang 0.2-3 0.93 9.67 10.60 NOTE
r-devel-linux-x86_64-debian-gcc 0.2-3 0.95 9.61 10.56 NOTE
r-devel-linux-x86_64-fedora-clang 0.2-3 20.72 NOTE
r-devel-linux-x86_64-fedora-gcc 0.2-3 19.45 NOTE
r-devel-osx-x86_64-clang 0.2-3 23.67 NOTE
r-devel-windows-ix86+x86_64 0.2-3 6.00 23.00 29.00 NOTE
r-patched-linux-x86_64 0.2-3 0.91 9.80 10.72 NOTE
r-patched-solaris-sparc 0.2-3 132.50 NOTE
r-patched-solaris-x86 0.2-3 28.60 NOTE
r-release-linux-x86_64 0.2-3 0.90 9.64 10.54 NOTE
r-release-osx-x86_64-mavericks 0.2-3 NOTE
r-release-osx-x86_64-snowleopard 0.2-3 NOTE
r-release-windows-ix86+x86_64 0.2-3 5.00 22.00 27.00 NOTE
r-oldrel-windows-ix86+x86_64 0.2-3 6.00 35.00 41.00 NOTE

Check Details

Version: 0.2-3
Check: dependencies in R code
Result: NOTE
    Package in Depends field not imported from: ‘randomForest’
     These packages need to be imported from (in the NAMESPACE file)
     for when this namespace is loaded but not attached.
    Unexported object imported by a ':::' call: ‘randomForest:::predict.randomForest’
     See the note in ?`:::` about the use of this operator.
Flavors: r-devel-linux-x86_64-debian-clang, r-devel-linux-x86_64-debian-gcc, r-devel-linux-x86_64-fedora-clang, r-devel-linux-x86_64-fedora-gcc, r-devel-osx-x86_64-clang, r-devel-windows-ix86+x86_64, r-patched-linux-x86_64, r-patched-solaris-sparc, r-patched-solaris-x86, r-release-linux-x86_64, r-release-osx-x86_64-mavericks, r-release-osx-x86_64-snowleopard, r-release-windows-ix86+x86_64, r-oldrel-windows-ix86+x86_64

Version: 0.2-3
Check: foreign function calls
Result: NOTE
    Calls with DUP:
     .C("findweightsinbag", as.double(as.vector(origNodes)), as.integer(as.vector(object$inbag)),
     weightvec = as.double(weightvec), as.integer(nobs), as.integer(ntree),
     as.double(thres), as.integer(counti), as.integer(normalise),
     DUP = FALSE, PACKAGE = "quantregForest")
     .C("findweights", as.double(as.vector(origNodes)), as.double(as.vector(nodes)),
     weightvec = as.double(weightvec), as.integer(nobs), as.integer(nnew),
     as.integer(ntree), as.double(thres), as.integer(counti),
     as.integer(normalise), DUP = FALSE, PACKAGE = "quantregForest")
    DUP is no longer supported and will be ignored.
Flavors: r-devel-linux-x86_64-debian-clang, r-devel-linux-x86_64-debian-gcc, r-devel-linux-x86_64-fedora-clang, r-devel-linux-x86_64-fedora-gcc, r-devel-osx-x86_64-clang, r-devel-windows-ix86+x86_64, r-patched-linux-x86_64, r-patched-solaris-sparc, r-patched-solaris-x86, r-release-linux-x86_64, r-release-osx-x86_64-mavericks, r-release-osx-x86_64-snowleopard, r-release-windows-ix86+x86_64

Version: 0.2-3
Check: R code for possible problems
Result: NOTE
    quantregForest: no visible global function definition for
     ‘randomForest’
Flavors: r-devel-linux-x86_64-debian-clang, r-devel-linux-x86_64-debian-gcc, r-devel-linux-x86_64-fedora-clang, r-devel-linux-x86_64-fedora-gcc, r-devel-osx-x86_64-clang, r-devel-windows-ix86+x86_64, r-patched-linux-x86_64, r-patched-solaris-sparc, r-patched-solaris-x86, r-release-linux-x86_64, r-release-osx-x86_64-mavericks, r-release-osx-x86_64-snowleopard, r-release-windows-ix86+x86_64, r-oldrel-windows-ix86+x86_64

Version: 0.2-3
Check: foreign function calls
Result: NOTE
    Calls with DUP != TRUE:
     .C("findweightsinbag", as.double(as.vector(origNodes)), as.integer(as.vector(object$inbag)),
     weightvec = as.double(weightvec), as.integer(nobs), as.integer(ntree),
     as.double(thres), as.integer(counti), as.integer(normalise),
     DUP = FALSE, PACKAGE = "quantregForest")
     .C("findweights", as.double(as.vector(origNodes)), as.double(as.vector(nodes)),
     weightvec = as.double(weightvec), as.integer(nobs), as.integer(nnew),
     as.integer(ntree), as.double(thres), as.integer(counti),
     as.integer(normalise), DUP = FALSE, PACKAGE = "quantregForest")
    DUP = FALSE is deprecated and will be disabled in future versions of R.
Flavor: r-oldrel-windows-ix86+x86_64