CRAN Package Check Results for Package quantregForest

Last updated on 2014-04-24 17:49:50.

Flavor Version Tinstall Tcheck Ttotal Status Flags
r-devel-linux-x86_64-debian-clang 0.2-3 0.92 10.73 11.65 NOTE
r-devel-linux-x86_64-debian-gcc 0.2-3 0.92 10.59 11.51 NOTE
r-devel-linux-x86_64-fedora-clang 0.2-3 22.05 NOTE
r-devel-linux-x86_64-fedora-gcc 0.2-3 20.92 NOTE
r-devel-osx-x86_64-clang 0.2-3 25.66 NOTE
r-devel-osx-x86_64-gcc 0.2-3 NOTE
r-devel-windows-ix86+x86_64 0.2-3 5.00 21.00 26.00 NOTE
r-patched-linux-x86_64 0.2-3 1.00 10.61 11.61 NOTE
r-patched-solaris-sparc 0.2-3 129.00 NOTE
r-patched-solaris-x86 0.2-3 32.80 NOTE
r-release-linux-ix86 0.2-3 2.00 24.00 26.00 NOTE
r-release-linux-x86_64 0.2-3 0.90 10.52 11.42 NOTE
r-release-osx-x86_64-mavericks 0.2-3 WARN
r-release-windows-ix86+x86_64 0.2-3 6.00 22.00 28.00 NOTE
r-oldrel-windows-ix86+x86_64 0.2-3 6.00 24.00 30.00 NOTE

Check Details

Version: 0.2-3
Check: dependencies in R code
Result: NOTE
    Package in Depends field not imported from: ‘randomForest’
     These packages need to be imported from (in the NAMESPACE file)
     for when this namespace is loaded but not attached.
    Unexported object imported by a ':::' call: ‘randomForest:::predict.randomForest’
     See the note in ?`:::` about the use of this operator.
    See the information on DESCRIPTION files in the chapter ‘Creating R
    packages’ of the ‘Writing R Extensions’ manual.
Flavors: r-devel-linux-x86_64-debian-clang, r-devel-linux-x86_64-debian-gcc, r-devel-linux-x86_64-fedora-clang, r-devel-linux-x86_64-fedora-gcc, r-devel-osx-x86_64-clang, r-devel-osx-x86_64-gcc, r-devel-windows-ix86+x86_64, r-patched-linux-x86_64, r-patched-solaris-sparc, r-patched-solaris-x86, r-release-linux-ix86, r-release-linux-x86_64, r-release-osx-x86_64-mavericks, r-release-windows-ix86+x86_64, r-oldrel-windows-ix86+x86_64

Version: 0.2-3
Check: foreign function calls
Result: NOTE
    Calls with DUP = FALSE:
     .C("findweightsinbag", as.double(as.vector(origNodes)), as.integer(as.vector(object$inbag)),
     weightvec = as.double(weightvec), as.integer(nobs), as.integer(ntree),
     as.double(thres), as.integer(counti), as.integer(normalise),
     DUP = FALSE, PACKAGE = "quantregForest")
     .C("findweights", as.double(as.vector(origNodes)), as.double(as.vector(nodes)),
     weightvec = as.double(weightvec), as.integer(nobs), as.integer(nnew),
     as.integer(ntree), as.double(thres), as.integer(counti),
     as.integer(normalise), DUP = FALSE, PACKAGE = "quantregForest")
    DUP = FALSE is deprecated and may be disabled in future versions of R.
Flavors: r-devel-linux-x86_64-debian-clang, r-devel-linux-x86_64-debian-gcc, r-devel-linux-x86_64-fedora-clang, r-devel-linux-x86_64-fedora-gcc, r-devel-osx-x86_64-clang, r-devel-osx-x86_64-gcc, r-devel-windows-ix86+x86_64, r-patched-linux-x86_64, r-patched-solaris-sparc, r-patched-solaris-x86, r-release-linux-ix86, r-release-linux-x86_64, r-release-osx-x86_64-mavericks, r-release-windows-ix86+x86_64

Version: 0.2-3
Check: PDF version of manual
Result: WARNING
    LaTeX errors when creating PDF version.
    This typically indicates Rd problems.
    LaTeX errors found:
    ! LaTeX Error: File `upquote.sty' not found.
    
    Type X to quit or <RETURN> to proceed,
    or enter new name. (Default extension: sty)
    
    312dc9a/Rd2.tex:8: ==> Fatal error occurred, no output PDF file produced!
Flavor: r-release-osx-x86_64-mavericks