CRAN Package Check Results for Package quantregForest

Last updated on 2017-09-20 13:01:03.

Flavor Version Tinstall Tcheck Ttotal Status Flags
r-devel-linux-x86_64-debian-clang 1.3-5 2.55 16.14 18.69 NOTE
r-devel-linux-x86_64-debian-gcc 1.3-5 3.10 15.79 18.88 NOTE
r-devel-linux-x86_64-fedora-clang 1.3-5 32.02 NOTE
r-devel-linux-x86_64-fedora-gcc 1.3-5 31.11 NOTE
r-devel-windows-ix86+x86_64 1.3-5 13.00 57.00 70.00 OK
r-patched-linux-x86_64 1.3-5 2.94 16.18 19.12 NOTE
r-patched-solaris-x86 1.3-5 45.00 OK
r-release-linux-x86_64 1.3-5 2.98 15.98 18.95 NOTE
r-release-windows-ix86+x86_64 1.3-5 12.00 41.00 53.00 OK
r-release-osx-x86_64 1.3-5 OK
r-oldrel-windows-ix86+x86_64 1.3-5 12.00 38.00 50.00 OK
r-oldrel-osx-x86_64 1.3-5 OK

Check Details

Version: 1.3-5
Check: compiled code
Result: NOTE
    File ‘quantregForest/libs/quantregForest.so’:
     Found no calls to: ‘R_registerRoutines’, ‘R_useDynamicSymbols’
    
    It is good practice to register native routines and to disable symbol
    search.
    
    See ‘Writing portable packages’ in the ‘Writing R Extensions’ manual.
Flavors: r-devel-linux-x86_64-debian-clang, r-devel-linux-x86_64-debian-gcc, r-devel-linux-x86_64-fedora-clang, r-devel-linux-x86_64-fedora-gcc, r-patched-linux-x86_64, r-release-linux-x86_64