CRAN Package Check Results for Package quantregForest

Last updated on 2017-05-26 03:48:38.

Flavor Version Tinstall Tcheck Ttotal Status Flags
r-devel-linux-x86_64-debian-clang 1.3-5 3.08 16.08 19.16 NOTE
r-devel-linux-x86_64-debian-gcc 1.3-5 3.12 15.65 18.77 NOTE
r-devel-linux-x86_64-fedora-clang 1.3-5 31.36 NOTE --no-stop-on-test-error
r-devel-linux-x86_64-fedora-gcc 1.3-5 29.04 NOTE --no-stop-on-test-error
r-devel-windows-ix86+x86_64 1.3-5 13.00 54.00 67.00 OK
r-patched-linux-x86_64 1.3-5 3.12 15.94 19.06 NOTE
r-patched-solaris-sparc 1.3-5 192.80 OK
r-patched-solaris-x86 1.3-5 42.80 OK
r-release-linux-x86_64 1.3-5 3.12 15.86 18.98 NOTE
r-release-windows-ix86+x86_64 1.3-5 24.00 223.00 247.00 OK
r-release-osx-x86_64 1.3-5 OK
r-oldrel-windows-ix86+x86_64 1.3-5 22.00 39.00 61.00 OK
r-oldrel-osx-x86_64 1.3-5 OK

Check Details

Version: 1.3-5
Check: compiled code
Result: NOTE
    File ‘quantregForest/libs/quantregForest.so’:
     Found no calls to: ‘R_registerRoutines’, ‘R_useDynamicSymbols’
    
    It is good practice to register native routines and to disable symbol
    search.
    
    See ‘Writing portable packages’ in the ‘Writing R Extensions’ manual.
Flavors: r-devel-linux-x86_64-debian-clang, r-devel-linux-x86_64-debian-gcc, r-patched-linux-x86_64, r-release-linux-x86_64

Version: 1.3-5
Flags: --no-stop-on-test-error
Check: compiled code
Result: NOTE
    File ‘quantregForest/libs/quantregForest.so’:
     Found no calls to: ‘R_registerRoutines’, ‘R_useDynamicSymbols’
    
    It is good practice to register native routines and to disable symbol
    search.
    
    See ‘Writing portable packages’ in the ‘Writing R Extensions’ manual.
Flavors: r-devel-linux-x86_64-fedora-clang, r-devel-linux-x86_64-fedora-gcc