CRAN Package Check Results for Package quantregForest

Last updated on 2017-06-22 23:51:21.

Flavor Version Tinstall Tcheck Ttotal Status Flags
r-devel-linux-x86_64-debian-clang 1.3-5 3.18 17.30 20.47 NOTE
r-devel-linux-x86_64-debian-gcc 1.3-5 3.21 16.14 19.35 NOTE
r-devel-linux-x86_64-fedora-clang 1.3-5 31.95 NOTE
r-devel-linux-x86_64-fedora-gcc 1.3-5 29.84 NOTE
r-devel-windows-ix86+x86_64 1.3-5 17.00 42.00 59.00 OK
r-patched-linux-x86_64 1.3-5 3.04 17.27 20.31 NOTE
r-patched-solaris-sparc 1.3-5 192.80 OK
r-patched-solaris-x86 1.3-5 42.80 OK
r-release-linux-x86_64 1.3-5 3.00 16.16 19.16 NOTE
r-release-windows-ix86+x86_64 1.3-5 19.00 52.00 71.00 OK
r-release-osx-x86_64 1.3-5 OK
r-oldrel-windows-ix86+x86_64 1.3-5 21.00 37.00 58.00 OK
r-oldrel-osx-x86_64 1.3-5 OK

Check Details

Version: 1.3-5
Check: compiled code
Result: NOTE
    File ‘quantregForest/libs/quantregForest.so’:
     Found no calls to: ‘R_registerRoutines’, ‘R_useDynamicSymbols’
    
    It is good practice to register native routines and to disable symbol
    search.
    
    See ‘Writing portable packages’ in the ‘Writing R Extensions’ manual.
Flavors: r-devel-linux-x86_64-debian-clang, r-devel-linux-x86_64-debian-gcc, r-devel-linux-x86_64-fedora-clang, r-devel-linux-x86_64-fedora-gcc, r-patched-linux-x86_64, r-release-linux-x86_64