CRAN Package Check Results for Package quantregForest

Last updated on 2017-07-27 14:47:23.

Flavor Version Tinstall Tcheck Ttotal Status Flags
r-devel-linux-x86_64-debian-clang 1.3-5 3.09 22.06 25.15 NOTE
r-devel-linux-x86_64-debian-gcc 1.3-5 3.25 21.80 25.05 NOTE
r-devel-linux-x86_64-fedora-clang 1.3-5 31.77 NOTE
r-devel-linux-x86_64-fedora-gcc 1.3-5 30.28 NOTE
r-devel-windows-ix86+x86_64 1.3-5 23.00 53.00 76.00 OK
r-patched-linux-x86_64 1.3-5 2.99 21.67 24.66 NOTE
r-patched-solaris-x86 1.3-5 43.10 OK
r-release-linux-x86_64 1.3-5 2.96 21.89 24.86 NOTE
r-release-windows-ix86+x86_64 1.3-5 14.00 60.00 74.00 OK
r-release-osx-x86_64 1.3-5 OK
r-oldrel-windows-ix86+x86_64 1.3-5 12.00 39.00 51.00 OK
r-oldrel-osx-x86_64 1.3-5 OK

Check Details

Version: 1.3-5
Check: compiled code
Result: NOTE
    File ‘quantregForest/libs/quantregForest.so’:
     Found no calls to: ‘R_registerRoutines’, ‘R_useDynamicSymbols’
    
    It is good practice to register native routines and to disable symbol
    search.
    
    See ‘Writing portable packages’ in the ‘Writing R Extensions’ manual.
Flavors: r-devel-linux-x86_64-debian-clang, r-devel-linux-x86_64-debian-gcc, r-devel-linux-x86_64-fedora-clang, r-devel-linux-x86_64-fedora-gcc, r-patched-linux-x86_64, r-release-linux-x86_64