CRAN Package Check Results for Package quantregForest

Last updated on 2017-02-19 23:48:29.

Flavor Version Tinstall Tcheck Ttotal Status Flags
r-devel-linux-x86_64-debian-clang 1.3-5 3.12 16.03 19.16 NOTE
r-devel-linux-x86_64-debian-gcc 1.3-5 3.26 15.62 18.87 NOTE
r-devel-linux-x86_64-fedora-clang 1.3-5 31.19 NOTE --no-stop-on-test-error
r-devel-linux-x86_64-fedora-gcc 1.3-5 30.39 NOTE --no-stop-on-test-error
r-devel-macos-x86_64-clang 1.3-5 27.39 NOTE --no-stop-on-test-error
r-devel-windows-ix86+x86_64 1.3-5 13.00 54.00 67.00 OK
r-patched-linux-x86_64 1.3-5 3.01 14.33 17.34 OK
r-patched-solaris-sparc 1.3-5 167.10 OK
r-patched-solaris-x86 1.3-5 42.80 OK
r-release-linux-x86_64 1.3-5 2.82 13.31 16.13 OK
r-release-osx-x86_64-mavericks 1.3-5 OK
r-release-windows-ix86+x86_64 1.3-5 10.00 37.00 47.00 OK
r-oldrel-windows-ix86+x86_64 1.3-5 20.00 46.00 66.00 OK

Check Details

Version: 1.3-5
Check: compiled code
Result: NOTE
    File ‘quantregForest/libs/quantregForest.so’:
     Found no calls to: ‘R_registerRoutines’, ‘R_useDynamicSymbols’
    
    It is good practice to register native routines and to disable symbol
    search.
    
    See ‘Writing portable packages’ in the ‘Writing R Extensions’ manual.
Flavors: r-devel-linux-x86_64-debian-clang, r-devel-linux-x86_64-debian-gcc

Version: 1.3-5
Flags: --no-stop-on-test-error
Check: compiled code
Result: NOTE
    File ‘quantregForest/libs/quantregForest.so’:
     Found no calls to: ‘R_registerRoutines’, ‘R_useDynamicSymbols’
    
    It is good practice to register native routines and to disable symbol
    search.
    
    See ‘Writing portable packages’ in the ‘Writing R Extensions’ manual.
Flavors: r-devel-linux-x86_64-fedora-clang, r-devel-linux-x86_64-fedora-gcc, r-devel-macos-x86_64-clang