CRAN Package Check Results for Package quantregForest

Last updated on 2017-03-30 20:47:19.

Flavor Version Tinstall Tcheck Ttotal Status Flags
r-devel-linux-x86_64-debian-clang 1.3-5 3.24 16.05 19.28 NOTE
r-devel-linux-x86_64-debian-gcc 1.3-5 3.20 15.90 19.10 NOTE
r-devel-linux-x86_64-fedora-clang 1.3-5 32.42 NOTE --no-stop-on-test-error
r-devel-linux-x86_64-fedora-gcc 1.3-5 29.32 NOTE --no-stop-on-test-error
r-devel-macos-x86_64-clang 1.3-5 26.97 NOTE --no-stop-on-test-error
r-devel-windows-ix86+x86_64 1.3-5 14.00 56.00 70.00 OK
r-patched-linux-x86_64 1.3-5 3.05 15.82 18.87 NOTE
r-patched-solaris-sparc 1.3-5 192.80 OK
r-release-linux-x86_64 1.3-5 2.84 13.06 15.90 OK
r-release-osx-x86_64-mavericks 1.3-5 OK
r-release-windows-ix86+x86_64 1.3-5 35.00 52.00 87.00 OK
r-oldrel-windows-ix86+x86_64 1.3-5 20.00 56.00 76.00 OK

Check Details

Version: 1.3-5
Check: compiled code
Result: NOTE
    File ‘quantregForest/libs/quantregForest.so’:
     Found no calls to: ‘R_registerRoutines’, ‘R_useDynamicSymbols’
    
    It is good practice to register native routines and to disable symbol
    search.
    
    See ‘Writing portable packages’ in the ‘Writing R Extensions’ manual.
Flavors: r-devel-linux-x86_64-debian-clang, r-devel-linux-x86_64-debian-gcc, r-patched-linux-x86_64

Version: 1.3-5
Flags: --no-stop-on-test-error
Check: compiled code
Result: NOTE
    File ‘quantregForest/libs/quantregForest.so’:
     Found no calls to: ‘R_registerRoutines’, ‘R_useDynamicSymbols’
    
    It is good practice to register native routines and to disable symbol
    search.
    
    See ‘Writing portable packages’ in the ‘Writing R Extensions’ manual.
Flavors: r-devel-linux-x86_64-fedora-clang, r-devel-linux-x86_64-fedora-gcc, r-devel-macos-x86_64-clang