CRAN Package Check Results for Package quantregGrowth

Last updated on 2014-04-24 07:52:34.

Flavor Version Tinstall Tcheck Ttotal Status Flags
r-devel-linux-x86_64-debian-clang 0.1-2 1.14 16.74 17.88 OK
r-devel-linux-x86_64-debian-gcc 0.1-2 1.06 16.83 17.89 OK
r-devel-linux-x86_64-fedora-clang 0.1-2 34.97 OK
r-devel-linux-x86_64-fedora-gcc 0.1-2 33.41 OK
r-devel-osx-x86_64-clang 0.1-2 35.93 OK
r-devel-osx-x86_64-gcc 0.1-2 ERROR
r-devel-windows-ix86+x86_64 0.1-2 4.00 24.00 28.00 OK
r-patched-linux-x86_64 0.1-2 1.06 16.59 17.65 OK
r-patched-solaris-sparc 0.1-2 212.10 OK
r-patched-solaris-x86 0.1-2 48.70 OK
r-release-linux-ix86 0.1-2 2.00 33.00 35.00 OK
r-release-linux-x86_64 0.1-2 1.22 17.01 18.23 OK
r-release-osx-x86_64-mavericks 0.1-2 WARN
r-release-osx-x86_64-snowleopard 0.1-2 OK
r-release-windows-ix86+x86_64 0.1-2 4.00 25.00 29.00 OK
r-oldrel-windows-ix86+x86_64 0.1-2 3.00 27.00 30.00 OK

Check Details

Version: 0.1-2
Check: package dependencies
Result: ERROR
    Package required but not available: ‘quantreg’
    
    See the information on DESCRIPTION files in the chapter ‘Creating R
    packages’ of the ‘Writing R Extensions’ manual.
Flavor: r-devel-osx-x86_64-gcc

Version: 0.1-2
Check: PDF version of manual
Result: WARNING
    LaTeX errors when creating PDF version.
    This typically indicates Rd problems.
    LaTeX errors found:
    ! LaTeX Error: File `upquote.sty' not found.
    
    Type X to quit or <RETURN> to proceed,
    or enter new name. (Default extension: sty)
    
    5c762a8e/Rd2.tex:8: ==> Fatal error occurred, no output PDF file produced!
Flavor: r-release-osx-x86_64-mavericks