CRAN Package Check Results for Package quantregGrowth

Last updated on 2015-07-01 19:47:58.

Flavor Version Tinstall Tcheck Ttotal Status Flags
r-devel-linux-x86_64-debian-clang 0.3-1 0.86 14.54 15.41 NOTE
r-devel-linux-x86_64-debian-gcc 0.3-1 0.90 14.54 15.44 NOTE
r-devel-linux-x86_64-fedora-clang 0.3-1 30.63 NOTE
r-devel-linux-x86_64-fedora-gcc 0.3-1 28.14 NOTE
r-devel-osx-x86_64-clang 0.3-1 30.47 OK
r-devel-windows-ix86+x86_64 0.3-1 4.00 25.00 29.00 NOTE
r-patched-linux-x86_64 0.3-1 0.92 14.62 15.53 OK
r-patched-solaris-sparc 0.3-1 172.90 OK
r-patched-solaris-x86 0.3-1 41.90 OK
r-release-linux-x86_64 0.3-1 0.84 15.32 16.16 OK
r-release-osx-x86_64-mavericks 0.3-1 OK
r-release-windows-ix86+x86_64 0.3-1 3.00 26.00 29.00 OK
r-oldrel-windows-ix86+x86_64 0.3-1 6.00 46.00 52.00 OK

Check Details

Version: 0.3-1
Check: R code for possible problems
Result: NOTE
    gcrq: no visible global function definition for ‘model.response’
    gcrq: no visible global function definition for ‘is.empty.model’
    gcrq: no visible global function definition for ‘model.matrix’
    gcrq: no visible binding for global variable ‘contrasts’
    gcrq: no visible global function definition for ‘model.weights’
    gcrq: no visible global function definition for ‘terms’
    gcrq: no visible global function definition for ‘.getXlevels’
    ncross.rq.fitXB: no visible global function definition for ‘matlines’
    ncross.rq.fitXB: no visible global function definition for ‘plot’
    ncross.rq.fitXB: no visible global function definition for ‘matpoints’
    plot.gcrq: no visible global function definition for ‘plot’
    plot.gcrq: no visible global function definition for ‘axis’
    plot.gcrq: no visible binding for global variable ‘plot’
    plot.gcrq: no visible global function definition for ‘text’
    plot.gcrq: no visible binding for global variable ‘matlines’
    plot.gcrq: no visible binding for global variable ‘matplot’
    vcov.gcrq: no visible global function definition for ‘var’
Flavors: r-devel-linux-x86_64-debian-clang, r-devel-linux-x86_64-debian-gcc, r-devel-linux-x86_64-fedora-clang, r-devel-linux-x86_64-fedora-gcc, r-devel-windows-ix86+x86_64