CRAN Package Check Results for Package quantregGrowth

Last updated on 2015-08-02 11:47:34.

Flavor Version Tinstall Tcheck Ttotal Status Flags
r-devel-linux-x86_64-debian-clang 0.3-1 0.86 14.86 15.72 NOTE
r-devel-linux-x86_64-debian-gcc 0.3-1 0.86 14.64 15.50 NOTE
r-devel-linux-x86_64-fedora-clang 0.3-1 30.56 NOTE
r-devel-linux-x86_64-fedora-gcc 0.3-1 29.06 NOTE
r-devel-osx-x86_64-clang 0.3-1 29.01 OK
r-devel-windows-ix86+x86_64 0.3-1 3.00 24.00 27.00 NOTE
r-patched-linux-x86_64 0.3-1 0.87 14.66 15.53 OK
r-patched-solaris-sparc 0.3-1 207.60 OK
r-patched-solaris-x86 0.3-1 42.80 OK
r-release-linux-x86_64 0.3-1 0.94 14.70 15.64 OK
r-release-osx-x86_64-mavericks 0.3-1 OK
r-release-windows-ix86+x86_64 0.3-1 4.00 28.00 32.00 OK
r-oldrel-windows-ix86+x86_64 0.3-1 7.00 31.00 38.00 OK

Check Details

Version: 0.3-1
Check: R code for possible problems
Result: NOTE
    gcrq: no visible global function definition for ‘model.response’
    gcrq: no visible global function definition for ‘is.empty.model’
    gcrq: no visible global function definition for ‘model.matrix’
    gcrq: no visible binding for global variable ‘contrasts’
    gcrq: no visible global function definition for ‘model.weights’
    gcrq: no visible global function definition for ‘terms’
    gcrq: no visible global function definition for ‘.getXlevels’
    ncross.rq.fitXB: no visible global function definition for ‘matlines’
    ncross.rq.fitXB: no visible global function definition for ‘plot’
    ncross.rq.fitXB: no visible global function definition for ‘matpoints’
    plot.gcrq: no visible global function definition for ‘plot’
    plot.gcrq: no visible global function definition for ‘axis’
    plot.gcrq: no visible binding for global variable ‘plot’
    plot.gcrq: no visible global function definition for ‘text’
    plot.gcrq: no visible binding for global variable ‘matlines’
    plot.gcrq: no visible binding for global variable ‘matplot’
    vcov.gcrq: no visible global function definition for ‘var’
    Undefined global functions or variables:
     .getXlevels axis contrasts is.empty.model matlines matplot matpoints
     model.matrix model.response model.weights plot terms text var
    Consider adding
     importFrom("graphics", "axis", "matlines", "matplot", "matpoints",
     "plot", "text")
     importFrom("stats", ".getXlevels", "contrasts", "is.empty.model",
     "model.matrix", "model.response", "model.weights", "terms",
     "var")
    to your NAMESPACE.
Flavors: r-devel-linux-x86_64-debian-clang, r-devel-linux-x86_64-debian-gcc, r-devel-linux-x86_64-fedora-clang, r-devel-linux-x86_64-fedora-gcc, r-devel-windows-ix86+x86_64