CRAN Package Check Results for Package quantregGrowth

Last updated on 2015-05-24 10:47:06.

Flavor Version Tinstall Tcheck Ttotal Status Flags
r-devel-linux-x86_64-debian-clang 0.3-0 0.86 15.18 16.05 OK
r-devel-linux-x86_64-debian-gcc 0.3-0 0.86 14.74 15.61 OK
r-devel-linux-x86_64-fedora-clang 0.3-0 30.96 OK
r-devel-linux-x86_64-fedora-gcc 0.3-0 28.81 OK
r-devel-osx-x86_64-clang 0.3-0 31.89 OK
r-devel-windows-ix86+x86_64 0.3-0 3.00 25.00 28.00 OK
r-patched-linux-x86_64 0.3-0 0.88 14.93 15.80 OK
r-patched-solaris-sparc 0.3-0 192.40 OK
r-patched-solaris-x86 0.3-0 42.20 OK
r-release-linux-x86_64 0.3-0 0.88 15.17 16.05 OK
r-release-osx-x86_64-mavericks 0.3-0 OK
r-release-osx-x86_64-snowleopard 0.3-0 ERROR
r-release-windows-ix86+x86_64 0.3-0 3.00 25.00 28.00 OK
r-oldrel-windows-ix86+x86_64 0.3-0 4.00 26.00 30.00 OK

Check Details

Version: 0.3-0
Check: package dependencies
Result: ERROR
    Package required but not available: ‘quantreg’
    
    See section ‘The DESCRIPTION file’ in the ‘Writing R Extensions’
    manual.
Flavor: r-release-osx-x86_64-snowleopard