CRAN Package Check Results for Package quantspec

Last updated on 2018-06-24 19:47:00 CEST.

Flavor Version Tinstall Tcheck Ttotal Status Flags
r-devel-linux-x86_64-debian-clang 1.2-1 30.12 179.67 209.79 NOTE
r-devel-linux-x86_64-debian-gcc 1.2-1 23.95 135.45 159.40 NOTE
r-devel-linux-x86_64-fedora-clang 1.2-1 248.94 NOTE
r-devel-linux-x86_64-fedora-gcc 1.2-1 236.90 NOTE
r-devel-windows-ix86+x86_64 1.2-1 80.00 275.00 355.00 OK
r-patched-linux-x86_64 1.2-1 27.92 163.53 191.45 NOTE
r-patched-solaris-x86 1.2-1 311.20 OK
r-release-linux-x86_64 1.2-1 27.90 163.67 191.57 NOTE
r-release-windows-ix86+x86_64 1.2-1 66.00 349.00 415.00 OK
r-release-osx-x86_64 1.2-1 OK
r-oldrel-windows-ix86+x86_64 1.2-1 67.00 327.00 394.00 OK
r-oldrel-osx-x86_64 1.2-1 OK

Check Details

Version: 1.2-1
Check: compiled code
Result: NOTE
    File ‘quantspec/libs/quantspec.so’:
     Found no calls to: ‘R_registerRoutines’, ‘R_useDynamicSymbols’
    
    It is good practice to register native routines and to disable symbol
    search.
    
    See ‘Writing portable packages’ in the ‘Writing R Extensions’ manual.
Flavors: r-devel-linux-x86_64-debian-clang, r-devel-linux-x86_64-debian-gcc, r-devel-linux-x86_64-fedora-clang, r-devel-linux-x86_64-fedora-gcc, r-patched-linux-x86_64, r-release-linux-x86_64