CRAN Package Check Results for Package quantspec

Last updated on 2018-09-19 10:50:53 CEST.

Flavor Version Tinstall Tcheck Ttotal Status Flags
r-devel-linux-x86_64-debian-clang 1.2-1 28.03 174.27 202.30 NOTE
r-devel-linux-x86_64-debian-gcc 1.2-1 25.54 132.88 158.42 NOTE
r-devel-linux-x86_64-fedora-clang 1.2-1 270.04 NOTE
r-devel-linux-x86_64-fedora-gcc 1.2-1 230.43 NOTE
r-devel-windows-ix86+x86_64 1.2-1 54.00 347.00 401.00 OK
r-patched-linux-x86_64 1.2-1 29.90 155.16 185.06 NOTE
r-patched-solaris-x86 1.2-1 309.70 OK
r-release-linux-x86_64 1.2-1 29.73 161.40 191.13 NOTE
r-release-windows-ix86+x86_64 1.2-1 68.00 251.00 319.00 OK
r-release-osx-x86_64 1.2-1 OK
r-oldrel-windows-ix86+x86_64 1.2-1 42.00 239.00 281.00 OK
r-oldrel-osx-x86_64 1.2-1 OK

Check Details

Version: 1.2-1
Check: compiled code
Result: NOTE
    File ‘quantspec/libs/quantspec.so’:
     Found no calls to: ‘R_registerRoutines’, ‘R_useDynamicSymbols’
    
    It is good practice to register native routines and to disable symbol
    search.
    
    See ‘Writing portable packages’ in the ‘Writing R Extensions’ manual.
Flavors: r-devel-linux-x86_64-debian-clang, r-devel-linux-x86_64-debian-gcc, r-devel-linux-x86_64-fedora-clang, r-devel-linux-x86_64-fedora-gcc, r-patched-linux-x86_64, r-release-linux-x86_64