CRAN Package Check Results for Package quantspec

Last updated on 2015-05-25 03:47:48.

Flavor Version Tinstall Tcheck Ttotal Status Flags
r-devel-linux-x86_64-debian-clang 1.0-3 7.93 71.67 79.60 OK
r-devel-linux-x86_64-debian-gcc 1.0-3 7.92 68.96 76.88 OK
r-devel-linux-x86_64-fedora-clang 1.0-3 167.18 OK
r-devel-linux-x86_64-fedora-gcc 1.0-3 151.73 OK
r-devel-osx-x86_64-clang 1.0-3 136.53 OK
r-devel-windows-ix86+x86_64 1.0-3 26.00 146.00 172.00 OK
r-patched-linux-x86_64 1.0-3 8.83 70.06 78.89 OK
r-patched-solaris-sparc 1.0-3 1034.00 OK
r-patched-solaris-x86 1.0-3 198.10 OK
r-release-linux-x86_64 1.0-3 7.75 73.25 81.00 OK
r-release-osx-x86_64-mavericks 1.0-3 OK
r-release-osx-x86_64-snowleopard 1.0-3 ERROR
r-release-windows-ix86+x86_64 1.0-3 29.00 152.00 181.00 OK
r-oldrel-windows-ix86+x86_64 1.0-3 28.00 153.00 181.00 OK

Check Details

Version: 1.0-3
Check: package dependencies
Result: ERROR
    Packages required but not available: ‘quantreg’ ‘zoo’
    
    See section ‘The DESCRIPTION file’ in the ‘Writing R Extensions’
    manual.
Flavor: r-release-osx-x86_64-snowleopard