CRAN Package Check Results for Package quantspec

Last updated on 2017-06-28 03:48:51.

Flavor Version Tinstall Tcheck Ttotal Status Flags
r-devel-linux-x86_64-debian-clang 1.2-1 16.09 106.00 122.09 NOTE
r-devel-linux-x86_64-debian-gcc 1.2-1 16.70 109.52 126.22 NOTE
r-devel-linux-x86_64-fedora-clang 1.2-1 253.81 NOTE
r-devel-linux-x86_64-fedora-gcc 1.2-1 252.39 NOTE
r-devel-windows-ix86+x86_64 1.2-1 67.00 243.00 310.00 OK
r-patched-linux-x86_64 1.2-1 15.87 108.12 123.99 NOTE
r-patched-solaris-sparc 1.2-1 1485.20 OK
r-patched-solaris-x86 1.2-1 312.60 OK
r-release-linux-x86_64 1.2-1 16.03 106.89 122.92 NOTE
r-release-windows-ix86+x86_64 1.2-1 54.00 322.00 376.00 OK
r-release-osx-x86_64 1.2-1 OK
r-oldrel-windows-ix86+x86_64 1.2-1 63.00 280.00 343.00 OK
r-oldrel-osx-x86_64 1.2-1 NOTE

Check Details

Version: 1.2-1
Check: compiled code
Result: NOTE
    File ‘quantspec/libs/quantspec.so’:
     Found no calls to: ‘R_registerRoutines’, ‘R_useDynamicSymbols’
    
    It is good practice to register native routines and to disable symbol
    search.
    
    See ‘Writing portable packages’ in the ‘Writing R Extensions’ manual.
Flavors: r-devel-linux-x86_64-debian-clang, r-devel-linux-x86_64-debian-gcc, r-devel-linux-x86_64-fedora-clang, r-devel-linux-x86_64-fedora-gcc, r-patched-linux-x86_64, r-release-linux-x86_64

Version: 1.2-1
Check: re-building of vignette outputs
Result: NOTE
    Error in re-building vignettes:
     ...
     input string 430 is invalid in this locale
    Warning in grepl("(Rerun to get|biblatex.*\\(re\\)run)", readLines(log, :
     input string 438 is invalid in this locale
    Error in texi2dvi(file = file, pdf = TRUE, clean = clean, quiet = quiet, :
     Running 'texi2dvi' on 'quantspec.tex' failed.
    LaTeX errors:
    ! Undefined control sequence.
    l.21 ...[L=^^X^^L^^F<83>A<8e>Pض],^^V5M<b3>,<8b>]X0#<a5><c4>Z^^PQ<b9>\<b6>
     ,+^^R<89>X<96><c5>^^A<8e>6<e9>E?{^^\e<e9>N^^...
    The control sequence at the end of the top line
    of your error message was never \def'ed. If you have
    ! Undefined control sequence.
    l.21 ...A<8e>6<e9>E?{^^\e<e9>N^^Nu^^V<8c><b0>,<8b><88>fff<d2><e9><b4>^^[c<a8>`<db>v<b9>\<8e>
     D"<8c>Ir!VUU<80>
    The control sequence at the end of the top line
    of your error message was never \def'ed. If you have
    ! Undefined control sequence.
    l.25 <a7>ޭ^^@<89>^^H<be>ҹ<b0>^^G<ca><e5>rSSS<b9>\<8e>
     <88><e0>^^VY<96>utt4<<^^\^^L^^F<a5><94>^<af>^^W^^F4/^^G<e4>!<f7><80>r0<ef>>...
    The control sequence at the end of the top line
    of your error message was never \def'ed. If you have
    ! Undefined control sequence.
    l.25 ...
    Calls: buildVignettes -> texi2pdf -> texi2dvi
    Execution halted
Flavor: r-oldrel-osx-x86_64