CRAN Package Check Results for Package quantspec

Last updated on 2017-02-22 22:50:51.

Flavor Version Tinstall Tcheck Ttotal Status Flags
r-devel-linux-x86_64-debian-clang 1.2-1 14.58 107.57 122.15 NOTE
r-devel-linux-x86_64-debian-gcc 1.2-1 13.51 105.81 119.32 NOTE
r-devel-linux-x86_64-fedora-clang 1.2-1 274.49 NOTE --no-stop-on-test-error
r-devel-linux-x86_64-fedora-gcc 1.2-1 244.25 NOTE --no-stop-on-test-error
r-devel-macos-x86_64-clang 1.2-1 185.64 NOTE --no-stop-on-test-error
r-devel-windows-ix86+x86_64 1.2-1 62.00 424.00 486.00 OK
r-patched-linux-x86_64 1.2-1 13.05 96.02 109.07 OK
r-patched-solaris-sparc 1.2-1 1331.70 OK
r-patched-solaris-x86 1.2-1 272.00 OK
r-release-linux-x86_64 1.2-1 12.35 95.43 107.78 OK
r-release-osx-x86_64-mavericks 1.2-1 NOTE
r-release-windows-ix86+x86_64 1.2-1 86.00 321.00 407.00 OK
r-oldrel-windows-ix86+x86_64 1.2-1 58.00 249.00 307.00 OK

Check Details

Version: 1.2-1
Check: compiled code
Result: NOTE
    File ‘quantspec/libs/quantspec.so’:
     Found no calls to: ‘R_registerRoutines’, ‘R_useDynamicSymbols’
    
    It is good practice to register native routines and to disable symbol
    search.
    
    See ‘Writing portable packages’ in the ‘Writing R Extensions’ manual.
Flavors: r-devel-linux-x86_64-debian-clang, r-devel-linux-x86_64-debian-gcc

Version: 1.2-1
Flags: --no-stop-on-test-error
Check: compiled code
Result: NOTE
    File ‘quantspec/libs/quantspec.so’:
     Found no calls to: ‘R_registerRoutines’, ‘R_useDynamicSymbols’
    
    It is good practice to register native routines and to disable symbol
    search.
    
    See ‘Writing portable packages’ in the ‘Writing R Extensions’ manual.
Flavors: r-devel-linux-x86_64-fedora-clang, r-devel-linux-x86_64-fedora-gcc, r-devel-macos-x86_64-clang

Version: 1.2-1
Check: re-building of vignette outputs
Result: NOTE
    Error in re-building vignettes:
     ...
     input string 430 is invalid in this locale
    Warning in grepl("(Rerun to get|biblatex.*\\(re\\)run)", readLines(log, :
     input string 438 is invalid in this locale
    Error in texi2dvi(file = file, pdf = TRUE, clean = clean, quiet = quiet, :
     Running 'texi2dvi' on 'quantspec.tex' failed.
    LaTeX errors:
    ! Undefined control sequence.
    l.21 ...[L=^^X^^L^^F<83>A<8e>Pض],^^V5M<b3>,<8b>]X0#<a5><c4>Z^^PQ<b9>\<b6>
     ,+^^R<89>X<96><c5>^^A<8e>6<e9>E?{^^\e<e9>N^^...
    The control sequence at the end of the top line
    of your error message was never \def'ed. If you have
    ! Undefined control sequence.
    l.21 ...A<8e>6<e9>E?{^^\e<e9>N^^Nu^^V<8c><b0>,<8b><88>fff<d2><e9><b4>^^[c<a8>`<db>v<b9>\<8e>
     D"<8c>Ir!VUU<80>
    The control sequence at the end of the top line
    of your error message was never \def'ed. If you have
    ! Undefined control sequence.
    l.25 <a7>ޭ^^@<89>^^H<be>ҹ<b0>^^G<ca><e5>rSSS<b9>\<8e>
     <88><e0>^^VY<96>utt4<<^^\^^L^^F<a5><94>^<af>^^W^^F4/^^G<e4>!<f7><80>r0<ef>>...
    The control sequence at the end of the top line
    of your error message was never \def'ed. If you have
    ! Undefined control sequence.
    l.25 ...
    Calls: buildVignettes -> texi2pdf -> texi2dvi
    Execution halted
Flavor: r-release-osx-x86_64-mavericks