CRAN Package Check Results for Package quantspec

Last updated on 2015-07-04 08:50:33.

Flavor Version Tinstall Tcheck Ttotal Status Flags
r-devel-linux-x86_64-debian-clang 1.0-3 7.94 71.08 79.02 NOTE
r-devel-linux-x86_64-debian-gcc 1.0-3 7.91 68.97 76.88 NOTE
r-devel-linux-x86_64-fedora-clang 1.0-3 164.20 NOTE
r-devel-linux-x86_64-fedora-gcc 1.0-3 152.94 NOTE
r-devel-osx-x86_64-clang 1.0-3 132.61 NOTE
r-devel-windows-ix86+x86_64 1.0-3 44.00 135.00 179.00 NOTE
r-patched-linux-x86_64 1.0-3 8.01 70.28 78.30 OK
r-patched-solaris-sparc 1.0-3 1034.00 OK
r-patched-solaris-x86 1.0-3 198.70 OK
r-release-linux-x86_64 1.0-3 9.10 69.39 78.49 OK
r-release-osx-x86_64-mavericks 1.0-3 OK
r-release-windows-ix86+x86_64 1.0-3 41.00 140.00 181.00 OK
r-oldrel-windows-ix86+x86_64 1.0-3 41.00 155.00 196.00 OK

Check Details

Version: 1.0-3
Check: R code for possible problems
Result: NOTE
    AR1: no visible binding for global variable ‘rnorm’
    AR2: no visible binding for global variable ‘rnorm’
    ARCH1: no visible binding for global variable ‘rnorm’
    QAR1: no visible binding for global variable ‘qnorm’
    QAR1: no visible global function definition for ‘runif’
    integrQuantileSD: no visible binding for global variable ‘rnorm’
    quantileSD: no visible binding for global variable ‘rnorm’
    quantileSD: no visible global function definition for ‘runif’
    timeSeriesValidator: no visible global function definition for ‘is.ts’
    ts1 : <anonymous>: no visible global function definition for ‘qnorm’
    ts2 : <anonymous>: no visible global function definition for ‘rnorm’
    ts3 : <anonymous>: no visible global function definition for ‘rnorm’
    Undefined global functions or variables:
     is.ts qnorm rnorm runif
Flavors: r-devel-linux-x86_64-debian-clang, r-devel-linux-x86_64-debian-gcc

Version: 1.0-3
Check: R code for possible problems
Result: NOTE
    AR1: no visible binding for global variable ‘rnorm’
    AR2: no visible binding for global variable ‘rnorm’
    ARCH1: no visible binding for global variable ‘rnorm’
    QAR1: no visible binding for global variable ‘qnorm’
    QAR1: no visible global function definition for ‘runif’
    integrQuantileSD: no visible binding for global variable ‘rnorm’
    quantileSD: no visible binding for global variable ‘rnorm’
    quantileSD: no visible global function definition for ‘runif’
    timeSeriesValidator: no visible global function definition for ‘is.ts’
    ts1 : <anonymous>: no visible global function definition for ‘qnorm’
    ts2 : <anonymous>: no visible global function definition for ‘rnorm’
    ts3 : <anonymous>: no visible global function definition for ‘rnorm’
    getLevels,QSpecQuantity: no visible global function definition for
     ‘error’
    getPointwiseCIs,SmoothedPG: no visible global function definition for
     ‘qnorm’
    getPointwiseCIs,SmoothedPG : uQuantile: no visible global function
     definition for ‘quantile’
    getPointwiseCIs,SmoothedPG : lQuantile: no visible global function
     definition for ‘quantile’
    getPositions,MovingBlocks: no visible global function definition for
     ‘runif’
    getSdBoot,SmoothedPG : complex.var: no visible global function
     definition for ‘sd’
    getWnj,KernelWeight: no visible global function definition for ‘error’
    increasePrecision,QuantileSD: no visible global function definition for
     ‘smooth.spline’
    initialize,ClippedFT: no visible global function definition for ‘mvfft’
    initialize,QRegEstimator: no visible global function definition for
     ‘sfLapply’
    initialize,SmoothedPG: no visible global function definition for
     ‘error’
    initialize,SmoothedPG : f: no visible global function definition for
     ‘convolve’
    plot,SmoothedPG-ANY: no visible global function definition for ‘gray’
    Undefined global functions or variables:
     convolve error gray is.ts mvfft qnorm quantile rnorm runif sd
     sfLapply smooth.spline
Flavors: r-devel-linux-x86_64-fedora-clang, r-devel-linux-x86_64-fedora-gcc, r-devel-windows-ix86+x86_64

Version: 1.0-3
Check: R code for possible problems
Result: NOTE
    getLevels,QSpecQuantity: no visible global function definition for
     ‘error’
    getWnj,KernelWeight: no visible global function definition for ‘error’
    initialize,QRegEstimator: no visible global function definition for
     ‘sfLapply’
    initialize,SmoothedPG: no visible global function definition for
     ‘error’
    Undefined global functions or variables:
     error sfLapply
Flavor: r-devel-osx-x86_64-clang