CRAN Package Check Results for Package quantspec

Last updated on 2015-09-04 14:47:12.

Flavor Version Tinstall Tcheck Ttotal Status Flags
r-devel-linux-x86_64-debian-clang 1.0-3 10.15 96.82 106.97 NOTE
r-devel-linux-x86_64-debian-gcc 1.0-3 9.96 95.21 105.17 NOTE
r-devel-linux-x86_64-fedora-clang 1.0-3 221.06 NOTE
r-devel-linux-x86_64-fedora-gcc 1.0-3 207.05 NOTE
r-devel-osx-x86_64-clang 1.0-3 177.39 NOTE
r-devel-windows-ix86+x86_64 1.0-3 31.00 194.00 225.00 NOTE
r-patched-linux-x86_64 1.0-3 10.19 97.51 107.70 NOTE
r-patched-solaris-sparc 1.0-3 1073.10 NOTE
r-patched-solaris-x86 1.0-3 290.90 NOTE
r-release-linux-x86_64 1.0-3 10.40 101.00 111.40 NOTE
r-release-osx-x86_64-mavericks 1.0-3 OK
r-release-windows-ix86+x86_64 1.0-3 46.00 216.00 262.00 NOTE
r-oldrel-windows-ix86+x86_64 1.0-3 36.00 266.00 302.00 NOTE

Check Details

Version: 1.0-3
Check: R code for possible problems
Result: NOTE
    AR1: no visible binding for global variable ‘rnorm’
    AR2: no visible binding for global variable ‘rnorm’
    ARCH1: no visible binding for global variable ‘rnorm’
    QAR1: no visible binding for global variable ‘qnorm’
    QAR1: no visible global function definition for ‘runif’
    integrQuantileSD: no visible binding for global variable ‘rnorm’
    quantileSD: no visible binding for global variable ‘rnorm’
    quantileSD: no visible global function definition for ‘runif’
    timeSeriesValidator: no visible global function definition for ‘is.ts’
    ts1 : <anonymous>: no visible global function definition for ‘qnorm’
    ts2 : <anonymous>: no visible global function definition for ‘rnorm’
    ts3 : <anonymous>: no visible global function definition for ‘rnorm’
    getLevels,QSpecQuantity: no visible global function definition for
     ‘error’
    getPointwiseCIs,SmoothedPG: no visible global function definition for
     ‘qnorm’
    getPointwiseCIs,SmoothedPG : uQuantile: no visible global function
     definition for ‘quantile’
    getPointwiseCIs,SmoothedPG : lQuantile: no visible global function
     definition for ‘quantile’
    getPositions,MovingBlocks: no visible global function definition for
     ‘runif’
    getSdBoot,SmoothedPG : complex.var: no visible global function
     definition for ‘sd’
    getWnj,KernelWeight: no visible global function definition for ‘error’
    increasePrecision,QuantileSD: no visible global function definition for
     ‘smooth.spline’
    initialize,ClippedFT: no visible global function definition for ‘mvfft’
    initialize,QRegEstimator: no visible global function definition for
     ‘sfLapply’
    initialize,SmoothedPG: no visible global function definition for
     ‘error’
    initialize,SmoothedPG : f: no visible global function definition for
     ‘convolve’
    plot,SmoothedPG-ANY: no visible global function definition for ‘gray’
    Undefined global functions or variables:
     convolve error gray is.ts mvfft qnorm quantile rnorm runif sd
     sfLapply smooth.spline
    Consider adding
     importFrom("grDevices", "gray")
     importFrom("stats", "convolve", "is.ts", "mvfft", "qnorm", "quantile",
     "rnorm", "runif", "sd", "smooth.spline")
    to your NAMESPACE.
Flavors: r-devel-linux-x86_64-debian-clang, r-devel-linux-x86_64-debian-gcc, r-devel-linux-x86_64-fedora-clang, r-devel-linux-x86_64-fedora-gcc, r-devel-windows-ix86+x86_64

Version: 1.0-3
Check: R code for possible problems
Result: NOTE
    getLevels,QSpecQuantity: no visible global function definition for
     ‘error’
    getWnj,KernelWeight: no visible global function definition for ‘error’
    initialize,QRegEstimator: no visible global function definition for
     ‘sfLapply’
    initialize,SmoothedPG: no visible global function definition for
     ‘error’
    Undefined global functions or variables:
     error sfLapply
Flavor: r-devel-osx-x86_64-clang

Version: 1.0-3
Check: R code for possible problems
Result: NOTE
    getLevels,QSpecQuantity : .local: no visible global function definition
     for ‘error’
    getWnj,KernelWeight : .local: no visible global function definition for
     ‘error’
    initialize,QRegEstimator : .local: no visible global function
     definition for ‘sfLapply’
    initialize,SmoothedPG : .local: no visible global function definition
     for ‘error’
Flavors: r-patched-linux-x86_64, r-patched-solaris-sparc, r-patched-solaris-x86, r-release-linux-x86_64, r-release-windows-ix86+x86_64, r-oldrel-windows-ix86+x86_64