CRAN Package Check Results for Package quantspec

Last updated on 2015-04-19 11:51:17.

Flavor Version Tinstall Tcheck Ttotal Status Flags
r-devel-linux-x86_64-debian-clang 1.0-3 7.77 72.16 79.93 OK
r-devel-linux-x86_64-debian-gcc 1.0-3 8.48 69.89 78.37 OK
r-devel-linux-x86_64-fedora-clang 1.0-3 168.07 OK
r-devel-linux-x86_64-fedora-gcc 1.0-3 155.81 OK
r-devel-osx-x86_64-clang 1.0-3 135.03 OK
r-devel-windows-ix86+x86_64 1.0-2 36.00 196.00 232.00 OK
r-patched-linux-x86_64 1.0-3 7.77 70.82 78.59 OK
r-patched-solaris-sparc 1.0-3 1037.80 OK
r-patched-solaris-x86 1.0-3 198.50 OK
r-release-linux-x86_64 1.0-3 8.00 75.45 83.46 OK
r-release-osx-x86_64-mavericks 1.0-3 OK
r-release-osx-x86_64-snowleopard 1.0-3 ERROR
r-release-windows-ix86+x86_64 1.0-3 22.00 135.00 157.00 OK
r-oldrel-windows-ix86+x86_64 1.0-3 31.00 209.00 240.00 OK

Check Details

Version: 1.0-3
Check: package dependencies
Result: ERROR
    Packages required but not available: ‘quantreg’ ‘zoo’
    
    See section ‘The DESCRIPTION file’ in the ‘Writing R Extensions’
    manual.
Flavor: r-release-osx-x86_64-snowleopard