CRAN Package Check Results for Package quantspec

Last updated on 2016-08-25 03:47:18.

Flavor Version Tinstall Tcheck Ttotal Status Flags
r-devel-linux-x86_64-debian-clang 1.2-1 14.49 101.52 116.01 OK
r-devel-linux-x86_64-debian-gcc 1.2-1 13.55 102.49 116.03 OK
r-devel-linux-x86_64-fedora-clang 1.2-1 226.34 OK
r-devel-linux-x86_64-fedora-gcc 1.2-1 215.61 OK
r-devel-osx-x86_64-clang 1.2-1 172.72 OK
r-devel-windows-ix86+x86_64 1.2-1 57.00 213.00 270.00 OK
r-patched-linux-x86_64 1.2-1 12.29 98.96 111.25 OK
r-patched-solaris-sparc 1.2-1 1342.30 OK
r-patched-solaris-x86 1.2-1 265.60 OK
r-release-linux-x86_64 1.2-1 12.37 98.44 110.80 OK
r-release-osx-x86_64-mavericks 1.2-1 NOTE
r-release-windows-ix86+x86_64 1.2-1 55.00 277.00 332.00 OK
r-oldrel-windows-ix86+x86_64 1.2-1 46.00 244.00 290.00 OK

Check Details

Version: 1.2-1
Check: re-building of vignette outputs
Result: NOTE
    Error in re-building vignettes:
     ...
     input string 430 is invalid in this locale
    Warning in grepl("(Rerun to get|biblatex.*\\(re\\)run)", readLines(log, :
     input string 438 is invalid in this locale
    Error in texi2dvi(file = file, pdf = TRUE, clean = clean, quiet = quiet, :
     Running 'texi2dvi' on 'quantspec.tex' failed.
    LaTeX errors:
    ! Undefined control sequence.
    l.21 ...[L=^^X^^L^^F<83>A<8e>Pض],^^V5M<b3>,<8b>]X0#<a5><c4>Z^^PQ<b9>\<b6>
     ,+^^R<89>X<96><c5>^^A<8e>6<e9>E?{^^\e<e9>N^^...
    The control sequence at the end of the top line
    of your error message was never \def'ed. If you have
    ! Undefined control sequence.
    l.21 ...A<8e>6<e9>E?{^^\e<e9>N^^Nu^^V<8c><b0>,<8b><88>fff<d2><e9><b4>^^[c<a8>`<db>v<b9>\<8e>
     D"<8c>Ir!VUU<80>
    The control sequence at the end of the top line
    of your error message was never \def'ed. If you have
    ! Undefined control sequence.
    l.25 <a7>ޭ^^@<89>^^H<be>ҹ<b0>^^G<ca><e5>rSSS<b9>\<8e>
     <88><e0>^^VY<96>utt4<<^^\^^L^^F<a5><94>^<af>^^W^^F4/^^G<e4>!<f7><80>r0<ef>>...
    The control sequence at the end of the top line
    of your error message was never \def'ed. If you have
    ! Undefined control sequence.
    l.25 ...
    Calls: buildVignettes -> texi2pdf -> texi2dvi
    Execution halted
Flavor: r-release-osx-x86_64-mavericks