CRAN Package Check Results for Package quantspec

Last updated on 2016-07-01 23:47:32.

Flavor Version Tinstall Tcheck Ttotal Status Flags
r-devel-linux-x86_64-debian-gcc 1.2-1 18.67 107.74 126.41 OK
r-devel-linux-x86_64-fedora-clang 1.2-1 220.37 OK
r-devel-linux-x86_64-fedora-gcc 1.2-1 205.28 OK
r-devel-osx-x86_64-clang 1.2-1 168.03 OK
r-devel-windows-ix86+x86_64 1.2-1 44.00 218.00 262.00 OK
r-patched-linux-x86_64 1.2-1 15.38 111.36 126.74 OK
r-patched-solaris-sparc 1.2-1 1333.90 NOTE
r-patched-solaris-x86 1.2-1 266.40 NOTE
r-release-linux-x86_64 1.2-1 12.33 97.79 110.11 OK
r-release-osx-x86_64-mavericks 1.2-1 NOTE
r-release-windows-ix86+x86_64 1.2-1 59.00 222.00 281.00 OK
r-oldrel-windows-ix86+x86_64 1.2-1 43.00 255.00 298.00 OK

Check Details

Version: 1.2-1
Check: installed package size
Result: NOTE
     installed size is 6.7Mb
     sub-directories of 1Mb or more:
     libs 4.9Mb
Flavors: r-patched-solaris-sparc, r-patched-solaris-x86

Version: 1.2-1
Check: re-building of vignette outputs
Result: NOTE
    Error in re-building vignettes:
     ...
     input string 430 is invalid in this locale
    Warning in grepl("(Rerun to get|biblatex.*\\(re\\)run)", readLines(log, :
     input string 438 is invalid in this locale
    Error in texi2dvi(file = file, pdf = TRUE, clean = clean, quiet = quiet, :
     Running 'texi2dvi' on 'quantspec.tex' failed.
    LaTeX errors:
    ! Undefined control sequence.
    l.21 ...[L=^^X^^L^^F<83>A<8e>Pض],^^V5M<b3>,<8b>]X0#<a5><c4>Z^^PQ<b9>\<b6>
     ,+^^R<89>X<96><c5>^^A<8e>6<e9>E?{^^\e<e9>N^^...
    The control sequence at the end of the top line
    of your error message was never \def'ed. If you have
    ! Undefined control sequence.
    l.21 ...A<8e>6<e9>E?{^^\e<e9>N^^Nu^^V<8c><b0>,<8b><88>fff<d2><e9><b4>^^[c<a8>`<db>v<b9>\<8e>
     D"<8c>Ir!VUU<80>
    The control sequence at the end of the top line
    of your error message was never \def'ed. If you have
    ! Undefined control sequence.
    l.25 <a7>ޭ^^@<89>^^H<be>ҹ<b0>^^G<ca><e5>rSSS<b9>\<8e>
     <88><e0>^^VY<96>utt4<<^^\^^L^^F<a5><94>^<af>^^W^^F4/^^G<e4>!<f7><80>r0<ef>>...
    The control sequence at the end of the top line
    of your error message was never \def'ed. If you have
    ! Undefined control sequence.
    l.25 ...
    Calls: buildVignettes -> texi2pdf -> texi2dvi
    Execution halted
Flavor: r-release-osx-x86_64-mavericks