CRAN Package Check Results for Package quantspec

Last updated on 2014-04-24 03:47:51.

Flavor Version Tinstall Tcheck Ttotal Status Flags
r-devel-linux-x86_64-debian-clang 0.2 1.44 20.78 22.22 OK
r-devel-linux-x86_64-debian-gcc 0.2 1.34 20.62 21.96 OK
r-devel-linux-x86_64-fedora-clang 0.2 42.77 OK
r-devel-linux-x86_64-fedora-gcc 0.2 41.13 OK
r-devel-osx-x86_64-clang 0.2 47.42 OK
r-devel-osx-x86_64-gcc 0.2 ERROR
r-devel-windows-ix86+x86_64 0.2 6.00 33.00 39.00 OK
r-patched-linux-x86_64 0.2 1.38 20.80 22.18 OK
r-patched-solaris-sparc 0.2 267.30 OK
r-patched-solaris-x86 0.2 76.10 OK
r-release-linux-ix86 0.2 3.00 41.00 44.00 OK
r-release-linux-x86_64 0.2 1.34 20.71 22.05 OK
r-release-osx-x86_64-mavericks 0.2 WARN
r-release-osx-x86_64-snowleopard 0.2 OK
r-release-windows-ix86+x86_64 0.2 5.00 32.00 37.00 OK
r-oldrel-windows-ix86+x86_64 0.2 5.00 34.00 39.00 OK

Check Details

Version: 0.2
Check: package dependencies
Result: ERROR
    Packages required but not available: ‘quantreg’ ‘zoo’
    
    Package suggested but not available for checking: ‘FinTS’
    
    See the information on DESCRIPTION files in the chapter ‘Creating R
    packages’ of the ‘Writing R Extensions’ manual.
Flavor: r-devel-osx-x86_64-gcc

Version: 0.2
Check: PDF version of manual
Result: WARNING
    LaTeX errors when creating PDF version.
    This typically indicates Rd problems.
    LaTeX errors found:
    ! LaTeX Error: File `upquote.sty' not found.
    
    Type X to quit or <RETURN> to proceed,
    or enter new name. (Default extension: sty)
    
    62d4e00b/Rd2.tex:8: ==> Fatal error occurred, no output PDF file produced!
Flavor: r-release-osx-x86_64-mavericks