CRAN Package Check Results for Package questionr

Last updated on 2019-04-20 22:50:29 CEST.

Flavor Version Tinstall Tcheck Ttotal Status Flags
r-devel-linux-x86_64-debian-clang 0.7.0 6.04 48.15 54.19 OK
r-devel-linux-x86_64-debian-gcc 0.7.0 5.90 41.58 47.48 OK
r-devel-linux-x86_64-fedora-clang 0.7.0 67.51 NOTE
r-devel-linux-x86_64-fedora-gcc 0.7.0 61.65 NOTE
r-devel-windows-ix86+x86_64 0.7.0 23.00 86.00 109.00 OK
r-patched-linux-x86_64 0.7.0 6.53 48.55 55.08 OK
r-patched-solaris-x86 0.7.0 91.20 NOTE
r-release-linux-x86_64 0.7.0 5.10 44.54 49.64 OK
r-release-windows-ix86+x86_64 0.7.0 2.00 5.00 7.00 ERROR
r-release-osx-x86_64 0.7.0 NOTE
r-oldrel-windows-ix86+x86_64 0.7.0 10.00 92.00 102.00 OK
r-oldrel-osx-x86_64 0.7.0 NOTE

Check Details

Version: 0.7.0
Check: data for non-ASCII characters
Result: NOTE
     Note: found 4145 marked UTF-8 strings
Flavors: r-devel-linux-x86_64-fedora-clang, r-devel-linux-x86_64-fedora-gcc, r-patched-solaris-x86, r-release-osx-x86_64, r-oldrel-osx-x86_64

Version: 0.7.0
Check: whether package can be installed
Result: ERROR
    Installation failed.
Flavor: r-release-windows-ix86+x86_64