CRAN Package Check Results for Package questionr

Last updated on 2015-05-25 03:47:48.

Flavor Version Tinstall Tcheck Ttotal Status Flags
r-devel-linux-x86_64-debian-clang 0.4.3 1.23 20.01 21.24 OK
r-devel-linux-x86_64-debian-gcc 0.4.3 1.64 19.96 21.60 OK
r-devel-linux-x86_64-fedora-clang 0.4.3 41.88 OK
r-devel-linux-x86_64-fedora-gcc 0.4.3 39.97 OK
r-devel-osx-x86_64-clang 0.4.3 42.82 OK
r-devel-windows-ix86+x86_64 0.4.3 5.00 33.00 38.00 OK
r-patched-linux-x86_64 0.4.3 1.29 19.53 20.82 OK
r-patched-solaris-sparc 0.4.3 266.20 OK
r-patched-solaris-x86 0.4.3 56.40 OK
r-release-linux-x86_64 0.4.3 1.30 19.76 21.06 OK
r-release-osx-x86_64-mavericks 0.4.3 NOTE
r-release-osx-x86_64-snowleopard 0.4.3 ERROR
r-release-windows-ix86+x86_64 0.4.3 6.00 35.00 41.00 OK
r-oldrel-windows-ix86+x86_64 0.4.3 9.00 52.00 61.00 OK

Check Details

Version: 0.4.3
Check: Rd cross-references
Result: NOTE
    Package unavailable to check Rd xrefs: ‘Hmisc’
Flavor: r-release-osx-x86_64-mavericks

Version: 0.4.3
Check: package dependencies
Result: ERROR
    Package required and available but unsuitable version: ‘shiny’
    
    See section ‘The DESCRIPTION file’ in the ‘Writing R Extensions’
    manual.
Flavor: r-release-osx-x86_64-snowleopard