CRAN Package Check Results for Package questionr

Last updated on 2016-08-30 17:47:56.

Flavor Version Tinstall Tcheck Ttotal Status Flags
r-devel-linux-x86_64-debian-clang 0.5 1.26 22.88 24.14 OK
r-devel-linux-x86_64-debian-gcc 0.5 1.38 21.97 23.35 OK
r-devel-linux-x86_64-fedora-clang 0.5 43.23 NOTE
r-devel-linux-x86_64-fedora-gcc 0.5 41.20 NOTE
r-devel-osx-x86_64-clang 0.5 36.14 NOTE
r-devel-windows-ix86+x86_64 0.5 7.00 73.00 80.00 OK
r-patched-linux-x86_64 0.5 1.21 22.00 23.20 OK
r-patched-solaris-sparc 0.5 263.70 NOTE
r-patched-solaris-x86 0.5 55.90 NOTE
r-release-linux-x86_64 0.5 1.33 22.07 23.40 OK
r-release-osx-x86_64-mavericks 0.5 NOTE
r-release-windows-ix86+x86_64 0.5 5.00 71.00 76.00 OK
r-oldrel-windows-ix86+x86_64 0.5 10.00 61.00 71.00 NOTE

Check Details

Version: 0.5
Check: data for non-ASCII characters
Result: NOTE
     Note: found 21 marked Latin-1 strings
     Note: found 7 marked UTF-8 strings
Flavors: r-devel-linux-x86_64-fedora-clang, r-devel-linux-x86_64-fedora-gcc, r-devel-osx-x86_64-clang, r-patched-solaris-sparc, r-patched-solaris-x86, r-release-osx-x86_64-mavericks, r-oldrel-windows-ix86+x86_64