CRAN Package Check Results for Package questionr

Last updated on 2016-12-03 23:47:52.

Flavor Version Tinstall Tcheck Ttotal Status Flags
r-devel-linux-x86_64-debian-clang 0.5 1.32 25.05 26.37 OK
r-devel-linux-x86_64-debian-gcc 0.5 1.36 24.21 25.57 OK
r-devel-linux-x86_64-fedora-clang 0.5 49.62 NOTE
r-devel-linux-x86_64-fedora-gcc 0.5 50.67 NOTE
r-devel-macos-x86_64-clang 0.5 40.74 NOTE
r-devel-windows-ix86+x86_64 0.5 5.00 45.00 50.00 OK
r-patched-linux-x86_64 0.5 1.29 21.74 23.03 OK
r-patched-solaris-sparc 0.5 263.70 NOTE
r-patched-solaris-x86 0.5 55.80 NOTE
r-release-linux-x86_64 0.5 1.34 22.01 23.35 OK
r-release-osx-x86_64-mavericks 0.5 NOTE
r-release-windows-ix86+x86_64 0.5 9.00 46.00 55.00 OK
r-oldrel-windows-ix86+x86_64 0.5 8.00 61.00 69.00 NOTE

Check Details

Version: 0.5
Check: data for non-ASCII characters
Result: NOTE
     Note: found 21 marked Latin-1 strings
     Note: found 7 marked UTF-8 strings
Flavors: r-devel-linux-x86_64-fedora-clang, r-devel-linux-x86_64-fedora-gcc, r-devel-macos-x86_64-clang, r-patched-solaris-sparc, r-patched-solaris-x86, r-release-osx-x86_64-mavericks, r-oldrel-windows-ix86+x86_64