CRAN Package Check Results for Package questionr

Last updated on 2017-06-22 15:48:49.

Flavor Version Tinstall Tcheck Ttotal Status Flags
r-devel-linux-x86_64-debian-clang 0.6.1 1.70 32.64 34.34 OK
r-devel-linux-x86_64-debian-gcc 0.6.1 2.32 32.18 34.50 OK
r-devel-linux-x86_64-fedora-clang 0.6.1 60.64 NOTE
r-devel-linux-x86_64-fedora-gcc 0.6.1 59.37 NOTE
r-devel-windows-ix86+x86_64 0.6.1 9.00 77.00 86.00 OK
r-patched-linux-x86_64 0.6.1 1.51 32.00 33.51 OK
r-patched-solaris-sparc 0.6.0 276.50 NOTE
r-patched-solaris-x86 0.6.1 61.60 NOTE
r-release-linux-x86_64 0.6.1 1.51 31.61 33.12 OK
r-release-windows-ix86+x86_64 0.6.1 5.00 57.00 62.00 OK
r-release-osx-x86_64 0.6.0 NOTE
r-oldrel-windows-ix86+x86_64 0.6.1 10.00 71.00 81.00 OK
r-oldrel-osx-x86_64 0.6.1 NOTE

Check Details

Version: 0.6.1
Check: dependencies in R code
Result: NOTE
    Namespace in Imports field not imported from: ‘DT’
     All declared Imports should be used.
Flavors: r-devel-linux-x86_64-fedora-clang, r-devel-linux-x86_64-fedora-gcc, r-patched-solaris-x86, r-oldrel-osx-x86_64

Version: 0.6.1
Check: data for non-ASCII characters
Result: NOTE
     Note: found 4145 marked UTF-8 strings
Flavors: r-devel-linux-x86_64-fedora-clang, r-devel-linux-x86_64-fedora-gcc, r-patched-solaris-x86, r-oldrel-osx-x86_64

Version: 0.6.0
Check: data for non-ASCII characters
Result: NOTE
     Note: found 4145 marked UTF-8 strings
Flavors: r-patched-solaris-sparc, r-release-osx-x86_64