CRAN Package Check Results for Package questionr

Last updated on 2017-05-25 06:48:07.

Flavor Version Tinstall Tcheck Ttotal Status Flags
r-devel-linux-x86_64-debian-clang 0.6.0 1.55 25.82 27.36 OK
r-devel-linux-x86_64-debian-gcc 0.6.0 1.57 24.45 26.02 OK
r-devel-linux-x86_64-fedora-clang 0.6.0 46.97 NOTE --no-stop-on-test-error
r-devel-linux-x86_64-fedora-gcc 0.6.0 44.63 NOTE --no-stop-on-test-error
r-devel-windows-ix86+x86_64 0.6.0 5.00 46.00 51.00 OK
r-patched-linux-x86_64 0.6.0 1.42 25.18 26.60 OK
r-patched-solaris-sparc 0.6.0 276.50 NOTE
r-patched-solaris-x86 0.6.0 60.40 NOTE
r-release-linux-x86_64 0.6.0 1.40 24.97 26.37 OK
r-release-windows-ix86+x86_64 0.6.0 6.00 47.00 53.00 OK
r-release-osx-x86_64 0.6.0 NOTE
r-oldrel-windows-ix86+x86_64 0.6.0 8.00 58.00 66.00 OK
r-oldrel-osx-x86_64 0.6.0 NOTE

Check Details

Version: 0.6.0
Flags: --no-stop-on-test-error
Check: data for non-ASCII characters
Result: NOTE
     Note: found 4145 marked UTF-8 strings
Flavors: r-devel-linux-x86_64-fedora-clang, r-devel-linux-x86_64-fedora-gcc

Version: 0.6.0
Check: data for non-ASCII characters
Result: NOTE
     Note: found 4145 marked UTF-8 strings
Flavors: r-patched-solaris-sparc, r-patched-solaris-x86, r-release-osx-x86_64, r-oldrel-osx-x86_64