CRAN Package Check Results for Package questionr

Last updated on 2016-09-30 15:47:27.

Flavor Version Tinstall Tcheck Ttotal Status Flags
r-devel-linux-x86_64-debian-clang 0.5 1.24 23.76 25.00 OK
r-devel-linux-x86_64-debian-gcc 0.5 1.46 23.34 24.80 OK
r-devel-linux-x86_64-fedora-clang 0.5 44.57 NOTE
r-devel-linux-x86_64-fedora-gcc 0.5 40.22 NOTE
r-devel-macos-x86_64-clang 0.5 34.76 NOTE
r-devel-windows-ix86+x86_64 0.5 9.00 57.00 66.00 OK
r-patched-linux-x86_64 0.5 1.34 22.34 23.67 OK
r-patched-solaris-sparc 0.5 263.70 NOTE
r-patched-solaris-x86 0.5 54.90 NOTE
r-release-linux-x86_64 0.5 1.34 22.02 23.36 OK
r-release-osx-x86_64-mavericks 0.5 NOTE
r-release-windows-ix86+x86_64 0.5 5.00 45.00 50.00 OK
r-oldrel-windows-ix86+x86_64 0.5 12.00 60.00 72.00 NOTE

Check Details

Version: 0.5
Check: data for non-ASCII characters
Result: NOTE
     Note: found 21 marked Latin-1 strings
     Note: found 7 marked UTF-8 strings
Flavors: r-devel-linux-x86_64-fedora-clang, r-devel-linux-x86_64-fedora-gcc, r-devel-macos-x86_64-clang, r-patched-solaris-sparc, r-patched-solaris-x86, r-release-osx-x86_64-mavericks, r-oldrel-windows-ix86+x86_64