CRAN Package Check Results for Package questionr

Last updated on 2015-04-02 08:49:39.

Flavor Version Tinstall Tcheck Ttotal Status Flags
r-devel-linux-x86_64-debian-clang 0.4.3 1.28 20.58 21.86 OK
r-devel-linux-x86_64-debian-gcc 0.4.3 1.30 20.32 21.62 OK
r-devel-linux-x86_64-fedora-clang 0.4.3 23.47 OK
r-devel-linux-x86_64-fedora-gcc 0.4.3 21.65 OK
r-devel-osx-x86_64-clang 0.4.3 36.45 OK
r-prerel-windows-ix86+x86_64 0.4.3 7.00 49.00 56.00 OK
r-prerel-linux-x86_64 0.4.2 1.48 20.52 22.01 NOTE
r-prerel-solaris-sparc 0.4.3 237.00 OK
r-prerel-solaris-x86 0.4.3 50.40 OK
r-release-linux-x86_64 0.4.3 2.17 27.48 29.64 OK
r-release-osx-x86_64-mavericks 0.4.3 OK
r-release-osx-x86_64-snowleopard 0.4.3 OK
r-release-windows-ix86+x86_64 0.4.3 8.00 45.00 53.00 OK
r-oldrel-windows-ix86+x86_64 0.4.3 11.00 70.00 81.00 OK

Check Details

Version: 0.4.2
Check: DESCRIPTION meta-information
Result: NOTE
    Malformed Title field: should not end in a period.
Flavor: r-prerel-linux-x86_64

Version: 0.4.2
Check: dependencies in R code
Result: NOTE
    'library' or 'require' calls in package code:
     ‘R2HTML’ ‘memisc’
     Please use :: or requireNamespace() instead.
     See section 'Suggested packages' in the 'Writing R Extensions' manual.
Flavor: r-prerel-linux-x86_64

Version: 0.4.2
Check: S3 generic/method consistency
Result: NOTE
    Found the following apparent S3 methods exported but not registered:
     clipcopy.default clipcopy.proptab format.proptab odds.ratio.factor
     odds.ratio.glm odds.ratio.table print.proptab
    See section ‘Registering S3 methods’ in the ‘Writing R Extensions’
    manual.
Flavor: r-prerel-linux-x86_64