CRAN Package Check Results for Package questionr

Last updated on 2017-01-23 23:53:11.

Flavor Version Tinstall Tcheck Ttotal Status Flags
r-devel-linux-x86_64-debian-clang 0.5 1.24 24.32 25.56 OK
r-devel-linux-x86_64-debian-gcc 0.5 1.30 24.55 25.85 OK
r-devel-linux-x86_64-fedora-clang 0.5 46.00 NOTE --no-stop-on-test-error
r-devel-linux-x86_64-fedora-gcc 0.5 45.64 NOTE --no-stop-on-test-error
r-devel-macos-x86_64-clang 0.5 38.44 NOTE --no-stop-on-test-error
r-devel-windows-ix86+x86_64 0.5 5.00 52.00 57.00 OK
r-patched-linux-x86_64 0.5 1.45 21.87 23.32 OK
r-patched-solaris-sparc 0.5 261.40 NOTE
r-patched-solaris-x86 0.5 55.50 NOTE
r-release-linux-x86_64 0.5 1.31 21.91 23.22 OK
r-release-osx-x86_64-mavericks 0.5 NOTE
r-release-windows-ix86+x86_64 0.5 14.00 48.00 62.00 OK
r-oldrel-windows-ix86+x86_64 0.5 14.00 58.00 72.00 NOTE

Check Details

Version: 0.5
Flags: --no-stop-on-test-error
Check: data for non-ASCII characters
Result: NOTE
     Note: found 21 marked Latin-1 strings
     Note: found 7 marked UTF-8 strings
Flavors: r-devel-linux-x86_64-fedora-clang, r-devel-linux-x86_64-fedora-gcc, r-devel-macos-x86_64-clang

Version: 0.5
Check: data for non-ASCII characters
Result: NOTE
     Note: found 21 marked Latin-1 strings
     Note: found 7 marked UTF-8 strings
Flavors: r-patched-solaris-sparc, r-patched-solaris-x86, r-release-osx-x86_64-mavericks, r-oldrel-windows-ix86+x86_64