CRAN Package Check Results for Package questionr

Last updated on 2014-09-21 07:47:13.

Flavor Version Tinstall Tcheck Ttotal Status Flags
r-devel-linux-x86_64-debian-clang 0.4.1 1.97 24.22 26.19 NOTE
r-devel-linux-x86_64-debian-gcc 0.4.1 1.89 23.45 25.34 NOTE
r-devel-linux-x86_64-fedora-clang 0.4.1 51.28 NOTE
r-devel-linux-x86_64-fedora-gcc 0.4.1 47.53 NOTE
r-devel-osx-x86_64-clang 0.4.1 49.55 NOTE
r-devel-windows-ix86+x86_64 0.4.1 8.00 41.00 49.00 NOTE
r-patched-linux-x86_64 0.4.1 2.00 25.37 27.37 OK
r-patched-solaris-sparc 0.4.1 326.80 OK
r-patched-solaris-x86 0.4.1 71.20 OK
r-release-linux-ix86 0.4.1 2.62 34.96 37.59 OK
r-release-linux-x86_64 0.4.1 2.01 25.98 27.99 OK
r-release-osx-x86_64-mavericks 0.4.1 OK
r-release-osx-x86_64-snowleopard 0.4.1 OK
r-release-windows-ix86+x86_64 0.4.1 8.00 46.00 54.00 OK
r-oldrel-windows-ix86+x86_64 0.4.1 9.00 46.00 55.00 OK

Check Details

Version: 0.4.1
Check: R code for possible problems
Result: NOTE
    clipcopy.default: no visible global function definition for ‘HTML’
    copie.default: no visible global function definition for ‘HTML’
    describe: no visible global function definition for ‘description’
    lookfor: no visible global function definition for ‘description’
Flavors: r-devel-linux-x86_64-debian-clang, r-devel-linux-x86_64-debian-gcc, r-devel-linux-x86_64-fedora-clang, r-devel-linux-x86_64-fedora-gcc, r-devel-osx-x86_64-clang, r-devel-windows-ix86+x86_64