CRAN Package Check Results for Package questionr

Last updated on 2016-06-27 19:49:38.

Flavor Version Tinstall Tcheck Ttotal Status Flags
r-devel-linux-x86_64-debian-gcc 0.5 1.50 21.83 23.33 OK
r-devel-linux-x86_64-fedora-clang 0.5 46.75 NOTE
r-devel-linux-x86_64-fedora-gcc 0.5 38.93 NOTE
r-devel-osx-x86_64-clang 0.5 35.63 NOTE
r-devel-windows-ix86+x86_64 0.5 5.00 39.00 44.00 OK
r-patched-linux-x86_64 0.5 1.41 22.70 24.11 OK
r-patched-solaris-sparc 0.5 263.70 NOTE
r-patched-solaris-x86 0.5 57.10 NOTE
r-release-linux-x86_64 0.5 1.31 21.56 22.87 OK
r-release-osx-x86_64-mavericks 0.5 NOTE
r-release-windows-ix86+x86_64 0.5 8.00 41.00 49.00 OK
r-oldrel-windows-ix86+x86_64 0.5 7.00 41.00 48.00 NOTE

Check Details

Version: 0.5
Check: data for non-ASCII characters
Result: NOTE
     Note: found 21 marked Latin-1 strings
     Note: found 7 marked UTF-8 strings
Flavors: r-devel-linux-x86_64-fedora-clang, r-devel-linux-x86_64-fedora-gcc, r-devel-osx-x86_64-clang, r-patched-solaris-sparc, r-patched-solaris-x86, r-release-osx-x86_64-mavericks, r-oldrel-windows-ix86+x86_64