CRAN Package Check Results for Package questionr

Last updated on 2014-04-19 18:47:46.

Flavor Version Tinstall Tcheck Ttotal Status Flags
r-devel-linux-x86_64-debian-clang 0.4 1.86 24.25 26.11 OK
r-devel-linux-x86_64-debian-gcc 0.4 1.90 24.44 26.34 OK
r-devel-linux-x86_64-fedora-clang 0.4 50.63 OK
r-devel-linux-x86_64-fedora-gcc 0.4 46.93 OK
r-devel-macosx-x86_64-clang 0.4 51.65 OK
r-devel-macosx-x86_64-gcc 0.4 NOTE
r-devel-windows-ix86+x86_64 0.4 6.00 59.00 65.00 OK
r-patched-linux-x86_64 0.4 1.90 24.36 26.26 OK
r-patched-solaris-sparc 0.4 268.10 OK
r-patched-solaris-x86 0.4 67.20 OK
r-release-linux-ix86 OK
r-release-linux-x86_64 0.4 1.88 25.09 26.97 OK
r-release-macosx-x86_64 0.4 OK
r-release-windows-ix86+x86_64 0.4 9.00 40.00 49.00 OK
r-oldrel-windows-ix86+x86_64 0.4 7.00 43.00 50.00 OK

Check Details

Version: 0.4
Check: Rd cross-references
Result: NOTE
    Package unavailable to check Rd xrefs: ‘Hmisc’
Flavor: r-devel-macosx-x86_64-gcc