CRAN Package Check Results for Package questionr

Last updated on 2015-02-01 03:49:29.

Flavor Version Tinstall Tcheck Ttotal Status Flags
r-devel-linux-x86_64-debian-clang 0.4.2 1.39 18.99 20.38 NOTE
r-devel-linux-x86_64-debian-gcc 0.4.2 1.29 18.52 19.81 NOTE
r-devel-linux-x86_64-fedora-clang 0.4.2 46.79 NOTE
r-devel-linux-x86_64-fedora-gcc 0.4.2 38.03 NOTE
r-devel-osx-x86_64-clang 0.4.2 53.33 NOTE
r-devel-windows-ix86+x86_64 0.4.2 8.00 33.00 41.00 NOTE
r-patched-linux-x86_64 0.4.2 2.19 26.41 28.60 OK
r-patched-solaris-sparc 0.4.2 310.50 OK
r-patched-solaris-x86 0.4.2 73.10 OK
r-release-linux-ix86 0.4.2 2.38 33.96 36.34 OK
r-release-linux-x86_64 0.4.2 1.88 25.90 27.77 OK
r-release-osx-x86_64-mavericks 0.4.2 OK
r-release-osx-x86_64-snowleopard 0.4.2 OK
r-release-windows-ix86+x86_64 0.4.2 8.00 47.00 55.00 OK
r-oldrel-windows-ix86+x86_64 0.4.2 8.00 50.00 58.00 OK

Check Details

Version: 0.4.2
Check: dependencies in R code
Result: NOTE
    'library' or 'require' calls in package code:
     ‘R2HTML’ ‘memisc’
     Please use :: or requireNamespace() instead.
     See section 'Suggested packages' in the 'Writing R Extensions' manual.
Flavors: r-devel-linux-x86_64-debian-clang, r-devel-linux-x86_64-debian-gcc, r-devel-linux-x86_64-fedora-clang, r-devel-linux-x86_64-fedora-gcc, r-devel-osx-x86_64-clang, r-devel-windows-ix86+x86_64

Version: 0.4.2
Check: S3 generic/method consistency
Result: NOTE
    Found the following apparent S3 methods exported but not registered:
     clipcopy.default clipcopy.proptab odds.ratio.factor odds.ratio.glm
     odds.ratio.table format.proptab print.proptab
    See section ‘Registering S3 methods’ in the ‘Writing R Extensions’
    manual.
Flavors: r-devel-linux-x86_64-debian-clang, r-devel-linux-x86_64-debian-gcc, r-devel-linux-x86_64-fedora-clang, r-devel-linux-x86_64-fedora-gcc, r-devel-osx-x86_64-clang