CRAN Package Check Results for Package questionr

Last updated on 2017-08-21 09:48:17.

Flavor Version Tinstall Tcheck Ttotal Status Flags
r-devel-linux-x86_64-debian-clang 0.6.1 1.50 32.94 34.44 OK
r-devel-linux-x86_64-debian-gcc 0.6.1 1.46 31.64 33.10 OK
r-devel-linux-x86_64-fedora-clang 0.6.1 53.84 NOTE
r-devel-linux-x86_64-fedora-gcc 0.6.1 55.51 NOTE
r-devel-windows-ix86+x86_64 0.6.1 6.00 63.00 69.00 OK
r-patched-linux-x86_64 0.6.1 1.58 31.60 33.18 OK
r-patched-solaris-x86 0.6.1 65.90 NOTE
r-release-linux-x86_64 0.6.1 1.64 31.75 33.39 OK
r-release-windows-ix86+x86_64 0.6.1 10.00 98.00 108.00 OK
r-release-osx-x86_64 0.6.1 NOTE
r-oldrel-windows-ix86+x86_64 0.6.1 6.00 53.00 59.00 OK
r-oldrel-osx-x86_64 0.6.1 NOTE

Check Details

Version: 0.6.1
Check: dependencies in R code
Result: NOTE
    Namespace in Imports field not imported from: ‘DT’
     All declared Imports should be used.
Flavors: r-devel-linux-x86_64-fedora-clang, r-devel-linux-x86_64-fedora-gcc, r-patched-solaris-x86, r-release-osx-x86_64, r-oldrel-osx-x86_64

Version: 0.6.1
Check: data for non-ASCII characters
Result: NOTE
     Note: found 4145 marked UTF-8 strings
Flavors: r-devel-linux-x86_64-fedora-clang, r-devel-linux-x86_64-fedora-gcc, r-patched-solaris-x86, r-release-osx-x86_64, r-oldrel-osx-x86_64