CRAN Package Check Results for Package questionr

Last updated on 2018-01-17 18:47:07 CET.

Flavor Version Tinstall Tcheck Ttotal Status Flags
r-devel-linux-x86_64-debian-clang 0.6.2 1.86 43.10 44.96 OK
r-devel-linux-x86_64-debian-gcc 0.6.2 1.26 33.82 35.08 OK
r-devel-linux-x86_64-fedora-clang 0.6.2 51.86 NOTE
r-devel-linux-x86_64-fedora-gcc 0.6.2 50.47 NOTE
r-devel-windows-ix86+x86_64 0.6.2 8.00 83.00 91.00 OK
r-patched-linux-x86_64 0.6.2 1.73 45.73 47.46 OK
r-patched-solaris-x86 0.6.2 75.10 NOTE
r-release-linux-x86_64 0.6.2 1.82 44.88 46.70 OK
r-release-windows-ix86+x86_64 0.6.2 6.00 56.00 62.00 OK
r-release-osx-x86_64 0.6.2 NOTE
r-oldrel-windows-ix86+x86_64 0.6.2 7.00 51.00 58.00 OK
r-oldrel-osx-x86_64 0.6.2 NOTE

Check Details

Version: 0.6.2
Check: data for non-ASCII characters
Result: NOTE
     Note: found 4145 marked UTF-8 strings
Flavors: r-devel-linux-x86_64-fedora-clang, r-devel-linux-x86_64-fedora-gcc, r-patched-solaris-x86, r-release-osx-x86_64, r-oldrel-osx-x86_64