CRAN Package Check Results for Package questionr

Last updated on 2019-06-25 09:50:58 CEST.

Flavor Version Tinstall Tcheck Ttotal Status Flags
r-devel-linux-x86_64-debian-clang 0.7.0 5.23 47.73 52.96 OK
r-devel-linux-x86_64-debian-gcc 0.7.0 4.74 38.20 42.94 OK
r-devel-linux-x86_64-fedora-clang 0.7.0 62.54 NOTE
r-devel-linux-x86_64-fedora-gcc 0.7.0 62.01 NOTE
r-devel-windows-ix86+x86_64 0.7.0 24.00 64.00 88.00 OK
r-patched-linux-x86_64 0.7.0 4.95 47.73 52.68 OK
r-patched-solaris-x86 0.7.0 95.30 NOTE
r-release-linux-x86_64 0.7.0 6.58 47.82 54.40 OK
r-release-windows-ix86+x86_64 0.7.0 11.00 89.00 100.00 OK
r-release-osx-x86_64 0.7.0 NOTE
r-oldrel-windows-ix86+x86_64 0.7.0 7.00 57.00 64.00 OK
r-oldrel-osx-x86_64 0.7.0 NOTE

Check Details

Version: 0.7.0
Check: data for non-ASCII characters
Result: NOTE
     Note: found 4145 marked UTF-8 strings
Flavors: r-devel-linux-x86_64-fedora-clang, r-devel-linux-x86_64-fedora-gcc, r-patched-solaris-x86, r-release-osx-x86_64, r-oldrel-osx-x86_64