CRAN Package Check Results for Package questionr

Last updated on 2014-10-31 06:47:26.

Flavor Version Tinstall Tcheck Ttotal Status Flags
r-devel-linux-x86_64-debian-clang 0.4.1 2.39 23.58 25.98 NOTE
r-devel-linux-x86_64-debian-gcc 0.4.1 1.89 23.56 25.44 NOTE
r-devel-linux-x86_64-fedora-clang 0.4.1 48.54 NOTE
r-devel-linux-x86_64-fedora-gcc 0.4.1 46.01 NOTE
r-devel-osx-x86_64-clang 0.4.1 47.85 NOTE
r-devel-windows-ix86+x86_64 0.4.1 7.00 40.00 47.00 NOTE
r-patched-linux-x86_64 0.4.1 1.90 23.52 25.42 NOTE
r-patched-solaris-sparc 0.4.1 288.80 NOTE
r-patched-solaris-x86 0.4.1 68.00 NOTE
r-release-linux-ix86 0.4.1 2.48 33.74 36.22 OK
r-release-linux-x86_64 0.4.1 1.90 25.04 26.94 OK
r-release-osx-x86_64-mavericks 0.4.1 OK
r-release-osx-x86_64-snowleopard 0.4.1 OK
r-release-windows-ix86+x86_64 0.4.1 6.00 44.00 50.00 OK
r-oldrel-windows-ix86+x86_64 0.4.1 7.00 46.00 53.00 OK

Check Details

Version: 0.4.1
Check: R code for possible problems
Result: NOTE
    clipcopy.default: no visible global function definition for ‘HTML’
    copie.default: no visible global function definition for ‘HTML’
    describe: no visible global function definition for ‘description’
    lookfor: no visible global function definition for ‘description’
Flavors: r-devel-linux-x86_64-debian-clang, r-devel-linux-x86_64-debian-gcc, r-devel-linux-x86_64-fedora-clang, r-devel-linux-x86_64-fedora-gcc, r-devel-osx-x86_64-clang, r-devel-windows-ix86+x86_64, r-patched-linux-x86_64, r-patched-solaris-sparc, r-patched-solaris-x86