CRAN Package Check Results for Package questionr

Last updated on 2015-07-03 16:47:32.

Flavor Version Tinstall Tcheck Ttotal Status Flags
r-devel-linux-x86_64-debian-clang 0.4.3 1.32 19.54 20.86 NOTE
r-devel-linux-x86_64-debian-gcc 0.4.3 1.30 20.04 21.34 NOTE
r-devel-linux-x86_64-fedora-clang 0.4.3 40.60 NOTE
r-devel-linux-x86_64-fedora-gcc 0.4.3 38.31 NOTE
r-devel-osx-x86_64-clang 0.4.3 39.36 OK
r-devel-windows-ix86+x86_64 0.4.3 5.00 33.00 38.00 NOTE
r-patched-linux-x86_64 0.4.3 1.25 19.70 20.95 OK
r-patched-solaris-sparc 0.4.3 266.20 OK
r-patched-solaris-x86 0.4.3 57.60 OK
r-release-linux-x86_64 0.4.3 1.20 19.75 20.94 OK
r-release-osx-x86_64-mavericks 0.4.3 NOTE
r-release-windows-ix86+x86_64 0.4.3 7.00 34.00 41.00 OK
r-oldrel-windows-ix86+x86_64 0.4.3 8.00 66.00 74.00 OK

Check Details

Version: 0.4.3
Check: R code for possible problems
Result: NOTE
    chisq.residuals: no visible global function definition for ‘chisq.test’
    cramer.v: no visible global function definition for ‘chisq.test’
    freq.na: no visible global function definition for ‘head’
    icut : summary_table: no visible global function definition for
     ‘quantile’
    icut : summary_table: no visible global function definition for
     ‘median’
    icut : <anonymous> : generate_code: no visible global function
     definition for ‘capture.output’
    icut : <anonymous>: no visible global function definition for ‘hist’
    icut : <anonymous>: no visible global function definition for ‘abline’
    icut : <anonymous>: no visible global function definition for ‘plot’
    iorder : generate_levels_ol: no visible global function definition for
     ‘na.omit’
    iorder : <anonymous> : generate_code: no visible global function
     definition for ‘capture.output’
    iorder : <anonymous>: no visible global function definition for
     ‘na.omit’
    irec : <anonymous> : get_value: no visible global function definition
     for ‘capture.output’
    irec : <anonymous> : generate_code_character: no visible global
     function definition for ‘na.omit’
    irec : <anonymous> : generate_code_character: no visible global
     function definition for ‘capture.output’
    irec : <anonymous>: no visible global function definition for ‘na.omit’
    na.rm: no visible global function definition for ‘complete.cases’
    odds.ratio.factor: no visible global function definition for
     ‘fisher.test’
    odds.ratio.glm: no visible global function definition for ‘coef’
    odds.ratio.glm: no visible global function definition for ‘confint’
    odds.ratio.glm: no visible global function definition for
     ‘printCoefmat’
    odds.ratio.multinom: no visible global function definition for
     ‘confint’
    odds.ratio.multinom: no visible global function definition for ‘pnorm’
    odds.ratio.multinom: no visible global function definition for
     ‘printCoefmat’
    odds.ratio.table: no visible global function definition for
     ‘fisher.test’
    qload : <anonymous>: no visible global function definition for
     ‘install.packages’
    quant.cut: no visible global function definition for ‘quantile’
    residus: no visible global function definition for ‘chisq.test’
    wtd.var: no visible global function definition for ‘var’
    Undefined global functions or variables:
     abline capture.output chisq.test coef complete.cases confint
     fisher.test head hist install.packages median na.omit plot pnorm
     printCoefmat quantile var
Flavors: r-devel-linux-x86_64-debian-clang, r-devel-linux-x86_64-debian-gcc, r-devel-linux-x86_64-fedora-clang, r-devel-linux-x86_64-fedora-gcc, r-devel-windows-ix86+x86_64

Version: 0.4.3
Check: Rd cross-references
Result: NOTE
    Package unavailable to check Rd xrefs: ‘Hmisc’
Flavor: r-release-osx-x86_64-mavericks