CRAN Package Check Results for Package questionr

Last updated on 2017-10-24 10:48:03.

Flavor Version Tinstall Tcheck Ttotal Status Flags
r-devel-linux-x86_64-debian-clang 0.6.1 1.34 31.48 32.82 OK
r-devel-linux-x86_64-debian-gcc 0.6.1 1.78 32.16 33.94 OK
r-devel-linux-x86_64-fedora-clang 0.6.1 55.05 NOTE
r-devel-linux-x86_64-fedora-gcc 0.6.1 53.26 NOTE
r-devel-windows-ix86+x86_64 0.6.1 6.00 80.00 86.00 OK
r-patched-linux-x86_64 0.6.1 1.37 30.49 31.86 OK
r-release-linux-x86_64 0.6.1 1.55 32.12 33.67 OK
r-release-windows-ix86+x86_64 0.6.1 8.00 64.00 72.00 OK
r-release-osx-x86_64 0.6.1 NOTE
r-oldrel-windows-ix86+x86_64 0.6.1 5.00 49.00 54.00 OK
r-oldrel-osx-x86_64 0.6.1 NOTE

Check Details

Version: 0.6.1
Check: dependencies in R code
Result: NOTE
    Namespace in Imports field not imported from: ‘DT’
     All declared Imports should be used.
Flavors: r-devel-linux-x86_64-fedora-clang, r-devel-linux-x86_64-fedora-gcc, r-release-osx-x86_64, r-oldrel-osx-x86_64

Version: 0.6.1
Check: data for non-ASCII characters
Result: NOTE
     Note: found 4145 marked UTF-8 strings
Flavors: r-devel-linux-x86_64-fedora-clang, r-devel-linux-x86_64-fedora-gcc, r-release-osx-x86_64, r-oldrel-osx-x86_64