CRAN Package Check Results for Package questionr

Last updated on 2015-03-01 16:47:04.

Flavor Version Tinstall Tcheck Ttotal Status Flags
r-devel-linux-x86_64-debian-clang 0.4.2 1.38 20.88 22.26 NOTE
r-devel-linux-x86_64-debian-gcc 0.4.2 1.25 19.80 21.04 NOTE
r-devel-linux-x86_64-fedora-clang 0.4.2 43.19 NOTE
r-devel-linux-x86_64-fedora-gcc 0.4.2 39.97 NOTE
r-devel-osx-x86_64-clang 0.4.2 44.01 NOTE
r-devel-windows-ix86+x86_64 0.4.2 9.00 32.00 41.00 NOTE
r-patched-linux-x86_64 0.4.2 1.92 28.61 30.54 NOTE
r-patched-solaris-sparc 0.4.2 362.40 NOTE
r-patched-solaris-x86 0.4.2 79.40 NOTE
r-release-linux-ix86 0.4.2 2.72 39.18 41.89 OK
r-release-linux-x86_64 0.4.2 1.94 27.95 29.89 OK
r-release-osx-x86_64-mavericks 0.4.2 OK
r-release-osx-x86_64-snowleopard 0.4.2 OK
r-release-windows-ix86+x86_64 0.4.2 8.00 49.00 57.00 OK
r-oldrel-windows-ix86+x86_64 0.4.2 8.00 53.00 61.00 OK

Check Details

Version: 0.4.2
Check: DESCRIPTION meta-information
Result: NOTE
    Malformed Title field: should not end in a period.
Flavors: r-devel-linux-x86_64-debian-clang, r-devel-linux-x86_64-debian-gcc, r-devel-linux-x86_64-fedora-clang, r-devel-linux-x86_64-fedora-gcc, r-devel-osx-x86_64-clang, r-devel-windows-ix86+x86_64

Version: 0.4.2
Check: dependencies in R code
Result: NOTE
    'library' or 'require' calls in package code:
     ‘R2HTML’ ‘memisc’
     Please use :: or requireNamespace() instead.
     See section 'Suggested packages' in the 'Writing R Extensions' manual.
Flavors: r-devel-linux-x86_64-debian-clang, r-devel-linux-x86_64-debian-gcc, r-devel-linux-x86_64-fedora-clang, r-devel-linux-x86_64-fedora-gcc, r-devel-osx-x86_64-clang, r-devel-windows-ix86+x86_64, r-patched-linux-x86_64, r-patched-solaris-sparc, r-patched-solaris-x86

Version: 0.4.2
Check: S3 generic/method consistency
Result: NOTE
    Found the following apparent S3 methods exported but not registered:
     clipcopy.default clipcopy.proptab format.proptab odds.ratio.factor
     odds.ratio.glm odds.ratio.table print.proptab
    See section ‘Registering S3 methods’ in the ‘Writing R Extensions’
    manual.
Flavors: r-devel-linux-x86_64-debian-clang, r-devel-linux-x86_64-debian-gcc, r-devel-linux-x86_64-fedora-clang, r-devel-linux-x86_64-fedora-gcc, r-devel-osx-x86_64-clang