CRAN Package Check Results for Package questionr

Last updated on 2017-02-20 20:48:10.

Flavor Version Tinstall Tcheck Ttotal Status Flags
r-devel-linux-x86_64-debian-clang 0.5 1.28 24.49 25.77 OK
r-devel-linux-x86_64-debian-gcc 0.5 1.55 25.20 26.74 OK
r-devel-linux-x86_64-fedora-clang 0.5 47.68 NOTE --no-stop-on-test-error
r-devel-linux-x86_64-fedora-gcc 0.5 47.44 NOTE --no-stop-on-test-error
r-devel-macos-x86_64-clang 0.5 39.94 NOTE --no-stop-on-test-error
r-devel-windows-ix86+x86_64 0.5 11.00 65.00 76.00 OK
r-patched-linux-x86_64 0.5 1.27 22.52 23.79 OK
r-patched-solaris-sparc 0.5 261.40 NOTE
r-patched-solaris-x86 0.5 55.50 NOTE
r-release-linux-x86_64 0.5 1.25 21.88 23.13 OK
r-release-osx-x86_64-mavericks 0.5 NOTE
r-release-windows-ix86+x86_64 0.5 5.00 43.00 48.00 OK
r-oldrel-windows-ix86+x86_64 0.5 5.00 49.00 54.00 NOTE

Check Details

Version: 0.5
Flags: --no-stop-on-test-error
Check: data for non-ASCII characters
Result: NOTE
     Note: found 21 marked Latin-1 strings
     Note: found 7 marked UTF-8 strings
Flavors: r-devel-linux-x86_64-fedora-clang, r-devel-linux-x86_64-fedora-gcc, r-devel-macos-x86_64-clang

Version: 0.5
Check: data for non-ASCII characters
Result: NOTE
     Note: found 21 marked Latin-1 strings
     Note: found 7 marked UTF-8 strings
Flavors: r-patched-solaris-sparc, r-patched-solaris-x86, r-release-osx-x86_64-mavericks, r-oldrel-windows-ix86+x86_64