CRAN Package Check Results for Package questionr

Last updated on 2014-11-26 05:47:54.

Flavor Version Tinstall Tcheck Ttotal Status Flags
r-devel-linux-x86_64-debian-clang 0.4.2 1.81 26.19 28.00 OK
r-devel-linux-x86_64-debian-gcc 0.4.2 1.76 24.77 26.53 OK
r-devel-linux-x86_64-fedora-clang 0.4.2 56.72 OK
r-devel-linux-x86_64-fedora-gcc 0.4.2 29.10 OK
r-devel-osx-x86_64-clang 0.4.2 52.91 OK
r-devel-windows-ix86+x86_64 0.4.2 7.00 44.00 51.00 OK
r-patched-linux-x86_64 0.4.1 2.02 23.58 25.60 NOTE
r-patched-solaris-sparc 0.4.2 298.10 OK
r-patched-solaris-x86 0.4.1 68.80 NOTE
r-release-linux-ix86 0.4.1 2.41 30.94 33.35 NOTE
r-release-linux-x86_64 0.4.1 1.94 23.82 25.76 NOTE
r-release-osx-x86_64-mavericks 0.4.1 OK
r-release-osx-x86_64-snowleopard 0.4.1 OK
r-release-windows-ix86+x86_64 0.4.2 7.00 48.00 55.00 OK
r-oldrel-windows-ix86+x86_64 0.4.1 9.00 46.00 55.00 OK

Check Details

Version: 0.4.1
Check: R code for possible problems
Result: NOTE
    clipcopy.default: no visible global function definition for ‘HTML’
    copie.default: no visible global function definition for ‘HTML’
    describe: no visible global function definition for ‘description’
    lookfor: no visible global function definition for ‘description’
Flavors: r-patched-linux-x86_64, r-patched-solaris-x86, r-release-linux-ix86, r-release-linux-x86_64