CRAN Package Check Results for Package questionr

Last updated on 2018-05-21 02:46:55 CEST.

Flavor Version Tinstall Tcheck Ttotal Status Flags
r-devel-linux-x86_64-debian-clang 0.6.2 4.30 40.54 44.84 OK
r-devel-linux-x86_64-debian-gcc 0.6.2 3.18 33.58 36.76 OK
r-devel-linux-x86_64-fedora-clang 0.6.2 57.08 NOTE
r-devel-linux-x86_64-fedora-gcc 0.6.2 54.96 NOTE
r-devel-windows-ix86+x86_64 0.6.2 7.00 59.00 66.00 OK
r-patched-linux-x86_64 0.6.2 4.61 40.62 45.23 OK
r-patched-solaris-x86 0.6.2 81.00 NOTE
r-release-linux-x86_64 0.6.2 3.68 40.42 44.10 OK
r-release-windows-ix86+x86_64 0.6.2 8.00 50.00 58.00 OK
r-release-osx-x86_64 0.6.2 NOTE
r-oldrel-windows-ix86+x86_64 0.6.2 6.00 61.00 67.00 OK
r-oldrel-osx-x86_64 0.6.2 NOTE

Check Details

Version: 0.6.2
Check: data for non-ASCII characters
Result: NOTE
     Note: found 4145 marked UTF-8 strings
Flavors: r-devel-linux-x86_64-fedora-clang, r-devel-linux-x86_64-fedora-gcc, r-patched-solaris-x86, r-release-osx-x86_64, r-oldrel-osx-x86_64