CRAN Package Check Results for Package questionr

Last updated on 2016-05-30 13:47:42.

Flavor Version Tinstall Tcheck Ttotal Status Flags
r-devel-linux-x86_64-debian-gcc 0.5 1.27 21.80 23.07 OK
r-devel-linux-x86_64-fedora-clang 0.5 42.59 NOTE
r-devel-linux-x86_64-fedora-gcc 0.5 39.49 NOTE
r-devel-osx-x86_64-clang 0.5 47.46 NOTE
r-devel-windows-ix86+x86_64 0.5 4.00 40.00 44.00 OK
r-patched-linux-x86_64 0.5 1.26 21.72 22.98 OK
r-patched-solaris-sparc 0.5 260.70 NOTE
r-patched-solaris-x86 0.5 56.00 NOTE
r-release-linux-x86_64 0.5 1.31 21.46 22.76 OK
r-release-osx-x86_64-mavericks 0.5 NOTE
r-release-windows-ix86+x86_64 0.5 7.00 45.00 52.00 OK
r-oldrel-windows-ix86+x86_64 0.5 5.00 44.00 49.00 NOTE

Check Details

Version: 0.5
Check: data for non-ASCII characters
Result: NOTE
     Note: found 21 marked Latin-1 strings
     Note: found 7 marked UTF-8 strings
Flavors: r-devel-linux-x86_64-fedora-clang, r-devel-linux-x86_64-fedora-gcc, r-devel-osx-x86_64-clang, r-patched-solaris-sparc, r-patched-solaris-x86, r-release-osx-x86_64-mavericks, r-oldrel-windows-ix86+x86_64