CRAN Package Check Results for Package questionr

Last updated on 2017-03-29 06:48:27.

Flavor Version Tinstall Tcheck Ttotal Status Flags
r-devel-linux-x86_64-debian-clang 0.6.0 1.34 25.18 26.52 OK
r-devel-linux-x86_64-debian-gcc 0.6.0 1.39 25.03 26.42 OK
r-devel-linux-x86_64-fedora-clang 0.6.0 30.94 NOTE --no-stop-on-test-error
r-devel-linux-x86_64-fedora-gcc 0.6.0 30.61 NOTE --no-stop-on-test-error
r-devel-macos-x86_64-clang 0.6.0 38.79 NOTE --no-stop-on-test-error
r-devel-windows-ix86+x86_64 0.6.0 5.00 72.00 77.00 OK
r-patched-linux-x86_64 0.6.0 1.57 24.86 26.43 OK
r-patched-solaris-sparc 0.6.0 276.50 NOTE
r-patched-solaris-x86 0.6.0 59.30 NOTE
r-release-linux-x86_64 0.6.0 1.46 22.24 23.70 OK
r-release-osx-x86_64-mavericks 0.6.0 NOTE
r-release-windows-ix86+x86_64 0.6.0 8.00 112.00 120.00 OK
r-oldrel-windows-ix86+x86_64 0.6.0 5.00 79.00 84.00 NOTE

Check Details

Version: 0.6.0
Flags: --no-stop-on-test-error
Check: data for non-ASCII characters
Result: NOTE
     Note: found 4145 marked UTF-8 strings
Flavors: r-devel-linux-x86_64-fedora-clang, r-devel-linux-x86_64-fedora-gcc, r-devel-macos-x86_64-clang

Version: 0.6.0
Check: data for non-ASCII characters
Result: NOTE
     Note: found 4145 marked UTF-8 strings
Flavors: r-patched-solaris-sparc, r-patched-solaris-x86, r-release-osx-x86_64-mavericks, r-oldrel-windows-ix86+x86_64