CRAN Package Check Results for Package quickReg

Last updated on 2020-02-29 07:50:24 CET.

Flavor Version Tinstall Tcheck Ttotal Status Flags
r-devel-linux-x86_64-debian-clang 1.5.0 5.67 71.50 77.17 OK
r-devel-linux-x86_64-debian-gcc 1.5.0 4.30 54.55 58.85 OK
r-devel-linux-x86_64-fedora-clang 1.5.0 50.61 NOTE
r-devel-linux-x86_64-fedora-gcc 1.5.0 83.15 NOTE
r-devel-windows-ix86+x86_64 1.5.0 20.00 83.00 103.00 OK
r-devel-windows-ix86+x86_64-gcc8 1.5.0 12.00 83.00 95.00 OK
r-patched-linux-x86_64 1.5.0 4.75 63.63 68.38 OK
r-patched-solaris-x86 1.5.0 120.10 NOTE
r-release-linux-x86_64 1.5.0 4.78 63.19 67.97 OK
r-release-windows-ix86+x86_64 1.5.0 9.00 125.00 134.00 OK
r-release-osx-x86_64 1.5.0 NOTE
r-oldrel-windows-ix86+x86_64 1.5.0 6.00 79.00 85.00 OK
r-oldrel-osx-x86_64 1.5.0 NOTE

Check Details

Version: 1.5.0
Check: dependencies in R code
Result: NOTE
    Namespace in Imports field not imported from: ‘psych’
     All declared Imports should be used.
Flavors: r-devel-linux-x86_64-fedora-clang, r-devel-linux-x86_64-fedora-gcc, r-patched-solaris-x86, r-release-osx-x86_64, r-oldrel-osx-x86_64