Last updated on 2021-03-01 10:47:44 CET.
Flavor | Version | Tinstall | Tcheck | Ttotal | Status | Flags |
---|---|---|---|---|---|---|
r-devel-linux-x86_64-debian-clang | 0.0.1 | OK | ||||
r-devel-linux-x86_64-debian-gcc | 0.0.1 | 1.76 | 20.59 | 22.35 | OK | |
r-devel-linux-x86_64-fedora-clang | 0.0.1 | 42.69 | NOTE | |||
r-devel-linux-x86_64-fedora-gcc | 0.0.1 | 33.37 | NOTE | |||
r-devel-windows-ix86+x86_64 | 0.0.1 | 5.00 | 37.00 | 42.00 | OK | |
r-patched-linux-x86_64 | 0.0.1 | 2.12 | 25.17 | 27.29 | OK | |
r-patched-solaris-x86 | 0.0.1 | 51.00 | NOTE | |||
r-release-linux-x86_64 | 0.0.1 | 2.07 | 25.10 | 27.17 | OK | |
r-release-macos-x86_64 | 0.0.1 | NOTE | ||||
r-release-windows-ix86+x86_64 | 0.0.1 | 6.00 | 37.00 | 43.00 | OK | |
r-oldrel-macos-x86_64 | 0.0.1 | NOTE | ||||
r-oldrel-windows-ix86+x86_64 | 0.0.1 | 3.00 | 50.00 | 53.00 | OK |
Version: 0.0.1
Check: dependencies in R code
Result: NOTE
Namespace in Imports field not imported from: ‘readr’
All declared Imports should be used.
Flavors: r-devel-linux-x86_64-fedora-clang, r-devel-linux-x86_64-fedora-gcc, r-patched-solaris-x86, r-release-macos-x86_64, r-oldrel-macos-x86_64