CRAN Package Check Results for Package quickregression

Last updated on 2022-08-20 00:52:09 CEST.

Flavor Version Tinstall Tcheck Ttotal Status Flags
r-devel-linux-x86_64-debian-clang 0.2 1.92 24.55 26.47 NOTE
r-devel-linux-x86_64-debian-gcc 0.2 1.95 19.24 21.19 NOTE
r-devel-linux-x86_64-fedora-clang 0.2 44.61 NOTE
r-devel-linux-x86_64-fedora-gcc 0.2 42.45 NOTE
r-devel-windows-x86_64 0.2 8.00 49.00 57.00 NOTE
r-patched-linux-x86_64 0.2 2.56 23.65 26.21 NOTE
r-release-linux-x86_64 0.2 NOTE
r-release-macos-arm64 0.2 17.00 NOTE
r-release-macos-x86_64 0.2 29.00 NOTE
r-release-windows-x86_64 0.2 10.00 49.00 59.00 NOTE
r-oldrel-macos-arm64 0.2 27.00 NOTE
r-oldrel-macos-x86_64 0.2 41.00 NOTE
r-oldrel-windows-ix86+x86_64 0.2 7.00 47.00 54.00 NOTE

Check Details

Version: 0.2
Check: LazyData
Result: NOTE
     'LazyData' is specified without a 'data' directory
Flavors: r-devel-linux-x86_64-debian-clang, r-devel-linux-x86_64-debian-gcc, r-devel-linux-x86_64-fedora-clang, r-devel-linux-x86_64-fedora-gcc, r-devel-windows-x86_64, r-patched-linux-x86_64, r-release-linux-x86_64, r-release-macos-arm64, r-release-macos-x86_64, r-release-windows-x86_64, r-oldrel-macos-arm64, r-oldrel-macos-x86_64, r-oldrel-windows-ix86+x86_64