CRAN Package Check Results for Package quietR

Last updated on 2024-02-24 08:49:47 CET.

Flavor Version Tinstall Tcheck Ttotal Status Flags
r-devel-linux-x86_64-debian-clang 0.1.0 2.03 23.18 25.21 NOTE
r-devel-linux-x86_64-debian-gcc 0.1.0 1.61 18.19 19.80 NOTE
r-devel-linux-x86_64-fedora-clang 0.1.0 30.97 NOTE
r-devel-linux-x86_64-fedora-gcc 0.1.0 29.91 NOTE
r-devel-windows-x86_64 0.1.0 2.00 47.00 49.00 NOTE
r-patched-linux-x86_64 0.1.0 1.82 22.64 24.46 NOTE
r-release-linux-x86_64 0.1.0 1.56 22.55 24.11 NOTE
r-release-macos-arm64 0.1.0 16.00 NOTE
r-release-macos-x86_64 0.1.0 21.00 NOTE
r-release-windows-x86_64 0.1.0 3.00 44.00 47.00 NOTE
r-oldrel-macos-arm64 0.1.0 25.00 NOTE
r-oldrel-windows-x86_64 0.1.0 4.00 48.00 52.00 NOTE

Check Details

Version: 0.1.0
Check: LazyData
Result: NOTE 'LazyData' is specified without a 'data' directory Flavors: r-devel-linux-x86_64-debian-clang, r-devel-linux-x86_64-debian-gcc, r-devel-linux-x86_64-fedora-clang, r-devel-linux-x86_64-fedora-gcc, r-devel-windows-x86_64, r-patched-linux-x86_64, r-release-linux-x86_64, r-release-macos-arm64, r-release-macos-x86_64, r-release-windows-x86_64, r-oldrel-macos-arm64, r-oldrel-windows-x86_64