CRAN Package Check Results for Package quint

Last updated on 2015-03-02 11:47:31.

Flavor Version Tinstall Tcheck Ttotal Status Flags
r-devel-linux-x86_64-debian-clang 1.0 0.74 21.68 22.43 NOTE
r-devel-linux-x86_64-debian-gcc 1.0 0.77 20.86 21.62 NOTE
r-devel-linux-x86_64-fedora-clang 1.0 44.34 NOTE
r-devel-linux-x86_64-fedora-gcc 1.0 42.17 NOTE
r-devel-osx-x86_64-clang 1.0 45.27 NOTE
r-devel-windows-ix86+x86_64 1.0 7.00 47.00 54.00 NOTE
r-patched-linux-x86_64 1.0 0.90 25.27 26.17 NOTE
r-patched-solaris-sparc 1.0 326.30 NOTE
r-patched-solaris-x86 1.0 62.80 NOTE
r-release-linux-ix86 1.0 1.30 34.89 36.19 NOTE
r-release-linux-x86_64 1.0 0.88 25.03 25.92 NOTE
r-release-osx-x86_64-mavericks 1.0 NOTE
r-release-osx-x86_64-snowleopard 1.0 OK
r-release-windows-ix86+x86_64 1.0 7.00 57.00 64.00 NOTE
r-oldrel-windows-ix86+x86_64 1.0 5.00 40.00 45.00 OK

Check Details

Version: 1.0
Check: dependencies in R code
Result: NOTE
    'library' or 'require' call to ‘stats’ in package code.
     Please use :: or requireNamespace() instead.
     See section 'Suggested packages' in the 'Writing R Extensions' manual.
Flavors: r-devel-linux-x86_64-debian-clang, r-devel-linux-x86_64-debian-gcc, r-devel-linux-x86_64-fedora-clang, r-devel-linux-x86_64-fedora-gcc, r-devel-osx-x86_64-clang, r-devel-windows-ix86+x86_64, r-patched-linux-x86_64, r-patched-solaris-sparc, r-patched-solaris-x86

Version: 1.0
Check: R code for possible problems
Result: NOTE
    as.party.quint: no visible global function definition for ‘party’
    node_quint: no visible global function definition for ‘gpar’
    node_quint : extract_label: no visible global function definition for
     ‘is.terminal’
    node_quint : extract_label: no visible global function definition for
     ‘character_split’
    node_quint : extract_label: no visible global function definition for
     ‘split_node’
    node_quint : maxstr: no visible global function definition for
     ‘is.terminal’
    node_quint : maxstr: no visible global function definition for
     ‘kids_node’
    node_quint: no visible global function definition for ‘node_party’
    node_quint : rval: no visible global function definition for ‘viewport’
    node_quint : rval: no visible global function definition for ‘unit’
    node_quint : rval: no visible global function definition for ‘id_node’
    node_quint : rval: no visible global function definition for
     ‘pushViewport’
    node_quint : rval: no visible global function definition for
     ‘grid.polygon’
    node_quint : rval: no visible global function definition for ‘gpar’
    node_quint : rval: no visible global function definition for
     ‘grid.text’
    node_quint : rval: no visible global function definition for
     ‘popViewport’
    node_quint : rval: no visible global function definition for
     ‘upViewport’
    terminal_quint: no visible global function definition for ‘gpar’
    terminal_quint : rval: no visible global function definition for
     ‘id_node’
    terminal_quint : rval: no visible global function definition for
     ‘viewport’
    terminal_quint : rval: no visible global function definition for
     ‘grid.layout’
    terminal_quint : rval: no visible global function definition for ‘unit’
    terminal_quint : rval: no visible global function definition for
     ‘pushViewport’
    terminal_quint : rval: no visible global function definition for
     ‘grid.rect’
    terminal_quint : rval: no visible global function definition for ‘gpar’
    terminal_quint : rval: no visible global function definition for
     ‘nodeids’
    terminal_quint : rval: no visible global function definition for
     ‘grid.text’
    terminal_quint : rval: no visible global function definition for
     ‘popViewport’
    terminal_quint : rval: no visible global function definition for
     ‘grid.lines’
    terminal_quint : rval: no visible global function definition for
     ‘grid.points’
    terminal_quint : rval: no visible global function definition for
     ‘grid.yaxis’
    terminal_quint : rval: no visible global function definition for
     ‘upViewport’
    to.party: no visible global function definition for ‘partynode’
    to.party: no visible global function definition for ‘partysplit’
Flavors: r-devel-linux-x86_64-debian-clang, r-devel-linux-x86_64-debian-gcc, r-devel-linux-x86_64-fedora-clang, r-devel-linux-x86_64-fedora-gcc, r-devel-osx-x86_64-clang, r-devel-windows-ix86+x86_64, r-patched-linux-x86_64, r-patched-solaris-sparc, r-patched-solaris-x86, r-release-linux-ix86, r-release-linux-x86_64, r-release-osx-x86_64-mavericks, r-release-windows-ix86+x86_64