CRAN Package Check Results for Package quint

Last updated on 2015-01-25 16:49:19.

Flavor Version Tinstall Tcheck Ttotal Status Flags
r-devel-linux-x86_64-debian-clang 1.0 0.83 24.15 24.98 NOTE
r-devel-linux-x86_64-debian-gcc 1.0 0.81 24.18 24.99 NOTE
r-devel-linux-x86_64-fedora-clang 1.0 52.28 NOTE
r-devel-linux-x86_64-fedora-gcc 1.0 49.93 NOTE
r-devel-osx-x86_64-clang 1.0 50.12 NOTE
r-devel-windows-ix86+x86_64 1.0 4.00 38.00 42.00 NOTE
r-patched-linux-x86_64 1.0 0.87 25.79 26.66 NOTE
r-patched-solaris-sparc 1.0 303.50 NOTE
r-patched-solaris-x86 1.0 61.90 NOTE
r-release-linux-ix86 1.0 1.18 31.93 33.12 NOTE
r-release-linux-x86_64 1.0 0.86 24.96 25.81 NOTE
r-release-osx-x86_64-mavericks 1.0 NOTE
r-release-osx-x86_64-snowleopard 1.0 OK
r-release-windows-ix86+x86_64 1.0 6.00 40.00 46.00 NOTE
r-oldrel-windows-ix86+x86_64 1.0 4.00 40.00 44.00 OK

Check Details

Version: 1.0
Check: dependencies in R code
Result: NOTE
    'library' or 'require' call to ‘stats’ in package code.
     Please use :: or requireNamespace() instead.
     See section 'Suggested packages' in the 'Writing R Extensions' manual.
Flavors: r-devel-linux-x86_64-debian-clang, r-devel-linux-x86_64-debian-gcc, r-devel-linux-x86_64-fedora-clang, r-devel-linux-x86_64-fedora-gcc, r-devel-osx-x86_64-clang, r-devel-windows-ix86+x86_64

Version: 1.0
Check: R code for possible problems
Result: NOTE
    as.party.quint: no visible global function definition for ‘party’
    node_quint: no visible global function definition for ‘gpar’
    node_quint : extract_label: no visible global function definition for
     ‘is.terminal’
    node_quint : extract_label: no visible global function definition for
     ‘character_split’
    node_quint : extract_label: no visible global function definition for
     ‘split_node’
    node_quint : maxstr: no visible global function definition for
     ‘is.terminal’
    node_quint : maxstr: no visible global function definition for
     ‘kids_node’
    node_quint: no visible global function definition for ‘node_party’
    node_quint : rval: no visible global function definition for ‘viewport’
    node_quint : rval: no visible global function definition for ‘unit’
    node_quint : rval: no visible global function definition for ‘id_node’
    node_quint : rval: no visible global function definition for
     ‘pushViewport’
    node_quint : rval: no visible global function definition for
     ‘grid.polygon’
    node_quint : rval: no visible global function definition for ‘gpar’
    node_quint : rval: no visible global function definition for
     ‘grid.text’
    node_quint : rval: no visible global function definition for
     ‘popViewport’
    node_quint : rval: no visible global function definition for
     ‘upViewport’
    terminal_quint: no visible global function definition for ‘gpar’
    terminal_quint : rval: no visible global function definition for
     ‘id_node’
    terminal_quint : rval: no visible global function definition for
     ‘viewport’
    terminal_quint : rval: no visible global function definition for
     ‘grid.layout’
    terminal_quint : rval: no visible global function definition for ‘unit’
    terminal_quint : rval: no visible global function definition for
     ‘pushViewport’
    terminal_quint : rval: no visible global function definition for
     ‘grid.rect’
    terminal_quint : rval: no visible global function definition for ‘gpar’
    terminal_quint : rval: no visible global function definition for
     ‘nodeids’
    terminal_quint : rval: no visible global function definition for
     ‘grid.text’
    terminal_quint : rval: no visible global function definition for
     ‘popViewport’
    terminal_quint : rval: no visible global function definition for
     ‘grid.lines’
    terminal_quint : rval: no visible global function definition for
     ‘grid.points’
    terminal_quint : rval: no visible global function definition for
     ‘grid.yaxis’
    terminal_quint : rval: no visible global function definition for
     ‘upViewport’
    to.party: no visible global function definition for ‘partynode’
    to.party: no visible global function definition for ‘partysplit’
Flavors: r-devel-linux-x86_64-debian-clang, r-devel-linux-x86_64-debian-gcc, r-devel-linux-x86_64-fedora-clang, r-devel-linux-x86_64-fedora-gcc, r-devel-osx-x86_64-clang, r-devel-windows-ix86+x86_64, r-patched-linux-x86_64, r-patched-solaris-sparc, r-patched-solaris-x86, r-release-linux-ix86, r-release-linux-x86_64, r-release-osx-x86_64-mavericks, r-release-windows-ix86+x86_64