CRAN Package Check Results for Package quint

Last updated on 2014-11-26 09:48:47.

Flavor Version Tinstall Tcheck Ttotal Status Flags
r-devel-linux-x86_64-debian-clang 1.0 0.81 25.28 26.09 NOTE
r-devel-linux-x86_64-debian-gcc 1.0 0.81 24.22 25.03 NOTE
r-devel-linux-x86_64-fedora-clang 1.0 51.50 NOTE
r-devel-linux-x86_64-fedora-gcc 1.0 50.95 NOTE
r-devel-osx-x86_64-clang 1.0 48.70 NOTE
r-devel-windows-ix86+x86_64 1.0 4.00 38.00 42.00 NOTE
r-patched-linux-x86_64 1.0 0.87 24.65 25.52 NOTE
r-patched-solaris-sparc 1.0 295.70 NOTE
r-patched-solaris-x86 1.0 62.40 NOTE
r-release-linux-ix86 1.0 1.18 31.62 32.80 NOTE
r-release-linux-x86_64 1.0 0.89 24.60 25.50 NOTE
r-release-osx-x86_64-mavericks 1.0 OK
r-release-osx-x86_64-snowleopard 1.0 OK
r-release-windows-ix86+x86_64 1.0 4.00 39.00 43.00 NOTE
r-oldrel-windows-ix86+x86_64 1.0 4.00 41.00 45.00 OK

Check Details

Version: 1.0
Check: R code for possible problems
Result: NOTE
    as.party.quint: no visible global function definition for ‘party’
    node_quint: no visible global function definition for ‘gpar’
    node_quint : extract_label: no visible global function definition for
     ‘is.terminal’
    node_quint : extract_label: no visible global function definition for
     ‘character_split’
    node_quint : extract_label: no visible global function definition for
     ‘split_node’
    node_quint : maxstr: no visible global function definition for
     ‘is.terminal’
    node_quint : maxstr: no visible global function definition for
     ‘kids_node’
    node_quint: no visible global function definition for ‘node_party’
    node_quint : rval: no visible global function definition for ‘viewport’
    node_quint : rval: no visible global function definition for ‘unit’
    node_quint : rval: no visible global function definition for ‘id_node’
    node_quint : rval: no visible global function definition for
     ‘pushViewport’
    node_quint : rval: no visible global function definition for
     ‘grid.polygon’
    node_quint : rval: no visible global function definition for ‘gpar’
    node_quint : rval: no visible global function definition for
     ‘grid.text’
    node_quint : rval: no visible global function definition for
     ‘popViewport’
    node_quint : rval: no visible global function definition for
     ‘upViewport’
    terminal_quint: no visible global function definition for ‘gpar’
    terminal_quint : rval: no visible global function definition for
     ‘id_node’
    terminal_quint : rval: no visible global function definition for
     ‘viewport’
    terminal_quint : rval: no visible global function definition for
     ‘grid.layout’
    terminal_quint : rval: no visible global function definition for ‘unit’
    terminal_quint : rval: no visible global function definition for
     ‘pushViewport’
    terminal_quint : rval: no visible global function definition for
     ‘grid.rect’
    terminal_quint : rval: no visible global function definition for ‘gpar’
    terminal_quint : rval: no visible global function definition for
     ‘nodeids’
    terminal_quint : rval: no visible global function definition for
     ‘grid.text’
    terminal_quint : rval: no visible global function definition for
     ‘popViewport’
    terminal_quint : rval: no visible global function definition for
     ‘grid.lines’
    terminal_quint : rval: no visible global function definition for
     ‘grid.points’
    terminal_quint : rval: no visible global function definition for
     ‘grid.yaxis’
    terminal_quint : rval: no visible global function definition for
     ‘upViewport’
    to.party: no visible global function definition for ‘partynode’
    to.party: no visible global function definition for ‘partysplit’
Flavors: r-devel-linux-x86_64-debian-clang, r-devel-linux-x86_64-debian-gcc, r-devel-linux-x86_64-fedora-clang, r-devel-linux-x86_64-fedora-gcc, r-devel-osx-x86_64-clang, r-devel-windows-ix86+x86_64, r-patched-linux-x86_64, r-patched-solaris-sparc, r-patched-solaris-x86, r-release-linux-ix86, r-release-linux-x86_64, r-release-windows-ix86+x86_64