CRAN Package Check Results for Package quint

Last updated on 2015-05-30 13:47:31.

Flavor Version Tinstall Tcheck Ttotal Status Flags
r-devel-linux-x86_64-debian-clang 1.0 0.75 21.50 22.25 NOTE
r-devel-linux-x86_64-debian-gcc 1.0 0.75 20.52 21.27 NOTE
r-devel-linux-x86_64-fedora-clang 1.0 44.01 NOTE
r-devel-linux-x86_64-fedora-gcc 1.0 40.79 NOTE
r-devel-osx-x86_64-clang 1.0 43.16 NOTE
r-devel-windows-ix86+x86_64 1.0 3.00 33.00 36.00 NOTE
r-patched-linux-x86_64 1.0 0.74 20.68 21.42 NOTE
r-patched-solaris-sparc 1.0 282.80 NOTE
r-patched-solaris-x86 1.0 53.40 NOTE
r-release-linux-x86_64 1.0 0.76 21.88 22.64 NOTE
r-release-osx-x86_64-mavericks 1.0 NOTE
r-release-osx-x86_64-snowleopard 1.0 ERROR
r-release-windows-ix86+x86_64 1.0 3.00 35.00 38.00 NOTE
r-oldrel-windows-ix86+x86_64 1.0 4.00 37.00 41.00 NOTE

Check Details

Version: 1.0
Check: dependencies in R code
Result: NOTE
    'library' or 'require' call to ‘stats’ in package code.
     Please use :: or requireNamespace() instead.
     See section 'Suggested packages' in the 'Writing R Extensions' manual.
Flavors: r-devel-linux-x86_64-debian-clang, r-devel-linux-x86_64-debian-gcc, r-devel-linux-x86_64-fedora-clang, r-devel-linux-x86_64-fedora-gcc, r-devel-osx-x86_64-clang, r-devel-windows-ix86+x86_64, r-patched-linux-x86_64, r-patched-solaris-sparc, r-patched-solaris-x86, r-release-linux-x86_64, r-release-osx-x86_64-mavericks, r-release-windows-ix86+x86_64, r-oldrel-windows-ix86+x86_64

Version: 1.0
Check: R code for possible problems
Result: NOTE
    as.party.quint: no visible global function definition for ‘party’
    node_quint: no visible global function definition for ‘gpar’
    node_quint : extract_label: no visible global function definition for
     ‘is.terminal’
    node_quint : extract_label: no visible global function definition for
     ‘character_split’
    node_quint : extract_label: no visible global function definition for
     ‘split_node’
    node_quint : maxstr: no visible global function definition for
     ‘is.terminal’
    node_quint : maxstr: no visible global function definition for
     ‘kids_node’
    node_quint: no visible global function definition for ‘node_party’
    node_quint : rval: no visible global function definition for ‘viewport’
    node_quint : rval: no visible global function definition for ‘unit’
    node_quint : rval: no visible global function definition for ‘id_node’
    node_quint : rval: no visible global function definition for
     ‘pushViewport’
    node_quint : rval: no visible global function definition for
     ‘grid.polygon’
    node_quint : rval: no visible global function definition for ‘gpar’
    node_quint : rval: no visible global function definition for
     ‘grid.text’
    node_quint : rval: no visible global function definition for
     ‘popViewport’
    node_quint : rval: no visible global function definition for
     ‘upViewport’
    terminal_quint: no visible global function definition for ‘gpar’
    terminal_quint : rval: no visible global function definition for
     ‘id_node’
    terminal_quint : rval: no visible global function definition for
     ‘viewport’
    terminal_quint : rval: no visible global function definition for
     ‘grid.layout’
    terminal_quint : rval: no visible global function definition for ‘unit’
    terminal_quint : rval: no visible global function definition for
     ‘pushViewport’
    terminal_quint : rval: no visible global function definition for
     ‘grid.rect’
    terminal_quint : rval: no visible global function definition for ‘gpar’
    terminal_quint : rval: no visible global function definition for
     ‘nodeids’
    terminal_quint : rval: no visible global function definition for
     ‘grid.text’
    terminal_quint : rval: no visible global function definition for
     ‘popViewport’
    terminal_quint : rval: no visible global function definition for
     ‘grid.lines’
    terminal_quint : rval: no visible global function definition for
     ‘grid.points’
    terminal_quint : rval: no visible global function definition for
     ‘grid.yaxis’
    terminal_quint : rval: no visible global function definition for
     ‘upViewport’
    to.party: no visible global function definition for ‘partynode’
    to.party: no visible global function definition for ‘partysplit’
Flavors: r-devel-linux-x86_64-debian-clang, r-devel-linux-x86_64-debian-gcc, r-devel-linux-x86_64-fedora-clang, r-devel-linux-x86_64-fedora-gcc, r-devel-osx-x86_64-clang, r-devel-windows-ix86+x86_64, r-patched-linux-x86_64, r-patched-solaris-sparc, r-patched-solaris-x86, r-release-linux-x86_64, r-release-osx-x86_64-mavericks, r-release-windows-ix86+x86_64, r-oldrel-windows-ix86+x86_64

Version: 1.0
Check: package dependencies
Result: ERROR
    Package required but not available: ‘partykit’
    
    See section ‘The DESCRIPTION file’ in the ‘Writing R Extensions’
    manual.
Flavor: r-release-osx-x86_64-snowleopard