CRAN Package Check Results for Package quint

Last updated on 2016-05-28 11:49:23.

Flavor Version Tinstall Tcheck Ttotal Status Flags
r-devel-linux-x86_64-debian-gcc 1.0 2.76 40.46 43.21 NOTE
r-devel-linux-x86_64-fedora-clang 1.0 83.06 NOTE
r-devel-linux-x86_64-fedora-gcc 1.0 79.62 NOTE
r-devel-osx-x86_64-clang 1.0 86.78 NOTE
r-devel-windows-ix86+x86_64 1.0 7.00 79.00 86.00 NOTE
r-patched-linux-x86_64 1.0 2.49 39.93 42.42 NOTE
r-patched-solaris-sparc 1.0 505.00 NOTE
r-patched-solaris-x86 1.0 105.70 NOTE
r-release-linux-x86_64 1.0 2.65 39.49 42.14 NOTE
r-release-osx-x86_64-mavericks 1.0 NOTE
r-release-windows-ix86+x86_64 1.0 10.00 94.00 104.00 NOTE
r-oldrel-windows-ix86+x86_64 1.0 7.00 80.00 87.00 NOTE

Check Details

Version: 1.0
Check: dependencies in R code
Result: NOTE
    'library' or 'require' call to ‘stats’ in package code.
     Please use :: or requireNamespace() instead.
     See section 'Suggested packages' in the 'Writing R Extensions' manual.
Flavors: r-devel-linux-x86_64-debian-gcc, r-devel-linux-x86_64-fedora-clang, r-devel-linux-x86_64-fedora-gcc, r-devel-osx-x86_64-clang, r-devel-windows-ix86+x86_64, r-patched-linux-x86_64, r-patched-solaris-sparc, r-patched-solaris-x86, r-release-linux-x86_64, r-release-osx-x86_64-mavericks, r-release-windows-ix86+x86_64, r-oldrel-windows-ix86+x86_64

Version: 1.0
Check: R code for possible problems
Result: NOTE
    as.party.quint: no visible global function definition for ‘party’
    as.party.quint: no visible global function definition for ‘terms’
    as.party.quint: no visible global function definition for ‘as.formula’
    bos: no visible global function definition for ‘par’
    bos: no visible global function definition for ‘plot’
    cpmat : <anonymous>: no visible global function definition for ‘var’
    ctmat : <anonymous>: no visible global function definition for ‘var’
    node_quint: no visible global function definition for ‘gpar’
    node_quint : extract_label: no visible global function definition for
     ‘is.terminal’
    node_quint : extract_label: no visible global function definition for
     ‘character_split’
    node_quint : extract_label: no visible global function definition for
     ‘split_node’
    node_quint : maxstr: no visible global function definition for
     ‘is.terminal’
    node_quint : maxstr: no visible global function definition for
     ‘kids_node’
    node_quint: no visible global function definition for ‘node_party’
    node_quint : rval: no visible global function definition for ‘viewport’
    node_quint : rval: no visible global function definition for ‘unit’
    node_quint : rval: no visible global function definition for ‘id_node’
    node_quint : rval: no visible global function definition for
     ‘pushViewport’
    node_quint : rval: no visible global function definition for
     ‘grid.polygon’
    node_quint : rval: no visible global function definition for ‘gpar’
    node_quint : rval: no visible global function definition for
     ‘grid.text’
    node_quint : rval: no visible global function definition for
     ‘popViewport’
    node_quint : rval: no visible global function definition for
     ‘upViewport’
    plot.quint: no visible global function definition for ‘plot’
    quint: no visible global function definition for ‘na.omit’
    quint: no visible global function definition for ‘IQR’
    quint : <anonymous>: no visible global function definition for ‘sd’
    terminal_quint: no visible global function definition for ‘gpar’
    terminal_quint : rval: no visible global function definition for
     ‘id_node’
    terminal_quint : rval: no visible global function definition for
     ‘viewport’
    terminal_quint : rval: no visible global function definition for
     ‘grid.layout’
    terminal_quint : rval: no visible global function definition for ‘unit’
    terminal_quint : rval: no visible global function definition for
     ‘pushViewport’
    terminal_quint : rval: no visible global function definition for
     ‘grid.rect’
    terminal_quint : rval: no visible global function definition for ‘gpar’
    terminal_quint : rval: no visible global function definition for
     ‘nodeids’
    terminal_quint : rval: no visible global function definition for
     ‘grid.text’
    terminal_quint : rval: no visible global function definition for
     ‘popViewport’
    terminal_quint : rval: no visible global function definition for
     ‘grid.lines’
    terminal_quint : rval: no visible global function definition for
     ‘grid.points’
    terminal_quint : rval: no visible global function definition for
     ‘grid.yaxis’
    terminal_quint : rval: no visible global function definition for
     ‘upViewport’
    to.party: no visible global function definition for ‘partynode’
    to.party: no visible global function definition for ‘partysplit’
    Undefined global functions or variables:
     IQR as.formula character_split gpar grid.layout grid.lines
     grid.points grid.polygon grid.rect grid.text grid.yaxis id_node
     is.terminal kids_node na.omit node_party nodeids par party partynode
     partysplit plot popViewport pushViewport sd split_node terms unit
     upViewport var viewport
    Consider adding
     importFrom("graphics", "par", "plot")
     importFrom("stats", "IQR", "as.formula", "na.omit", "sd", "terms",
     "var")
    to your NAMESPACE file.
Flavors: r-devel-linux-x86_64-debian-gcc, r-devel-linux-x86_64-fedora-clang, r-devel-linux-x86_64-fedora-gcc, r-devel-osx-x86_64-clang, r-devel-windows-ix86+x86_64, r-patched-linux-x86_64, r-patched-solaris-sparc, r-patched-solaris-x86, r-release-linux-x86_64, r-release-osx-x86_64-mavericks, r-release-windows-ix86+x86_64

Version: 1.0
Check: R code for possible problems
Result: NOTE
    as.party.quint: no visible global function definition for 'party'
    node_quint: no visible global function definition for 'gpar'
    node_quint : extract_label: no visible global function definition for
     'is.terminal'
    node_quint : extract_label: no visible global function definition for
     'character_split'
    node_quint : extract_label: no visible global function definition for
     'split_node'
    node_quint : maxstr: no visible global function definition for
     'is.terminal'
    node_quint : maxstr: no visible global function definition for
     'kids_node'
    node_quint: no visible global function definition for 'node_party'
    node_quint : rval: no visible global function definition for 'viewport'
    node_quint : rval: no visible global function definition for 'unit'
    node_quint : rval: no visible global function definition for 'id_node'
    node_quint : rval: no visible global function definition for
     'pushViewport'
    node_quint : rval: no visible global function definition for
     'grid.polygon'
    node_quint : rval: no visible global function definition for 'gpar'
    node_quint : rval: no visible global function definition for
     'grid.text'
    node_quint : rval: no visible global function definition for
     'popViewport'
    node_quint : rval: no visible global function definition for
     'upViewport'
    terminal_quint: no visible global function definition for 'gpar'
    terminal_quint : rval: no visible global function definition for
     'id_node'
    terminal_quint : rval: no visible global function definition for
     'viewport'
    terminal_quint : rval: no visible global function definition for
     'grid.layout'
    terminal_quint : rval: no visible global function definition for 'unit'
    terminal_quint : rval: no visible global function definition for
     'pushViewport'
    terminal_quint : rval: no visible global function definition for
     'grid.rect'
    terminal_quint : rval: no visible global function definition for 'gpar'
    terminal_quint : rval: no visible global function definition for
     'nodeids'
    terminal_quint : rval: no visible global function definition for
     'grid.text'
    terminal_quint : rval: no visible global function definition for
     'popViewport'
    terminal_quint : rval: no visible global function definition for
     'grid.lines'
    terminal_quint : rval: no visible global function definition for
     'grid.points'
    terminal_quint : rval: no visible global function definition for
     'grid.yaxis'
    terminal_quint : rval: no visible global function definition for
     'upViewport'
    to.party: no visible global function definition for 'partynode'
    to.party: no visible global function definition for 'partysplit'
Flavor: r-oldrel-windows-ix86+x86_64