CRAN Package Check Results for Package quokar

Last updated on 2020-02-29 07:50:24 CET.

Flavor Version Tinstall Tcheck Ttotal Status Flags
r-devel-linux-x86_64-debian-clang 0.1.0 15.49 141.74 157.23 OK
r-devel-linux-x86_64-debian-gcc 0.1.0 11.85 104.14 115.99 OK
r-devel-linux-x86_64-fedora-clang 0.1.0 180.12 NOTE
r-devel-linux-x86_64-fedora-gcc 0.1.0 176.66 NOTE
r-devel-windows-ix86+x86_64 0.1.0 45.00 197.00 242.00 OK
r-devel-windows-ix86+x86_64-gcc8 0.1.0 29.00 182.00 211.00 OK
r-patched-linux-x86_64 0.1.0 13.65 118.33 131.98 OK
r-patched-solaris-x86 0.1.0 233.20 NOTE
r-release-linux-x86_64 0.1.0 12.72 118.31 131.03 OK
r-release-windows-ix86+x86_64 0.1.0 23.00 249.00 272.00 OK
r-release-osx-x86_64 0.1.0 NOTE
r-oldrel-windows-ix86+x86_64 0.1.0 18.00 167.00 185.00 OK
r-oldrel-osx-x86_64 0.1.0 NOTE

Check Details

Version: 0.1.0
Check: dependencies in R code
Result: NOTE
    Namespaces in Imports field not imported from:
     ‘MCMCpack’ ‘gridExtra’ ‘knitr’
     All declared Imports should be used.
Flavors: r-devel-linux-x86_64-fedora-clang, r-devel-linux-x86_64-fedora-gcc, r-patched-solaris-x86, r-release-osx-x86_64, r-oldrel-osx-x86_64