CRAN Package Check Results for Package qut

Last updated on 2018-12-17 01:46:54 CET.

Flavor Version Tinstall Tcheck Ttotal Status Flags
r-devel-linux-x86_64-debian-clang 2.1 6.41 3.07 9.48 ERROR
r-devel-linux-x86_64-debian-gcc 2.1 4.38 1.63 6.01 ERROR
r-devel-linux-x86_64-fedora-clang 2.1 83.65 OK
r-devel-linux-x86_64-fedora-gcc 2.1 81.11 OK
r-devel-windows-ix86+x86_64 2.1 15.00 97.00 112.00 OK
r-patched-linux-x86_64 2.1 6.17 63.55 69.72 OK
r-patched-solaris-x86 2.1 130.30 OK
r-release-linux-x86_64 2.1 4.76 63.75 68.51 OK
r-release-windows-ix86+x86_64 2.1 13.00 104.00 117.00 OK
r-release-osx-x86_64 2.1 OK
r-oldrel-windows-ix86+x86_64 2.1 13.00 102.00 115.00 OK
r-oldrel-osx-x86_64 2.1 OK

Check Details

Version: 2.1
Check: whether the package can be loaded
Result: ERROR
    Loading this package had a fatal error status code 1
    Loading log:
    Loading required package: Matrix
    Error: package or namespace load failed for ‘Matrix’ in dyn.load(file, DLLpath = DLLpath, ...):
     unable to load shared object ‘/home/hornik/tmp/R.check/r-devel-clang/Work/build/Packages/lattice/libs/lattice.so’:
     /home/hornik/tmp/R.check/r-devel-clang/Work/build/Packages/lattice/libs/lattice.so: failed to map segment from shared object
    Error: package ‘Matrix’ could not be loaded
    Execution halted
Flavor: r-devel-linux-x86_64-debian-clang

Version: 2.1
Check: whether the package can be loaded
Result: ERROR
    Loading this package had a fatal error status code 1
    Loading log:
    Loading required package: Matrix
    Error: package or namespace load failed for ‘Matrix’ in dyn.load(file, DLLpath = DLLpath, ...):
     unable to load shared object ‘/home/hornik/tmp/R.check/r-devel-gcc/Work/build/Packages/lattice/libs/lattice.so’:
     /home/hornik/tmp/R.check/r-devel-gcc/Work/build/Packages/lattice/libs/lattice.so: failed to map segment from shared object
    Error: package ‘Matrix’ could not be loaded
    Execution halted
Flavor: r-devel-linux-x86_64-debian-gcc