CRAN Package Check Results for Package qvcalc

Last updated on 2015-03-27 10:48:08.

Flavor Version Tinstall Tcheck Ttotal Status Flags
r-devel-linux-x86_64-debian-clang 0.8-9 0.54 9.38 9.92 NOTE
r-devel-linux-x86_64-debian-gcc 0.8-9 0.50 9.54 10.04 NOTE
r-devel-linux-x86_64-fedora-clang 0.8-9 19.15 NOTE
r-devel-linux-x86_64-fedora-gcc 0.8-9 17.81 NOTE
r-devel-osx-x86_64-clang 0.8-9 26.87 NOTE
r-prerel-windows-ix86+x86_64 0.8-9 3.00 16.00 19.00 NOTE
r-prerel-linux-x86_64 0.8-9 0.51 9.29 9.80 NOTE
r-prerel-solaris-sparc 0.8-9 123.20 NOTE
r-prerel-solaris-x86 0.8-9 26.90 NOTE
r-release-linux-x86_64 0.8-9 0.55 10.29 10.84 OK
r-release-osx-x86_64-mavericks 0.8-9 OK
r-release-osx-x86_64-snowleopard 0.8-9 OK
r-release-windows-ix86+x86_64 0.8-9 2.00 18.00 20.00 OK
r-oldrel-windows-ix86+x86_64 0.8-9 2.00 17.00 19.00 OK

Check Details

Version: 0.8-9
Check: DESCRIPTION meta-information
Result: NOTE
    Malformed Description field: should contain one or more complete sentences.
Flavors: r-devel-linux-x86_64-debian-clang, r-devel-linux-x86_64-debian-gcc, r-devel-linux-x86_64-fedora-clang, r-devel-linux-x86_64-fedora-gcc, r-devel-osx-x86_64-clang, r-prerel-windows-ix86+x86_64, r-prerel-linux-x86_64, r-prerel-solaris-sparc, r-prerel-solaris-x86