CRAN Package Check Results for Package qvcalc

Last updated on 2015-02-26 23:47:52.

Flavor Version Tinstall Tcheck Ttotal Status Flags
r-devel-linux-x86_64-debian-clang 0.8-9 0.54 9.03 9.57 NOTE
r-devel-linux-x86_64-debian-gcc 0.8-9 0.62 9.63 10.26 NOTE
r-devel-linux-x86_64-fedora-clang 0.8-9 18.73 NOTE
r-devel-linux-x86_64-fedora-gcc 0.8-9 17.43 NOTE
r-devel-osx-x86_64-clang 0.8-9 24.12 NOTE
r-devel-windows-ix86+x86_64 0.8-9 4.00 16.00 20.00 NOTE
r-patched-linux-x86_64 0.8-9 0.59 9.65 10.24 OK
r-patched-solaris-sparc 0.8-9 111.00 OK
r-patched-solaris-x86 0.8-9 29.20 OK
r-release-linux-ix86 0.8-9 0.82 16.98 17.81 OK
r-release-linux-x86_64 0.8-9 0.56 0.26 0.82 OK
r-release-osx-x86_64-mavericks 0.8-9 OK
r-release-osx-x86_64-snowleopard 0.8-9 OK
r-release-windows-ix86+x86_64 0.8-9 2.00 17.00 19.00 OK
r-oldrel-windows-ix86+x86_64 0.8-9 2.00 17.00 19.00 OK

Check Details

Version: 0.8-9
Check: DESCRIPTION meta-information
Result: NOTE
    Malformed Description field: should contain one or more complete sentences.
Flavors: r-devel-linux-x86_64-debian-clang, r-devel-linux-x86_64-debian-gcc, r-devel-linux-x86_64-fedora-clang, r-devel-linux-x86_64-fedora-gcc, r-devel-osx-x86_64-clang, r-devel-windows-ix86+x86_64