CRAN Package Check Results for Package qvcalc

Last updated on 2014-10-26 05:47:23.

Flavor Version Tinstall Tcheck Ttotal Status Flags
r-devel-linux-x86_64-debian-clang 0.8-8 0.65 9.34 9.98 NOTE
r-devel-linux-x86_64-debian-gcc 0.8-8 0.54 9.56 10.10 NOTE
r-devel-linux-x86_64-fedora-clang 0.8-8 19.57 NOTE
r-devel-linux-x86_64-fedora-gcc 0.8-8 18.31 NOTE
r-devel-osx-x86_64-clang 0.8-8 22.54 OK
r-devel-windows-ix86+x86_64 0.8-8 2.00 16.00 18.00 OK
r-patched-linux-x86_64 0.8-8 0.59 9.26 9.85 NOTE
r-patched-solaris-sparc 0.8-8 133.40 OK
r-patched-solaris-x86 0.8-8 28.20 OK
r-release-linux-ix86 0.8-8 0.78 15.29 16.08 OK
r-release-linux-x86_64 0.8-8 0.53 9.61 10.14 NOTE
r-release-osx-x86_64-mavericks 0.8-8 OK
r-release-windows-ix86+x86_64 0.8-8 2.00 16.00 18.00 OK
r-oldrel-windows-ix86+x86_64 0.8-8 3.00 15.00 18.00 OK

Check Details

Version: 0.8-8
Check: Rd line widths
Result: NOTE
    Rd file 'plot.qv.Rd':
     \usage lines wider than 90 characters:
     plot(x, intervalWidth = 2, ylab = "estimate", xlab = x$factorname, ylim = NULL, main = "Intervals based on quasi standard errors", leve ... [TRUNCATED]
    
    These lines will be truncated in the PDF manual.
Flavors: r-devel-linux-x86_64-debian-clang, r-devel-linux-x86_64-debian-gcc, r-devel-linux-x86_64-fedora-clang, r-devel-linux-x86_64-fedora-gcc, r-patched-linux-x86_64, r-release-linux-x86_64