CRAN Package Check Results for Package qvcalc

Last updated on 2014-07-29 23:47:14.

Flavor Version Tinstall Tcheck Ttotal Status Flags
r-devel-linux-x86_64-debian-clang 0.8-8 0.48 8.81 9.28 OK
r-devel-linux-x86_64-debian-gcc 0.8-8 0.48 8.84 9.32 OK
r-devel-linux-x86_64-fedora-clang 0.8-8 19.04 NOTE
r-devel-linux-x86_64-fedora-gcc 0.8-8 18.16 NOTE
r-devel-osx-x86_64-clang 0.8-8 21.56 OK
r-devel-windows-ix86+x86_64 0.8-8 2.00 15.00 17.00 OK
r-patched-linux-x86_64 0.8-8 0.52 8.88 9.41 OK
r-patched-solaris-sparc 0.8-8 111.60 OK
r-patched-solaris-x86 0.8-8 27.20 OK
r-release-linux-ix86 0.8-8 0.78 14.81 15.58 OK
r-release-linux-x86_64 0.8-8 0.66 8.94 9.60 OK
r-release-osx-x86_64-mavericks 0.8-8 OK
r-release-windows-ix86+x86_64 0.8-8 2.00 15.00 17.00 OK
r-oldrel-windows-ix86+x86_64 0.8-8 2.00 15.00 17.00 OK

Check Details

Version: 0.8-8
Check: Rd line widths
Result: NOTE
    Rd file 'plot.qv.Rd':
     \usage lines wider than 90 characters:
     plot(x, intervalWidth = 2, ylab = "estimate", xlab = x$factorname, ylim = NULL, main = "Intervals based on quasi standard errors", leve ... [TRUNCATED]
    
    These lines will be truncated in the PDF manual.
Flavors: r-devel-linux-x86_64-fedora-clang, r-devel-linux-x86_64-fedora-gcc