CRAN Package Check Results for Package qvcalc

Last updated on 2014-12-21 18:52:13.

Flavor Version Tinstall Tcheck Ttotal Status Flags
r-devel-linux-x86_64-debian-clang 0.8-8 0.58 9.94 10.51 NOTE
r-devel-linux-x86_64-debian-gcc 0.8-8 0.52 9.13 9.65 NOTE
r-devel-linux-x86_64-fedora-clang 0.8-8 21.54 NOTE
r-devel-linux-x86_64-fedora-gcc 0.8-8 19.15 NOTE
r-devel-osx-x86_64-clang 0.8-8 22.38 OK
r-devel-windows-ix86+x86_64 0.8-8 3.00 16.00 19.00 OK
r-patched-linux-x86_64 0.8-8 0.60 9.57 10.17 NOTE
r-patched-solaris-sparc 0.8-8 133.40 OK
r-patched-solaris-x86 0.8-8 28.40 OK
r-release-linux-ix86 0.8-8 0.78 14.75 15.53 OK
r-release-linux-x86_64 0.8-8 0.55 9.24 9.79 NOTE
r-release-osx-x86_64-mavericks 0.8-8 OK
r-release-windows-ix86+x86_64 0.8-8 2.00 16.00 18.00 OK
r-oldrel-windows-ix86+x86_64 0.8-8 2.00 17.00 19.00 OK

Check Details

Version: 0.8-8
Check: Rd line widths
Result: NOTE
    Rd file 'plot.qv.Rd':
     \usage lines wider than 90 characters:
     plot(x, intervalWidth = 2, ylab = "estimate", xlab = x$factorname, ylim = NULL, main = "Intervals based on quasi standard errors", leve ... [TRUNCATED]
    
    These lines will be truncated in the PDF manual.
Flavors: r-devel-linux-x86_64-debian-clang, r-devel-linux-x86_64-debian-gcc, r-devel-linux-x86_64-fedora-clang, r-devel-linux-x86_64-fedora-gcc, r-patched-linux-x86_64, r-release-linux-x86_64