CRAN Package Check Results for Package qvcalc

Last updated on 2015-04-21 06:47:35.

Flavor Version Tinstall Tcheck Ttotal Status Flags
r-devel-linux-x86_64-debian-clang 0.8-9 0.53 9.68 10.21 NOTE
r-devel-linux-x86_64-debian-gcc 0.8-9 0.52 9.21 9.73 NOTE
r-devel-linux-x86_64-fedora-clang 0.8-9 18.97 NOTE
r-devel-linux-x86_64-fedora-gcc 0.8-9 18.06 NOTE
r-devel-osx-x86_64-clang 0.8-9 23.97 NOTE
r-devel-windows-ix86+x86_64 0.8-9 2.00 16.00 18.00 NOTE
r-patched-linux-x86_64 0.8-9 0.62 10.01 10.63 NOTE
r-patched-solaris-sparc 0.8-9 123.20 NOTE
r-patched-solaris-x86 0.8-9 26.20 NOTE
r-release-linux-x86_64 0.8-9 0.53 9.04 9.57 NOTE
r-release-osx-x86_64-mavericks 0.8-9 NOTE
r-release-osx-x86_64-snowleopard 0.8-9 NOTE
r-release-windows-ix86+x86_64 0.8-9 1.00 15.00 16.00 NOTE
r-oldrel-windows-ix86+x86_64 0.8-9 2.00 16.00 18.00 OK

Check Details

Version: 0.8-9
Check: DESCRIPTION meta-information
Result: NOTE
    Malformed Description field: should contain one or more complete sentences.
Flavors: r-devel-linux-x86_64-debian-clang, r-devel-linux-x86_64-debian-gcc, r-devel-linux-x86_64-fedora-clang, r-devel-linux-x86_64-fedora-gcc, r-devel-osx-x86_64-clang, r-devel-windows-ix86+x86_64, r-patched-linux-x86_64, r-patched-solaris-sparc, r-patched-solaris-x86, r-release-linux-x86_64, r-release-osx-x86_64-mavericks, r-release-osx-x86_64-snowleopard, r-release-windows-ix86+x86_64