CRAN Package Check Results for Package qvcalc

Last updated on 2015-07-05 06:46:45.

Flavor Version Tinstall Tcheck Ttotal Status Flags
r-devel-linux-x86_64-debian-clang 0.8-9 0.57 9.13 9.70 NOTE
r-devel-linux-x86_64-debian-gcc 0.8-9 0.57 8.93 9.50 NOTE
r-devel-linux-x86_64-fedora-clang 0.8-9 17.23 NOTE
r-devel-linux-x86_64-fedora-gcc 0.8-9 16.17 NOTE
r-devel-osx-x86_64-clang 0.8-9 18.86 NOTE
r-devel-windows-ix86+x86_64 0.8-9 2.00 17.00 19.00 NOTE
r-patched-linux-x86_64 0.8-9 0.54 9.12 9.66 NOTE
r-patched-solaris-sparc 0.8-9 139.00 NOTE
r-patched-solaris-x86 0.8-9 27.50 NOTE
r-release-linux-x86_64 0.8-9 0.51 8.99 9.50 NOTE
r-release-osx-x86_64-mavericks 0.8-9 NOTE
r-release-windows-ix86+x86_64 0.8-9 4.00 17.00 21.00 NOTE
r-oldrel-windows-ix86+x86_64 0.8-9 4.00 28.00 32.00 OK

Check Details

Version: 0.8-9
Check: DESCRIPTION meta-information
Result: NOTE
    Malformed Description field: should contain one or more complete sentences.
Flavors: r-devel-linux-x86_64-debian-clang, r-devel-linux-x86_64-debian-gcc, r-devel-linux-x86_64-fedora-clang, r-devel-linux-x86_64-fedora-gcc, r-devel-osx-x86_64-clang, r-devel-windows-ix86+x86_64, r-patched-linux-x86_64, r-patched-solaris-sparc, r-patched-solaris-x86, r-release-linux-x86_64, r-release-osx-x86_64-mavericks, r-release-windows-ix86+x86_64

Version: 0.8-9
Check: R code for possible problems
Result: NOTE
    plot.qv: no visible global function definition for ‘plot’
    plot.qv: no visible global function definition for ‘points’
    plot.qv: no visible global function definition for ‘segments’
    qvcalc: no visible global function definition for ‘terms’
    qvcalc: no visible global function definition for ‘model.matrix’
    qvcalc: no visible global function definition for ‘coef’
    qvcalc: no visible global function definition for ‘vcov’
    qvcalc: no visible global function definition for ‘glm’
    qvcalc: no visible global function definition for ‘residuals’
    Undefined global functions or variables:
     coef glm model.matrix plot points residuals segments terms vcov
Flavors: r-devel-linux-x86_64-debian-clang, r-devel-linux-x86_64-debian-gcc, r-devel-linux-x86_64-fedora-clang, r-devel-linux-x86_64-fedora-gcc, r-devel-windows-ix86+x86_64