CRAN Package Check Results for Package qvcalc

Last updated on 2014-04-24 19:54:05.

Flavor Version Tinstall Tcheck Ttotal Status Flags
r-devel-linux-x86_64-debian-clang 0.8-8 0.50 9.38 9.88 OK
r-devel-linux-x86_64-debian-gcc 0.8-8 0.53 9.22 9.75 OK
r-devel-linux-x86_64-fedora-clang 0.8-8 19.64 NOTE
r-devel-linux-x86_64-fedora-gcc 0.8-8 17.63 NOTE
r-devel-osx-x86_64-clang 0.8-8 22.77 OK
r-devel-osx-x86_64-gcc 0.8-8 OK
r-devel-windows-ix86+x86_64 0.8-8 2.00 15.00 17.00 OK
r-patched-linux-x86_64 0.8-8 0.53 9.25 9.78 OK
r-patched-solaris-sparc 0.8-8 111.60 OK
r-patched-solaris-x86 0.8-8 28.80 OK
r-release-linux-ix86 0.8-8 1.00 21.00 22.00 OK
r-release-linux-x86_64 0.8-8 0.54 9.32 9.86 OK
r-release-osx-x86_64-mavericks 0.8-8 WARN
r-release-windows-ix86+x86_64 0.8-8 2.00 14.00 16.00 OK
r-oldrel-windows-ix86+x86_64 0.8-8 2.00 16.00 18.00 OK

Check Details

Version: 0.8-8
Check: Rd line widths
Result: NOTE
    Rd file 'plot.qv.Rd':
     \usage lines wider than 90 characters:
     plot(x, intervalWidth = 2, ylab = "estimate", xlab = x$factorname, ylim = NULL, main = "Intervals based on quasi standard errors", leve ... [TRUNCATED]
    
    These lines will be truncated in the PDF manual.
Flavors: r-devel-linux-x86_64-fedora-clang, r-devel-linux-x86_64-fedora-gcc

Version: 0.8-8
Check: PDF version of manual
Result: WARNING
    LaTeX errors when creating PDF version.
    This typically indicates Rd problems.
    LaTeX errors found:
    ! LaTeX Error: File `upquote.sty' not found.
    
    Type X to quit or <RETURN> to proceed,
    or enter new name. (Default extension: sty)
    
    4ce29722/Rd2.tex:8: ==> Fatal error occurred, no output PDF file produced!
Flavor: r-release-osx-x86_64-mavericks