CRAN Package Check Results for Package qvcalc

Last updated on 2015-01-26 03:52:33.

Flavor Version Tinstall Tcheck Ttotal Status Flags
r-devel-linux-x86_64-debian-clang 0.8-8 0.57 9.16 9.73 NOTE
r-devel-linux-x86_64-debian-gcc 0.8-8 0.52 8.76 9.28 NOTE
r-devel-linux-x86_64-fedora-clang 0.8-8 21.49 NOTE
r-devel-linux-x86_64-fedora-gcc 0.8-8 19.67 NOTE
r-devel-osx-x86_64-clang 0.8-8 23.18 OK
r-devel-windows-ix86+x86_64 0.8-8 3.00 19.00 22.00 OK
r-patched-linux-x86_64 0.8-8 0.58 10.03 10.61 NOTE
r-patched-solaris-sparc 0.8-8 126.30 OK
r-patched-solaris-x86 0.8-8 28.60 OK
r-release-linux-ix86 0.8-8 0.80 14.84 15.64 OK
r-release-linux-x86_64 0.8-8 0.56 9.41 9.96 NOTE
r-release-osx-x86_64-mavericks 0.8-8 OK
r-release-windows-ix86+x86_64 0.8-8 3.00 16.00 19.00 OK
r-oldrel-windows-ix86+x86_64 0.8-8 3.00 24.00 27.00 OK

Check Details

Version: 0.8-8
Check: Rd line widths
Result: NOTE
    Rd file 'plot.qv.Rd':
     \usage lines wider than 90 characters:
     plot(x, intervalWidth = 2, ylab = "estimate", xlab = x$factorname, ylim = NULL, main = "Intervals based on quasi standard errors", leve ... [TRUNCATED]
    
    These lines will be truncated in the PDF manual.
Flavors: r-devel-linux-x86_64-debian-clang, r-devel-linux-x86_64-debian-gcc, r-devel-linux-x86_64-fedora-clang, r-devel-linux-x86_64-fedora-gcc, r-patched-linux-x86_64, r-release-linux-x86_64