CRAN Package Check Results for Package qvcalc

Last updated on 2015-05-25 03:47:48.

Flavor Version Tinstall Tcheck Ttotal Status Flags
r-devel-linux-x86_64-debian-clang 0.8-9 0.54 9.95 10.50 NOTE
r-devel-linux-x86_64-debian-gcc 0.8-9 0.51 9.57 10.08 NOTE
r-devel-linux-x86_64-fedora-clang 0.8-9 18.77 NOTE
r-devel-linux-x86_64-fedora-gcc 0.8-9 17.75 NOTE
r-devel-osx-x86_64-clang 0.8-9 23.86 NOTE
r-devel-windows-ix86+x86_64 0.8-9 3.00 17.00 20.00 NOTE
r-patched-linux-x86_64 0.8-9 0.54 9.00 9.54 NOTE
r-patched-solaris-sparc 0.8-9 139.00 NOTE
r-patched-solaris-x86 0.8-9 26.90 NOTE
r-release-linux-x86_64 0.8-9 0.52 9.32 9.84 NOTE
r-release-osx-x86_64-mavericks 0.8-9 NOTE
r-release-osx-x86_64-snowleopard 0.8-9 NOTE
r-release-windows-ix86+x86_64 0.8-9 3.00 17.00 20.00 NOTE
r-oldrel-windows-ix86+x86_64 0.8-9 2.00 29.00 31.00 OK

Check Details

Version: 0.8-9
Check: DESCRIPTION meta-information
Result: NOTE
    Malformed Description field: should contain one or more complete sentences.
Flavors: r-devel-linux-x86_64-debian-clang, r-devel-linux-x86_64-debian-gcc, r-devel-linux-x86_64-fedora-clang, r-devel-linux-x86_64-fedora-gcc, r-devel-osx-x86_64-clang, r-devel-windows-ix86+x86_64, r-patched-linux-x86_64, r-patched-solaris-sparc, r-patched-solaris-x86, r-release-linux-x86_64, r-release-osx-x86_64-mavericks, r-release-osx-x86_64-snowleopard, r-release-windows-ix86+x86_64