CRAN Package Check Results for Package qvcalc

Last updated on 2014-08-29 21:47:47.

Flavor Version Tinstall Tcheck Ttotal Status Flags
r-devel-linux-x86_64-debian-clang 0.8-8 0.45 8.36 8.80 OK
r-devel-linux-x86_64-debian-gcc 0.8-8 0.56 8.29 8.85 OK
r-devel-linux-x86_64-fedora-clang 0.8-8 19.42 NOTE
r-devel-linux-x86_64-fedora-gcc 0.8-8 16.81 NOTE
r-devel-osx-x86_64-clang 0.8-8 20.80 OK
r-devel-windows-ix86+x86_64 0.8-8 2.00 15.00 17.00 OK
r-patched-linux-x86_64 0.8-8 0.51 8.78 9.28 OK
r-patched-solaris-sparc 0.8-8 133.40 OK
r-patched-solaris-x86 0.8-8 27.40 OK
r-release-linux-ix86 0.8-8 0.78 14.90 15.68 OK
r-release-linux-x86_64 0.8-8 0.53 9.34 9.87 OK
r-release-osx-x86_64-mavericks 0.8-8 OK
r-release-windows-ix86+x86_64 0.8-8 2.00 16.00 18.00 OK
r-oldrel-windows-ix86+x86_64 0.8-8 2.00 25.00 27.00 OK

Check Details

Version: 0.8-8
Check: Rd line widths
Result: NOTE
    Rd file 'plot.qv.Rd':
     \usage lines wider than 90 characters:
     plot(x, intervalWidth = 2, ylab = "estimate", xlab = x$factorname, ylim = NULL, main = "Intervals based on quasi standard errors", leve ... [TRUNCATED]
    
    These lines will be truncated in the PDF manual.
Flavors: r-devel-linux-x86_64-fedora-clang, r-devel-linux-x86_64-fedora-gcc