CRAN Package Check Results for Package qvcalc

Last updated on 2014-11-28 12:46:55.

Flavor Version Tinstall Tcheck Ttotal Status Flags
r-devel-linux-x86_64-debian-clang 0.8-8 0.54 9.22 9.76 NOTE
r-devel-linux-x86_64-debian-gcc 0.8-8 0.59 9.50 10.10 NOTE
r-devel-linux-x86_64-fedora-clang 0.8-8 20.74 NOTE
r-devel-linux-x86_64-fedora-gcc 0.8-8 20.62 NOTE
r-devel-osx-x86_64-clang 0.8-8 22.51 OK
r-devel-windows-ix86+x86_64 0.8-8 2.00 16.00 18.00 OK
r-patched-linux-x86_64 0.8-8 0.60 9.10 9.70 NOTE
r-patched-solaris-sparc 0.8-8 133.40 OK
r-patched-solaris-x86 0.8-8 28.60 OK
r-release-linux-ix86 0.8-8 0.80 14.58 15.38 OK
r-release-linux-x86_64 0.8-8 0.60 9.18 9.78 NOTE
r-release-osx-x86_64-mavericks 0.8-8 OK
r-release-windows-ix86+x86_64 0.8-8 2.00 17.00 19.00 OK
r-oldrel-windows-ix86+x86_64 0.8-8 2.00 16.00 18.00 OK

Check Details

Version: 0.8-8
Check: Rd line widths
Result: NOTE
    Rd file 'plot.qv.Rd':
     \usage lines wider than 90 characters:
     plot(x, intervalWidth = 2, ylab = "estimate", xlab = x$factorname, ylim = NULL, main = "Intervals based on quasi standard errors", leve ... [TRUNCATED]
    
    These lines will be truncated in the PDF manual.
Flavors: r-devel-linux-x86_64-debian-clang, r-devel-linux-x86_64-debian-gcc, r-devel-linux-x86_64-fedora-clang, r-devel-linux-x86_64-fedora-gcc, r-patched-linux-x86_64, r-release-linux-x86_64