CRAN Package Check Results for Package r2d2

Last updated on 2017-11-22 22:57:41 CET.

Flavor Version Tinstall Tcheck Ttotal Status Flags
r-devel-linux-x86_64-debian-clang 1.0-0 1.08 19.61 20.69 NOTE
r-devel-linux-x86_64-debian-gcc 1.0-0 1.15 51.06 52.20 NOTE
r-devel-linux-x86_64-fedora-clang 1.0-0 33.17 NOTE
r-devel-linux-x86_64-fedora-gcc 1.0-0 64.78 NOTE
r-devel-windows-ix86+x86_64 1.0-0 4.00 40.00 44.00 NOTE
r-patched-linux-x86_64 1.0-0 1.08 20.82 21.90 NOTE
r-patched-solaris-x86 1.0-0 50.50 NOTE
r-release-linux-x86_64 1.0-0 1.15 20.75 21.90 NOTE
r-release-windows-ix86+x86_64 1.0-0 4.00 67.00 71.00 NOTE
r-release-osx-x86_64 1.0-0 NOTE
r-oldrel-windows-ix86+x86_64 1.0-0 4.00 57.00 61.00 NOTE
r-oldrel-osx-x86_64 1.0-0 NOTE

Check Details

Version: 1.0-0
Check: R code for possible problems
Result: NOTE
    conf2d.default: no visible global function definition for ‘polygon’
    conf2d_int: no visible global function definition for ‘contourLines’
    Undefined global functions or variables:
     contourLines polygon
    Consider adding
     importFrom("grDevices", "contourLines")
     importFrom("graphics", "polygon")
    to your NAMESPACE file.
Flavors: r-devel-linux-x86_64-debian-clang, r-devel-linux-x86_64-debian-gcc, r-devel-linux-x86_64-fedora-clang, r-devel-linux-x86_64-fedora-gcc, r-devel-windows-ix86+x86_64, r-patched-linux-x86_64, r-patched-solaris-x86, r-release-linux-x86_64, r-release-windows-ix86+x86_64, r-release-osx-x86_64, r-oldrel-windows-ix86+x86_64, r-oldrel-osx-x86_64