CRAN Package Check Results for Package r2d2

Last updated on 2016-07-25 23:48:14.

Flavor Version Tinstall Tcheck Ttotal Status Flags
r-devel-linux-x86_64-debian-clang 1.0-0 1.03 20.57 21.60 NOTE
r-devel-linux-x86_64-debian-gcc 1.0-0 1.26 19.85 21.11 NOTE
r-devel-linux-x86_64-fedora-clang 1.0-0 33.61 NOTE
r-devel-linux-x86_64-fedora-gcc 1.0-0 30.39 NOTE
r-devel-osx-x86_64-clang 1.0-0 27.52 NOTE
r-devel-windows-ix86+x86_64 1.0-0 4.00 46.00 50.00 NOTE
r-patched-linux-x86_64 1.0-0 1.22 20.47 21.69 NOTE
r-patched-solaris-sparc 1.0-0 197.60 NOTE
r-patched-solaris-x86 1.0-0 43.20 NOTE
r-release-linux-x86_64 1.0-0 1.19 20.16 21.34 NOTE
r-release-osx-x86_64-mavericks 1.0-0 NOTE
r-release-windows-ix86+x86_64 1.0-0 4.00 57.00 61.00 NOTE
r-oldrel-windows-ix86+x86_64 1.0-0 6.00 59.00 65.00 OK

Check Details

Version: 1.0-0
Check: R code for possible problems
Result: NOTE
    conf2d.default: no visible global function definition for ‘polygon’
    conf2d_int: no visible global function definition for ‘contourLines’
    Undefined global functions or variables:
     contourLines polygon
    Consider adding
     importFrom("grDevices", "contourLines")
     importFrom("graphics", "polygon")
    to your NAMESPACE file.
Flavors: r-devel-linux-x86_64-debian-clang, r-devel-linux-x86_64-debian-gcc, r-devel-linux-x86_64-fedora-clang, r-devel-linux-x86_64-fedora-gcc, r-devel-osx-x86_64-clang, r-devel-windows-ix86+x86_64, r-patched-linux-x86_64, r-patched-solaris-sparc, r-patched-solaris-x86, r-release-linux-x86_64, r-release-osx-x86_64-mavericks, r-release-windows-ix86+x86_64