CRAN Package Check Results for Package r2d2

Last updated on 2016-06-29 23:51:37.

Flavor Version Tinstall Tcheck Ttotal Status Flags
r-devel-linux-x86_64-debian-gcc 1.0-0 1.10 18.73 19.83 NOTE
r-devel-linux-x86_64-fedora-clang 1.0-0 32.13 NOTE
r-devel-linux-x86_64-fedora-gcc 1.0-0 29.84 NOTE
r-devel-osx-x86_64-clang 1.0-0 27.42 NOTE
r-devel-windows-ix86+x86_64 1.0-0 3.00 54.00 57.00 NOTE
r-patched-linux-x86_64 1.0-0 0.96 17.37 18.33 NOTE
r-patched-solaris-sparc 1.0-0 197.60 NOTE
r-patched-solaris-x86 1.0-0 44.20 NOTE
r-release-linux-x86_64 1.0-0 0.91 16.39 17.31 NOTE
r-release-osx-x86_64-mavericks 1.0-0 NOTE
r-release-windows-ix86+x86_64 1.0-0 4.00 37.00 41.00 NOTE
r-oldrel-windows-ix86+x86_64 1.0-0 5.00 39.00 44.00 OK

Check Details

Version: 1.0-0
Check: R code for possible problems
Result: NOTE
    conf2d.default: no visible global function definition for ‘polygon’
    conf2d_int: no visible global function definition for ‘contourLines’
    Undefined global functions or variables:
     contourLines polygon
    Consider adding
     importFrom("grDevices", "contourLines")
     importFrom("graphics", "polygon")
    to your NAMESPACE file.
Flavors: r-devel-linux-x86_64-debian-gcc, r-devel-linux-x86_64-fedora-clang, r-devel-linux-x86_64-fedora-gcc, r-devel-osx-x86_64-clang, r-devel-windows-ix86+x86_64, r-patched-linux-x86_64, r-patched-solaris-sparc, r-patched-solaris-x86, r-release-linux-x86_64, r-release-osx-x86_64-mavericks, r-release-windows-ix86+x86_64