CRAN Package Check Results for Package r2d2

Last updated on 2016-02-08 14:47:12.

Flavor Version Tinstall Tcheck Ttotal Status Flags
r-devel-linux-x86_64-debian-gcc 1.0-0 0.88 15.89 16.77 NOTE
r-devel-linux-x86_64-fedora-clang 1.0-0 31.47 NOTE
r-devel-linux-x86_64-fedora-gcc 1.0-0 30.15 NOTE
r-devel-osx-x86_64-clang 1.0-0 33.86 NOTE
r-devel-windows-ix86+x86_64 1.0-0 4.00 42.00 46.00 NOTE
r-patched-linux-x86_64 1.0-0 0.97 16.80 17.77 OK
r-patched-solaris-sparc 1.0-0 199.70 OK
r-patched-solaris-x86 1.0-0 43.50 OK
r-release-linux-x86_64 1.0-0 1.08 16.73 17.81 OK
r-release-osx-x86_64-mavericks 1.0-0 OK
r-release-windows-ix86+x86_64 1.0-0 4.00 32.00 36.00 OK
r-oldrel-windows-ix86+x86_64 1.0-0 6.00 34.00 40.00 OK

Check Details

Version: 1.0-0
Check: R code for possible problems
Result: NOTE
    conf2d.default: no visible global function definition for ‘polygon’
    conf2d_int: no visible global function definition for ‘contourLines’
    Undefined global functions or variables:
     contourLines polygon
    Consider adding
     importFrom("grDevices", "contourLines")
     importFrom("graphics", "polygon")
    to your NAMESPACE file.
Flavors: r-devel-linux-x86_64-debian-gcc, r-devel-linux-x86_64-fedora-clang, r-devel-linux-x86_64-fedora-gcc, r-devel-osx-x86_64-clang, r-devel-windows-ix86+x86_64