CRAN Package Check Results for Package r2d2

Last updated on 2017-03-29 20:49:45.

Flavor Version Tinstall Tcheck Ttotal Status Flags
r-devel-linux-x86_64-debian-clang 1.0-0 1.07 21.52 22.59 NOTE
r-devel-linux-x86_64-debian-gcc 1.0-0 1.07 20.31 21.38 NOTE
r-devel-linux-x86_64-fedora-clang 1.0-0 36.50 NOTE --no-stop-on-test-error
r-devel-linux-x86_64-fedora-gcc 1.0-0 34.65 NOTE --no-stop-on-test-error
r-devel-macos-x86_64-clang 1.0-0 30.43 NOTE --no-stop-on-test-error
r-devel-windows-ix86+x86_64 1.0-0 4.00 58.00 62.00 NOTE
r-patched-linux-x86_64 1.0-0 1.07 20.50 21.57 NOTE
r-patched-solaris-sparc 1.0-0 215.00 NOTE
r-patched-solaris-x86 1.0-0 49.90 NOTE
r-release-linux-x86_64 1.0-0 0.92 16.24 17.15 NOTE
r-release-osx-x86_64-mavericks 1.0-0 NOTE
r-release-windows-ix86+x86_64 1.0-0 5.00 91.00 96.00 NOTE
r-oldrel-windows-ix86+x86_64 1.0-0 9.00 48.00 57.00 OK

Check Details

Version: 1.0-0
Check: R code for possible problems
Result: NOTE
    conf2d.default: no visible global function definition for ‘polygon’
    conf2d_int: no visible global function definition for ‘contourLines’
    Undefined global functions or variables:
     contourLines polygon
    Consider adding
     importFrom("grDevices", "contourLines")
     importFrom("graphics", "polygon")
    to your NAMESPACE file.
Flavors: r-devel-linux-x86_64-debian-clang, r-devel-linux-x86_64-debian-gcc, r-devel-windows-ix86+x86_64, r-patched-linux-x86_64, r-patched-solaris-sparc, r-patched-solaris-x86, r-release-linux-x86_64, r-release-osx-x86_64-mavericks, r-release-windows-ix86+x86_64

Version: 1.0-0
Flags: --no-stop-on-test-error
Check: R code for possible problems
Result: NOTE
    conf2d.default: no visible global function definition for ‘polygon’
    conf2d_int: no visible global function definition for ‘contourLines’
    Undefined global functions or variables:
     contourLines polygon
    Consider adding
     importFrom("grDevices", "contourLines")
     importFrom("graphics", "polygon")
    to your NAMESPACE file.
Flavors: r-devel-linux-x86_64-fedora-clang, r-devel-linux-x86_64-fedora-gcc, r-devel-macos-x86_64-clang