CRAN Package Check Results for Package r2d2

Last updated on 2017-07-23 17:47:32.

Flavor Version Tinstall Tcheck Ttotal Status Flags
r-devel-linux-x86_64-debian-clang 1.0-0 1.19 27.15 28.34 NOTE
r-devel-linux-x86_64-debian-gcc 1.0-0 1.13 23.85 24.98 NOTE
r-devel-linux-x86_64-fedora-clang 1.0-0 37.58 NOTE
r-devel-linux-x86_64-fedora-gcc 1.0-0 36.04 NOTE
r-devel-windows-ix86+x86_64 1.0-0 8.00 57.00 65.00 NOTE
r-patched-linux-x86_64 1.0-0 1.13 26.06 27.20 NOTE
r-patched-solaris-x86 1.0-0 52.90 NOTE
r-release-linux-x86_64 1.0-0 1.24 26.77 28.02 NOTE
r-release-windows-ix86+x86_64 1.0-0 4.00 58.00 62.00 NOTE
r-release-osx-x86_64 1.0-0 NOTE
r-oldrel-windows-ix86+x86_64 1.0-0 3.00 50.00 53.00 NOTE
r-oldrel-osx-x86_64 1.0-0 NOTE

Check Details

Version: 1.0-0
Check: R code for possible problems
Result: NOTE
    conf2d.default: no visible global function definition for ‘polygon’
    conf2d_int: no visible global function definition for ‘contourLines’
    Undefined global functions or variables:
     contourLines polygon
    Consider adding
     importFrom("grDevices", "contourLines")
     importFrom("graphics", "polygon")
    to your NAMESPACE file.
Flavors: r-devel-linux-x86_64-debian-clang, r-devel-linux-x86_64-debian-gcc, r-devel-linux-x86_64-fedora-clang, r-devel-linux-x86_64-fedora-gcc, r-devel-windows-ix86+x86_64, r-patched-linux-x86_64, r-patched-solaris-x86, r-release-linux-x86_64, r-release-windows-ix86+x86_64, r-release-osx-x86_64, r-oldrel-windows-ix86+x86_64, r-oldrel-osx-x86_64