CRAN Package Check Results for Package r2d2

Last updated on 2016-05-31 13:47:31.

Flavor Version Tinstall Tcheck Ttotal Status Flags
r-devel-linux-x86_64-debian-gcc 1.0-0 0.90 16.74 17.65 NOTE
r-devel-linux-x86_64-fedora-clang 1.0-0 32.13 NOTE
r-devel-linux-x86_64-fedora-gcc 1.0-0 30.13 NOTE
r-devel-osx-x86_64-clang 1.0-0 35.99 NOTE
r-devel-windows-ix86+x86_64 1.0-0 3.00 36.00 39.00 NOTE
r-patched-linux-x86_64 1.0-0 0.92 18.30 19.22 NOTE
r-patched-solaris-sparc 1.0-0 196.70 NOTE
r-patched-solaris-x86 1.0-0 44.20 NOTE
r-release-linux-x86_64 1.0-0 0.92 16.90 17.82 NOTE
r-release-osx-x86_64-mavericks 1.0-0 NOTE
r-release-windows-ix86+x86_64 1.0-0 4.00 37.00 41.00 NOTE
r-oldrel-windows-ix86+x86_64 1.0-0 3.00 36.00 39.00 OK

Check Details

Version: 1.0-0
Check: R code for possible problems
Result: NOTE
    conf2d.default: no visible global function definition for ‘polygon’
    conf2d_int: no visible global function definition for ‘contourLines’
    Undefined global functions or variables:
     contourLines polygon
    Consider adding
     importFrom("grDevices", "contourLines")
     importFrom("graphics", "polygon")
    to your NAMESPACE file.
Flavors: r-devel-linux-x86_64-debian-gcc, r-devel-linux-x86_64-fedora-clang, r-devel-linux-x86_64-fedora-gcc, r-devel-osx-x86_64-clang, r-devel-windows-ix86+x86_64, r-patched-linux-x86_64, r-patched-solaris-sparc, r-patched-solaris-x86, r-release-linux-x86_64, r-release-osx-x86_64-mavericks, r-release-windows-ix86+x86_64