CRAN Package Check Results for Package r2d2

Last updated on 2016-08-24 14:48:12.

Flavor Version Tinstall Tcheck Ttotal Status Flags
r-devel-linux-x86_64-debian-clang 1.0-0 0.88 17.20 18.08 NOTE
r-devel-linux-x86_64-debian-gcc 1.0-0 0.97 16.79 17.75 NOTE
r-devel-linux-x86_64-fedora-clang 1.0-0 33.23 NOTE
r-devel-linux-x86_64-fedora-gcc 1.0-0 31.04 NOTE
r-devel-osx-x86_64-clang 1.0-0 27.53 NOTE
r-devel-windows-ix86+x86_64 1.0-0 5.00 46.00 51.00 NOTE
r-patched-linux-x86_64 1.0-0 0.91 16.77 17.68 NOTE
r-patched-solaris-sparc 1.0-0 197.60 NOTE
r-patched-solaris-x86 1.0-0 44.40 NOTE
r-release-linux-x86_64 1.0-0 1.01 17.30 18.31 NOTE
r-release-osx-x86_64-mavericks 1.0-0 NOTE
r-release-windows-ix86+x86_64 1.0-0 5.00 49.00 54.00 NOTE
r-oldrel-windows-ix86+x86_64 1.0-0 5.00 36.00 41.00 OK

Check Details

Version: 1.0-0
Check: R code for possible problems
Result: NOTE
    conf2d.default: no visible global function definition for ‘polygon’
    conf2d_int: no visible global function definition for ‘contourLines’
    Undefined global functions or variables:
     contourLines polygon
    Consider adding
     importFrom("grDevices", "contourLines")
     importFrom("graphics", "polygon")
    to your NAMESPACE file.
Flavors: r-devel-linux-x86_64-debian-clang, r-devel-linux-x86_64-debian-gcc, r-devel-linux-x86_64-fedora-clang, r-devel-linux-x86_64-fedora-gcc, r-devel-osx-x86_64-clang, r-devel-windows-ix86+x86_64, r-patched-linux-x86_64, r-patched-solaris-sparc, r-patched-solaris-x86, r-release-linux-x86_64, r-release-osx-x86_64-mavericks, r-release-windows-ix86+x86_64