CRAN Package Check Results for Package r2d2

Last updated on 2017-09-22 20:47:38.

Flavor Version Tinstall Tcheck Ttotal Status Flags
r-devel-linux-x86_64-debian-clang 1.0-0 1.22 21.36 22.59 NOTE
r-devel-linux-x86_64-debian-gcc 1.0-0 1.04 20.69 21.73 NOTE
r-devel-linux-x86_64-fedora-clang 1.0-0 38.11 NOTE
r-devel-linux-x86_64-fedora-gcc 1.0-0 36.59 NOTE
r-devel-windows-ix86+x86_64 1.0-0 4.00 42.00 46.00 NOTE
r-patched-linux-x86_64 1.0-0 1.04 20.51 21.55 NOTE
r-patched-solaris-x86 1.0-0 50.90 NOTE
r-release-linux-x86_64 1.0-0 1.10 20.68 21.78 NOTE
r-release-windows-ix86+x86_64 1.0-0 3.00 39.00 42.00 NOTE
r-release-osx-x86_64 1.0-0 NOTE
r-oldrel-windows-ix86+x86_64 1.0-0 2.00 35.00 37.00 NOTE
r-oldrel-osx-x86_64 1.0-0 NOTE

Check Details

Version: 1.0-0
Check: R code for possible problems
Result: NOTE
    conf2d.default: no visible global function definition for ‘polygon’
    conf2d_int: no visible global function definition for ‘contourLines’
    Undefined global functions or variables:
     contourLines polygon
    Consider adding
     importFrom("grDevices", "contourLines")
     importFrom("graphics", "polygon")
    to your NAMESPACE file.
Flavors: r-devel-linux-x86_64-debian-clang, r-devel-linux-x86_64-debian-gcc, r-devel-linux-x86_64-fedora-clang, r-devel-linux-x86_64-fedora-gcc, r-devel-windows-ix86+x86_64, r-patched-linux-x86_64, r-patched-solaris-x86, r-release-linux-x86_64, r-release-windows-ix86+x86_64, r-release-osx-x86_64, r-oldrel-windows-ix86+x86_64, r-oldrel-osx-x86_64