CRAN Package Check Results for Package r2d2

Last updated on 2018-05-21 14:52:02 CEST.

Flavor Version Tinstall Tcheck Ttotal Status Flags
r-devel-linux-x86_64-debian-clang 1.0-0 1.82 28.91 30.73 NOTE
r-devel-linux-x86_64-debian-gcc 1.0-0 1.48 24.80 26.28 NOTE
r-devel-linux-x86_64-fedora-clang 1.0-0 39.77 NOTE
r-devel-linux-x86_64-fedora-gcc 1.0-0 38.23 NOTE
r-devel-windows-ix86+x86_64 1.0-0 6.00 39.00 45.00 NOTE
r-patched-linux-x86_64 1.0-0 1.49 29.28 30.77 NOTE
r-patched-solaris-x86 1.0-0 60.10 NOTE
r-release-linux-x86_64 1.0-0 1.52 28.91 30.43 NOTE
r-release-windows-ix86+x86_64 1.0-0 6.00 58.00 64.00 NOTE
r-release-osx-x86_64 1.0-0 NOTE
r-oldrel-windows-ix86+x86_64 1.0-0 6.00 63.00 69.00 NOTE
r-oldrel-osx-x86_64 1.0-0 NOTE

Check Details

Version: 1.0-0
Check: R code for possible problems
Result: NOTE
    conf2d.default: no visible global function definition for ‘polygon’
    conf2d_int: no visible global function definition for ‘contourLines’
    Undefined global functions or variables:
     contourLines polygon
    Consider adding
     importFrom("grDevices", "contourLines")
     importFrom("graphics", "polygon")
    to your NAMESPACE file.
Flavors: r-devel-linux-x86_64-debian-clang, r-devel-linux-x86_64-debian-gcc, r-devel-linux-x86_64-fedora-clang, r-devel-linux-x86_64-fedora-gcc, r-devel-windows-ix86+x86_64, r-patched-linux-x86_64, r-patched-solaris-x86, r-release-linux-x86_64, r-release-windows-ix86+x86_64, r-release-osx-x86_64, r-oldrel-windows-ix86+x86_64, r-oldrel-osx-x86_64