CRAN Package Check Results for Package r2d2

Last updated on 2016-12-07 10:48:41.

Flavor Version Tinstall Tcheck Ttotal Status Flags
r-devel-linux-x86_64-debian-clang 1.0-0 1.13 20.56 21.69 NOTE
r-devel-linux-x86_64-debian-gcc 1.0-0 1.10 20.84 21.93 NOTE
r-devel-linux-x86_64-fedora-clang 1.0-0 37.41 NOTE --no-stop-on-test-error
r-devel-linux-x86_64-fedora-gcc 1.0-0 36.51 NOTE --no-stop-on-test-error
r-devel-macos-x86_64-clang 1.0-0 31.33 NOTE
r-devel-windows-ix86+x86_64 1.0-0 5.00 52.00 57.00 NOTE
r-patched-linux-x86_64 1.0-0 0.92 16.90 17.82 NOTE
r-patched-solaris-sparc 1.0-0 197.60 NOTE
r-patched-solaris-x86 1.0-0 43.40 NOTE
r-release-linux-x86_64 1.0-0 0.96 16.74 17.70 NOTE
r-release-osx-x86_64-mavericks 1.0-0 NOTE
r-release-windows-ix86+x86_64 1.0-0 3.00 50.00 53.00 NOTE
r-oldrel-windows-ix86+x86_64 1.0-0 5.00 35.00 40.00 OK

Check Details

Version: 1.0-0
Check: R code for possible problems
Result: NOTE
    conf2d.default: no visible global function definition for ‘polygon’
    conf2d_int: no visible global function definition for ‘contourLines’
    Undefined global functions or variables:
     contourLines polygon
    Consider adding
     importFrom("grDevices", "contourLines")
     importFrom("graphics", "polygon")
    to your NAMESPACE file.
Flavors: r-devel-linux-x86_64-debian-clang, r-devel-linux-x86_64-debian-gcc, r-devel-macos-x86_64-clang, r-devel-windows-ix86+x86_64, r-patched-linux-x86_64, r-patched-solaris-sparc, r-patched-solaris-x86, r-release-linux-x86_64, r-release-osx-x86_64-mavericks, r-release-windows-ix86+x86_64

Version: 1.0-0
Flags: --no-stop-on-test-error
Check: R code for possible problems
Result: NOTE
    conf2d.default: no visible global function definition for ‘polygon’
    conf2d_int: no visible global function definition for ‘contourLines’
    Undefined global functions or variables:
     contourLines polygon
    Consider adding
     importFrom("grDevices", "contourLines")
     importFrom("graphics", "polygon")
    to your NAMESPACE file.
Flavors: r-devel-linux-x86_64-fedora-clang, r-devel-linux-x86_64-fedora-gcc