CRAN Package Check Results for Package r2d2

Last updated on 2015-07-03 23:47:47.

Flavor Version Tinstall Tcheck Ttotal Status Flags
r-devel-linux-x86_64-debian-clang 1.0-0 0.88 16.26 17.14 NOTE
r-devel-linux-x86_64-debian-gcc 1.0-0 0.94 15.95 16.89 NOTE
r-devel-linux-x86_64-fedora-clang 1.0-0 33.89 NOTE
r-devel-linux-x86_64-fedora-gcc 1.0-0 31.85 NOTE
r-devel-osx-x86_64-clang 1.0-0 33.00 OK
r-devel-windows-ix86+x86_64 1.0-0 6.00 29.00 35.00 NOTE
r-patched-linux-x86_64 1.0-0 0.90 16.14 17.05 OK
r-patched-solaris-sparc 1.0-0 221.80 OK
r-patched-solaris-x86 1.0-0 48.60 OK
r-release-linux-x86_64 1.0-0 0.96 16.40 17.37 OK
r-release-osx-x86_64-mavericks 1.0-0 OK
r-release-windows-ix86+x86_64 1.0-0 6.00 27.00 33.00 OK
r-oldrel-windows-ix86+x86_64 1.0-0 6.00 31.00 37.00 OK

Check Details

Version: 1.0-0
Check: R code for possible problems
Result: NOTE
    conf2d.default: no visible global function definition for ‘polygon’
    conf2d_int: no visible global function definition for ‘contourLines’
    Undefined global functions or variables:
     contourLines polygon
Flavors: r-devel-linux-x86_64-debian-clang, r-devel-linux-x86_64-debian-gcc, r-devel-linux-x86_64-fedora-clang, r-devel-linux-x86_64-fedora-gcc, r-devel-windows-ix86+x86_64