CRAN Package Check Results for Package r2d2

Last updated on 2015-08-28 17:49:33.

Flavor Version Tinstall Tcheck Ttotal Status Flags
r-devel-linux-x86_64-debian-clang 1.0-0 1.13 16.03 17.16 NOTE
r-devel-linux-x86_64-debian-gcc 1.0-0 0.85 16.81 17.66 NOTE
r-devel-linux-x86_64-fedora-clang 1.0-0 33.05 NOTE
r-devel-linux-x86_64-fedora-gcc 1.0-0 33.22 NOTE
r-devel-osx-x86_64-clang 1.0-0 30.69 OK
r-devel-windows-ix86+x86_64 1.0-0 5.00 31.00 36.00 NOTE
r-patched-linux-x86_64 1.0-0 0.93 16.81 17.74 OK
r-patched-solaris-sparc 1.0-0 214.90 OK
r-patched-solaris-x86 1.0-0 49.30 OK
r-release-linux-x86_64 1.0-0 0.93 16.73 17.66 OK
r-release-osx-x86_64-mavericks 1.0-0 OK
r-release-windows-ix86+x86_64 1.0-0 4.00 30.00 34.00 OK
r-oldrel-windows-ix86+x86_64 1.0-0 6.00 35.00 41.00 OK

Check Details

Version: 1.0-0
Check: R code for possible problems
Result: NOTE
    conf2d.default: no visible global function definition for ‘polygon’
    conf2d_int: no visible global function definition for ‘contourLines’
    Undefined global functions or variables:
     contourLines polygon
    Consider adding
     importFrom("grDevices", "contourLines")
     importFrom("graphics", "polygon")
    to your NAMESPACE.
Flavors: r-devel-linux-x86_64-debian-clang, r-devel-linux-x86_64-debian-gcc, r-devel-linux-x86_64-fedora-clang, r-devel-linux-x86_64-fedora-gcc, r-devel-windows-ix86+x86_64