CRAN Package Check Results for Package r2d2

Last updated on 2016-09-24 23:48:20.

Flavor Version Tinstall Tcheck Ttotal Status Flags
r-devel-linux-x86_64-debian-clang 1.0-0 0.90 16.79 17.69 NOTE
r-devel-linux-x86_64-debian-gcc 1.0-0 0.95 16.46 17.41 NOTE
r-devel-linux-x86_64-fedora-clang 1.0-0 32.58 NOTE
r-devel-linux-x86_64-fedora-gcc 1.0-0 30.50 NOTE
r-devel-macos-x86_64-clang 1.0-0 27.10 NOTE
r-devel-windows-ix86+x86_64 1.0-0 4.00 35.00 39.00 NOTE
r-patched-linux-x86_64 1.0-0 1.08 16.83 17.91 NOTE
r-patched-solaris-sparc 1.0-0 197.60 NOTE
r-patched-solaris-x86 1.0-0 42.60 NOTE
r-release-linux-x86_64 1.0-0 0.90 16.79 17.69 NOTE
r-release-osx-x86_64-mavericks 1.0-0 NOTE
r-release-windows-ix86+x86_64 1.0-0 3.00 58.00 61.00 NOTE
r-oldrel-windows-ix86+x86_64 1.0-0 6.00 46.00 52.00 OK

Check Details

Version: 1.0-0
Check: R code for possible problems
Result: NOTE
    conf2d.default: no visible global function definition for ‘polygon’
    conf2d_int: no visible global function definition for ‘contourLines’
    Undefined global functions or variables:
     contourLines polygon
    Consider adding
     importFrom("grDevices", "contourLines")
     importFrom("graphics", "polygon")
    to your NAMESPACE file.
Flavors: r-devel-linux-x86_64-debian-clang, r-devel-linux-x86_64-debian-gcc, r-devel-linux-x86_64-fedora-clang, r-devel-linux-x86_64-fedora-gcc, r-devel-macos-x86_64-clang, r-devel-windows-ix86+x86_64, r-patched-linux-x86_64, r-patched-solaris-sparc, r-patched-solaris-x86, r-release-linux-x86_64, r-release-osx-x86_64-mavericks, r-release-windows-ix86+x86_64