CRAN Package Check Results for Package r2d2

Last updated on 2017-02-22 23:54:14.

Flavor Version Tinstall Tcheck Ttotal Status Flags
r-devel-linux-x86_64-debian-clang 1.0-0 1.24 21.03 22.26 NOTE
r-devel-linux-x86_64-debian-gcc 1.0-0 1.14 20.73 21.86 NOTE
r-devel-linux-x86_64-fedora-clang 1.0-0 40.92 NOTE --no-stop-on-test-error
r-devel-linux-x86_64-fedora-gcc 1.0-0 35.09 NOTE --no-stop-on-test-error
r-devel-macos-x86_64-clang 1.0-0 30.66 NOTE --no-stop-on-test-error
r-devel-windows-ix86+x86_64 1.0-0 5.00 104.00 109.00 NOTE
r-patched-linux-x86_64 1.0-0 0.97 16.89 17.86 NOTE
r-patched-solaris-sparc 1.0-0 202.20 NOTE
r-patched-solaris-x86 1.0-0 42.90 NOTE
r-release-linux-x86_64 1.0-0 0.99 16.75 17.74 NOTE
r-release-osx-x86_64-mavericks 1.0-0 NOTE
r-release-windows-ix86+x86_64 1.0-0 5.00 72.00 77.00 NOTE
r-oldrel-windows-ix86+x86_64 1.0-0 6.00 56.00 62.00 OK

Check Details

Version: 1.0-0
Check: R code for possible problems
Result: NOTE
    conf2d.default: no visible global function definition for ‘polygon’
    conf2d_int: no visible global function definition for ‘contourLines’
    Undefined global functions or variables:
     contourLines polygon
    Consider adding
     importFrom("grDevices", "contourLines")
     importFrom("graphics", "polygon")
    to your NAMESPACE file.
Flavors: r-devel-linux-x86_64-debian-clang, r-devel-linux-x86_64-debian-gcc, r-devel-windows-ix86+x86_64, r-patched-linux-x86_64, r-patched-solaris-sparc, r-patched-solaris-x86, r-release-linux-x86_64, r-release-osx-x86_64-mavericks, r-release-windows-ix86+x86_64

Version: 1.0-0
Flags: --no-stop-on-test-error
Check: R code for possible problems
Result: NOTE
    conf2d.default: no visible global function definition for ‘polygon’
    conf2d_int: no visible global function definition for ‘contourLines’
    Undefined global functions or variables:
     contourLines polygon
    Consider adding
     importFrom("grDevices", "contourLines")
     importFrom("graphics", "polygon")
    to your NAMESPACE file.
Flavors: r-devel-linux-x86_64-fedora-clang, r-devel-linux-x86_64-fedora-gcc, r-devel-macos-x86_64-clang