CRAN Package Check Results for Package r2d2

Last updated on 2022-09-24 23:57:41 CEST.

Flavor Version Tinstall Tcheck Ttotal Status Flags
r-devel-linux-x86_64-debian-clang 1.0.1 2.13 39.12 41.25 OK
r-devel-linux-x86_64-debian-gcc 1.0.1 2.45 30.74 33.19 OK
r-devel-linux-x86_64-fedora-clang 1.0.1 62.30 NOTE
r-devel-linux-x86_64-fedora-gcc 1.0.1 61.67 OK
r-devel-windows-x86_64 1.0.1 9.00 71.00 80.00 OK
r-patched-linux-x86_64 1.0.1 2.81 38.41 41.22 OK
r-release-linux-x86_64 1.0.1 2.35 37.32 39.67 OK
r-release-macos-arm64 1.0.1 41.00 OK
r-release-macos-x86_64 1.0.1 48.00 OK
r-release-windows-x86_64 1.0.1 9.00 70.00 79.00 OK
r-oldrel-macos-arm64 1.0.1 38.00 OK
r-oldrel-macos-x86_64 1.0.1 47.00 OK
r-oldrel-windows-ix86+x86_64 1.0.1 8.00 69.00 77.00 WARN

Check Details

Version: 1.0.1
Check: Rd cross-references
Result: NOTE
    Undeclared package ‘gplots’ in Rd xrefs
Flavor: r-devel-linux-x86_64-fedora-clang

Version: 1.0.1
Check: PDF version of manual
Result: WARN
    LaTeX errors when creating PDF version.
    This typically indicates Rd problems.
    LaTeX errors found:
    ! pdfTeX error (ext4): \pdfendlink ended up in different nesting level than \pd
    fstartlink.
    \AtBegShi@Output ...ipout \box \AtBeginShipoutBox
     \fi \fi
    l.1 \begin{theindex}
    ! ==> Fatal error occurred, no output PDF file produced!
Flavor: r-oldrel-windows-ix86+x86_64