CRAN Package Check Results for Package r2dRue

Last updated on 2014-04-23 12:48:25.

Flavor Version Tinstall Tcheck Ttotal Status Flags
r-devel-linux-x86_64-debian-clang 1.0.4 1.93 22.80 24.73 NOTE
r-devel-linux-x86_64-debian-gcc 1.0.4 1.59 22.80 24.39 NOTE
r-devel-linux-x86_64-fedora-clang 1.0.4 49.98 NOTE
r-devel-linux-x86_64-fedora-gcc 1.0.4 46.08 NOTE
r-devel-osx-x86_64-clang 1.0.4 45.77 NOTE
r-devel-osx-x86_64-gcc 1.0.4 NOTE
r-devel-windows-ix86+x86_64 1.0.4 5.00 31.00 36.00 NOTE
r-patched-linux-x86_64 1.0.4 1.54 22.50 24.03 NOTE
r-patched-solaris-sparc 1.0.4 272.70 NOTE
r-patched-solaris-x86 1.0.4 70.80 NOTE
r-release-linux-ix86 1.0.4 3.00 41.00 44.00 NOTE
r-release-linux-x86_64 1.0.4 1.56 22.68 24.24 NOTE
r-release-osx-x86_64-mavericks 1.0.4 ERROR
r-release-osx-x86_64-snowleopard 1.0.4 NOTE
r-release-windows-ix86+x86_64 1.0.4 5.00 33.00 38.00 NOTE
r-oldrel-windows-ix86+x86_64 1.0.4 5.00 32.00 37.00 NOTE

Check Details

Version: 1.0.4
Check: dependencies in R code
Result: NOTE
    'library' or 'require' call to ‘rgdal’ which was already attached by Depends.
     Please remove these calls from your code.
    Packages in Depends field not imported from:
     ‘matrixStats’ ‘rgdal’ ‘sp’
     These packages need to be imported from (in the NAMESPACE file)
     for when this namespace is loaded but not attached.
    See the information on DESCRIPTION files in the chapter ‘Creating R
    packages’ of the ‘Writing R Extensions’ manual.
Flavors: r-devel-linux-x86_64-debian-clang, r-devel-linux-x86_64-debian-gcc, r-devel-linux-x86_64-fedora-clang, r-devel-linux-x86_64-fedora-gcc, r-devel-osx-x86_64-clang, r-devel-osx-x86_64-gcc, r-devel-windows-ix86+x86_64, r-patched-linux-x86_64, r-patched-solaris-sparc, r-patched-solaris-x86, r-release-linux-ix86, r-release-linux-x86_64, r-release-windows-ix86+x86_64, r-oldrel-windows-ix86+x86_64

Version: 1.0.4
Check: package dependencies
Result: ERROR
    Package required but not available: ‘rgdal’
    
    See the information on DESCRIPTION files in the chapter ‘Creating R
    packages’ of the ‘Writing R Extensions’ manual.
Flavor: r-release-osx-x86_64-mavericks

Version: 1.0.4
Check: dependencies in R code
Result: NOTE
    'library' or 'require' call to 'rgdal' which was already attached by Depends.
     Please remove these calls from your code.
    See the information on DESCRIPTION files in the chapter 'Creating R
    packages' of the 'Writing R Extensions' manual.
Flavor: r-release-osx-x86_64-snowleopard