CRAN Package Check Results for Package r2dRue

Last updated on 2015-08-02 17:47:57.

Flavor Version Tinstall Tcheck Ttotal Status Flags
r-devel-linux-x86_64-debian-clang 1.0.4 1.25 18.45 19.70 NOTE
r-devel-linux-x86_64-debian-gcc 1.0.4 1.21 17.96 19.17 NOTE
r-devel-linux-x86_64-fedora-clang 1.0.4 38.67 NOTE
r-devel-linux-x86_64-fedora-gcc 1.0.4 35.53 NOTE
r-devel-osx-x86_64-clang 1.0.4 32.27 NOTE
r-devel-windows-ix86+x86_64 1.0.4 5.00 29.00 34.00 NOTE
r-patched-linux-x86_64 1.0.4 1.25 18.63 19.88 NOTE
r-patched-solaris-sparc 1.0.4 236.50 NOTE
r-patched-solaris-x86 1.0.4 64.90 NOTE
r-release-linux-x86_64 1.0.4 1.24 18.39 19.64 NOTE
r-release-osx-x86_64-mavericks 1.0.4 NOTE
r-release-windows-ix86+x86_64 1.0.4 5.00 30.00 35.00 NOTE
r-oldrel-windows-ix86+x86_64 1.0.4 9.00 47.00 56.00 NOTE

Check Details

Version: 1.0.4
Check: dependencies in R code
Result: NOTE
    'library' or 'require' call to ‘rgdal’ which was already attached by Depends.
     Please remove these calls from your code.
    Packages in Depends field not imported from:
     ‘matrixStats’ ‘rgdal’ ‘sp’
     These packages need to be imported from (in the NAMESPACE file)
     for when this namespace is loaded but not attached.
Flavors: r-devel-linux-x86_64-debian-clang, r-devel-linux-x86_64-debian-gcc, r-devel-linux-x86_64-fedora-clang, r-devel-linux-x86_64-fedora-gcc, r-devel-osx-x86_64-clang, r-devel-windows-ix86+x86_64, r-patched-linux-x86_64, r-patched-solaris-sparc, r-patched-solaris-x86, r-release-linux-x86_64, r-release-osx-x86_64-mavericks, r-release-windows-ix86+x86_64, r-oldrel-windows-ix86+x86_64

Version: 1.0.4
Check: R code for possible problems
Result: NOTE
    .gdalWriteFormats: no visible global function definition for
     ‘gdalDrivers’
    aiObsEx: no visible global function definition for ‘readGDAL’
    aiObsEx: no visible global function definition for ‘txtProgressBar’
    aiObsEx: no visible global function definition for ‘setTxtProgressBar’
    aiObsMe: no visible global function definition for ‘txtProgressBar’
    aiObsMe: no visible global function definition for ‘readGDAL’
    aiObsMe: no visible global function definition for ‘setTxtProgressBar’
    assessment: no visible global function definition for ‘writeGDAL’
    assessment: no visible global function definition for ‘readGDAL’
    batchPetHgsm: no visible global function definition for ‘readGDAL’
    batchPetHgsm: no visible global function definition for ‘writeGDAL’
    editr2dRfile : canReadRgf: no visible global function definition for
     ‘readGDAL’
    editr2dRfile: no visible global function definition for ‘write.table’
    monitoring: no visible global function definition for ‘writeGDAL’
    monitoring: no visible global function definition for ‘readGDAL’
    r2dRplot: no visible global function definition for ‘layout’
    r2dRplot: no visible global function definition for ‘readGDAL’
    r2dRplot: no visible global function definition for ‘image’
    r2dRplot: no visible global function definition for ‘title’
    r2dRplot: no visible global function definition for ‘plot’
    r2dRplot: no visible global function definition for ‘density’
    r2dRplot: no visible global function definition for ‘hist’
    r2dRplot: no visible global function definition for ‘boxplot’
    r2dRplot: no visible global function definition for ‘barplot’
    r2dRplot: no visible global function definition for ‘layout.show’
    r2dRplot: no visible global function definition for ‘spplot’
    r2dRplot: no visible global function definition for ‘axis.Date’
    r2dRplot: no visible global function definition for ‘rect’
    r2dRplot: no visible global function definition for ‘lines’
    r2dRplot: no visible global function definition for ‘abline’
    rasterStack: no visible global function definition for ‘GDALinfo’
    rasterStack: no visible global function definition for ‘txtProgressBar’
    rasterStack: no visible global function definition for ‘GDAL.open’
    rasterStack: no visible global function definition for ‘GDAL.close’
    rasterStack: no visible global function definition for
     ‘setTxtProgressBar’
    rasterStack: no visible global function definition for ‘write.table’
    readr2dRfile: no visible global function definition for ‘GDALinfo’
    regStepDF: no visible global function definition for ‘na.omit’
    regStepDF: no visible global function definition for ‘cor’
    regStepDF: no visible global function definition for ‘pf’
    regStepDF: no visible global function definition for ‘pt’
    regStepRaster: no visible global function definition for ‘GDALinfo’
    regStepRaster: no visible global function definition for
     ‘txtProgressBar’
    regStepRaster: no visible global function definition for ‘write.table’
    regStepRaster: no visible global function definition for
     ‘setTxtProgressBar’
    regStepRaster: no visible global function definition for ‘read.table’
    regStepRaster: no visible global function definition for ‘readGDAL’
    regStepRaster: no visible global function definition for ‘writeGDAL’
    rgf.plot: no visible global function definition for ‘barplot’
    rgf.plot: no visible global function definition for ‘boxplot’
    rgf.plot: no visible global function definition for ‘plot’
    rgf.read: no visible global function definition for ‘read.table’
    rgf.summarize: no visible global function definition for
     ‘txtProgressBar’
    rgf.summarize: no visible global function definition for ‘readGDAL’
    rgf.summarize: no visible global function definition for ‘density’
    rgf.summarize: no visible global function definition for ‘boxplot’
    rgf.summarize: no visible global function definition for
     ‘setTxtProgressBar’
    rgf.summary: no visible global function definition for ‘txtProgressBar’
    rgf.summary: no visible global function definition for ‘readGDAL’
    rgf.summary: no visible global function definition for
     ‘setTxtProgressBar’
    rgf.summary: no visible global function definition for ‘writeGDAL’
    rgf.summary: no visible global function definition for ‘GDALinfo’
    rgf.summary: no visible global function definition for ‘GDAL.open’
    rgf.summary: no visible global function definition for ‘GDAL.close’
    rgf.summary: no visible global function definition for ‘rowMedians’
    rgf.summary: no visible global function definition for ‘rowRanges’
    rgf.summary: no visible global function definition for ‘rowSds’
    rgf.summary: no visible global function definition for ‘rowVars’
    rgf.summary: no visible global function definition for ‘rowCounts’
    rgf.when: no visible global function definition for ‘readGDAL’
    rgf.when: no visible global function definition for ‘txtProgressBar’
    rgf.when: no visible global function definition for ‘setTxtProgressBar’
    rueObsEx: no visible global function definition for ‘readGDAL’
    rueObsEx: no visible global function definition for ‘txtProgressBar’
    rueObsEx: no visible global function definition for ‘setTxtProgressBar’
    rueObsMe: no visible global function definition for ‘txtProgressBar’
    rueObsMe: no visible global function definition for ‘readGDAL’
    rueObsMe: no visible global function definition for ‘setTxtProgressBar’
    showInfo: no visible global function definition for ‘head’
    solarRad: no visible global function definition for ‘is.projected’
    solarRad: no visible global function definition for ‘coordinates’
    solarRad12M: no visible global function definition for ‘writeGDAL’
    summarize: no visible global function definition for ‘writeGDAL’
    Undefined global functions or variables:
     GDAL.close GDAL.open GDALinfo abline axis.Date barplot boxplot
     coordinates cor density gdalDrivers head hist image is.projected
     layout layout.show lines na.omit pf plot pt read.table readGDAL rect
     rowCounts rowMedians rowRanges rowSds rowVars setTxtProgressBar
     spplot title txtProgressBar write.table writeGDAL
    Consider adding
     importFrom("graphics", "abline", "axis.Date", "barplot", "boxplot",
     "hist", "image", "layout", "layout.show", "lines", "plot",
     "rect", "title")
     importFrom("stats", "cor", "density", "na.omit", "pf", "pt")
     importFrom("utils", "head", "read.table", "setTxtProgressBar",
     "txtProgressBar", "write.table")
    to your NAMESPACE.
Flavors: r-devel-linux-x86_64-debian-clang, r-devel-linux-x86_64-debian-gcc, r-devel-linux-x86_64-fedora-clang, r-devel-linux-x86_64-fedora-gcc, r-devel-windows-ix86+x86_64

Version: 1.0.4
Check: R code for possible problems
Result: NOTE
    .gdalWriteFormats: no visible global function definition for
     ‘gdalDrivers’
    aiObsEx: no visible global function definition for ‘readGDAL’
    aiObsMe: no visible global function definition for ‘readGDAL’
    assessment: no visible global function definition for ‘writeGDAL’
    assessment: no visible global function definition for ‘readGDAL’
    batchPetHgsm: no visible global function definition for ‘readGDAL’
    batchPetHgsm: no visible global function definition for ‘writeGDAL’
    editr2dRfile : canReadRgf: no visible global function definition for
     ‘readGDAL’
    monitoring: no visible global function definition for ‘writeGDAL’
    monitoring: no visible global function definition for ‘readGDAL’
    r2dRplot: no visible global function definition for ‘readGDAL’
    r2dRplot: no visible global function definition for ‘spplot’
    rasterStack: no visible global function definition for ‘GDALinfo’
    rasterStack: no visible global function definition for ‘GDAL.open’
    rasterStack: no visible global function definition for ‘GDAL.close’
    readr2dRfile: no visible global function definition for ‘GDALinfo’
    regStepRaster: no visible global function definition for ‘GDALinfo’
    regStepRaster: no visible global function definition for ‘readGDAL’
    regStepRaster: no visible global function definition for ‘writeGDAL’
    rgf.summarize: no visible global function definition for ‘readGDAL’
    rgf.summary: no visible global function definition for ‘readGDAL’
    rgf.summary: no visible global function definition for ‘writeGDAL’
    rgf.summary: no visible global function definition for ‘GDALinfo’
    rgf.summary: no visible global function definition for ‘GDAL.open’
    rgf.summary: no visible global function definition for ‘GDAL.close’
    rgf.summary: no visible global function definition for ‘rowMedians’
    rgf.summary: no visible global function definition for ‘rowRanges’
    rgf.summary: no visible global function definition for ‘rowSds’
    rgf.summary: no visible global function definition for ‘rowVars’
    rgf.summary: no visible global function definition for ‘rowCounts’
    rgf.when: no visible global function definition for ‘readGDAL’
    rueObsEx: no visible global function definition for ‘readGDAL’
    rueObsMe: no visible global function definition for ‘readGDAL’
    solarRad: no visible global function definition for ‘is.projected’
    solarRad: no visible global function definition for ‘coordinates’
    solarRad12M: no visible global function definition for ‘writeGDAL’
    summarize: no visible global function definition for ‘writeGDAL’
    Undefined global functions or variables:
     GDAL.close GDAL.open GDALinfo coordinates gdalDrivers is.projected
     readGDAL rowCounts rowMedians rowRanges rowSds rowVars spplot
     writeGDAL
Flavor: r-devel-osx-x86_64-clang

Version: 1.0.4
Check: R code for possible problems
Result: NOTE
    .gdalWriteFormats: no visible global function definition for
     ‘gdalDrivers’
    aiObsEx: no visible global function definition for ‘readGDAL’
    aiObsMe: no visible global function definition for ‘readGDAL’
    assessment: no visible global function definition for ‘writeGDAL’
    assessment: no visible global function definition for ‘readGDAL’
    batchPetHgsm: no visible global function definition for ‘readGDAL’
    batchPetHgsm: no visible global function definition for ‘writeGDAL’
    editr2dRfile : canReadRgf: no visible global function definition for
     ‘readGDAL’
    monitoring: no visible global function definition for ‘writeGDAL’
    monitoring: no visible global function definition for ‘readGDAL’
    r2dRplot: no visible global function definition for ‘readGDAL’
    r2dRplot: no visible global function definition for ‘spplot’
    rasterStack: no visible global function definition for ‘GDALinfo’
    rasterStack: no visible global function definition for ‘GDAL.open’
    rasterStack: no visible global function definition for ‘GDAL.close’
    readr2dRfile: no visible global function definition for ‘GDALinfo’
    regStepRaster: no visible global function definition for ‘GDALinfo’
    regStepRaster: no visible global function definition for ‘readGDAL’
    regStepRaster: no visible global function definition for ‘writeGDAL’
    rgf.summarize: no visible global function definition for ‘readGDAL’
    rgf.summary: no visible global function definition for ‘readGDAL’
    rgf.summary: no visible global function definition for ‘writeGDAL’
    rgf.summary: no visible global function definition for ‘GDALinfo’
    rgf.summary: no visible global function definition for ‘GDAL.open’
    rgf.summary: no visible global function definition for ‘GDAL.close’
    rgf.summary: no visible global function definition for ‘rowMedians’
    rgf.summary: no visible global function definition for ‘rowRanges’
    rgf.summary: no visible global function definition for ‘rowSds’
    rgf.summary: no visible global function definition for ‘rowVars’
    rgf.summary: no visible global function definition for ‘rowCounts’
    rgf.when: no visible global function definition for ‘readGDAL’
    rueObsEx: no visible global function definition for ‘readGDAL’
    rueObsMe: no visible global function definition for ‘readGDAL’
    solarRad: no visible global function definition for ‘is.projected’
    solarRad: no visible global function definition for ‘coordinates’
    solarRad12M: no visible global function definition for ‘writeGDAL’
    summarize: no visible global function definition for ‘writeGDAL’
Flavors: r-patched-linux-x86_64, r-patched-solaris-sparc, r-patched-solaris-x86, r-release-linux-x86_64, r-release-osx-x86_64-mavericks, r-release-windows-ix86+x86_64, r-oldrel-windows-ix86+x86_64