CRAN Package Check Results for Package r2dRue

Last updated on 2014-10-24 19:47:48.

Flavor Version Tinstall Tcheck Ttotal Status Flags
r-devel-linux-x86_64-debian-clang 1.0.4 1.50 21.52 23.02 NOTE
r-devel-linux-x86_64-debian-gcc 1.0.4 1.44 21.04 22.48 NOTE
r-devel-linux-x86_64-fedora-clang 1.0.4 47.60 NOTE
r-devel-linux-x86_64-fedora-gcc 1.0.4 44.59 NOTE
r-devel-osx-x86_64-clang 1.0.4 43.13 NOTE
r-devel-windows-ix86+x86_64 1.0.4 5.00 31.00 36.00 NOTE
r-patched-linux-x86_64 1.0.4 1.48 21.38 22.86 NOTE
r-patched-solaris-sparc 1.0.4 288.20 NOTE
r-patched-solaris-x86 1.0.4 74.60 NOTE
r-release-linux-ix86 1.0.4 2.16 30.63 32.79 NOTE
r-release-linux-x86_64 1.0.4 1.52 21.99 23.51 NOTE
r-release-osx-x86_64-mavericks 1.0.4 ERROR
r-release-osx-x86_64-snowleopard 1.0.4 NOTE
r-release-windows-ix86+x86_64 1.0.4 5.00 32.00 37.00 NOTE
r-oldrel-windows-ix86+x86_64 1.0.4 5.00 35.00 40.00 NOTE

Check Details

Version: 1.0.4
Check: dependencies in R code
Result: NOTE
    'library' or 'require' call to ‘rgdal’ which was already attached by Depends.
     Please remove these calls from your code.
    Packages in Depends field not imported from:
     ‘matrixStats’ ‘rgdal’ ‘sp’
     These packages need to be imported from (in the NAMESPACE file)
     for when this namespace is loaded but not attached.
    See the information on DESCRIPTION files in the chapter ‘Creating R
    packages’ of the ‘Writing R Extensions’ manual.
Flavors: r-devel-linux-x86_64-debian-clang, r-devel-linux-x86_64-debian-gcc, r-devel-linux-x86_64-fedora-clang, r-devel-linux-x86_64-fedora-gcc, r-devel-osx-x86_64-clang, r-devel-windows-ix86+x86_64, r-patched-linux-x86_64, r-patched-solaris-sparc, r-patched-solaris-x86, r-release-linux-ix86, r-release-linux-x86_64, r-release-windows-ix86+x86_64, r-oldrel-windows-ix86+x86_64

Version: 1.0.4
Check: R code for possible problems
Result: NOTE
    .gdalWriteFormats: no visible global function definition for
     ‘gdalDrivers’
    aiObsEx: no visible global function definition for ‘readGDAL’
    aiObsMe: no visible global function definition for ‘readGDAL’
    assessment: no visible global function definition for ‘writeGDAL’
    assessment: no visible global function definition for ‘readGDAL’
    batchPetHgsm: no visible global function definition for ‘readGDAL’
    batchPetHgsm: no visible global function definition for ‘writeGDAL’
    editr2dRfile : canReadRgf: no visible global function definition for
     ‘readGDAL’
    monitoring: no visible global function definition for ‘writeGDAL’
    monitoring: no visible global function definition for ‘readGDAL’
    r2dRplot: no visible global function definition for ‘readGDAL’
    r2dRplot: no visible global function definition for ‘spplot’
    rasterStack: no visible global function definition for ‘GDALinfo’
    rasterStack: no visible global function definition for ‘GDAL.open’
    rasterStack: no visible global function definition for ‘GDAL.close’
    readr2dRfile: no visible global function definition for ‘GDALinfo’
    regStepRaster: no visible global function definition for ‘GDALinfo’
    regStepRaster: no visible global function definition for ‘readGDAL’
    regStepRaster: no visible global function definition for ‘writeGDAL’
    rgf.summarize: no visible global function definition for ‘readGDAL’
    rgf.summary: no visible global function definition for ‘readGDAL’
    rgf.summary: no visible global function definition for ‘writeGDAL’
    rgf.summary: no visible global function definition for ‘GDALinfo’
    rgf.summary: no visible global function definition for ‘GDAL.open’
    rgf.summary: no visible global function definition for ‘GDAL.close’
    rgf.summary: no visible global function definition for ‘rowMedians’
    rgf.summary: no visible global function definition for ‘rowRanges’
    rgf.summary: no visible global function definition for ‘rowSds’
    rgf.summary: no visible global function definition for ‘rowVars’
    rgf.summary: no visible global function definition for ‘rowCounts’
    rgf.when: no visible global function definition for ‘readGDAL’
    rueObsEx: no visible global function definition for ‘readGDAL’
    rueObsMe: no visible global function definition for ‘readGDAL’
    solarRad: no visible global function definition for ‘is.projected’
    solarRad: no visible global function definition for ‘coordinates’
    solarRad12M: no visible global function definition for ‘writeGDAL’
    summarize: no visible global function definition for ‘writeGDAL’
Flavors: r-devel-linux-x86_64-debian-clang, r-devel-linux-x86_64-debian-gcc, r-devel-linux-x86_64-fedora-clang, r-devel-linux-x86_64-fedora-gcc, r-devel-osx-x86_64-clang, r-devel-windows-ix86+x86_64, r-patched-linux-x86_64, r-patched-solaris-sparc, r-patched-solaris-x86

Version: 1.0.4
Check: package dependencies
Result: ERROR
    Package required but not available: ‘rgdal’
    
    See the information on DESCRIPTION files in the chapter ‘Creating R
    packages’ of the ‘Writing R Extensions’ manual.
Flavor: r-release-osx-x86_64-mavericks

Version: 1.0.4
Check: dependencies in R code
Result: NOTE
    'library' or 'require' call to 'rgdal' which was already attached by Depends.
     Please remove these calls from your code.
    See the information on DESCRIPTION files in the chapter 'Creating R
    packages' of the 'Writing R Extensions' manual.
Flavor: r-release-osx-x86_64-snowleopard