CRAN Package Check Results for Package r2lh

Last updated on 2015-07-04 21:46:45.

Flavor Version Tinstall Tcheck Ttotal Status Flags
r-devel-linux-x86_64-debian-clang 0.7 0.95 20.82 21.78 NOTE
r-devel-linux-x86_64-debian-gcc 0.7 0.85 20.83 21.68 NOTE
r-devel-linux-x86_64-fedora-clang 0.7 40.45 NOTE
r-devel-linux-x86_64-fedora-gcc 0.7 36.92 NOTE
r-devel-osx-x86_64-clang 0.7 34.82 NOTE
r-devel-windows-ix86+x86_64 0.7 4.00 31.00 35.00 NOTE
r-patched-linux-x86_64 0.7 0.86 19.86 20.72 NOTE
r-patched-solaris-sparc 0.7 237.40 NOTE
r-patched-solaris-x86 0.7 49.70 NOTE
r-release-linux-x86_64 0.7 0.87 20.63 21.50 NOTE
r-release-osx-x86_64-mavericks 0.7 NOTE
r-release-windows-ix86+x86_64 0.7 4.00 34.00 38.00 NOTE
r-oldrel-windows-ix86+x86_64 0.7 5.00 34.00 39.00 NOTE

Check Details

Version: 0.7
Check: DESCRIPTION meta-information
Result: NOTE
    Malformed Description field: should contain one or more complete sentences.
Flavors: r-devel-linux-x86_64-debian-clang, r-devel-linux-x86_64-debian-gcc, r-devel-linux-x86_64-fedora-clang, r-devel-linux-x86_64-fedora-gcc, r-devel-osx-x86_64-clang, r-devel-windows-ix86+x86_64, r-patched-linux-x86_64, r-patched-solaris-sparc, r-patched-solaris-x86, r-release-linux-x86_64, r-release-osx-x86_64-mavericks, r-release-windows-ix86+x86_64

Version: 0.7
Check: top-level files
Result: NOTE
    Non-standard files/directories found at top level:
     ‘r2lh-Ex.R’ ‘testsDev’
Flavors: r-devel-linux-x86_64-debian-clang, r-devel-linux-x86_64-debian-gcc, r-devel-linux-x86_64-fedora-clang, r-devel-linux-x86_64-fedora-gcc, r-patched-linux-x86_64, r-release-linux-x86_64

Version: 0.7
Check: dependencies in R code
Result: NOTE
    Package in Depends field not imported from: ‘methods’
     These packages need to be imported from (in the NAMESPACE file)
     for when this namespace is loaded but not attached.
Flavors: r-devel-linux-x86_64-debian-clang, r-devel-linux-x86_64-debian-gcc, r-devel-linux-x86_64-fedora-clang, r-devel-linux-x86_64-fedora-gcc, r-devel-osx-x86_64-clang, r-devel-windows-ix86+x86_64, r-patched-linux-x86_64, r-patched-solaris-sparc, r-patched-solaris-x86, r-release-linux-x86_64, r-release-osx-x86_64-mavericks, r-release-windows-ix86+x86_64, r-oldrel-windows-ix86+x86_64

Version: 0.7
Check: R code for possible problems
Result: NOTE
    r2lBivContingencyTable: no visible global function definition for
     ‘addmargins’
    r2lBivSummaryArray: no visible global function definition for ‘na.omit’
    r2lBivSummaryArray: no visible global function definition for ‘var’
    r2lBivSummaryArray: no visible global function definition for ‘sd’
    r2lBivTestAnova: no visible global function definition for ‘anova’
    r2lBivTestAnova: no visible global function definition for ‘lm’
    r2lBivTestCorPearson: no visible global function definition for
     ‘cor.test’
    r2lBivTestCorSpearman: no visible global function definition for
     ‘cor.test’
    r2lBivTestFisherExact: no visible global function definition for
     ‘fisher.test’
    r2lBivTestKruskalWallis: no visible global function definition for
     ‘kruskal.test’
    r2lBivTestKruskalWallisInv: no visible global function definition for
     ‘kruskal.test’
    r2lBivTestOddsRatio: no visible global function definition for ‘pnorm’
    r2lBivTestRelativeRisk: no visible global function definition for
     ‘pnorm’
    r2lBivTestStudent: no visible global function definition for ‘t.test’
    r2lBivTestWilcoxon: no visible global function definition for
     ‘wilcox.test’
    r2lDensities: no visible global function definition for ‘na.omit’
    r2lDensities: no visible global function definition for ‘density’
    r2lDensities: no visible global function definition for ‘plot’
    r2lDensities: no visible global function definition for ‘lines’
    r2lGraphBarplot: no visible global function definition for ‘na.omit’
    r2lGraphHist: no visible global function definition for ‘hist’
    r2lMakePlot: no visible global function definition for ‘dev.off’
    r2lUnivSummary: no visible global function definition for ‘na.omit’
    r2lUnivSummary: no visible global function definition for ‘var’
    r2lUnivSummary: no visible global function definition for ‘sd’
    redToBlue: no visible global function definition for ‘rgb’
    Undefined global functions or variables:
     addmargins anova cor.test density dev.off fisher.test hist
     kruskal.test lines lm na.omit plot pnorm rgb sd t.test var
     wilcox.test
Flavors: r-devel-linux-x86_64-debian-clang, r-devel-linux-x86_64-debian-gcc, r-devel-linux-x86_64-fedora-clang, r-devel-linux-x86_64-fedora-gcc

Version: 0.7
Check: Rd line widths
Result: NOTE
    Rd file 'rthMainFile.Rd':
     \usage lines wider than 90 characters:
     r2hMainFile(fileOut = "main.html",text="<OBJECT data='univ.html' type='text/html'></OBJECT>",sweave=FALSE)
    
    Rd file 'rthb.Rd':
     \usage lines wider than 90 characters:
     r2hb(formula,fileOut="",textBefore="",textAfter="",graphDir="graphBiv",graphName="V",type="png",displayStyle=7,limDiscreteY=10,limDis ... [TRUNCATED]
     r2htmlBiv(formula,fileOut="",textBefore="",textAfter="",graphDir="graphBiv",graphName="V",type="png",displayStyle=7,limDiscreteY=10,l ... [TRUNCATED]
     \examples lines wider than 100 characters:
     if(!file.exists("tmp/r2hbExample",recursive=TRUE)){dir.create("tmp/r2hbExample",recursive=TRUE)}else{}
     r2hb(V1~V2,fileOut="first.html",textBefore="<H2>Variables V1, V2, V3</H2>",graphName="Gr1",type="png")
     r2hb(V3~V1,fileOut="third.html",textBefore="This is V3 vs. V1",graphDir="P",graphName="Gr3",type="png",displayStyle=2)
    
    Rd file 'rthu.Rd':
     \usage lines wider than 90 characters:
     r2hu(x,fileOut="",textBefore="",textAfter="",graphDir="graphUniv",graphName="V",type="png",limDiscrete=10)
     r2htmlUniv(x,fileOut="",textBefore="",textAfter="",graphDir="graphUniv",graphName="V",type="png",limDiscrete=10)
     \examples lines wider than 100 characters:
     examCheating$Bac <- ordered(examCheating$Bac,levels=c("Remedial exam","Pass","Fairly good","Good","Very good","Summa cum laude"))
     examCheating[,iColumn] <- ordered(examCheating[,iColumn],levels=c("Never","Rarely","Sometimes","Often","Always"))
    
    Rd file 'rtlb.Rd':
     \usage lines wider than 90 characters:
     r2lb(formula,fileOut="",textBefore="",textAfter="",graphDir="graphBiv",graphName="V",type="png",displayStyle=7,limDiscreteY=10,limDis ... [TRUNCATED]
     r2latexBiv(formula,fileOut="",textBefore="",textAfter="",graphDir="graphBiv",graphName="V",type="png",displayStyle=7,limDiscreteY=10, ... [TRUNCATED]
     \examples lines wider than 100 characters:
     if(!file.exists("tmp/r2lbExample",recursive=TRUE)){dir.create("tmp/r2lbExample",recursive=TRUE)}else{}
     r2lb(V1~V2,fileOut="first.tex",textBefore="\\section{Variables V1, V2, V3}",graphName="Gr1",type="postscript")
     r2lb(V3~V1,fileOut="third.tex",textBefore="This is V3 vs. V1",graphDir="P",graphName="Gr3",type="postscript",displayStyle=2)
    
    Rd file 'rtlu.Rd':
     \usage lines wider than 90 characters:
     r2lu(x,fileOut="",textBefore="",textAfter="",graphDir="graphUniv",graphName="V",type="png",limDiscrete=10)
     r2latexUniv(x,fileOut="",textBefore="",textAfter="",graphDir="graphUniv",graphName="V",type="png",limDiscrete=10)
     \examples lines wider than 100 characters:
     if(!file.exists("tmp/r2luExample",recursive=TRUE)){dir.create("tmp/r2luExample",recursive=TRUE)}else{}
     examCheating$Bac <- ordered(examCheating$Bac,levels=c("Remedial exam","Pass","Fairly good","Good","Very good","Summa cum laude"))
     examCheating[,iColumn] <- ordered(examCheating[,iColumn],levels=c("Never","Rarely","Sometimes","Often","Always"))
    
    These lines will be truncated in the PDF manual.
Flavors: r-devel-linux-x86_64-debian-clang, r-devel-linux-x86_64-debian-gcc, r-devel-linux-x86_64-fedora-clang, r-devel-linux-x86_64-fedora-gcc, r-patched-linux-x86_64, r-release-linux-x86_64