CRAN Package Check Results for Package r2lh

Last updated on 2014-10-02 11:48:14.

Flavor Version Tinstall Tcheck Ttotal Status Flags
r-devel-linux-x86_64-debian-clang 0.7 1.01 21.23 22.24 NOTE
r-devel-linux-x86_64-debian-gcc 0.7 0.98 21.07 22.05 NOTE
r-devel-linux-x86_64-fedora-clang 0.7 47.23 NOTE
r-devel-linux-x86_64-fedora-gcc 0.7 44.54 NOTE
r-devel-osx-x86_64-clang 0.7 39.71 NOTE
r-devel-windows-ix86+x86_64 0.7 3.00 27.00 30.00 NOTE
r-patched-linux-x86_64 0.7 1.24 22.08 23.32 NOTE
r-patched-solaris-sparc 0.7 249.50 NOTE
r-patched-solaris-x86 0.7 57.20 NOTE
r-release-linux-ix86 0.7 1.46 27.78 29.24 NOTE
r-release-linux-x86_64 0.7 1.08 21.74 22.81 NOTE
r-release-osx-x86_64-mavericks 0.7 NOTE
r-release-windows-ix86+x86_64 0.7 4.00 42.00 46.00 NOTE
r-oldrel-windows-ix86+x86_64 0.7 3.00 46.00 49.00 NOTE

Check Details

Version: 0.7
Check: top-level files
Result: NOTE
    Non-standard files/directories found at top level:
     ‘r2lh-Ex.R’ ‘testsDev’
Flavors: r-devel-linux-x86_64-debian-clang, r-devel-linux-x86_64-debian-gcc, r-devel-linux-x86_64-fedora-clang, r-devel-linux-x86_64-fedora-gcc, r-patched-linux-x86_64, r-release-linux-x86_64

Version: 0.7
Check: dependencies in R code
Result: NOTE
    Package in Depends field not imported from: ‘methods’
     These packages need to be imported from (in the NAMESPACE file)
     for when this namespace is loaded but not attached.
    See the information on DESCRIPTION files in the chapter ‘Creating R
    packages’ of the ‘Writing R Extensions’ manual.
Flavors: r-devel-linux-x86_64-debian-clang, r-devel-linux-x86_64-debian-gcc, r-devel-linux-x86_64-fedora-clang, r-devel-linux-x86_64-fedora-gcc, r-devel-osx-x86_64-clang, r-devel-windows-ix86+x86_64, r-patched-linux-x86_64, r-patched-solaris-sparc, r-patched-solaris-x86, r-release-linux-ix86, r-release-linux-x86_64, r-release-osx-x86_64-mavericks, r-release-windows-ix86+x86_64, r-oldrel-windows-ix86+x86_64

Version: 0.7
Check: Rd line widths
Result: NOTE
    Rd file 'rthMainFile.Rd':
     \usage lines wider than 90 characters:
     r2hMainFile(fileOut = "main.html",text="<OBJECT data='univ.html' type='text/html'></OBJECT>",sweave=FALSE)
    
    Rd file 'rthb.Rd':
     \usage lines wider than 90 characters:
     r2hb(formula,fileOut="",textBefore="",textAfter="",graphDir="graphBiv",graphName="V",type="png",displayStyle=7,limDiscreteY=10,limDis ... [TRUNCATED]
     r2htmlBiv(formula,fileOut="",textBefore="",textAfter="",graphDir="graphBiv",graphName="V",type="png",displayStyle=7,limDiscreteY=10,l ... [TRUNCATED]
     \examples lines wider than 100 characters:
     if(!file.exists("tmp/r2hbExample",recursive=TRUE)){dir.create("tmp/r2hbExample",recursive=TRUE)}else{}
     r2hb(V1~V2,fileOut="first.html",textBefore="<H2>Variables V1, V2, V3</H2>",graphName="Gr1",type="png")
     r2hb(V3~V1,fileOut="third.html",textBefore="This is V3 vs. V1",graphDir="P",graphName="Gr3",type="png",displayStyle=2)
    
    Rd file 'rthu.Rd':
     \usage lines wider than 90 characters:
     r2hu(x,fileOut="",textBefore="",textAfter="",graphDir="graphUniv",graphName="V",type="png",limDiscrete=10)
     r2htmlUniv(x,fileOut="",textBefore="",textAfter="",graphDir="graphUniv",graphName="V",type="png",limDiscrete=10)
     \examples lines wider than 100 characters:
     examCheating$Bac <- ordered(examCheating$Bac,levels=c("Remedial exam","Pass","Fairly good","Good","Very good","Summa cum laude"))
     examCheating[,iColumn] <- ordered(examCheating[,iColumn],levels=c("Never","Rarely","Sometimes","Often","Always"))
    
    Rd file 'rtlb.Rd':
     \usage lines wider than 90 characters:
     r2lb(formula,fileOut="",textBefore="",textAfter="",graphDir="graphBiv",graphName="V",type="png",displayStyle=7,limDiscreteY=10,limDis ... [TRUNCATED]
     r2latexBiv(formula,fileOut="",textBefore="",textAfter="",graphDir="graphBiv",graphName="V",type="png",displayStyle=7,limDiscreteY=10, ... [TRUNCATED]
     \examples lines wider than 100 characters:
     if(!file.exists("tmp/r2lbExample",recursive=TRUE)){dir.create("tmp/r2lbExample",recursive=TRUE)}else{}
     r2lb(V1~V2,fileOut="first.tex",textBefore="\\section{Variables V1, V2, V3}",graphName="Gr1",type="postscript")
     r2lb(V3~V1,fileOut="third.tex",textBefore="This is V3 vs. V1",graphDir="P",graphName="Gr3",type="postscript",displayStyle=2)
    
    Rd file 'rtlu.Rd':
     \usage lines wider than 90 characters:
     r2lu(x,fileOut="",textBefore="",textAfter="",graphDir="graphUniv",graphName="V",type="png",limDiscrete=10)
     r2latexUniv(x,fileOut="",textBefore="",textAfter="",graphDir="graphUniv",graphName="V",type="png",limDiscrete=10)
     \examples lines wider than 100 characters:
     if(!file.exists("tmp/r2luExample",recursive=TRUE)){dir.create("tmp/r2luExample",recursive=TRUE)}else{}
     examCheating$Bac <- ordered(examCheating$Bac,levels=c("Remedial exam","Pass","Fairly good","Good","Very good","Summa cum laude"))
     examCheating[,iColumn] <- ordered(examCheating[,iColumn],levels=c("Never","Rarely","Sometimes","Often","Always"))
    
    These lines will be truncated in the PDF manual.
Flavors: r-devel-linux-x86_64-debian-clang, r-devel-linux-x86_64-debian-gcc, r-devel-linux-x86_64-fedora-clang, r-devel-linux-x86_64-fedora-gcc, r-patched-linux-x86_64, r-release-linux-x86_64