Last updated on 2023-12-08 20:55:20 CET.
Flavor | Version | Tinstall | Tcheck | Ttotal | Status | Flags |
---|---|---|---|---|---|---|
r-devel-linux-x86_64-debian-clang | 0.1.2 | 6.85 | 77.03 | 83.88 | OK | |
r-devel-linux-x86_64-debian-gcc | 0.1.2 | 4.16 | 59.20 | 63.36 | OK | |
r-devel-linux-x86_64-fedora-clang | 0.1.2 | 100.98 | NOTE | |||
r-devel-linux-x86_64-fedora-gcc | 0.1.2 | 111.94 | OK | |||
r-devel-windows-x86_64 | 0.1.2 | 10.00 | 105.00 | 115.00 | NOTE | |
r-patched-linux-x86_64 | 0.1.2 | 7.62 | 77.21 | 84.83 | OK | |
r-release-linux-x86_64 | 0.1.2 | 4.37 | 74.07 | 78.44 | OK | |
r-release-macos-arm64 | 0.1.2 | 56.00 | NOTE | |||
r-release-macos-x86_64 | 0.1.2 | 75.00 | NOTE | |||
r-release-windows-x86_64 | 0.1.2 | 13.00 | 109.00 | 122.00 | NOTE | |
r-oldrel-macos-arm64 | 0.1.2 | 41.00 | NOTE | |||
r-oldrel-macos-x86_64 | 0.1.2 | 58.00 | NOTE | |||
r-oldrel-windows-x86_64 | 0.1.2 | 11.00 | 104.00 | 115.00 | NOTE |
Version: 0.1.2
Check: installed package size
Result: NOTE
installed size is 11.6Mb
sub-directories of 1Mb or more:
doc 9.9Mb
Flavors: r-devel-linux-x86_64-fedora-clang, r-devel-windows-x86_64, r-release-macos-arm64, r-release-macos-x86_64, r-release-windows-x86_64, r-oldrel-macos-arm64, r-oldrel-macos-x86_64, r-oldrel-windows-x86_64