CRAN Package Check Results for Package r4ss

Last updated on 2017-12-18 11:52:58 CET.

Flavor Version Tinstall Tcheck Ttotal Status Flags
r-devel-linux-x86_64-debian-clang 1.24.0 2.60 104.88 107.48 OK
r-devel-linux-x86_64-debian-gcc 1.24.0 2.35 92.69 95.04 OK
r-devel-linux-x86_64-fedora-clang 1.24.0 125.47 OK
r-devel-linux-x86_64-fedora-gcc 1.24.0 123.12 OK
r-devel-windows-ix86+x86_64 1.24.0 8.00 102.00 110.00 OK
r-patched-linux-x86_64 1.24.0 3.22 121.90 125.12 OK
r-patched-solaris-x86 1.24.0 162.20 OK
r-release-linux-x86_64 1.24.0 3.21 120.00 123.21 OK
r-release-windows-ix86+x86_64 1.24.0 7.00 138.00 145.00 OK
r-release-osx-x86_64 1.24.0 OK
r-oldrel-windows-ix86+x86_64 1.24.0 8.00 126.00 134.00 OK
r-oldrel-osx-x86_64 1.24.0 WARN

Check Details

Version: 1.24.0
Check: dependencies in R code
Result: NOTE
    Invalid MIT-MAGIC-COOKIE-1 key
Flavor: r-oldrel-osx-x86_64

Version: 1.24.0
Check: S3 generic/method consistency
Result: WARN
    Invalid MIT-MAGIC-COOKIE-1 key
    See section ‘Generic functions and methods’ in the ‘Writing R
    Extensions’ manual.
Flavor: r-oldrel-osx-x86_64

Version: 1.24.0
Check: replacement functions
Result: WARN
    Invalid MIT-MAGIC-COOKIE-1 key
    The argument of a replacement function which corresponds to the right
    hand side must be named ‘value’.
Flavor: r-oldrel-osx-x86_64

Version: 1.24.0
Check: foreign function calls
Result: NOTE
    Invalid MIT-MAGIC-COOKIE-1 key
    See chapter ‘System and foreign language interfaces’ in the ‘Writing R
    Extensions’ manual.
Flavor: r-oldrel-osx-x86_64

Version: 1.24.0
Check: R code for possible problems
Result: NOTE
    Invalid MIT-MAGIC-COOKIE-1 key
Flavor: r-oldrel-osx-x86_64

Version: 1.24.0
Check: for missing documentation entries
Result: WARN
    Invalid MIT-MAGIC-COOKIE-1 key
    All user-level objects in a package should have documentation entries.
    See chapter ‘Writing R documentation files’ in the ‘Writing R
    Extensions’ manual.
Flavor: r-oldrel-osx-x86_64

Version: 1.24.0
Check: for code/documentation mismatches
Result: WARN
    Invalid MIT-MAGIC-COOKIE-1 key
    Invalid MIT-MAGIC-COOKIE-1 key
    Invalid MIT-MAGIC-COOKIE-1 key
Flavor: r-oldrel-osx-x86_64

Version: 1.24.0
Check: Rd \usage sections
Result: NOTE
    Invalid MIT-MAGIC-COOKIE-1 key
    The \usage entries for S3 methods should use the \method markup and not
    their full name.
    See chapter ‘Writing R documentation files’ in the ‘Writing R
    Extensions’ manual.
Flavor: r-oldrel-osx-x86_64