CRAN Package Check Results for Package r4ss

Last updated on 2014-04-17 20:47:41.

Flavor Version Tinstall Tcheck Ttotal Status Flags
r-devel-linux-x86_64-debian-clang 1.20 2.38 67.27 69.65 NOTE
r-devel-linux-x86_64-debian-gcc 1.20 2.45 67.02 69.46 NOTE
r-devel-linux-x86_64-fedora-clang 1.20 120.81 NOTE
r-devel-linux-x86_64-fedora-gcc 1.20 115.29 NOTE
r-devel-macosx-x86_64-clang 1.20 115.67 NOTE
r-devel-macosx-x86_64-gcc 1.20 NOTE
r-devel-windows-ix86+x86_64 1.20 6.00 78.00 84.00 NOTE
r-patched-linux-x86_64 1.20 2.26 70.17 72.43 NOTE
r-patched-solaris-sparc 1.20 694.30 NOTE
r-patched-solaris-x86 1.20 163.90 NOTE
r-release-linux-ix86 1.20 5.00 105.00 110.00 NOTE
r-release-linux-x86_64 1.20 2.18 66.05 68.24 NOTE
r-release-macosx-x86_64 1.20 NOTE
r-release-windows-ix86+x86_64 1.20 6.00 82.00 88.00 NOTE
r-oldrel-windows-ix86+x86_64 1.20 6.00 78.00 84.00 NOTE

Check Details

Version: 1.20
Check: dependencies in R code
Result: NOTE
    'library' or 'require' calls to packages already attached by Depends:
     ‘coda’ ‘gtools’ ‘tcltk’
     Please remove these calls from your code.
    See the information on DESCRIPTION files in the chapter ‘Creating R
    packages’ of the ‘Writing R Extensions’ manual.
Flavors: r-devel-linux-x86_64-debian-clang, r-devel-linux-x86_64-debian-gcc, r-devel-linux-x86_64-fedora-clang, r-devel-linux-x86_64-fedora-gcc, r-devel-macosx-x86_64-clang, r-devel-macosx-x86_64-gcc, r-devel-windows-ix86+x86_64, r-patched-linux-x86_64, r-patched-solaris-sparc, r-patched-solaris-x86, r-release-linux-ix86, r-release-linux-x86_64, r-release-macosx-x86_64, r-release-windows-ix86+x86_64, r-oldrel-windows-ix86+x86_64

Version: 1.20
Check: R code for possible problems
Result: NOTE
    Found an obsolete/platform-specific call in the following functions:
     ‘DoProjectPlots’ ‘SS_plots’ ‘SSplotComparisons’ ‘SSplotPars’
     ‘TSCplot’ ‘mcmc.nuisance’ ‘mcmc.out’
    Found the platform-specific devices:
     ‘X11’ ‘quartz’ ‘windows’ ‘x11’
    dev.new() is the preferred way to open a new device, in the unlikely
    event one is needed.
Flavors: r-devel-linux-x86_64-debian-clang, r-devel-linux-x86_64-debian-gcc, r-devel-linux-x86_64-fedora-clang, r-devel-linux-x86_64-fedora-gcc, r-devel-macosx-x86_64-clang, r-patched-linux-x86_64, r-patched-solaris-sparc, r-patched-solaris-x86, r-release-linux-ix86, r-release-linux-x86_64