CRAN Package Check Results for Package r4ss

Last updated on 2016-05-30 11:47:56.

Flavor Version Tinstall Tcheck Ttotal Status Flags
r-devel-linux-x86_64-debian-gcc 1.24.0 2.26 84.50 86.77 OK
r-devel-linux-x86_64-fedora-clang 1.24.0 126.71 OK
r-devel-linux-x86_64-fedora-gcc 1.24.0 118.23 OK
r-devel-osx-x86_64-clang 1.24.0 150.91 OK
r-devel-windows-ix86+x86_64 1.24.0 7.00 108.00 115.00 OK
r-patched-linux-x86_64 1.24.0 2.57 83.82 86.39 OK
r-patched-solaris-sparc 1.24.0 798.80 OK
r-patched-solaris-x86 1.24.0 150.50 OK
r-release-linux-x86_64 1.24.0 2.42 79.75 82.17 OK
r-release-osx-x86_64-mavericks 1.24.0 WARN
r-release-windows-ix86+x86_64 1.24.0 13.00 107.00 120.00 OK
r-oldrel-windows-ix86+x86_64 1.24.0 9.00 130.00 139.00 OK

Check Details

Version: 1.24.0
Check: dependencies in R code
Result: NOTE
    Invalid MIT-MAGIC-COOKIE-1 key
Flavor: r-release-osx-x86_64-mavericks

Version: 1.24.0
Check: S3 generic/method consistency
Result: WARN
    Invalid MIT-MAGIC-COOKIE-1 key
    See section ‘Generic functions and methods’ in the ‘Writing R
    Extensions’ manual.
Flavor: r-release-osx-x86_64-mavericks

Version: 1.24.0
Check: replacement functions
Result: WARN
    Invalid MIT-MAGIC-COOKIE-1 key
    The argument of a replacement function which corresponds to the right
    hand side must be named ‘value’.
Flavor: r-release-osx-x86_64-mavericks

Version: 1.24.0
Check: foreign function calls
Result: NOTE
    Invalid MIT-MAGIC-COOKIE-1 key
    See chapter ‘System and foreign language interfaces’ in the ‘Writing R
    Extensions’ manual.
Flavor: r-release-osx-x86_64-mavericks

Version: 1.24.0
Check: R code for possible problems
Result: NOTE
    Invalid MIT-MAGIC-COOKIE-1 key
Flavor: r-release-osx-x86_64-mavericks

Version: 1.24.0
Check: for missing documentation entries
Result: WARN
    Invalid MIT-MAGIC-COOKIE-1 key
    All user-level objects in a package should have documentation entries.
    See chapter ‘Writing R documentation files’ in the ‘Writing R
    Extensions’ manual.
Flavor: r-release-osx-x86_64-mavericks

Version: 1.24.0
Check: for code/documentation mismatches
Result: WARN
    Invalid MIT-MAGIC-COOKIE-1 key
    Invalid MIT-MAGIC-COOKIE-1 key
    Invalid MIT-MAGIC-COOKIE-1 key
Flavor: r-release-osx-x86_64-mavericks

Version: 1.24.0
Check: Rd \usage sections
Result: NOTE
    Invalid MIT-MAGIC-COOKIE-1 key
    The \usage entries for S3 methods should use the \method markup and not
    their full name.
    See chapter ‘Writing R documentation files’ in the ‘Writing R
    Extensions’ manual.
Flavor: r-release-osx-x86_64-mavericks