CRAN Package Check Results for Package r4ss

Last updated on 2017-05-24 07:50:02.

Flavor Version Tinstall Tcheck Ttotal Status Flags
r-devel-linux-x86_64-debian-clang 1.24.0 2.42 82.28 84.69 OK
r-devel-linux-x86_64-debian-gcc 1.24.0 2.42 81.64 84.06 OK
r-devel-linux-x86_64-fedora-clang 1.24.0 127.75 OK --no-stop-on-test-error
r-devel-linux-x86_64-fedora-gcc 1.24.0 120.61 OK --no-stop-on-test-error
r-devel-windows-ix86+x86_64 1.24.0 8.00 137.00 145.00 OK
r-patched-linux-x86_64 1.24.0 2.58 83.35 85.92 OK
r-patched-solaris-sparc 1.24.0 780.10 OK
r-patched-solaris-x86 1.24.0 161.30 OK
r-release-linux-x86_64 1.24.0 2.32 83.86 86.18 OK
r-release-windows-ix86+x86_64 1.24.0 6.00 145.00 151.00 OK
r-release-osx-x86_64 1.24.0 OK
r-oldrel-windows-ix86+x86_64 1.24.0 8.00 131.00 139.00 OK
r-oldrel-osx-x86_64 1.24.0 WARN

Check Details

Version: 1.24.0
Check: dependencies in R code
Result: NOTE
    Invalid MIT-MAGIC-COOKIE-1 key
Flavor: r-oldrel-osx-x86_64

Version: 1.24.0
Check: S3 generic/method consistency
Result: WARN
    Invalid MIT-MAGIC-COOKIE-1 key
    See section ‘Generic functions and methods’ in the ‘Writing R
    Extensions’ manual.
Flavor: r-oldrel-osx-x86_64

Version: 1.24.0
Check: replacement functions
Result: WARN
    Invalid MIT-MAGIC-COOKIE-1 key
    The argument of a replacement function which corresponds to the right
    hand side must be named ‘value’.
Flavor: r-oldrel-osx-x86_64

Version: 1.24.0
Check: foreign function calls
Result: NOTE
    Invalid MIT-MAGIC-COOKIE-1 key
    See chapter ‘System and foreign language interfaces’ in the ‘Writing R
    Extensions’ manual.
Flavor: r-oldrel-osx-x86_64

Version: 1.24.0
Check: R code for possible problems
Result: NOTE
    Invalid MIT-MAGIC-COOKIE-1 key
Flavor: r-oldrel-osx-x86_64

Version: 1.24.0
Check: for missing documentation entries
Result: WARN
    Invalid MIT-MAGIC-COOKIE-1 key
    All user-level objects in a package should have documentation entries.
    See chapter ‘Writing R documentation files’ in the ‘Writing R
    Extensions’ manual.
Flavor: r-oldrel-osx-x86_64

Version: 1.24.0
Check: for code/documentation mismatches
Result: WARN
    Invalid MIT-MAGIC-COOKIE-1 key
    Invalid MIT-MAGIC-COOKIE-1 key
    Invalid MIT-MAGIC-COOKIE-1 key
Flavor: r-oldrel-osx-x86_64

Version: 1.24.0
Check: Rd \usage sections
Result: NOTE
    Invalid MIT-MAGIC-COOKIE-1 key
    The \usage entries for S3 methods should use the \method markup and not
    their full name.
    See chapter ‘Writing R documentation files’ in the ‘Writing R
    Extensions’ manual.
Flavor: r-oldrel-osx-x86_64