CRAN Package Check Results for Package r4ss

Last updated on 2016-07-23 21:49:57.

Flavor Version Tinstall Tcheck Ttotal Status Flags
r-devel-linux-x86_64-debian-clang 1.24.0 2.95 94.67 97.63 OK
r-devel-linux-x86_64-debian-gcc 1.24.0 3.03 97.53 100.57 OK
r-devel-linux-x86_64-fedora-clang 1.24.0 131.51 OK
r-devel-linux-x86_64-fedora-gcc 1.24.0 116.44 OK
r-devel-osx-x86_64-clang 1.24.0 109.09 OK
r-devel-windows-ix86+x86_64 1.24.0 9.00 134.00 143.00 OK
r-patched-linux-x86_64 1.24.0 2.68 94.50 97.18 OK
r-patched-solaris-sparc 1.24.0 799.90 OK
r-patched-solaris-x86 1.24.0 161.70 OK
r-release-linux-x86_64 1.24.0 2.89 96.25 99.14 OK
r-release-osx-x86_64-mavericks 1.24.0 WARN
r-release-windows-ix86+x86_64 1.24.0 8.00 134.00 142.00 OK
r-oldrel-windows-ix86+x86_64 1.24.0 11.00 100.00 111.00 OK

Check Details

Version: 1.24.0
Check: dependencies in R code
Result: NOTE
    Invalid MIT-MAGIC-COOKIE-1 key
Flavor: r-release-osx-x86_64-mavericks

Version: 1.24.0
Check: S3 generic/method consistency
Result: WARN
    Invalid MIT-MAGIC-COOKIE-1 key
    See section ‘Generic functions and methods’ in the ‘Writing R
    Extensions’ manual.
Flavor: r-release-osx-x86_64-mavericks

Version: 1.24.0
Check: replacement functions
Result: WARN
    Invalid MIT-MAGIC-COOKIE-1 key
    The argument of a replacement function which corresponds to the right
    hand side must be named ‘value’.
Flavor: r-release-osx-x86_64-mavericks

Version: 1.24.0
Check: foreign function calls
Result: NOTE
    Invalid MIT-MAGIC-COOKIE-1 key
    See chapter ‘System and foreign language interfaces’ in the ‘Writing R
    Extensions’ manual.
Flavor: r-release-osx-x86_64-mavericks

Version: 1.24.0
Check: R code for possible problems
Result: NOTE
    Invalid MIT-MAGIC-COOKIE-1 key
Flavor: r-release-osx-x86_64-mavericks

Version: 1.24.0
Check: for missing documentation entries
Result: WARN
    Invalid MIT-MAGIC-COOKIE-1 key
    All user-level objects in a package should have documentation entries.
    See chapter ‘Writing R documentation files’ in the ‘Writing R
    Extensions’ manual.
Flavor: r-release-osx-x86_64-mavericks

Version: 1.24.0
Check: for code/documentation mismatches
Result: WARN
    Invalid MIT-MAGIC-COOKIE-1 key
    Invalid MIT-MAGIC-COOKIE-1 key
    Invalid MIT-MAGIC-COOKIE-1 key
Flavor: r-release-osx-x86_64-mavericks

Version: 1.24.0
Check: Rd \usage sections
Result: NOTE
    Invalid MIT-MAGIC-COOKIE-1 key
    The \usage entries for S3 methods should use the \method markup and not
    their full name.
    See chapter ‘Writing R documentation files’ in the ‘Writing R
    Extensions’ manual.
Flavor: r-release-osx-x86_64-mavericks