CRAN Package Check Results for Package r4ss

Last updated on 2016-09-30 23:48:07.

Flavor Version Tinstall Tcheck Ttotal Status Flags
r-devel-linux-x86_64-debian-clang 1.24.0 2.51 90.45 92.95 OK
r-devel-linux-x86_64-debian-gcc 1.24.0 2.59 87.34 89.93 OK
r-devel-linux-x86_64-fedora-clang 1.24.0 131.16 OK
r-devel-linux-x86_64-fedora-gcc 1.24.0 117.59 OK
r-devel-macos-x86_64-clang 1.24.0 111.24 OK
r-devel-windows-ix86+x86_64 1.24.0 7.00 126.00 133.00 OK
r-patched-linux-x86_64 1.24.0 2.42 84.02 86.45 OK
r-patched-solaris-sparc 1.24.0 910.40 OK
r-patched-solaris-x86 1.24.0 158.50 OK
r-release-linux-x86_64 1.24.0 2.50 84.64 87.14 OK
r-release-osx-x86_64-mavericks 1.24.0 WARN
r-release-windows-ix86+x86_64 1.24.0 8.00 141.00 149.00 OK
r-oldrel-windows-ix86+x86_64 1.24.0 11.00 94.00 105.00 OK

Check Details

Version: 1.24.0
Check: dependencies in R code
Result: NOTE
    Invalid MIT-MAGIC-COOKIE-1 key
Flavor: r-release-osx-x86_64-mavericks

Version: 1.24.0
Check: S3 generic/method consistency
Result: WARN
    Invalid MIT-MAGIC-COOKIE-1 key
    See section ‘Generic functions and methods’ in the ‘Writing R
    Extensions’ manual.
Flavor: r-release-osx-x86_64-mavericks

Version: 1.24.0
Check: replacement functions
Result: WARN
    Invalid MIT-MAGIC-COOKIE-1 key
    The argument of a replacement function which corresponds to the right
    hand side must be named ‘value’.
Flavor: r-release-osx-x86_64-mavericks

Version: 1.24.0
Check: foreign function calls
Result: NOTE
    Invalid MIT-MAGIC-COOKIE-1 key
    See chapter ‘System and foreign language interfaces’ in the ‘Writing R
    Extensions’ manual.
Flavor: r-release-osx-x86_64-mavericks

Version: 1.24.0
Check: R code for possible problems
Result: NOTE
    Invalid MIT-MAGIC-COOKIE-1 key
Flavor: r-release-osx-x86_64-mavericks

Version: 1.24.0
Check: for missing documentation entries
Result: WARN
    Invalid MIT-MAGIC-COOKIE-1 key
    All user-level objects in a package should have documentation entries.
    See chapter ‘Writing R documentation files’ in the ‘Writing R
    Extensions’ manual.
Flavor: r-release-osx-x86_64-mavericks

Version: 1.24.0
Check: for code/documentation mismatches
Result: WARN
    Invalid MIT-MAGIC-COOKIE-1 key
    Invalid MIT-MAGIC-COOKIE-1 key
    Invalid MIT-MAGIC-COOKIE-1 key
Flavor: r-release-osx-x86_64-mavericks

Version: 1.24.0
Check: Rd \usage sections
Result: NOTE
    Invalid MIT-MAGIC-COOKIE-1 key
    The \usage entries for S3 methods should use the \method markup and not
    their full name.
    See chapter ‘Writing R documentation files’ in the ‘Writing R
    Extensions’ manual.
Flavor: r-release-osx-x86_64-mavericks