CRAN Package Check Results for Package r4ss

Last updated on 2015-08-02 23:48:16.

Flavor Version Tinstall Tcheck Ttotal Status Flags
r-devel-linux-x86_64-debian-clang 1.22.1 2.49 71.64 74.13 NOTE
r-devel-linux-x86_64-debian-gcc 1.22.1 2.34 67.04 69.38 NOTE
r-devel-linux-x86_64-fedora-clang 1.22.1 122.95 NOTE
r-devel-linux-x86_64-fedora-gcc 1.22.1 116.16 NOTE
r-devel-osx-x86_64-clang 1.22.1 119.37 OK
r-devel-windows-ix86+x86_64 1.22.1 9.00 122.00 131.00 NOTE
r-patched-linux-x86_64 1.22.1 2.49 68.74 71.24 OK
r-patched-solaris-sparc 1.22.1 772.80 OK
r-patched-solaris-x86 1.22.1 164.70 OK
r-release-linux-x86_64 1.22.1 2.49 74.10 76.59 OK
r-release-osx-x86_64-mavericks 1.22.1 OK
r-release-windows-ix86+x86_64 1.22.1 10.00 96.00 106.00 OK
r-oldrel-windows-ix86+x86_64 1.22.1 12.00 109.00 121.00 OK

Check Details

Version: 1.22.1
Check: R code for possible problems
Result: NOTE
    DoProjectPlots: no visible global function definition for ‘dev.new’
    DoProjectPlots : rich.colors.short: no visible global function
     definition for ‘dnorm’
    DoProjectPlots : rich.colors.short : <anonymous>: no visible global
     function definition for ‘rgb’
    DoProjectPlots : Net_Spawn_Graph: no visible global function definition
     for ‘par’
    DoProjectPlots : Net_Spawn_Graph: no visible global function definition
     for ‘plot’
    DoProjectPlots : Net_Spawn_Graph: no visible global function definition
     for ‘title’
    DoProjectPlots : RecruitmentPlots: no visible global function
     definition for ‘par’
    DoProjectPlots : RecruitmentPlots: no visible global function
     definition for ‘plot’
    DoProjectPlots : RecruitmentPlots: no visible global function
     definition for ‘title’
    DoProjectPlots : B0Dist: no visible global function definition for
     ‘par’
    DoProjectPlots : B0Dist: no visible global function definition for
     ‘plot’
    DoProjectPlots : B0Dist: no visible global function definition for
     ‘polygon’
    DoProjectPlots : B0Dist: no visible global function definition for
     ‘title’
    DoProjectPlots : RecHist: no visible global function definition for
     ‘par’
    DoProjectPlots : RecHist: no visible global function definition for
     ‘plot’
    DoProjectPlots : RecHist: no visible global function definition for
     ‘polygon’
    DoProjectPlots : RecHist: no visible global function definition for
     ‘title’
    DoProjectPlots : AltStrategies: no visible global function definition
     for ‘par’
    DoProjectPlots : AltStrategies: no visible global function definition
     for ‘plot’
    DoProjectPlots : AltStrategies: no visible global function definition
     for ‘axis’
    DoProjectPlots : AltStrategies: no visible global function definition
     for ‘box’
    DoProjectPlots : AltStrategies: no visible global function definition
     for ‘lines’
    DoProjectPlots : AltStrategies: no visible global function definition
     for ‘abline’
    DoProjectPlots : AltStrategies: no visible global function definition
     for ‘title’
    DoProjectPlots : AltStrategies: no visible global function definition
     for ‘legend’
    DoProjectPlots : IndividualPlots: no visible global function definition
     for ‘par’
    DoProjectPlots : IndividualPlots: no visible global function definition
     for ‘abline’
    DoProjectPlots : IndividualPlots: no visible global function definition
     for ‘title’
    DoProjectPlots : PlotA: no visible global function definition for
     ‘plot’
    DoProjectPlots : PlotA: no visible global function definition for
     ‘polygon’
    DoProjectPlots : PlotA: no visible global function definition for
     ‘lines’
    DoProjectPlots : FirstFive: no visible global function definition for
     ‘par’
    DoProjectPlots : FirstFive: no visible global function definition for
     ‘plot’
    DoProjectPlots : FirstFive: no visible global function definition for
     ‘lines’
    DoProjectPlots : FirstFive: no visible global function definition for
     ‘title’
    DoProjectPlots : FinalRecovery: no visible global function definition
     for ‘par’
    DoProjectPlots : FinalRecovery: no visible global function definition
     for ‘plot’
    DoProjectPlots : FinalRecovery: no visible global function definition
     for ‘polygon’
    DoProjectPlots : FinalRecovery: no visible global function definition
     for ‘lines’
    DoProjectPlots : FinalRecovery: no visible global function definition
     for ‘title’
    DoProjectPlots: no visible global function definition for ‘read.table’
    DoProjectPlots: no visible global function definition for ‘dev.off’
    IOTCmove: no visible global function definition for ‘col2rgb’
    IOTCmove: no visible global function definition for ‘rgb’
    NegLogInt_Fn: no visible global function definition for ‘read.table’
    NegLogInt_Fn: no visible global function definition for ‘write.table’
    PinerPlot : pngfun: no visible global function definition for ‘png’
    PinerPlot : plotprofile: no visible global function definition for
     ‘abline’
    PinerPlot : plotprofile: no visible global function definition for
     ‘matplot’
    PinerPlot : plotprofile: no visible global function definition for
     ‘box’
    PinerPlot: no visible global function definition for ‘dev.off’
    SS_fitbiasramp : pngfun: no visible global function definition for
     ‘png’
    SS_fitbiasramp : optimfun: no visible global function definition for
     ‘nlminb’
    SS_fitbiasramp : optimfun: no visible global function definition for
     ‘optim’
    SS_fitbiasramp : plotbiasadj: no visible global function definition for
     ‘par’
    SS_fitbiasramp : plotbiasadj: no visible global function definition for
     ‘abline’
    SS_fitbiasramp : plotbiasadj: no visible global function definition for
     ‘arrows’
    SS_fitbiasramp : plotbiasadj: no visible global function definition for
     ‘points’
    SS_fitbiasramp : plotbiasadj: no visible global function definition for
     ‘mtext’
    SS_fitbiasramp : plotbiasadj: no visible global function definition for
     ‘lines’
    SS_fitbiasramp : plotbiasadj: no visible global function definition for
     ‘legend’
    SS_fitbiasramp : plotbiasadj: no visible global function definition for
     ‘rgb’
    SS_fitbiasramp: no visible global function definition for ‘dev.off’
    SS_html: no visible global function definition for ‘read.csv’
    SS_html: no visible global function definition for ‘browseURL’
    SS_output: no visible global function definition for ‘flush.console’
    SS_output: no visible global function definition for ‘read.table’
    SS_output: no visible global function definition for ‘tail’
    SS_parlines: no visible global function definition for ‘read.table’
    SS_plots: no visible global function definition for ‘flush.console’
    SS_plots: no visible global function definition for ‘dev.new’
    SS_plots: no visible global function definition for ‘par’
    SS_plots: no visible global function definition for ‘text’
    SS_plots: no visible global function definition for ‘dev.off’
    SS_plots: no visible global function definition for ‘write.csv’
    SS_profile: no visible global function definition for ‘read.table’
    SS_readdat: no visible global function definition for ‘head’
    SS_recdevs: no visible global function definition for ‘rnorm’
    SS_recdevs: no visible global function definition for ‘sd’
    SS_write_length.fit: no visible global function definition for
     ‘read.table’
    SSbootstrap: no visible global function definition for ‘hist’
    SSgetMCMC: no visible global function definition for ‘read.table’
    SSgetMCMC: no visible global function definition for ‘write.csv’
    SSplotBiology : pngfun: no visible global function definition for ‘png’
    SSplotBiology: no visible global function definition for ‘topo.colors’
    SSplotBiology: no visible global function definition for ‘qlnorm’
    SSplotBiology: no visible global function definition for ‘qnorm’
    SSplotBiology : weight_plot: no visible global function definition for
     ‘abline’
    SSplotBiology : weight_plot: no visible global function definition for
     ‘lines’
    SSplotBiology : weight_plot: no visible global function definition for
     ‘legend’
    SSplotBiology : weight_plot: no visible global function definition for
     ‘persp’
    SSplotBiology : maturity_plot: no visible global function definition
     for ‘lines’
    SSplotBiology : maturity_plot: no visible global function definition
     for ‘abline’
    SSplotBiology : maturity_plot: no visible global function definition
     for ‘persp’
    SSplotBiology : makeimage: no visible global function definition for
     ‘par’
    SSplotBiology : makeimage: no visible global function definition for
     ‘image’
    SSplotBiology : makeimage: no visible global function definition for
     ‘rainbow’
    SSplotBiology : makeimage: no visible global function definition for
     ‘text’
    SSplotBiology : makeimage: no visible global function definition for
     ‘axis’
    SSplotBiology : makeimage: no visible global function definition for
     ‘box’
    SSplotBiology : gfunc3a: no visible global function definition for
     ‘lines’
    SSplotBiology : gfunc3a: no visible global function definition for
     ‘text’
    SSplotBiology : gfunc3a: no visible global function definition for
     ‘points’
    SSplotBiology : gfunc3b: no visible global function definition for
     ‘abline’
    SSplotBiology : gfunc3b: no visible global function definition for
     ‘points’
    SSplotBiology : gfunc3c: no visible global function definition for
     ‘abline’
    SSplotBiology : gfunc3c: no visible global function definition for
     ‘points’
    SSplotBiology : gfunc4: no visible global function definition for
     ‘abline’
    SSplotBiology : gfunc4: no visible global function definition for
     ‘lines’
    SSplotBiology: no visible global function definition for ‘dev.off’
    SSplotBiology : gfunc5: no visible global function definition for
     ‘abline’
    SSplotBiology : gfunc5: no visible global function definition for
     ‘lines’
    SSplotBiology : gfunc5: no visible global function definition for
     ‘legend’
    SSplotBiology : gfunc5: no visible global function definition for
     ‘grid’
    SSplotBiology : mfunc: no visible global function definition for
     ‘abline’
    SSplotBiology : mfunc: no visible global function definition for
     ‘lines’
    SSplotBiology: no visible global function definition for ‘persp’
    SSplotBiology: no visible global function definition for ‘contour’
    SSplotCatch : pngfun: no visible global function definition for ‘png’
    SSplotCatch : linefunc: no visible global function definition for
     ‘abline’
    SSplotCatch : linefunc: no visible global function definition for
     ‘lines’
    SSplotCatch : linefunc: no visible global function definition for
     ‘legend’
    SSplotCatch : stackfunc: no visible global function definition for
     ‘legend’
    SSplotCatch : barfunc: no visible global function definition for
     ‘barplot’
    SSplotCatch : barfunc: no visible global function definition for ‘axis’
    SSplotCatch : barfunc: no visible global function definition for
     ‘lines’
    SSplotCatch : barfunc: no visible global function definition for ‘rgb’
    SSplotCatch : barfunc: no visible global function definition for
     ‘legend’
    SSplotCatch : makeplots: no visible global function definition for
     ‘lines’
    SSplotCatch : makeplots: no visible global function definition for
     ‘legend’
    SSplotCatch: no visible global function definition for ‘dev.off’
    SSplotCohorts : pngfun: no visible global function definition for ‘png’
    SSplotCohorts: no visible global function definition for ‘quantile’
    SSplotCohorts : plotfun: no visible global function definition for
     ‘matplot’
    SSplotCohorts : plotfun: no visible global function definition for
     ‘points’
    SSplotCohorts : plotfun: no visible global function definition for
     ‘text’
    SSplotCohorts: no visible global function definition for ‘dev.off’
    SSplotComparisons : rc: no visible global function definition for
     ‘dnorm’
    SSplotComparisons : rc : <anonymous>: no visible global function
     definition for ‘rgb’
    SSplotComparisons: no visible global function definition for ‘rgb’
    SSplotComparisons: no visible global function definition for ‘dev.new’
    SSplotComparisons: no visible binding for global variable ‘quantile’
    SSplotComparisons : addpoly: no visible global function definition for
     ‘polygon’
    SSplotComparisons : addpoly: no visible global function definition for
     ‘lines’
    SSplotComparisons : plotSpawnBio: no visible global function definition
     for ‘matplot’
    SSplotComparisons : plotSpawnBio: no visible global function definition
     for ‘arrows’
    SSplotComparisons : plotSpawnBio: no visible global function definition
     for ‘points’
    SSplotComparisons : plotSpawnBio: no visible global function definition
     for ‘abline’
    SSplotComparisons : plotSpawnBio: no visible global function definition
     for ‘axis’
    SSplotComparisons : plotSpawnBio: no visible global function definition
     for ‘box’
    SSplotComparisons : plotBratio: no visible global function definition
     for ‘matplot’
    SSplotComparisons : plotBratio: no visible global function definition
     for ‘abline’
    SSplotComparisons : plotBratio: no visible global function definition
     for ‘text’
    SSplotComparisons : plotBratio: no visible global function definition
     for ‘axis’
    SSplotComparisons : plotBratio: no visible global function definition
     for ‘box’
    SSplotComparisons : plotSPRratio: no visible global function definition
     for ‘matplot’
    SSplotComparisons : plotSPRratio: no visible global function definition
     for ‘abline’
    SSplotComparisons : plotSPRratio: no visible global function definition
     for ‘text’
    SSplotComparisons : plotSPRratio: no visible global function definition
     for ‘mtext’
    SSplotComparisons : plotSPRratio: no visible global function definition
     for ‘axis’
    SSplotComparisons : plotRecruits: no visible global function definition
     for ‘matplot’
    SSplotComparisons : plotRecruits: no visible global function definition
     for ‘points’
    SSplotComparisons : plotRecruits: no visible global function definition
     for ‘arrows’
    SSplotComparisons : plotRecruits: no visible global function definition
     for ‘abline’
    SSplotComparisons : plotRecruits: no visible global function definition
     for ‘axis’
    SSplotComparisons : plotRecruits: no visible global function definition
     for ‘box’
    SSplotComparisons : plotRecDevs: no visible global function definition
     for ‘abline’
    SSplotComparisons : plotRecDevs: no visible global function definition
     for ‘arrows’
    SSplotComparisons : plotRecDevs: no visible global function definition
     for ‘points’
    SSplotComparisons : plotPhase: no visible global function definition
     for ‘lines’
    SSplotComparisons : plotPhase: no visible global function definition
     for ‘points’
    SSplotComparisons : plotPhase: no visible global function definition
     for ‘tail’
    SSplotComparisons : plotPhase: no visible global function definition
     for ‘abline’
    SSplotComparisons : plotIndices: no visible global function definition
     for ‘qnorm’
    SSplotComparisons : plotIndices: no visible global function definition
     for ‘qlnorm’
    SSplotComparisons : plotIndices: no visible global function definition
     for ‘abline’
    SSplotComparisons : plotIndices: no visible global function definition
     for ‘lines’
    SSplotComparisons : plotIndices: no visible global function definition
     for ‘arrows’
    SSplotComparisons : plotIndices: no visible global function definition
     for ‘points’
    SSplotComparisons : plotIndices: no visible global function definition
     for ‘axis’
    SSplotComparisons : plotIndices: no visible global function definition
     for ‘box’
    SSplotComparisons : plotDensities: no visible global function
     definition for ‘quantile’
    SSplotComparisons : plotDensities: no visible global function
     definition for ‘density’
    SSplotComparisons : plotDensities: no visible global function
     definition for ‘qnorm’
    SSplotComparisons : plotDensities: no visible global function
     definition for ‘dnorm’
    SSplotComparisons : plotDensities: no visible global function
     definition for ‘abline’
    SSplotComparisons : plotDensities: no visible global function
     definition for ‘text’
    SSplotComparisons : plotDensities: no visible global function
     definition for ‘polygon’
    SSplotComparisons : plotDensities: no visible global function
     definition for ‘lines’
    SSplotComparisons : plotDensities: no visible global function
     definition for ‘points’
    SSplotComparisons : plotDensities: no visible global function
     definition for ‘median’
    SSplotComparisons : plotDensities: no visible global function
     definition for ‘pnorm’
    SSplotComparisons : plotDensities: no visible global function
     definition for ‘axis’
    SSplotComparisons : plotDensities: no visible global function
     definition for ‘mtext’
    SSplotComparisons : plotDensities: no visible global function
     definition for ‘box’
    SSplotComparisons: no visible global function definition for ‘dev.off’
    SSplotComps: no visible global function definition for ‘rgb’
    SSplotComps : pngfun: no visible global function definition for ‘png’
    SSplotComps: no visible global function definition for ‘dev.off’
    SSplotComps : tempfun2: no visible global function definition for
     ‘lines’
    SSplotComps : lfitfunc: no visible global function definition for
     ‘text’
    SSplotComps : lfitfunc: no visible global function definition for
     ‘abline’
    SSplotComps : lfitfunc: no visible global function definition for
     ‘loess’
    SSplotComps : lfitfunc: no visible global function definition for
     ‘lines’
    SSplotComps : andrefun: no visible global function definition for ‘par’
    SSplotComps : andrefun: no visible global function definition for
     ‘qchisq’
    SSplotComps : andrefun: no visible global function definition for
     ‘text’
    SSplotComps : andrefun: no visible global function definition for
     ‘polygon’
    SSplotComps : andrefun: no visible global function definition for
     ‘lines’
    SSplotComps : andrefun: no visible global function definition for
     ‘points’
    SSplotComps : andrefun: no visible global function definition for
     ‘title’
    SSplotComps : andrefun: no visible global function definition for ‘box’
    SSplotComps : andrefun: no visible global function definition for
     ‘legend’
    SSplotComps: no visible global function definition for ‘aggregate’
    SSplotComps : tempfun11: no visible global function definition for
     ‘par’
    SSplotComps : tempfun11: no visible global function definition for
     ‘mtext’
    SSplotComps : tempfun11: no visible global function definition for
     ‘lines’
    SSplotComps : tempfun11: no visible global function definition for
     ‘tail’
    SSplotComps : tempfun11: no visible global function definition for
     ‘axis’
    SSplotComps : tempfun11: no visible global function definition for
     ‘title’
    SSplotComps: no visible global function definition for ‘par’
    SSplotData : pngfun: no visible global function definition for ‘png’
    SSplotData : plotdata: no visible global function definition for ‘par’
    SSplotData : plotdata: no visible global function definition for
     ‘abline’
    SSplotData : plotdata: no visible global function definition for
     ‘points’
    SSplotData : plotdata: no visible global function definition for
     ‘lines’
    SSplotData : plotdata: no visible global function definition for ‘text’
    SSplotData : plotdata: no visible global function definition for ‘axis’
    SSplotData : plotdata: no visible global function definition for ‘box’
    SSplotData: no visible global function definition for ‘dev.off’
    SSplotDiscard : pngfun: no visible global function definition for ‘png’
    SSplotDiscard: no visible global function definition for ‘qlnorm’
    SSplotDiscard: no visible global function definition for ‘qnorm’
    SSplotDiscard: no visible global function definition for ‘qt’
    SSplotDiscard : dfracfunc: no visible global function definition for
     ‘abline’
    SSplotDiscard : dfracfunc: no visible global function definition for
     ‘points’
    SSplotDiscard: no visible global function definition for ‘dev.off’
    SSplotIndices : pngfun: no visible global function definition for ‘png’
    SSplotIndices: no visible global function definition for ‘qlnorm’
    SSplotIndices : cpuefun1: no visible global function definition for
     ‘abline’
    SSplotIndices : cpuefun1: no visible global function definition for
     ‘lines’
    SSplotIndices : cpuefun2: no visible global function definition for
     ‘points’
    SSplotIndices : cpuefun2: no visible global function definition for
     ‘abline’
    SSplotIndices : cpuefun2: no visible global function definition for
     ‘lines’
    SSplotIndices : cpuefun2: no visible global function definition for
     ‘loess’
    SSplotIndices: no visible global function definition for ‘dev.off’
    SSplotIndices: no visible global function definition for ‘qnorm’
    SSplotIndices : cpuefun3: no visible global function definition for
     ‘lines’
    SSplotIndices : cpuefun4: no visible global function definition for
     ‘points’
    SSplotIndices : cpuefun4: no visible global function definition for
     ‘lines’
    SSplotIndices : cpuefun4: no visible global function definition for
     ‘loess’
    SSplotIndices : all_cpue_fun: no visible global function definition for
     ‘points’
    SSplotMCMC_ExtraSelex: no visible binding for global variable
     ‘quantile’
    SSplotMCMC_ExtraSelex: no visible global function definition for
     ‘matplot’
    SSplotMCMC_ExtraSelex: no visible global function definition for
     ‘lines’
    SSplotMCMC_ExtraSelex: no visible global function definition for
     ‘arrows’
    SSplotMCMC_ExtraSelex: no visible global function definition for
     ‘abline’
    SSplotMnwt : pngfun: no visible global function definition for ‘png’
    SSplotMnwt: no visible global function definition for ‘qt’
    SSplotMnwt : bdywtfunc: no visible global function definition for
     ‘abline’
    SSplotMnwt : bdywtfunc: no visible global function definition for
     ‘points’
    SSplotMnwt: no visible global function definition for ‘dev.off’
    SSplotMovementMap: no visible global function definition for ‘par’
    SSplotMovementMap: no visible global function definition for ‘polygon’
    SSplotMovementMap: no visible global function definition for ‘mtext’
    SSplotMovementMap: no visible global function definition for ‘box’
    SSplotMovementMap: no visible global function definition for ‘arrows’
    SSplotMovementMap: no visible global function definition for ‘text’
    SSplotMovementRates : pngfun: no visible global function definition for
     ‘png’
    SSplotMovementRates : move.endyr.fn: no visible global function
     definition for ‘matplot’
    SSplotMovementRates : move.endyr.fn: no visible global function
     definition for ‘abline’
    SSplotMovementRates: no visible global function definition for
     ‘dev.off’
    SSplotMovementRates : move.mountains.fn: no visible global function
     definition for ‘title’
    SSplotNumbers : pngfun: no visible global function definition for ‘png’
    SSplotNumbers : tempfun: no visible global function definition for
     ‘lines’
    SSplotNumbers : tempfun2: no visible global function definition for
     ‘points’
    SSplotNumbers : tempfun2: no visible global function definition for
     ‘legend’
    SSplotNumbers: no visible global function definition for ‘dev.off’
    SSplotNumbers : tempfun3: no visible global function definition for
     ‘contour’
    SSplotNumbers : tempfun4: no visible global function definition for
     ‘lines’
    SSplotNumbers : tempfun5: no visible global function definition for
     ‘points’
    SSplotNumbers : tempfun5: no visible global function definition for
     ‘legend’
    SSplotNumbers : tempfun6: no visible global function definition for
     ‘contour’
    SSplotNumbers : equilibfun: no visible global function definition for
     ‘lines’
    SSplotNumbers : equilibfun: no visible global function definition for
     ‘legend’
    SSplotNumbers : ageingfun: no visible global function definition for
     ‘matplot’
    SSplotNumbers : ageingfun: no visible global function definition for
     ‘abline’
    SSplotNumbers : ageingfun2: no visible global function definition for
     ‘matplot’
    SSplotNumbers : ageingfun2: no visible global function definition for
     ‘abline’
    SSplotPars: no visible global function definition for ‘read.table’
    SSplotPars: no visible global function definition for ‘dev.new’
    SSplotPars: no visible global function definition for ‘par’
    SSplotPars: no visible global function definition for ‘dnorm’
    SSplotPars: no visible global function definition for ‘qnorm’
    SSplotPars: no visible global function definition for ‘quantile’
    SSplotPars: no visible global function definition for ‘hist’
    SSplotPars: no visible global function definition for ‘plot’
    SSplotPars: no visible global function definition for ‘axis’
    SSplotPars: no visible global function definition for ‘lines’
    SSplotPars: no visible global function definition for ‘abline’
    SSplotPars: no visible global function definition for ‘points’
    SSplotPars: no visible global function definition for ‘box’
    SSplotPars: no visible global function definition for ‘mtext’
    SSplotPars: no visible global function definition for ‘legend’
    SSplotPars: no visible global function definition for ‘dev.off’
    SSplotProfile : pngfun: no visible global function definition for ‘png’
    SSplotProfile : plotprofile: no visible global function definition for
     ‘abline’
    SSplotProfile : plotprofile: no visible global function definition for
     ‘matplot’
    SSplotProfile : plotprofile: no visible global function definition for
     ‘box’
    SSplotProfile: no visible global function definition for ‘dev.off’
    SSplotRecdevs : pngfun: no visible global function definition for ‘png’
    SSplotRecdevs : recdevfunc: no visible global function definition for
     ‘abline’
    SSplotRecdevs : recdevfunc: no visible global function definition for
     ‘arrows’
    SSplotRecdevs : recdevfunc: no visible global function definition for
     ‘lines’
    SSplotRecdevs : recdevfunc: no visible global function definition for
     ‘points’
    SSplotRecdevs : recdevfunc3: no visible global function definition for
     ‘par’
    SSplotRecdevs : recdevfunc3: no visible global function definition for
     ‘lines’
    SSplotRecdevs : recdevfunc3: no visible global function definition for
     ‘abline’
    SSplotRecdevs: no visible global function definition for ‘dev.off’
    SSplotRecdist : pngfun: no visible global function definition for ‘png’
    SSplotRecdist : recdistfun: no visible global function definition for
     ‘image’
    SSplotRecdist : recdistfun: no visible global function definition for
     ‘axis’
    SSplotRecdist : recdistfun: no visible global function definition for
     ‘box’
    SSplotRecdist : recdistfun: no visible global function definition for
     ‘text’
    SSplotRecdist: no visible global function definition for ‘dev.off’
    SSplotRetroDevs : addpoly: no visible global function definition for
     ‘rgb’
    SSplotRetroDevs : addpoly: no visible global function definition for
     ‘polygon’
    SSplotRetroDevs : addpoly: no visible global function definition for
     ‘lines’
    SSplotRetroDevs: no visible global function definition for ‘rainbow’
    SSplotRetroDevs: no visible global function definition for ‘col2rgb’
    SSplotRetroDevs: no visible global function definition for ‘rgb’
    SSplotRetroDevs: no visible global function definition for ‘plot’
    SSplotRetroDevs: no visible global function definition for ‘axis’
    SSplotRetroDevs: no visible global function definition for ‘abline’
    SSplotRetroDevs: no visible global function definition for ‘box’
    SSplotRetroDevs: no visible binding for global variable ‘quantile’
    SSplotRetroDevs: no visible global function definition for ‘lines’
    SSplotRetroDevs: no visible global function definition for ‘text’
    SSplotRetroRecruits : addpoly: no visible global function definition
     for ‘rgb’
    SSplotRetroRecruits : addpoly: no visible global function definition
     for ‘polygon’
    SSplotRetroRecruits : addpoly: no visible global function definition
     for ‘lines’
    SSplotRetroRecruits: no visible global function definition for
     ‘rainbow’
    SSplotRetroRecruits: no visible global function definition for
     ‘col2rgb’
    SSplotRetroRecruits: no visible global function definition for ‘rgb’
    SSplotRetroRecruits: no visible global function definition for ‘plot’
    SSplotRetroRecruits: no visible global function definition for ‘axis’
    SSplotRetroRecruits: no visible global function definition for ‘abline’
    SSplotRetroRecruits: no visible global function definition for ‘box’
    SSplotRetroRecruits: no visible binding for global variable ‘quantile’
    SSplotRetroRecruits: no visible global function definition for ‘lines’
    SSplotRetroRecruits: no visible global function definition for ‘text’
    SSplotSPR : pngfun: no visible global function definition for ‘png’
    SSplotSPR : sprfunc: no visible global function definition for ‘lines’
    SSplotSPR : sprfunc: no visible global function definition for ‘abline’
    SSplotSPR: no visible global function definition for ‘dev.off’
    SSplotSPR : sprfunc2: no visible global function definition for ‘lines’
    SSplotSPR : sprfunc2: no visible global function definition for
     ‘abline’
    SSplotSPR : sprfunc3: no visible global function definition for ‘lines’
    SSplotSPR : sprfunc3: no visible global function definition for
     ‘abline’
    SSplotSPR : sprfunc3: no visible global function definition for ‘text’
    SSplotSPR : phasefunc: no visible global function definition for
     ‘lines’
    SSplotSPR : phasefunc: no visible global function definition for
     ‘abline’
    SSplotSPR : phasefunc: no visible global function definition for
     ‘points’
    SSplotSelex : pngfun: no visible global function definition for ‘png’
    SSplotSelex: no visible global function definition for ‘topo.colors’
    SSplotSelex : plotAllSel: no visible global function definition for
     ‘abline’
    SSplotSelex : plotAllSel: no visible global function definition for
     ‘matplot’
    SSplotSelex : plotAllSel: no visible global function definition for
     ‘legend’
    SSplotSelex: no visible global function definition for ‘dev.off’
    SSplotSelex: no visible global function definition for ‘persp’
    SSplotSelex: no visible global function definition for ‘contour’
    SSplotSelex : selfunc: no visible global function definition for
     ‘abline’
    SSplotSelex : selfunc: no visible global function definition for
     ‘lines’
    SSplotSelex : selfunc: no visible global function definition for
     ‘legend’
    SSplotSelex : selfunc: no visible global function definition for
     ‘mtext’
    SSplotSelex : endselfunc: no visible global function definition for
     ‘lines’
    SSplotSelex : endselfunc: no visible global function definition for
     ‘abline’
    SSplotSelex : endselfunc2: no visible global function definition for
     ‘lines’
    SSplotSelex : endselfunc2: no visible global function definition for
     ‘abline’
    SSplotSelex: no visible global function definition for ‘flush.console’
    SSplotSelex: no visible global function definition for ‘qlnorm’
    SSplotSelex: no visible global function definition for ‘qnorm’
    SSplotSelex : agelenselcontour: no visible global function definition
     for ‘contour’
    SSplotSelex : agelenselcontour: no visible global function definition
     for ‘lines’
    SSplotSelex : plot_extra_selex_SD: no visible global function
     definition for ‘lines’
    SSplotSelex : plot_extra_selex_SD: no visible global function
     definition for ‘arrows’
    SSplotSelex : plot_extra_selex_SD: no visible global function
     definition for ‘abline’
    SSplotSpawnrecruit : pngfun: no visible global function definition for
     ‘png’
    SSplotSpawnrecruit : recruitfun: no visible global function definition
     for ‘lines’
    SSplotSpawnrecruit : recruitfun: no visible global function definition
     for ‘abline’
    SSplotSpawnrecruit : recruitfun: no visible global function definition
     for ‘points’
    SSplotSpawnrecruit: no visible global function definition for ‘dev.off’
    SSplotSummaryF : pngfun: no visible global function definition for
     ‘png’
    SSplotSummaryF : plotfun: no visible global function definition for
     ‘abline’
    SSplotSummaryF : plotfun: no visible global function definition for
     ‘segments’
    SSplotSummaryF : plotfun: no visible global function definition for
     ‘gray’
    SSplotSummaryF : plotfun: no visible global function definition for
     ‘points’
    SSplotSummaryF: no visible global function definition for ‘dev.off’
    SSplotTags: no visible global function definition for ‘rgb’
    SSplotTags : pngfun: no visible global function definition for ‘png’
    SSplotTags : tagfun1: no visible global function definition for ‘par’
    SSplotTags : tagfun1: no visible global function definition for
     ‘polygon’
    SSplotTags : tagfun1: no visible global function definition for
     ‘points’
    SSplotTags : tagfun1: no visible global function definition for ‘box’
    SSplotTags : tagfun1: no visible global function definition for ‘mtext’
    SSplotTags: no visible global function definition for ‘aggregate’
    SSplotTags : tagfun2: no visible global function definition for
     ‘polygon’
    SSplotTags : tagfun2: no visible global function definition for ‘lines’
    SSplotTags : tagfun5: no visible global function definition for ‘lines’
    SSplotTags : tagfun5: no visible global function definition for
     ‘points’
    SSplotTags : tagfun5: no visible global function definition for
     ‘legend’
    SSplotTags : tagfun6: no visible global function definition for ‘par’
    SSplotTags : tagfun6: no visible global function definition for
     ‘barplot’
    SSplotTags : tagfun6: no visible global function definition for ‘box’
    SSplotTags : tagfun6: no visible global function definition for
     ‘matplot’
    SSplotTags : tagfun7: no visible global function definition for
     ‘matplot’
    SSplotTags : tagfun7: no visible global function definition for
     ‘abline’
    SSplotTags : tagfun8: no visible global function definition for
     ‘matplot’
    SSplotTags : tagfun8: no visible global function definition for
     ‘abline’
    SSplotTags: no visible global function definition for ‘dev.off’
    SSplotTags: no visible global function definition for ‘flush.console’
    SSplotTimeseries : pngfun: no visible global function definition for
     ‘png’
    SSplotTimeseries : biofunc: no visible global function definition for
     ‘abline’
    SSplotTimeseries : biofunc : addtarg: no visible global function
     definition for ‘abline’
    SSplotTimeseries : biofunc : addtarg: no visible global function
     definition for ‘text’
    SSplotTimeseries : biofunc : addtarg: no visible global function
     definition for ‘par’
    SSplotTimeseries : biofunc: no visible global function definition for
     ‘points’
    SSplotTimeseries : biofunc: no visible global function definition for
     ‘lines’
    SSplotTimeseries : biofunc: no visible global function definition for
     ‘legend’
    SSplotTimeseries : biofunc: no visible global function definition for
     ‘arrows’
    SSplotTimeseries : biofunc: no visible global function definition for
     ‘dev.off’
    SSplotYield : pngfun: no visible global function definition for ‘png’
    SSplotYield : yieldfunc: no visible global function definition for
     ‘abline’
    SSplotYield : yieldfunc: no visible global function definition for
     ‘lines’
    SSplotYield: no visible global function definition for ‘dev.off’
    SSplotYield : sprodfunc: no visible global function definition for
     ‘arrows’
    SSplotYield : sprodfunc: no visible global function definition for
     ‘abline’
    SSplotYield : sprodfunc: no visible global function definition for
     ‘points’
    SSsummarize: no visible global function definition for ‘qnorm’
    SStableComparisons: no visible global function definition for
     ‘aggregate’
    SStableComparisons: no visible global function definition for ‘median’
    SStableComparisons: no visible global function definition for
     ‘write.csv’
    TSCplot: no visible global function definition for ‘median’
    TSCplot: no visible binding for global variable ‘median’
    TSCplot: no visible global function definition for ‘dev.new’
    TSCplot: no visible global function definition for ‘pdf’
    TSCplot: no visible global function definition for ‘png’
    TSCplot: no visible global function definition for ‘par’
    TSCplot: no visible global function definition for ‘barplot’
    TSCplot: no visible global function definition for ‘axis’
    TSCplot: no visible global function definition for ‘plot’
    TSCplot: no visible global function definition for ‘points’
    TSCplot: no visible global function definition for ‘mtext’
    TSCplot: no visible global function definition for ‘dev.off’
    bubble3: no visible global function definition for ‘plot’
    bubble3: no visible global function definition for ‘axis’
    bubble3: no visible global function definition for ‘box’
    bubble3: no visible global function definition for ‘points’
    bubble3: no visible global function definition for ‘par’
    make_multifig: no visible global function definition for ‘par’
    make_multifig: no visible global function definition for ‘tail’
    make_multifig: no visible global function definition for ‘plot’
    make_multifig: no visible global function definition for ‘abline’
    make_multifig: no visible global function definition for ‘lines’
    make_multifig: no visible global function definition for ‘polygon’
    make_multifig: no visible global function definition for ‘points’
    make_multifig: no visible global function definition for ‘arrows’
    make_multifig: no visible global function definition for ‘qnorm’
    make_multifig: no visible global function definition for ‘text’
    make_multifig: no visible global function definition for ‘axis’
    make_multifig: no visible global function definition for ‘box’
    make_multifig: no visible global function definition for ‘title’
    mcmc.nuisance: no visible global function definition for ‘read.table’
    mcmc.nuisance: no visible global function definition for ‘head’
    mcmc.nuisance: no visible global function definition for ‘window’
    mcmc.nuisance: no visible global function definition for ‘acf’
    mcmc.nuisance: no visible global function definition for ‘par’
    mcmc.nuisance: no visible global function definition for ‘hist’
    mcmc.nuisance: no visible global function definition for ‘mtext’
    mcmc.nuisance: no visible global function definition for ‘barplot’
    mcmc.nuisance: no visible global function definition for ‘dev.new’
    mcmc.out: no visible global function definition for ‘read.table’
    mcmc.out: no visible global function definition for ‘window’
    mcmc.out: no visible global function definition for ‘dev.new’
    mcmc.out: no visible global function definition for ‘plot’
    mcmc.out: no visible global function definition for ‘par’
    mcmc.out: no visible global function definition for ‘mtext’
    mcmc.out: no visible global function definition for ‘lines’
    mcmc.out: no visible binding for global variable ‘median’
    mcmc.out : fun: no visible global function definition for ‘quantile’
    mcmc.out: no visible global function definition for ‘text’
    mcmc.out: no visible global function definition for ‘quantile’
    mcmc.out: no visible global function definition for ‘acf’
    mcmc.out: no visible global function definition for ‘pairs’
    mcmc.out: no visible global function definition for ‘topo.colors’
    mountains: no visible global function definition for ‘plot’
    mountains: no visible global function definition for ‘polygon’
    mountains: no visible global function definition for ‘grey’
    mountains: no visible global function definition for ‘axis’
    mountains: no visible global function definition for ‘box’
    movepars : movecalc: no visible global function definition for
     ‘matplot’
    movepars : movecalc: no visible global function definition for ‘legend’
    movepars : replot: no visible global function definition for ‘plot’
    plotCI: no visible global function definition for ‘plot’
    plotCI: no visible global function definition for ‘segments’
    plotCI: no visible global function definition for ‘par’
    plotCI: no visible global function definition for ‘points’
    r4ss_logo: no visible global function definition for ‘png’
    r4ss_logo: no visible global function definition for ‘par’
    r4ss_logo: no visible global function definition for ‘plot’
    r4ss_logo: no visible global function definition for ‘text’
    r4ss_logo: no visible global function definition for ‘dev.off’
    rich.colors.short: no visible global function definition for ‘dnorm’
    rich.colors.short : <anonymous>: no visible global function definition
     for ‘rgb’
    sel.line: no visible global function definition for ‘curve’
    selfit : replot: no visible global function definition for ‘plot’
    selfit : OnClear: no visible global function definition for ‘plot’
    selfit_spline : runADMB: no visible global function definition for
     ‘read.table’
    selfit_spline : replot: no visible global function definition for ‘par’
    selfit_spline : replot: no visible global function definition for
     ‘plot’
    selfit_spline : replot: no visible global function definition for
     ‘lines’
    selfit_spline : replot: no visible global function definition for
     ‘points’
    selfit_spline : replot: no visible global function definition for
     ‘axis’
    selfit_spline : replot: no visible global function definition for ‘box’
    selfit_spline : replot: no visible global function definition for
     ‘text’
    selfit_spline : replot: no visible global function definition for
     ‘mtext’
    stackpoly: no visible global function definition for ‘plot’
    stackpoly: no visible global function definition for ‘par’
    stackpoly: no visible global function definition for ‘rainbow’
    stackpoly: no visible global function definition for ‘polygon’
    stackpoly: no visible global function definition for ‘axis’
    update_r4ss_files : check: no visible global function definition for
     ‘packageVersion’
    update_r4ss_files : getwebfiles: no visible global function definition
     for ‘flush.console’
    update_r4ss_files : getlocalfiles: no visible global function
     definition for ‘flush.console’
    Undefined global functions or variables:
     abline acf aggregate arrows axis barplot box browseURL col2rgb
     contour curve density dev.new dev.off dnorm flush.console gray grey
     grid head hist image legend lines loess matplot median mtext nlminb
     optim packageVersion pairs par pdf persp plot png pnorm points
     polygon qchisq qlnorm qnorm qt quantile rainbow read.csv read.table
     rgb rnorm sd segments tail text title topo.colors window write.csv
     write.table
    Consider adding
     importFrom("grDevices", "col2rgb", "dev.new", "dev.off", "gray",
     "grey", "pdf", "png", "rainbow", "rgb", "topo.colors")
     importFrom("graphics", "abline", "arrows", "axis", "barplot", "box",
     "contour", "curve", "grid", "hist", "image", "legend",
     "lines", "matplot", "mtext", "pairs", "par", "persp",
     "plot", "points", "polygon", "segments", "text", "title")
     importFrom("stats", "acf", "aggregate", "density", "dnorm", "loess",
     "median", "nlminb", "optim", "pnorm", "qchisq", "qlnorm",
     "qnorm", "qt", "quantile", "rnorm", "sd", "window")
     importFrom("utils", "browseURL", "flush.console", "head",
     "packageVersion", "read.csv", "read.table", "tail",
     "write.csv", "write.table")
    to your NAMESPACE.
Flavors: r-devel-linux-x86_64-debian-clang, r-devel-linux-x86_64-debian-gcc, r-devel-linux-x86_64-fedora-clang, r-devel-linux-x86_64-fedora-gcc, r-devel-windows-ix86+x86_64