CRAN Package Check Results for Package r4ss

Last updated on 2017-10-21 22:46:53.

Flavor Version Tinstall Tcheck Ttotal Status Flags
r-devel-linux-x86_64-debian-clang 1.24.0 2.54 82.94 85.48 OK
r-devel-linux-x86_64-debian-gcc 1.24.0 2.81 78.72 81.53 OK
r-devel-linux-x86_64-fedora-clang 1.24.0 136.26 OK
r-devel-linux-x86_64-fedora-gcc 1.24.0 129.74 OK
r-devel-windows-ix86+x86_64 1.24.0 6.00 141.00 147.00 OK
r-patched-linux-x86_64 1.24.0 2.72 82.40 85.12 OK
r-patched-solaris-x86 1.24.0 166.10 OK
r-release-linux-x86_64 1.24.0 2.53 83.71 86.24 OK
r-release-windows-ix86+x86_64 1.24.0 10.00 140.00 150.00 OK
r-release-osx-x86_64 1.24.0 OK
r-oldrel-windows-ix86+x86_64 1.24.0 6.00 126.00 132.00 OK
r-oldrel-osx-x86_64 1.24.0 WARN

Check Details

Version: 1.24.0
Check: dependencies in R code
Result: NOTE
    Invalid MIT-MAGIC-COOKIE-1 key
Flavor: r-oldrel-osx-x86_64

Version: 1.24.0
Check: S3 generic/method consistency
Result: WARN
    Invalid MIT-MAGIC-COOKIE-1 key
    See section ‘Generic functions and methods’ in the ‘Writing R
    Extensions’ manual.
Flavor: r-oldrel-osx-x86_64

Version: 1.24.0
Check: replacement functions
Result: WARN
    Invalid MIT-MAGIC-COOKIE-1 key
    The argument of a replacement function which corresponds to the right
    hand side must be named ‘value’.
Flavor: r-oldrel-osx-x86_64

Version: 1.24.0
Check: foreign function calls
Result: NOTE
    Invalid MIT-MAGIC-COOKIE-1 key
    See chapter ‘System and foreign language interfaces’ in the ‘Writing R
    Extensions’ manual.
Flavor: r-oldrel-osx-x86_64

Version: 1.24.0
Check: R code for possible problems
Result: NOTE
    Invalid MIT-MAGIC-COOKIE-1 key
Flavor: r-oldrel-osx-x86_64

Version: 1.24.0
Check: for missing documentation entries
Result: WARN
    Invalid MIT-MAGIC-COOKIE-1 key
    All user-level objects in a package should have documentation entries.
    See chapter ‘Writing R documentation files’ in the ‘Writing R
    Extensions’ manual.
Flavor: r-oldrel-osx-x86_64

Version: 1.24.0
Check: for code/documentation mismatches
Result: WARN
    Invalid MIT-MAGIC-COOKIE-1 key
    Invalid MIT-MAGIC-COOKIE-1 key
    Invalid MIT-MAGIC-COOKIE-1 key
Flavor: r-oldrel-osx-x86_64

Version: 1.24.0
Check: Rd \usage sections
Result: NOTE
    Invalid MIT-MAGIC-COOKIE-1 key
    The \usage entries for S3 methods should use the \method markup and not
    their full name.
    See chapter ‘Writing R documentation files’ in the ‘Writing R
    Extensions’ manual.
Flavor: r-oldrel-osx-x86_64