CRAN Package Check Results for Package r511

Last updated on 2020-09-25 06:50:07 CEST.

Flavor Version Tinstall Tcheck Ttotal Status Flags
r-devel-linux-x86_64-debian-clang 0.1.1 2.92 31.93 34.85 NOTE
r-devel-linux-x86_64-debian-gcc 0.1.1 2.17 24.95 27.12 NOTE
r-devel-linux-x86_64-fedora-clang 0.1.1 51.97 NOTE
r-devel-linux-x86_64-fedora-gcc 0.1.1 41.76 NOTE
r-devel-windows-ix86+x86_64 0.1.1 7.00 47.00 54.00 NOTE
r-patched-linux-x86_64 0.1.1 3.10 30.32 33.42 NOTE
r-patched-solaris-x86 0.1.1 62.70 NOTE
r-release-linux-x86_64 0.1.1 2.88 30.91 33.79 NOTE
r-release-macos-x86_64 0.1.1 NOTE
r-release-windows-ix86+x86_64 0.1.1 25.00 52.00 77.00 NOTE
r-oldrel-macos-x86_64 0.1.1 NOTE
r-oldrel-windows-ix86+x86_64 0.1.1 5.00 53.00 58.00 OK

Check Details

Version: 0.1.1
Check: package vignettes
Result: NOTE
    Package vignette with placeholder title 'Vignette Title':
     'r511-intro.Rmd'
Flavors: r-devel-linux-x86_64-debian-clang, r-devel-linux-x86_64-debian-gcc, r-devel-windows-ix86+x86_64, r-patched-linux-x86_64, r-release-linux-x86_64, r-release-windows-ix86+x86_64

Version: 0.1.1
Check: dependencies in R code
Result: NOTE
    Namespace in Imports field not imported from: ‘dplyr’
     All declared Imports should be used.
Flavors: r-devel-linux-x86_64-fedora-clang, r-devel-linux-x86_64-fedora-gcc, r-patched-solaris-x86, r-release-macos-x86_64, r-oldrel-macos-x86_64