CRAN Package Check Results for Package r6methods

Last updated on 2022-08-12 06:49:29 CEST.

Flavor Version Tinstall Tcheck Ttotal Status Flags
r-devel-linux-x86_64-debian-clang 0.1.0 7.48 62.04 69.52 NOTE
r-devel-linux-x86_64-debian-gcc 0.1.0 4.63 46.56 51.19 NOTE
r-devel-linux-x86_64-fedora-clang 0.1.0 92.15 NOTE
r-devel-linux-x86_64-fedora-gcc 0.1.0 88.75 NOTE
r-devel-windows-x86_64 0.1.0 18.00 84.00 102.00 NOTE
r-patched-linux-x86_64 0.1.0 6.51 58.30 64.81 NOTE
r-release-linux-x86_64 0.1.0 5.84 58.05 63.89 NOTE
r-release-macos-arm64 0.1.0 25.00 NOTE
r-release-macos-x86_64 0.1.0 50.00 NOTE
r-release-windows-x86_64 0.1.0 20.00 84.00 104.00 NOTE
r-oldrel-macos-arm64 0.1.0 27.00 NOTE
r-oldrel-macos-x86_64 0.1.0 39.00 NOTE
r-oldrel-windows-ix86+x86_64 0.1.0 17.00 79.00 96.00 NOTE

Check Details

Version: 0.1.0
Check: LazyData
Result: NOTE
     'LazyData' is specified without a 'data' directory
Flavors: r-devel-linux-x86_64-debian-clang, r-devel-linux-x86_64-debian-gcc, r-devel-linux-x86_64-fedora-clang, r-devel-linux-x86_64-fedora-gcc, r-devel-windows-x86_64, r-patched-linux-x86_64, r-release-linux-x86_64, r-release-macos-arm64, r-release-macos-x86_64, r-release-windows-x86_64, r-oldrel-macos-arm64, r-oldrel-macos-x86_64, r-oldrel-windows-ix86+x86_64