CRAN Package Check Results for Package rAltmetric

Last updated on 2015-08-03 05:47:56.

Flavor Version Tinstall Tcheck Ttotal Status Flags
r-devel-linux-x86_64-debian-clang 0.6 1.32 23.20 24.52 NOTE
r-devel-linux-x86_64-debian-gcc 0.6 1.33 22.98 24.31 NOTE
r-devel-linux-x86_64-fedora-clang 0.6 48.45 NOTE
r-devel-linux-x86_64-fedora-gcc 0.6 47.03 NOTE
r-devel-osx-x86_64-clang 0.6 39.21 OK
r-devel-windows-ix86+x86_64 0.6 4.00 35.00 39.00 NOTE
r-patched-linux-x86_64 0.6 1.32 23.50 24.82 OK
r-patched-solaris-sparc 0.6 260.50 OK
r-patched-solaris-x86 0.6 61.60 OK
r-release-linux-x86_64 0.6 1.34 23.04 24.38 OK
r-release-osx-x86_64-mavericks 0.6 OK
r-release-windows-ix86+x86_64 0.6 8.00 35.00 43.00 OK
r-oldrel-windows-ix86+x86_64 0.6 14.00 66.00 80.00 OK

Check Details

Version: 0.6
Check: R code for possible problems
Result: NOTE
    altmetric_data: no visible global function definition for ‘is’
    plot.altmetric: no visible global function definition for ‘is’
    Undefined global functions or variables:
     is
    Consider adding
     importFrom("methods", "is")
    to your NAMESPACE.
Flavors: r-devel-linux-x86_64-debian-clang, r-devel-linux-x86_64-debian-gcc, r-devel-linux-x86_64-fedora-clang, r-devel-linux-x86_64-fedora-gcc, r-devel-windows-ix86+x86_64