CRAN Package Check Results for Package rAltmetric

Last updated on 2018-04-24 00:47:11 CEST.

Flavor Version Tinstall Tcheck Ttotal Status Flags
r-devel-linux-x86_64-debian-clang 0.7.0 0.67 18.96 19.63 OK
r-devel-linux-x86_64-debian-gcc 0.7.0 0.70 16.32 17.02 OK
r-devel-linux-x86_64-fedora-clang 0.7.0 25.59 OK
r-devel-linux-x86_64-fedora-gcc 0.7.0 23.83 OK
r-devel-windows-ix86+x86_64 0.7.0 3.00 31.00 34.00 OK
r-devel-osx-x86_64 0.7.0 OK
r-patched-linux-x86_64 0.7.0 0.73 19.98 20.71 NOTE
r-patched-solaris-x86 0.7.0 40.60 OK
r-release-linux-x86_64 0.7.0 0.81 19.88 20.69 NOTE
r-release-windows-ix86+x86_64 0.7.0 3.00 34.00 37.00 OK
r-release-osx-x86_64 0.7.0 OK
r-oldrel-windows-ix86+x86_64 0.7.0 3.00 32.00 35.00 OK

Check Details

Version: 0.7.0
Check: DESCRIPTION meta-information
Result: NOTE
    Dependence on R version ‘3.3.2’ not with patchlevel 0
Flavors: r-patched-linux-x86_64, r-release-linux-x86_64