CRAN Package Check Results for Package rAltmetric

Last updated on 2018-02-22 04:48:42 CET.

Flavor Version Tinstall Tcheck Ttotal Status Flags
r-devel-linux-x86_64-debian-clang 0.7.0 0.92 18.84 19.76 NOTE
r-devel-linux-x86_64-debian-gcc 0.7.0 0.66 16.13 16.79 NOTE
r-devel-linux-x86_64-fedora-clang 0.7.0 25.97 NOTE
r-devel-linux-x86_64-fedora-gcc 0.7.0 23.90 NOTE
r-devel-windows-ix86+x86_64 0.7.0 3.00 34.00 37.00 OK
r-patched-linux-x86_64 0.7.0 0.73 22.15 22.88 OK
r-patched-solaris-x86 0.7.0 37.80 OK
r-release-linux-x86_64 0.7.0 0.64 21.66 22.30 OK
r-release-windows-ix86+x86_64 0.7.0 5.00 43.00 48.00 OK
r-release-osx-x86_64 0.7.0 OK
r-oldrel-windows-ix86+x86_64 0.7.0 2.00 30.00 32.00 OK
r-oldrel-osx-x86_64 0.7.0 OK

Check Details

Version: 0.7.0
Check: DESCRIPTION meta-information
Result: NOTE
    Dependence on R version ‘3.3.2’ not with patchlevel 0
Flavors: r-devel-linux-x86_64-debian-clang, r-devel-linux-x86_64-debian-gcc, r-devel-linux-x86_64-fedora-clang, r-devel-linux-x86_64-fedora-gcc