CRAN Package Check Results for Package rAltmetric

Last updated on 2015-06-30 22:47:32.

Flavor Version Tinstall Tcheck Ttotal Status Flags
r-devel-linux-x86_64-debian-clang 0.6 1.30 23.22 24.52 NOTE
r-devel-linux-x86_64-debian-gcc 0.6 1.26 22.87 24.13 NOTE
r-devel-linux-x86_64-fedora-clang 0.6 48.71 NOTE
r-devel-linux-x86_64-fedora-gcc 0.6 46.48 NOTE
r-devel-osx-x86_64-clang 0.6 40.78 OK
r-devel-windows-ix86+x86_64 0.6 5.00 34.00 39.00 NOTE
r-patched-linux-x86_64 0.6 1.54 23.17 24.71 OK
r-patched-solaris-sparc 0.6 255.40 OK
r-patched-solaris-x86 0.6 60.20 OK
r-release-linux-x86_64 0.6 1.32 23.29 24.60 OK
r-release-osx-x86_64-mavericks 0.6 OK
r-release-windows-ix86+x86_64 0.6 8.00 30.00 38.00 OK
r-oldrel-windows-ix86+x86_64 0.6 10.00 54.00 64.00 OK

Check Details

Version: 0.6
Check: R code for possible problems
Result: NOTE
    altmetric_data: no visible global function definition for ‘is’
    plot.altmetric: no visible global function definition for ‘is’
Flavors: r-devel-linux-x86_64-debian-clang, r-devel-linux-x86_64-debian-gcc, r-devel-linux-x86_64-fedora-clang, r-devel-linux-x86_64-fedora-gcc, r-devel-windows-ix86+x86_64