CRAN Package Check Results for Package rAltmetric

Last updated on 2014-11-01 13:49:58.

Flavor Version Tinstall Tcheck Ttotal Status Flags
r-devel-linux-x86_64-debian-clang 0.3 1.86 24.12 25.97 NOTE
r-devel-linux-x86_64-debian-gcc 0.3 2.39 23.85 26.24 NOTE
r-devel-linux-x86_64-fedora-clang 0.3 60.55 NOTE
r-devel-linux-x86_64-fedora-gcc 0.3 57.68 NOTE
r-devel-osx-x86_64-clang 0.3 50.86 NOTE
r-devel-windows-ix86+x86_64 0.3 7.00 39.00 46.00 NOTE
r-patched-linux-x86_64 0.3 1.90 24.72 26.62 NOTE
r-patched-solaris-sparc 0.3 373.60 NOTE
r-patched-solaris-x86 0.3 69.70 NOTE
r-release-linux-ix86 0.3 2.50 32.15 34.64 NOTE
r-release-linux-x86_64 0.3 2.08 25.73 27.80 NOTE
r-release-osx-x86_64-mavericks 0.3 NOTE
r-release-osx-x86_64-snowleopard 0.3 NOTE
r-release-windows-ix86+x86_64 0.3 9.00 56.00 65.00 NOTE
r-oldrel-windows-ix86+x86_64 0.3 10.00 44.00 54.00 NOTE

Check Details

Version: 0.3
Check: package dependencies
Result: NOTE
    Depends: includes the non-default packages:
     ‘plyr’ ‘RCurl’ ‘reshape2’ ‘png’ ‘ggplot2’ ‘RJSONIO’
    Adding so many packages to the search path is excessive and importing
    selectively is preferable.
Flavors: r-devel-linux-x86_64-debian-clang, r-devel-linux-x86_64-debian-gcc, r-devel-linux-x86_64-fedora-clang, r-devel-linux-x86_64-fedora-gcc, r-devel-osx-x86_64-clang, r-devel-windows-ix86+x86_64, r-patched-linux-x86_64, r-patched-solaris-sparc, r-patched-solaris-x86, r-release-linux-ix86, r-release-linux-x86_64, r-release-osx-x86_64-mavericks, r-release-osx-x86_64-snowleopard, r-release-windows-ix86+x86_64

Version: 0.3
Check: top-level files
Result: NOTE
    Non-standard files/directories found at top level:
     ‘acuna.png’ ‘altmetric_logo_title.png’
Flavors: r-devel-linux-x86_64-debian-clang, r-devel-linux-x86_64-debian-gcc, r-devel-linux-x86_64-fedora-clang, r-devel-linux-x86_64-fedora-gcc, r-patched-linux-x86_64, r-release-linux-x86_64

Version: 0.3
Check: dependencies in R code
Result: NOTE
    Packages in Depends field not imported from:
     ‘RCurl’ ‘RJSONIO’ ‘ggplot2’ ‘plyr’ ‘png’ ‘reshape2’
     These packages need to be imported from (in the NAMESPACE file)
     for when this namespace is loaded but not attached.
    See the information on DESCRIPTION files in the chapter ‘Creating R
    packages’ of the ‘Writing R Extensions’ manual.
Flavors: r-devel-linux-x86_64-debian-clang, r-devel-linux-x86_64-debian-gcc, r-devel-linux-x86_64-fedora-clang, r-devel-linux-x86_64-fedora-gcc, r-devel-osx-x86_64-clang, r-devel-windows-ix86+x86_64, r-patched-linux-x86_64, r-patched-solaris-sparc, r-patched-solaris-x86, r-release-linux-ix86, r-release-linux-x86_64, r-release-osx-x86_64-mavericks, r-release-windows-ix86+x86_64, r-oldrel-windows-ix86+x86_64

Version: 0.3
Check: R code for possible problems
Result: NOTE
    altmetric_data: no visible global function definition for ‘rbind.fill’
    altmetric_data: no visible global function definition for ‘unrowname’
    altmetric_data: no visible global function definition for ‘melt’
    altmetric_data: no visible global function definition for ‘dcast’
    altmetrics: no visible global function definition for ‘getCurlHandle’
    altmetrics: no visible global function definition for ‘compact’
    altmetrics: no visible global function definition for ‘getURL’
    altmetrics: no visible global function definition for ‘fromJSON’
    plot.altmetric: no visible global function definition for ‘melt’
    plot.altmetric: no visible global function definition for ‘readPNG’
    plot.altmetric: no visible global function definition for
     ‘getURLContent’
    plot.altmetric: no visible global function definition for ‘ggplot’
    plot.altmetric: no visible global function definition for ‘aes’
    plot.altmetric: no visible global function definition for ‘geom_point’
    plot.altmetric: no visible global function definition for ‘ggtitle’
    plot.altmetric: no visible global function definition for ‘xlab’
    plot.altmetric: no visible global function definition for ‘ylab’
    plot.altmetric: no visible global function definition for ‘theme’
    plot.altmetric: no visible global function definition for
     ‘element_blank’
    plot.altmetric: no visible global function definition for
     ‘element_line’
    plot.altmetric: no visible global function definition for
     ‘annotation_raster’
    plot.altmetric: no visible global function definition for
     ‘element_text’
    print.altmetric: no visible global function definition for ‘melt’
Flavors: r-devel-linux-x86_64-debian-clang, r-devel-linux-x86_64-debian-gcc, r-devel-linux-x86_64-fedora-clang, r-devel-linux-x86_64-fedora-gcc, r-devel-osx-x86_64-clang, r-devel-windows-ix86+x86_64, r-patched-linux-x86_64, r-patched-solaris-sparc, r-patched-solaris-x86, r-release-windows-ix86+x86_64