CRAN Package Check Results for Package rAltmetric

Last updated on 2014-04-16 11:47:24.

Flavor Version Tinstall Tcheck Ttotal Status Flags
r-devel-linux-x86_64-debian-clang 0.3 2.08 26.26 28.34 NOTE
r-devel-linux-x86_64-debian-gcc 0.3 2.11 26.05 28.16 NOTE
r-devel-linux-x86_64-fedora-clang 0.3 63.70 NOTE
r-devel-linux-x86_64-fedora-gcc 0.3 54.37 NOTE
r-devel-macosx-x86_64-clang 0.3 60.18 NOTE
r-devel-macosx-x86_64-gcc 0.3 ERROR
r-devel-windows-ix86+x86_64 0.3 8.00 42.00 50.00 NOTE
r-patched-linux-x86_64 0.3 2.22 25.82 28.04 NOTE
r-patched-solaris-sparc 0.3 311.40 NOTE
r-patched-solaris-x86 0.3 74.80 NOTE
r-release-linux-ix86 0.3 4.00 48.00 52.00 NOTE
r-release-linux-x86_64 0.3 2.10 25.58 27.67 NOTE
r-release-macosx-x86_64 0.3 NOTE
r-release-windows-ix86+x86_64 0.3 8.00 42.00 50.00 NOTE
r-oldrel-windows-ix86+x86_64 0.3 9.00 47.00 56.00 NOTE

Check Details

Version: 0.3
Check: package dependencies
Result: NOTE
    Depends: includes the non-default packages:
     ‘plyr’ ‘RCurl’ ‘reshape2’ ‘png’ ‘ggplot2’ ‘RJSONIO’
    Adding so many packages to the search path is excessive and importing
    selectively is preferable.
Flavors: r-devel-linux-x86_64-debian-clang, r-devel-linux-x86_64-debian-gcc, r-devel-linux-x86_64-fedora-clang, r-devel-linux-x86_64-fedora-gcc, r-devel-macosx-x86_64-clang, r-devel-windows-ix86+x86_64, r-patched-linux-x86_64, r-patched-solaris-sparc, r-patched-solaris-x86, r-release-linux-ix86, r-release-linux-x86_64, r-release-macosx-x86_64, r-release-windows-ix86+x86_64

Version: 0.3
Check: dependencies in R code
Result: NOTE
    Packages in Depends field not imported from:
     ‘RCurl’ ‘RJSONIO’ ‘ggplot2’ ‘plyr’ ‘png’ ‘reshape2’
     These packages need to be imported from (in the NAMESPACE file)
     for when this namespace is loaded but not attached.
    See the information on DESCRIPTION files in the chapter ‘Creating R
    packages’ of the ‘Writing R Extensions’ manual.
Flavors: r-devel-linux-x86_64-debian-clang, r-devel-linux-x86_64-debian-gcc, r-devel-linux-x86_64-fedora-clang, r-devel-linux-x86_64-fedora-gcc, r-devel-macosx-x86_64-clang, r-devel-windows-ix86+x86_64, r-patched-linux-x86_64, r-patched-solaris-sparc, r-patched-solaris-x86, r-release-linux-ix86, r-release-linux-x86_64, r-release-windows-ix86+x86_64, r-oldrel-windows-ix86+x86_64

Version: 0.3
Check: top-level files
Result: NOTE
    Non-standard files/directories found at top level:
     ‘acuna.png’ ‘altmetric_logo_title.png’
Flavors: r-devel-linux-x86_64-fedora-clang, r-devel-linux-x86_64-fedora-gcc

Version: 0.3
Check: package dependencies
Result: ERROR
    Package required but not available: ‘ggplot2’
    
    Depends: includes the non-default packages:
     ‘plyr’ ‘RCurl’ ‘reshape2’ ‘png’ ‘ggplot2’ ‘RJSONIO’
    Adding so many packages to the search path is excessive and importing
    selectively is preferable.
    
    See the information on DESCRIPTION files in the chapter ‘Creating R
    packages’ of the ‘Writing R Extensions’ manual.
Flavor: r-devel-macosx-x86_64-gcc