CRAN Package Check Results for Package rAltmetric

Last updated on 2014-07-24 11:53:28.

Flavor Version Tinstall Tcheck Ttotal Status Flags
r-devel-linux-x86_64-debian-clang 0.3 1.96 23.54 25.50 NOTE
r-devel-linux-x86_64-debian-gcc 0.3 2.13 23.18 25.31 NOTE
r-devel-linux-x86_64-fedora-clang 0.3 63.74 NOTE
r-devel-linux-x86_64-fedora-gcc 0.3 61.68 NOTE
r-devel-osx-x86_64-clang 0.3 49.92 NOTE
r-devel-windows-ix86+x86_64 0.3 9.00 38.00 47.00 NOTE
r-patched-linux-x86_64 0.3 1.91 23.91 25.82 NOTE
r-patched-solaris-sparc 0.3 311.40 NOTE
r-patched-solaris-x86 0.3 79.40 NOTE
r-release-linux-ix86 0.3 2.48 32.10 34.58 NOTE
r-release-linux-x86_64 0.3 2.02 24.46 26.48 NOTE
r-release-osx-x86_64-mavericks 0.3 NOTE
r-release-osx-x86_64-snowleopard 0.3 NOTE
r-release-windows-ix86+x86_64 0.3 8.00 43.00 51.00 NOTE
r-oldrel-windows-ix86+x86_64 0.3 10.00 43.00 53.00 NOTE

Check Details

Version: 0.3
Check: package dependencies
Result: NOTE
    Depends: includes the non-default packages:
     ‘plyr’ ‘RCurl’ ‘reshape2’ ‘png’ ‘ggplot2’ ‘RJSONIO’
    Adding so many packages to the search path is excessive and importing
    selectively is preferable.
Flavors: r-devel-linux-x86_64-debian-clang, r-devel-linux-x86_64-debian-gcc, r-devel-linux-x86_64-fedora-clang, r-devel-linux-x86_64-fedora-gcc, r-devel-osx-x86_64-clang, r-devel-windows-ix86+x86_64, r-patched-linux-x86_64, r-patched-solaris-sparc, r-patched-solaris-x86, r-release-linux-ix86, r-release-linux-x86_64, r-release-osx-x86_64-mavericks, r-release-osx-x86_64-snowleopard, r-release-windows-ix86+x86_64

Version: 0.3
Check: dependencies in R code
Result: NOTE
    Packages in Depends field not imported from:
     ‘RCurl’ ‘RJSONIO’ ‘ggplot2’ ‘plyr’ ‘png’ ‘reshape2’
     These packages need to be imported from (in the NAMESPACE file)
     for when this namespace is loaded but not attached.
    See the information on DESCRIPTION files in the chapter ‘Creating R
    packages’ of the ‘Writing R Extensions’ manual.
Flavors: r-devel-linux-x86_64-debian-clang, r-devel-linux-x86_64-debian-gcc, r-devel-linux-x86_64-fedora-clang, r-devel-linux-x86_64-fedora-gcc, r-devel-osx-x86_64-clang, r-devel-windows-ix86+x86_64, r-patched-linux-x86_64, r-patched-solaris-sparc, r-patched-solaris-x86, r-release-linux-ix86, r-release-linux-x86_64, r-release-osx-x86_64-mavericks, r-release-windows-ix86+x86_64, r-oldrel-windows-ix86+x86_64

Version: 0.3
Check: top-level files
Result: NOTE
    Non-standard files/directories found at top level:
     ‘acuna.png’ ‘altmetric_logo_title.png’
Flavors: r-devel-linux-x86_64-fedora-clang, r-devel-linux-x86_64-fedora-gcc