CRAN Package Check Results for Package rAltmetric

Last updated on 2016-05-26 03:48:38.

Flavor Version Tinstall Tcheck Ttotal Status Flags
r-devel-linux-x86_64-debian-gcc 0.6 1.23 21.86 23.09 NOTE
r-devel-linux-x86_64-fedora-clang 0.6 42.13 NOTE
r-devel-linux-x86_64-fedora-gcc 0.6 40.20 NOTE
r-devel-osx-x86_64-clang 0.6 40.18 NOTE
r-devel-windows-ix86+x86_64 0.6 3.00 41.00 44.00 NOTE
r-patched-linux-x86_64 0.6 1.23 21.80 23.03 NOTE
r-patched-solaris-sparc 0.6 204.60 NOTE
r-patched-solaris-x86 0.6 49.60 NOTE
r-release-linux-x86_64 0.6 1.27 21.49 22.76 NOTE
r-release-osx-x86_64-mavericks 0.6 NOTE
r-release-windows-ix86+x86_64 0.6 8.00 40.00 48.00 NOTE
r-oldrel-windows-ix86+x86_64 0.6 5.00 37.00 42.00 OK

Check Details

Version: 0.6
Check: R code for possible problems
Result: NOTE
    altmetric_data: no visible global function definition for ‘is’
    plot.altmetric: no visible global function definition for ‘is’
    Undefined global functions or variables:
     is
    Consider adding
     importFrom("methods", "is")
    to your NAMESPACE file (and ensure that your DESCRIPTION Imports field
    contains 'methods').
Flavors: r-devel-linux-x86_64-debian-gcc, r-devel-linux-x86_64-fedora-clang, r-devel-linux-x86_64-fedora-gcc, r-devel-osx-x86_64-clang, r-devel-windows-ix86+x86_64, r-patched-linux-x86_64, r-patched-solaris-sparc, r-patched-solaris-x86, r-release-linux-x86_64, r-release-osx-x86_64-mavericks, r-release-windows-ix86+x86_64