CRAN Package Check Results for Package rAltmetric

Last updated on 2016-07-24 06:47:04.

Flavor Version Tinstall Tcheck Ttotal Status Flags
r-devel-linux-x86_64-debian-clang 0.6 2.10 25.60 27.70 NOTE
r-devel-linux-x86_64-debian-gcc 0.6 1.71 26.42 28.13 NOTE
r-devel-linux-x86_64-fedora-clang 0.6 42.71 NOTE
r-devel-linux-x86_64-fedora-gcc 0.6 40.58 NOTE
r-devel-osx-x86_64-clang 0.6 29.68 NOTE
r-devel-windows-ix86+x86_64 0.6 4.00 42.00 46.00 NOTE
r-patched-linux-x86_64 0.6 1.74 25.85 27.59 NOTE
r-patched-solaris-sparc 0.6 213.80 NOTE
r-patched-solaris-x86 0.6 49.70 NOTE
r-release-linux-x86_64 0.6 1.81 25.86 27.67 NOTE
r-release-osx-x86_64-mavericks 0.6 NOTE
r-release-windows-ix86+x86_64 0.6 4.00 40.00 44.00 NOTE
r-oldrel-windows-ix86+x86_64 0.6 7.00 39.00 46.00 OK

Check Details

Version: 0.6
Check: R code for possible problems
Result: NOTE
    altmetric_data: no visible global function definition for ‘is’
    plot.altmetric: no visible global function definition for ‘is’
    Undefined global functions or variables:
     is
    Consider adding
     importFrom("methods", "is")
    to your NAMESPACE file (and ensure that your DESCRIPTION Imports field
    contains 'methods').
Flavors: r-devel-linux-x86_64-debian-clang, r-devel-linux-x86_64-debian-gcc, r-devel-linux-x86_64-fedora-clang, r-devel-linux-x86_64-fedora-gcc, r-devel-osx-x86_64-clang, r-devel-windows-ix86+x86_64, r-patched-linux-x86_64, r-patched-solaris-sparc, r-patched-solaris-x86, r-release-linux-x86_64, r-release-osx-x86_64-mavericks, r-release-windows-ix86+x86_64