CRAN Package Check Results for Package rAltmetric

Last updated on 2016-09-27 22:48:45.

Flavor Version Tinstall Tcheck Ttotal Status Flags
r-devel-linux-x86_64-debian-clang 0.6 1.23 21.31 22.54 NOTE
r-devel-linux-x86_64-debian-gcc 0.6 1.21 21.61 22.82 NOTE
r-devel-linux-x86_64-fedora-clang 0.6 42.25 NOTE
r-devel-linux-x86_64-fedora-gcc 0.6 40.95 NOTE
r-devel-macos-x86_64-clang 0.6 28.43 NOTE
r-devel-windows-ix86+x86_64 0.6 6.00 65.00 71.00 NOTE
r-patched-linux-x86_64 0.6 1.39 21.73 23.12 NOTE
r-patched-solaris-sparc 0.6 213.80 NOTE
r-patched-solaris-x86 0.6 49.40 NOTE
r-release-linux-x86_64 0.6 1.32 22.35 23.67 NOTE
r-release-osx-x86_64-mavericks 0.6 NOTE
r-release-windows-ix86+x86_64 0.6 5.00 38.00 43.00 NOTE
r-oldrel-windows-ix86+x86_64 0.6 8.00 37.00 45.00 OK

Check Details

Version: 0.6
Check: R code for possible problems
Result: NOTE
    altmetric_data: no visible global function definition for ‘is’
    plot.altmetric: no visible global function definition for ‘is’
    Undefined global functions or variables:
     is
    Consider adding
     importFrom("methods", "is")
    to your NAMESPACE file (and ensure that your DESCRIPTION Imports field
    contains 'methods').
Flavors: r-devel-linux-x86_64-debian-clang, r-devel-linux-x86_64-debian-gcc, r-devel-linux-x86_64-fedora-clang, r-devel-linux-x86_64-fedora-gcc, r-devel-macos-x86_64-clang, r-devel-windows-ix86+x86_64, r-patched-linux-x86_64, r-patched-solaris-sparc, r-patched-solaris-x86, r-release-linux-x86_64, r-release-osx-x86_64-mavericks, r-release-windows-ix86+x86_64