CRAN Package Check Results for Package rAltmetric

Last updated on 2016-08-25 03:47:18.

Flavor Version Tinstall Tcheck Ttotal Status Flags
r-devel-linux-x86_64-debian-clang 0.6 1.38 22.16 23.54 NOTE
r-devel-linux-x86_64-debian-gcc 0.6 1.67 22.12 23.79 NOTE
r-devel-linux-x86_64-fedora-clang 0.6 42.52 NOTE
r-devel-linux-x86_64-fedora-gcc 0.6 41.73 NOTE
r-devel-osx-x86_64-clang 0.6 29.91 NOTE
r-devel-windows-ix86+x86_64 0.6 6.00 39.00 45.00 NOTE
r-patched-linux-x86_64 0.6 1.32 21.77 23.10 NOTE
r-patched-solaris-sparc 0.6 213.80 NOTE
r-patched-solaris-x86 0.6 51.00 NOTE
r-release-linux-x86_64 0.6 1.21 21.82 23.03 NOTE
r-release-osx-x86_64-mavericks 0.6 NOTE
r-release-windows-ix86+x86_64 0.6 6.00 37.00 43.00 NOTE
r-oldrel-windows-ix86+x86_64 0.6 5.00 38.00 43.00 OK

Check Details

Version: 0.6
Check: R code for possible problems
Result: NOTE
    altmetric_data: no visible global function definition for ‘is’
    plot.altmetric: no visible global function definition for ‘is’
    Undefined global functions or variables:
     is
    Consider adding
     importFrom("methods", "is")
    to your NAMESPACE file (and ensure that your DESCRIPTION Imports field
    contains 'methods').
Flavors: r-devel-linux-x86_64-debian-clang, r-devel-linux-x86_64-debian-gcc, r-devel-linux-x86_64-fedora-clang, r-devel-linux-x86_64-fedora-gcc, r-devel-osx-x86_64-clang, r-devel-windows-ix86+x86_64, r-patched-linux-x86_64, r-patched-solaris-sparc, r-patched-solaris-x86, r-release-linux-x86_64, r-release-osx-x86_64-mavericks, r-release-windows-ix86+x86_64