CRAN Package Check Results for Package rAltmetric

Last updated on 2015-09-04 22:47:01.

Flavor Version Tinstall Tcheck Ttotal Status Flags
r-devel-linux-x86_64-debian-clang 0.6 1.26 22.10 23.35 NOTE
r-devel-linux-x86_64-debian-gcc 0.6 1.28 21.98 23.26 NOTE
r-devel-linux-x86_64-fedora-clang 0.6 45.63 NOTE
r-devel-linux-x86_64-fedora-gcc 0.6 44.41 NOTE
r-devel-osx-x86_64-clang 0.6 35.94 OK
r-devel-windows-ix86+x86_64 0.6 5.00 34.00 39.00 NOTE
r-patched-linux-x86_64 0.6 1.32 23.02 24.34 OK
r-patched-solaris-sparc 0.6 260.50 OK
r-patched-solaris-x86 0.6 62.00 OK
r-release-linux-x86_64 0.6 1.33 23.04 24.37 OK
r-release-osx-x86_64-mavericks 0.6 OK
r-release-windows-ix86+x86_64 0.6 8.00 35.00 43.00 OK
r-oldrel-windows-ix86+x86_64 0.6 10.00 90.00 100.00 OK

Check Details

Version: 0.6
Check: R code for possible problems
Result: NOTE
    altmetric_data: no visible global function definition for ‘is’
    plot.altmetric: no visible global function definition for ‘is’
    Undefined global functions or variables:
     is
    Consider adding
     importFrom("methods", "is")
    to your NAMESPACE (and ensure that your DESCRIPTION Imports field
    contains 'methods').
Flavors: r-devel-linux-x86_64-debian-clang, r-devel-linux-x86_64-debian-gcc, r-devel-linux-x86_64-fedora-clang, r-devel-linux-x86_64-fedora-gcc, r-devel-windows-ix86+x86_64