CRAN Package Check Results for Package rAltmetric

Last updated on 2015-05-29 03:48:40.

Flavor Version Tinstall Tcheck Ttotal Status Flags
r-devel-linux-x86_64-debian-clang 0.6 1.38 23.14 24.53 OK
r-devel-linux-x86_64-debian-gcc 0.6 1.31 22.76 24.07 OK
r-devel-linux-x86_64-fedora-clang 0.6 50.03 OK
r-devel-linux-x86_64-fedora-gcc 0.6 48.20 OK
r-devel-osx-x86_64-clang 0.6 43.17 OK
r-devel-windows-ix86+x86_64 0.6 5.00 33.00 38.00 OK
r-patched-linux-x86_64 0.6 1.26 22.20 23.45 OK
r-patched-solaris-sparc 0.6 255.40 OK
r-patched-solaris-x86 0.6 58.80 OK
r-release-linux-x86_64 0.6 1.32 22.65 23.98 OK
r-release-osx-x86_64-mavericks 0.6 OK
r-release-osx-x86_64-snowleopard 0.6 ERROR
r-release-windows-ix86+x86_64 0.6 5.00 30.00 35.00 OK
r-oldrel-windows-ix86+x86_64 0.6 10.00 56.00 66.00 OK

Check Details

Version: 0.6
Check: package dependencies
Result: ERROR
    Package required but not available: ‘ggplot2’
    
    See section ‘The DESCRIPTION file’ in the ‘Writing R Extensions’
    manual.
Flavor: r-release-osx-x86_64-snowleopard