CRAN Package Check Results for Package rAltmetric

Last updated on 2016-02-11 07:47:39.

Flavor Version Tinstall Tcheck Ttotal Status Flags
r-devel-linux-x86_64-debian-gcc 0.6 1.20 21.18 22.38 NOTE
r-devel-linux-x86_64-fedora-clang 0.6 42.08 NOTE
r-devel-linux-x86_64-fedora-gcc 0.6 41.61 NOTE
r-devel-osx-x86_64-clang 0.6 37.30 NOTE
r-devel-windows-ix86+x86_64 0.6 5.00 49.00 54.00 NOTE
r-patched-linux-x86_64 0.6 1.30 22.99 24.30 OK
r-patched-solaris-sparc 0.6 230.40 OK
r-patched-solaris-x86 0.6 55.40 OK
r-release-linux-x86_64 0.6 1.33 22.89 24.22 OK
r-release-osx-x86_64-mavericks 0.6 OK
r-release-windows-ix86+x86_64 0.6 6.00 33.00 39.00 OK
r-oldrel-windows-ix86+x86_64 0.6 13.00 64.00 77.00 OK

Check Details

Version: 0.6
Check: R code for possible problems
Result: NOTE
    altmetric_data: no visible global function definition for ‘is’
    plot.altmetric: no visible global function definition for ‘is’
    Undefined global functions or variables:
     is
    Consider adding
     importFrom("methods", "is")
    to your NAMESPACE file (and ensure that your DESCRIPTION Imports field
    contains 'methods').
Flavors: r-devel-linux-x86_64-debian-gcc, r-devel-linux-x86_64-fedora-clang, r-devel-linux-x86_64-fedora-gcc, r-devel-osx-x86_64-clang, r-devel-windows-ix86+x86_64