CRAN Package Check Results for Package rAltmetric

Last updated on 2016-12-10 23:48:55.

Flavor Version Tinstall Tcheck Ttotal Status Flags
r-devel-linux-x86_64-debian-clang 0.6 1.30 24.85 26.15 NOTE
r-devel-linux-x86_64-debian-gcc 0.6 1.48 24.93 26.41 NOTE
r-devel-linux-x86_64-fedora-clang 0.6 51.45 NOTE --no-stop-on-test-error
r-devel-linux-x86_64-fedora-gcc 0.6 49.23 NOTE --no-stop-on-test-error
r-devel-macos-x86_64-clang 0.6 34.42 NOTE --no-stop-on-test-error
r-devel-windows-ix86+x86_64 0.6 5.00 41.00 46.00 NOTE
r-patched-linux-x86_64 0.6 1.30 22.76 24.06 NOTE
r-patched-solaris-sparc 0.6 223.60 NOTE
r-patched-solaris-x86 0.6 52.10 NOTE
r-release-linux-x86_64 0.6 1.40 22.43 23.83 NOTE
r-release-osx-x86_64-mavericks 0.6 NOTE
r-release-windows-ix86+x86_64 0.6 6.00 39.00 45.00 NOTE
r-oldrel-windows-ix86+x86_64 0.6 6.00 39.00 45.00 OK

Check Details

Version: 0.6
Check: R code for possible problems
Result: NOTE
    altmetric_data: no visible global function definition for ‘is’
    plot.altmetric: no visible global function definition for ‘is’
    Undefined global functions or variables:
     is
    Consider adding
     importFrom("methods", "is")
    to your NAMESPACE file (and ensure that your DESCRIPTION Imports field
    contains 'methods').
Flavors: r-devel-linux-x86_64-debian-clang, r-devel-linux-x86_64-debian-gcc, r-devel-windows-ix86+x86_64, r-patched-linux-x86_64, r-patched-solaris-sparc, r-patched-solaris-x86, r-release-linux-x86_64, r-release-osx-x86_64-mavericks, r-release-windows-ix86+x86_64

Version: 0.6
Flags: --no-stop-on-test-error
Check: R code for possible problems
Result: NOTE
    altmetric_data: no visible global function definition for ‘is’
    plot.altmetric: no visible global function definition for ‘is’
    Undefined global functions or variables:
     is
    Consider adding
     importFrom("methods", "is")
    to your NAMESPACE file (and ensure that your DESCRIPTION Imports field
    contains 'methods').
Flavors: r-devel-linux-x86_64-fedora-clang, r-devel-linux-x86_64-fedora-gcc, r-devel-macos-x86_64-clang