CRAN Package Check Results for Package rAltmetric

Last updated on 2017-03-29 23:53:24.

Flavor Version Tinstall Tcheck Ttotal Status Flags
r-devel-linux-x86_64-debian-clang 0.6 1.52 25.30 26.82 NOTE
r-devel-linux-x86_64-debian-gcc 0.6 1.36 25.16 26.53 NOTE
r-devel-linux-x86_64-fedora-clang 0.6 50.10 NOTE --no-stop-on-test-error
r-devel-linux-x86_64-fedora-gcc 0.6 48.47 NOTE --no-stop-on-test-error
r-devel-macos-x86_64-clang 0.6 34.34 NOTE --no-stop-on-test-error
r-devel-windows-ix86+x86_64 0.6 4.00 69.00 73.00 NOTE
r-patched-linux-x86_64 0.6 1.32 25.65 26.97 NOTE
r-patched-solaris-sparc 0.6 245.40 NOTE
r-patched-solaris-x86 0.6 63.20 NOTE
r-release-linux-x86_64 0.6 1.26 22.82 24.08 NOTE
r-release-osx-x86_64-mavericks 0.6 NOTE
r-release-windows-ix86+x86_64 0.6 14.00 39.00 53.00 NOTE
r-oldrel-windows-ix86+x86_64 0.6 7.00 109.00 116.00 OK

Check Details

Version: 0.6
Check: R code for possible problems
Result: NOTE
    altmetric_data: no visible global function definition for ‘is’
    plot.altmetric: no visible global function definition for ‘is’
    Undefined global functions or variables:
     is
    Consider adding
     importFrom("methods", "is")
    to your NAMESPACE file (and ensure that your DESCRIPTION Imports field
    contains 'methods').
Flavors: r-devel-linux-x86_64-debian-clang, r-devel-linux-x86_64-debian-gcc, r-devel-windows-ix86+x86_64, r-patched-linux-x86_64, r-patched-solaris-sparc, r-patched-solaris-x86, r-release-linux-x86_64, r-release-osx-x86_64-mavericks, r-release-windows-ix86+x86_64

Version: 0.6
Flags: --no-stop-on-test-error
Check: R code for possible problems
Result: NOTE
    altmetric_data: no visible global function definition for ‘is’
    plot.altmetric: no visible global function definition for ‘is’
    Undefined global functions or variables:
     is
    Consider adding
     importFrom("methods", "is")
    to your NAMESPACE file (and ensure that your DESCRIPTION Imports field
    contains 'methods').
Flavors: r-devel-linux-x86_64-fedora-clang, r-devel-linux-x86_64-fedora-gcc, r-devel-macos-x86_64-clang