CRAN Package Check Results for Package rAmCharts

Last updated on 2018-06-19 13:48:39 CEST.

Flavor Version Tinstall Tcheck Ttotal Status Flags
r-devel-linux-x86_64-debian-clang 2.1.7 12.80 90.77 103.57 OK
r-devel-linux-x86_64-debian-gcc 2.1.7 10.51 69.01 79.52 OK
r-devel-linux-x86_64-fedora-clang 2.1.7 120.28 NOTE
r-devel-linux-x86_64-fedora-gcc 2.1.7 111.59 OK
r-devel-windows-ix86+x86_64 2.1.7 38.00 208.00 246.00 NOTE
r-patched-linux-x86_64 2.1.7 11.98 81.06 93.04 OK
r-patched-solaris-x86 2.1.7 146.10 NOTE
r-release-linux-x86_64 2.1.7 10.27 80.97 91.24 OK
r-release-windows-ix86+x86_64 2.1.7 26.00 225.00 251.00 NOTE
r-release-osx-x86_64 2.1.7 NOTE
r-oldrel-windows-ix86+x86_64 2.1.7 14.00 192.00 206.00 NOTE
r-oldrel-osx-x86_64 2.1.7 NOTE

Check Details

Version: 2.1.7
Check: installed package size
Result: NOTE
     installed size is 8.2Mb
     sub-directories of 1Mb or more:
     htmlwidgets 6.4Mb
Flavors: r-devel-linux-x86_64-fedora-clang, r-devel-windows-ix86+x86_64, r-patched-solaris-x86, r-release-windows-ix86+x86_64, r-release-osx-x86_64, r-oldrel-windows-ix86+x86_64, r-oldrel-osx-x86_64