CRAN Package Check Results for Package rAmCharts

Last updated on 2017-11-24 22:51:32 CET.

Flavor Version Tinstall Tcheck Ttotal Status Flags
r-devel-linux-x86_64-debian-clang 2.1.5 4.56 126.97 131.53 OK
r-devel-linux-x86_64-debian-gcc 2.1.5 4.74 111.68 116.41 OK
r-devel-linux-x86_64-fedora-clang 2.1.5 98.80 NOTE
r-devel-linux-x86_64-fedora-gcc 2.1.5 93.50 NOTE
r-devel-windows-ix86+x86_64 2.1.5 15.00 166.00 181.00 NOTE
r-patched-linux-x86_64 2.1.5 4.84 132.87 137.71 OK
r-patched-solaris-x86 2.1.5 122.70 NOTE
r-release-linux-x86_64 2.1.5 5.52 129.74 135.26 OK
r-release-windows-ix86+x86_64 2.1.5 15.00 117.00 132.00 NOTE
r-release-osx-x86_64 2.1.5 NOTE
r-oldrel-windows-ix86+x86_64 2.1.5 15.00 124.00 139.00 NOTE
r-oldrel-osx-x86_64 2.1.5 NOTE

Check Details

Version: 2.1.5
Check: installed package size
Result: NOTE
     installed size is 7.8Mb
     sub-directories of 1Mb or more:
     htmlwidgets 6.4Mb
Flavors: r-devel-linux-x86_64-fedora-clang, r-devel-linux-x86_64-fedora-gcc, r-devel-windows-ix86+x86_64, r-patched-solaris-x86, r-release-windows-ix86+x86_64, r-release-osx-x86_64, r-oldrel-windows-ix86+x86_64, r-oldrel-osx-x86_64