CRAN Package Check Results for Package rAmCharts

Last updated on 2018-02-20 17:47:55 CET.

Flavor Version Tinstall Tcheck Ttotal Status Flags
r-devel-linux-x86_64-debian-clang 2.1.6 12.00 87.15 99.15 OK
r-devel-linux-x86_64-debian-gcc 2.1.6 9.93 62.28 72.21 OK
r-devel-linux-x86_64-fedora-clang 2.1.6 115.49 NOTE
r-devel-linux-x86_64-fedora-gcc 2.1.6 107.65 NOTE
r-devel-windows-ix86+x86_64 2.1.6 22.00 120.00 142.00 NOTE
r-patched-linux-x86_64 2.1.6 4.43 86.38 90.81 OK
r-patched-solaris-x86 2.1.6 126.10 NOTE
r-release-linux-x86_64 2.1.6 5.04 88.07 93.11 OK
r-release-windows-ix86+x86_64 2.1.6 24.00 161.00 185.00 NOTE
r-release-osx-x86_64 2.1.6 NOTE
r-oldrel-windows-ix86+x86_64 2.1.6 17.00 159.00 176.00 NOTE
r-oldrel-osx-x86_64 2.1.5 NOTE

Check Details

Version: 2.1.6
Check: installed package size
Result: NOTE
     installed size is 8.2Mb
     sub-directories of 1Mb or more:
     htmlwidgets 6.4Mb
Flavors: r-devel-linux-x86_64-fedora-clang, r-devel-linux-x86_64-fedora-gcc, r-devel-windows-ix86+x86_64, r-patched-solaris-x86, r-release-windows-ix86+x86_64, r-release-osx-x86_64, r-oldrel-windows-ix86+x86_64

Version: 2.1.5
Check: installed package size
Result: NOTE
     installed size is 7.6Mb
     sub-directories of 1Mb or more:
     htmlwidgets 6.3Mb
Flavor: r-oldrel-osx-x86_64