CRAN Package Check Results for Package rAvis

Last updated on 2020-08-13 01:55:17 CEST.

Flavor Version Tinstall Tcheck Ttotal Status Flags
r-devel-linux-x86_64-debian-clang 0.1.4 10.04 98.89 108.93 NOTE
r-devel-linux-x86_64-debian-gcc 0.1.4 10.05 75.60 85.65 NOTE
r-devel-linux-x86_64-fedora-clang 0.1.4 141.87 NOTE
r-devel-linux-x86_64-fedora-gcc 0.1.4 131.43 NOTE
r-devel-windows-ix86+x86_64 0.1.4 36.00 168.00 204.00 NOTE
r-patched-linux-x86_64 0.1.4 12.08 96.59 108.67 NOTE
r-patched-solaris-x86 0.1.4 220.00 NOTE
r-release-linux-x86_64 0.1.4 12.10 96.38 108.48 NOTE
r-release-macos-x86_64 0.1.4 NOTE
r-release-windows-ix86+x86_64 0.1.4 40.00 176.00 216.00 NOTE
r-oldrel-macos-x86_64 0.1.4 NOTE
r-oldrel-windows-ix86+x86_64 0.1.4 25.00 114.00 139.00 NOTE

Check Details

Version: 0.1.4
Check: R code for possible problems
Result: NOTE
    .avisApiBusAvanzada: no visible global function definition for
     'read.csv'
    .avisRenderMapAdmin: no visible global function definition for 'points'
    .avisRenderMapAdmin: no visible global function definition for 'rect'
    .avisRenderMapPhysical: no visible global function definition for
     'points'
    avisMap: no visible global function definition for 'par'
    avisMap: no visible global function definition for 'layout'
    Undefined global functions or variables:
     layout par points read.csv rect
    Consider adding
     importFrom("graphics", "layout", "par", "points", "rect")
     importFrom("utils", "read.csv")
    to your NAMESPACE file.
Flavors: r-devel-linux-x86_64-debian-clang, r-devel-linux-x86_64-debian-gcc, r-devel-linux-x86_64-fedora-clang, r-devel-linux-x86_64-fedora-gcc, r-devel-windows-ix86+x86_64, r-patched-linux-x86_64, r-patched-solaris-x86, r-release-linux-x86_64, r-release-macos-x86_64, r-release-windows-ix86+x86_64, r-oldrel-macos-x86_64, r-oldrel-windows-ix86+x86_64