CRAN Package Check Results for Package rAvis

Last updated on 2019-03-23 11:51:21 CET.

Flavor Version Tinstall Tcheck Ttotal Status Flags
r-devel-linux-x86_64-debian-clang 0.1.4 11.11 83.35 94.46 NOTE
r-devel-linux-x86_64-debian-gcc 0.1.4 9.44 70.03 79.47 NOTE
r-devel-linux-x86_64-fedora-clang 0.1.4 120.35 NOTE
r-devel-linux-x86_64-fedora-gcc 0.1.4 108.74 NOTE
r-devel-windows-ix86+x86_64 0.1.4 32.00 136.00 168.00 NOTE
r-patched-linux-x86_64 0.1.4 4.88 80.62 85.50 NOTE
r-patched-solaris-x86 0.1.4 177.70 NOTE
r-release-linux-x86_64 0.1.4 0.63 2.17 2.80 ERROR
r-release-windows-ix86+x86_64 0.1.4 15.00 106.00 121.00 NOTE
r-release-osx-x86_64 0.1.4 NOTE
r-oldrel-windows-ix86+x86_64 0.1.4 23.00 135.00 158.00 NOTE
r-oldrel-osx-x86_64 0.1.4 NOTE

Check Details

Version: 0.1.4
Check: R code for possible problems
Result: NOTE
    .avisApiBusAvanzada: no visible global function definition for
     'read.csv'
    .avisRenderMapAdmin: no visible global function definition for 'points'
    .avisRenderMapAdmin: no visible global function definition for 'rect'
    .avisRenderMapPhysical: no visible global function definition for
     'points'
    avisMap: no visible global function definition for 'par'
    avisMap: no visible global function definition for 'layout'
    Undefined global functions or variables:
     layout par points read.csv rect
    Consider adding
     importFrom("graphics", "layout", "par", "points", "rect")
     importFrom("utils", "read.csv")
    to your NAMESPACE file.
Flavors: r-devel-linux-x86_64-debian-clang, r-devel-linux-x86_64-debian-gcc, r-devel-linux-x86_64-fedora-clang, r-devel-linux-x86_64-fedora-gcc, r-devel-windows-ix86+x86_64, r-patched-linux-x86_64, r-patched-solaris-x86, r-release-windows-ix86+x86_64, r-release-osx-x86_64, r-oldrel-windows-ix86+x86_64, r-oldrel-osx-x86_64

Version: 0.1.4
Check: whether package can be installed
Result: ERROR
    Installation failed.
Flavor: r-release-linux-x86_64