CRAN Package Check Results for Package rAvis

Last updated on 2019-06-19 18:52:51 CEST.

Flavor Version Tinstall Tcheck Ttotal Status Flags
r-devel-linux-x86_64-debian-clang 0.1.4 10.06 82.46 92.52 NOTE
r-devel-linux-x86_64-debian-gcc 0.1.4 8.61 67.50 76.11 NOTE
r-devel-linux-x86_64-fedora-clang 0.1.4 112.13 NOTE
r-devel-linux-x86_64-fedora-gcc 0.1.4 110.20 NOTE
r-devel-windows-ix86+x86_64 0.1.4 32.00 159.00 191.00 NOTE
r-patched-linux-x86_64 0.1.4 8.59 82.74 91.33 NOTE
r-patched-solaris-x86 0.1.4 200.90 NOTE
r-release-linux-x86_64 0.1.4 9.07 84.69 93.76 NOTE
r-release-windows-ix86+x86_64 0.1.4 32.00 150.00 182.00 NOTE
r-release-osx-x86_64 0.1.4 NOTE
r-oldrel-windows-ix86+x86_64 0.1.4 14.00 141.00 155.00 NOTE
r-oldrel-osx-x86_64 0.1.4 NOTE

Check Details

Version: 0.1.4
Check: R code for possible problems
Result: NOTE
    .avisApiBusAvanzada: no visible global function definition for
     'read.csv'
    .avisRenderMapAdmin: no visible global function definition for 'points'
    .avisRenderMapAdmin: no visible global function definition for 'rect'
    .avisRenderMapPhysical: no visible global function definition for
     'points'
    avisMap: no visible global function definition for 'par'
    avisMap: no visible global function definition for 'layout'
    Undefined global functions or variables:
     layout par points read.csv rect
    Consider adding
     importFrom("graphics", "layout", "par", "points", "rect")
     importFrom("utils", "read.csv")
    to your NAMESPACE file.
Flavors: r-devel-linux-x86_64-debian-clang, r-devel-linux-x86_64-debian-gcc, r-devel-linux-x86_64-fedora-clang, r-devel-linux-x86_64-fedora-gcc, r-devel-windows-ix86+x86_64, r-patched-linux-x86_64, r-patched-solaris-x86, r-release-linux-x86_64, r-release-windows-ix86+x86_64, r-release-osx-x86_64, r-oldrel-windows-ix86+x86_64, r-oldrel-osx-x86_64