CRAN Package Check Results for Package rAvis

Last updated on 2017-07-28 01:51:20.

Flavor Version Tinstall Tcheck Ttotal Status Flags
r-devel-linux-x86_64-debian-clang 0.1.4 4.25 52.36 56.62 NOTE
r-devel-linux-x86_64-debian-gcc 0.1.4 4.32 51.37 55.69 NOTE
r-devel-linux-x86_64-fedora-clang 0.1.4 96.99 NOTE
r-devel-linux-x86_64-fedora-gcc 0.1.4 94.43 NOTE
r-devel-windows-ix86+x86_64 0.1.4 13.00 85.00 98.00 NOTE
r-patched-linux-x86_64 0.1.4 4.14 52.18 56.32 NOTE
r-patched-solaris-x86 0.1.4 158.00 NOTE
r-release-linux-x86_64 0.1.4 4.20 51.58 55.78 NOTE
r-release-windows-ix86+x86_64 0.1.4 20.00 117.00 137.00 NOTE
r-release-osx-x86_64 0.1.4 NOTE
r-oldrel-windows-ix86+x86_64 0.1.4 12.00 80.00 92.00 NOTE
r-oldrel-osx-x86_64 0.1.4 NOTE

Check Details

Version: 0.1.4
Check: R code for possible problems
Result: NOTE
    .avisApiBusAvanzada: no visible global function definition for
     ‘read.csv’
    .avisRenderMapAdmin: no visible global function definition for ‘points’
    .avisRenderMapAdmin: no visible global function definition for ‘rect’
    .avisRenderMapPhysical: no visible global function definition for
     ‘points’
    avisMap: no visible global function definition for ‘par’
    avisMap: no visible global function definition for ‘layout’
    Undefined global functions or variables:
     layout par points read.csv rect
    Consider adding
     importFrom("graphics", "layout", "par", "points", "rect")
     importFrom("utils", "read.csv")
    to your NAMESPACE file.
Flavors: r-devel-linux-x86_64-debian-clang, r-devel-linux-x86_64-debian-gcc, r-devel-linux-x86_64-fedora-clang, r-devel-linux-x86_64-fedora-gcc, r-devel-windows-ix86+x86_64, r-patched-linux-x86_64, r-patched-solaris-x86, r-release-linux-x86_64, r-release-windows-ix86+x86_64, r-release-osx-x86_64, r-oldrel-windows-ix86+x86_64, r-oldrel-osx-x86_64