CRAN Package Check Results for Package rAvis

Last updated on 2017-03-29 20:49:46.

Flavor Version Tinstall Tcheck Ttotal Status Flags
r-devel-linux-x86_64-debian-clang 0.1.4 4.39 45.95 50.34 NOTE
r-devel-linux-x86_64-debian-gcc 0.1.4 4.56 44.60 49.16 NOTE
r-devel-linux-x86_64-fedora-clang 0.1.4 97.36 NOTE --no-stop-on-test-error
r-devel-linux-x86_64-fedora-gcc 0.1.4 96.26 NOTE --no-stop-on-test-error
r-devel-macos-x86_64-clang 0.1.4 73.02 NOTE --no-stop-on-test-error
r-devel-windows-ix86+x86_64 0.1.4 13.00 132.00 145.00 NOTE
r-patched-linux-x86_64 0.1.4 4.72 45.13 49.85 NOTE
r-patched-solaris-sparc 0.1.4 579.30 NOTE
r-patched-solaris-x86 0.1.4 150.90 NOTE
r-release-linux-x86_64 0.1.4 4.00 42.33 46.32 NOTE
r-release-osx-x86_64-mavericks 0.1.4 NOTE
r-release-windows-ix86+x86_64 0.1.4 17.00 167.00 184.00 NOTE
r-oldrel-windows-ix86+x86_64 0.1.4 27.00 100.00 127.00 OK

Check Details

Version: 0.1.4
Check: R code for possible problems
Result: NOTE
    .avisApiBusAvanzada: no visible global function definition for
     ‘read.csv’
    .avisRenderMapAdmin: no visible global function definition for ‘points’
    .avisRenderMapAdmin: no visible global function definition for ‘rect’
    .avisRenderMapPhysical: no visible global function definition for
     ‘points’
    avisMap: no visible global function definition for ‘par’
    avisMap: no visible global function definition for ‘layout’
    Undefined global functions or variables:
     layout par points read.csv rect
    Consider adding
     importFrom("graphics", "layout", "par", "points", "rect")
     importFrom("utils", "read.csv")
    to your NAMESPACE file.
Flavors: r-devel-linux-x86_64-debian-clang, r-devel-linux-x86_64-debian-gcc, r-devel-windows-ix86+x86_64, r-patched-linux-x86_64, r-patched-solaris-sparc, r-patched-solaris-x86, r-release-linux-x86_64, r-release-osx-x86_64-mavericks, r-release-windows-ix86+x86_64

Version: 0.1.4
Flags: --no-stop-on-test-error
Check: R code for possible problems
Result: NOTE
    .avisApiBusAvanzada: no visible global function definition for
     ‘read.csv’
    .avisRenderMapAdmin: no visible global function definition for ‘points’
    .avisRenderMapAdmin: no visible global function definition for ‘rect’
    .avisRenderMapPhysical: no visible global function definition for
     ‘points’
    avisMap: no visible global function definition for ‘par’
    avisMap: no visible global function definition for ‘layout’
    Undefined global functions or variables:
     layout par points read.csv rect
    Consider adding
     importFrom("graphics", "layout", "par", "points", "rect")
     importFrom("utils", "read.csv")
    to your NAMESPACE file.
Flavors: r-devel-linux-x86_64-fedora-clang, r-devel-linux-x86_64-fedora-gcc, r-devel-macos-x86_64-clang