CRAN Package Check Results for Package rAvis

Last updated on 2015-02-28 07:50:11.

Flavor Version Tinstall Tcheck Ttotal Status Flags
r-devel-linux-x86_64-debian-clang 0.1.2 4.23 57.52 61.75 OK
r-devel-linux-x86_64-debian-gcc 0.1.2 4.52 54.94 59.46 OK
r-devel-linux-x86_64-fedora-clang 0.1.2 103.38 OK
r-devel-linux-x86_64-fedora-gcc 0.1.2 97.16 OK
r-devel-osx-x86_64-clang 0.1.2 104.36 OK
r-devel-windows-ix86+x86_64 0.1.2 15.00 78.00 93.00 OK
r-patched-linux-x86_64 0.1.2 8.16 78.52 86.67 OK
r-patched-solaris-sparc 0.1.2 822.50 OK
r-patched-solaris-x86 0.1.2 216.00 OK
r-release-linux-ix86 0.1.2 7.47 84.56 92.03 OK
r-release-linux-x86_64 0.1.2 5.82 77.86 83.68 OK
r-release-osx-x86_64-mavericks 0.1.2 ERROR
r-release-osx-x86_64-snowleopard 0.1.2 OK
r-release-windows-ix86+x86_64 0.1.2 15.00 116.00 131.00 OK
r-oldrel-windows-ix86+x86_64 0.1.2 16.00 151.00 167.00 OK

Check Details

Version: 0.1.2
Check: package dependencies
Result: ERROR
    Package required but not available: ‘rgdal’
    
    See section ‘The DESCRIPTION file’ in the ‘Writing R Extensions’
    manual.
Flavor: r-release-osx-x86_64-mavericks