CRAN Package Check Results for Package rAvis

Last updated on 2014-12-21 03:48:23.

Flavor Version Tinstall Tcheck Ttotal Status Flags
r-devel-linux-x86_64-debian-clang 0.1.2 5.62 75.48 81.10 OK
r-devel-linux-x86_64-debian-gcc 0.1.2 5.34 74.95 80.29 OK
r-devel-linux-x86_64-fedora-clang 0.1.2 152.39 OK
r-devel-linux-x86_64-fedora-gcc 0.1.2 130.56 OK
r-devel-osx-x86_64-clang 0.1.2 137.24 OK
r-devel-windows-ix86+x86_64 0.1.2 17.00 97.00 114.00 OK
r-patched-linux-x86_64 0.1.2 5.84 77.56 83.40 OK
r-patched-solaris-sparc 0.1.2 760.20 OK
r-patched-solaris-x86 0.1.2 211.50 OK
r-release-linux-ix86 0.1.2 6.81 82.56 89.37 OK
r-release-linux-x86_64 0.1.2 5.74 71.89 77.62 OK
r-release-osx-x86_64-mavericks 0.1.2 ERROR
r-release-osx-x86_64-snowleopard 0.1.2 OK
r-release-windows-ix86+x86_64 0.1.2 19.00 102.00 121.00 OK
r-oldrel-windows-ix86+x86_64 0.1.2 17.00 101.00 118.00 OK

Check Details

Version: 0.1.2
Check: package dependencies
Result: ERROR
    Package required but not available: ‘rgdal’
    
    See the information on DESCRIPTION files in the chapter ‘Creating R
    packages’ of the ‘Writing R Extensions’ manual.
Flavor: r-release-osx-x86_64-mavericks