CRAN Package Check Results for Package rAvis

Last updated on 2016-07-29 05:49:14.

Flavor Version Tinstall Tcheck Ttotal Status Flags
r-devel-linux-x86_64-debian-clang 0.1.4 4.02 42.71 46.73 NOTE
r-devel-linux-x86_64-debian-gcc 0.1.4 4.96 41.89 46.85 NOTE
r-devel-linux-x86_64-fedora-clang 0.1.4 88.53 NOTE
r-devel-linux-x86_64-fedora-gcc 0.1.4 88.66 NOTE
r-devel-osx-x86_64-clang 0.1.4 66.98 NOTE
r-devel-windows-ix86+x86_64 0.1.4 14.00 100.00 114.00 NOTE
r-patched-linux-x86_64 0.1.4 4.79 44.94 49.73 NOTE
r-patched-solaris-sparc 0.1.4 551.20 NOTE
r-patched-solaris-x86 0.1.4 128.40 NOTE
r-release-linux-x86_64 0.1.4 5.75 46.48 52.23 NOTE
r-release-osx-x86_64-mavericks 0.1.4 NOTE
r-release-windows-ix86+x86_64 0.1.4 14.00 99.00 113.00 NOTE
r-oldrel-windows-ix86+x86_64 0.1.4 15.00 97.00 112.00 OK

Check Details

Version: 0.1.4
Check: R code for possible problems
Result: NOTE
    .avisApiBusAvanzada: no visible global function definition for
     ‘read.csv’
    .avisRenderMapAdmin: no visible global function definition for ‘points’
    .avisRenderMapAdmin: no visible global function definition for ‘rect’
    .avisRenderMapPhysical: no visible global function definition for
     ‘points’
    avisMap: no visible global function definition for ‘par’
    avisMap: no visible global function definition for ‘layout’
    Undefined global functions or variables:
     layout par points read.csv rect
    Consider adding
     importFrom("graphics", "layout", "par", "points", "rect")
     importFrom("utils", "read.csv")
    to your NAMESPACE file.
Flavors: r-devel-linux-x86_64-debian-clang, r-devel-linux-x86_64-debian-gcc, r-devel-linux-x86_64-fedora-clang, r-devel-linux-x86_64-fedora-gcc, r-devel-osx-x86_64-clang, r-devel-windows-ix86+x86_64, r-patched-linux-x86_64, r-patched-solaris-sparc, r-patched-solaris-x86, r-release-linux-x86_64, r-release-osx-x86_64-mavericks, r-release-windows-ix86+x86_64