CRAN Package Check Results for Package rAvis

Last updated on 2016-02-06 11:48:27.

Flavor Version Tinstall Tcheck Ttotal Status Flags
r-devel-linux-x86_64-debian-gcc 0.1.4 4.54 42.07 46.60 NOTE
r-devel-linux-x86_64-fedora-clang 0.1.4 88.19 NOTE
r-devel-linux-x86_64-fedora-gcc 0.1.4 85.58 NOTE
r-devel-osx-x86_64-clang 0.1.4 97.16 NOTE
r-devel-windows-ix86+x86_64 0.1.4 13.00 74.00 87.00 NOTE
r-patched-linux-x86_64 0.1.4 4.43 45.22 49.64 OK
r-patched-solaris-sparc 0.1.4 565.80 OK
r-patched-solaris-x86 0.1.4 134.20 OK
r-release-linux-x86_64 0.1.4 4.38 45.04 49.42 OK
r-release-osx-x86_64-mavericks 0.1.4 OK
r-release-windows-ix86+x86_64 0.1.4 15.00 73.00 88.00 OK
r-oldrel-windows-ix86+x86_64 0.1.4 25.00 114.00 139.00 OK

Check Details

Version: 0.1.4
Check: R code for possible problems
Result: NOTE
    .avisApiBusAvanzada: no visible global function definition for
     ‘read.csv’
    .avisRenderMapAdmin: no visible global function definition for ‘points’
    .avisRenderMapAdmin: no visible global function definition for ‘rect’
    .avisRenderMapPhysical: no visible global function definition for
     ‘points’
    avisMap: no visible global function definition for ‘par’
    avisMap: no visible global function definition for ‘layout’
    Undefined global functions or variables:
     layout par points read.csv rect
    Consider adding
     importFrom("graphics", "layout", "par", "points", "rect")
     importFrom("utils", "read.csv")
    to your NAMESPACE.
Flavors: r-devel-linux-x86_64-debian-gcc, r-devel-linux-x86_64-fedora-clang, r-devel-windows-ix86+x86_64

Version: 0.1.4
Check: R code for possible problems
Result: NOTE
    .avisApiBusAvanzada: no visible global function definition for
     ‘read.csv’
    .avisRenderMapAdmin: no visible global function definition for ‘points’
    .avisRenderMapAdmin: no visible global function definition for ‘rect’
    .avisRenderMapPhysical: no visible global function definition for
     ‘points’
    avisMap: no visible global function definition for ‘par’
    avisMap: no visible global function definition for ‘layout’
    Undefined global functions or variables:
     layout par points read.csv rect
    Consider adding
     importFrom("graphics", "layout", "par", "points", "rect")
     importFrom("utils", "read.csv")
    to your NAMESPACE file.
Flavors: r-devel-linux-x86_64-fedora-gcc, r-devel-osx-x86_64-clang