CRAN Package Check Results for Package rAvis

Last updated on 2014-09-20 08:51:51.

Flavor Version Tinstall Tcheck Ttotal Status Flags
r-devel-linux-x86_64-debian-clang 0.1.2 5.40 127.62 133.02 ERROR
r-devel-linux-x86_64-debian-gcc 0.1.2 5.35 77.28 82.63 OK
r-devel-linux-x86_64-fedora-clang 0.1.2 144.57 OK
r-devel-linux-x86_64-fedora-gcc 0.1.2 136.35 OK
r-devel-osx-x86_64-clang 0.1.2 125.92 OK
r-devel-windows-ix86+x86_64 0.1.2 13.00 120.00 133.00 OK
r-patched-linux-x86_64 0.1.2 5.61 77.18 82.78 OK
r-patched-solaris-sparc 0.1.2 760.20 OK
r-patched-solaris-x86 0.1.2 205.40 OK
r-release-linux-ix86 0.1.2 7.04 138.16 145.20 OK
r-release-linux-x86_64 0.1.2 5.98 74.50 80.48 OK
r-release-osx-x86_64-mavericks 0.1.2 ERROR
r-release-osx-x86_64-snowleopard 0.1.2 OK
r-release-windows-ix86+x86_64 0.1.2 15.00 96.00 111.00 OK
r-oldrel-windows-ix86+x86_64 0.1.2 14.00 104.00 118.00 OK

Check Details

Version: 0.1.2
Check: tests
Result: ERROR
    Running the tests in ‘tests/test-all.R’ failed.
    Last 13 lines of output:
     character()
     else names(CURLcodeValues)[i]
     }
     typeName = gsub("^CURLE_", "", typeName)
     fun = (if (asError)
     stop
     else warning)
     fun(structure(list(message = msg, call = sys.call()), class = c(typeName, "GenericCurlError",
     "error", "condition")))
     }(56L, "Recv failure: Connection reset by peer", TRUE)
    
     Error: Test failures
     Execution halted
Flavor: r-devel-linux-x86_64-debian-clang

Version: 0.1.2
Check: package dependencies
Result: ERROR
    Package required but not available: ‘rgdal’
    
    See the information on DESCRIPTION files in the chapter ‘Creating R
    packages’ of the ‘Writing R Extensions’ manual.
Flavor: r-release-osx-x86_64-mavericks