CRAN Package Check Results for Package rAvis

Last updated on 2017-02-23 07:47:57.

Flavor Version Tinstall Tcheck Ttotal Status Flags
r-devel-linux-x86_64-debian-clang 0.1.4 4.32 45.52 49.85 NOTE
r-devel-linux-x86_64-debian-gcc 0.1.4 4.24 45.37 49.60 NOTE
r-devel-linux-x86_64-fedora-clang 0.1.4 107.41 NOTE --no-stop-on-test-error
r-devel-linux-x86_64-fedora-gcc 0.1.4 94.98 NOTE --no-stop-on-test-error
r-devel-macos-x86_64-clang 0.1.4 72.91 NOTE --no-stop-on-test-error
r-devel-windows-ix86+x86_64 0.1.4 19.00 122.00 141.00 NOTE
r-patched-linux-x86_64 0.1.4 4.27 42.79 47.07 NOTE
r-patched-solaris-sparc 0.1.4 569.10 NOTE
r-patched-solaris-x86 0.1.4 139.30 NOTE
r-release-linux-x86_64 0.1.4 4.23 42.59 46.82 NOTE
r-release-osx-x86_64-mavericks 0.1.4 NOTE
r-release-windows-ix86+x86_64 0.1.4 15.00 110.00 125.00 NOTE
r-oldrel-windows-ix86+x86_64 0.1.4 18.00 125.00 143.00 OK

Check Details

Version: 0.1.4
Check: R code for possible problems
Result: NOTE
    .avisApiBusAvanzada: no visible global function definition for
     ‘read.csv’
    .avisRenderMapAdmin: no visible global function definition for ‘points’
    .avisRenderMapAdmin: no visible global function definition for ‘rect’
    .avisRenderMapPhysical: no visible global function definition for
     ‘points’
    avisMap: no visible global function definition for ‘par’
    avisMap: no visible global function definition for ‘layout’
    Undefined global functions or variables:
     layout par points read.csv rect
    Consider adding
     importFrom("graphics", "layout", "par", "points", "rect")
     importFrom("utils", "read.csv")
    to your NAMESPACE file.
Flavors: r-devel-linux-x86_64-debian-clang, r-devel-linux-x86_64-debian-gcc, r-devel-windows-ix86+x86_64, r-patched-linux-x86_64, r-patched-solaris-sparc, r-patched-solaris-x86, r-release-linux-x86_64, r-release-osx-x86_64-mavericks, r-release-windows-ix86+x86_64

Version: 0.1.4
Flags: --no-stop-on-test-error
Check: R code for possible problems
Result: NOTE
    .avisApiBusAvanzada: no visible global function definition for
     ‘read.csv’
    .avisRenderMapAdmin: no visible global function definition for ‘points’
    .avisRenderMapAdmin: no visible global function definition for ‘rect’
    .avisRenderMapPhysical: no visible global function definition for
     ‘points’
    avisMap: no visible global function definition for ‘par’
    avisMap: no visible global function definition for ‘layout’
    Undefined global functions or variables:
     layout par points read.csv rect
    Consider adding
     importFrom("graphics", "layout", "par", "points", "rect")
     importFrom("utils", "read.csv")
    to your NAMESPACE file.
Flavors: r-devel-linux-x86_64-fedora-clang, r-devel-linux-x86_64-fedora-gcc, r-devel-macos-x86_64-clang