CRAN Package Check Results for Package rAvis

Last updated on 2015-01-31 13:48:31.

Flavor Version Tinstall Tcheck Ttotal Status Flags
r-devel-linux-x86_64-debian-clang 0.1.2 4.21 56.63 60.84 OK
r-devel-linux-x86_64-debian-gcc 0.1.2 4.00 58.93 62.93 OK
r-devel-linux-x86_64-fedora-clang 0.1.2 135.02 OK
r-devel-linux-x86_64-fedora-gcc 0.1.2 128.93 OK
r-devel-osx-x86_64-clang 0.1.2 140.45 OK
r-devel-windows-ix86+x86_64 0.1.2 17.00 82.00 99.00 OK
r-patched-linux-x86_64 0.1.2 5.93 77.90 83.83 OK
r-patched-solaris-sparc 0.1.2 822.50 OK
r-patched-solaris-x86 0.1.2 216.90 OK
r-release-linux-ix86 0.1.2 6.85 83.39 90.24 OK
r-release-linux-x86_64 0.1.2 5.73 79.18 84.91 OK
r-release-osx-x86_64-mavericks 0.1.2 ERROR
r-release-osx-x86_64-snowleopard 0.1.2 OK
r-release-windows-ix86+x86_64 0.1.2 17.00 105.00 122.00 OK
r-oldrel-windows-ix86+x86_64 0.1.2 18.00 152.00 170.00 OK

Check Details

Version: 0.1.2
Check: package dependencies
Result: ERROR
    Package required but not available: ‘rgdal’
    
    See the information on DESCRIPTION files in the chapter ‘Creating R
    packages’ of the ‘Writing R Extensions’ manual.
Flavor: r-release-osx-x86_64-mavericks