CRAN Package Check Results for Package rAvis

Last updated on 2014-08-22 11:48:05.

Flavor Version Tinstall Tcheck Ttotal Status Flags
r-devel-linux-x86_64-debian-clang 0.1.1 5.39 58.99 64.38 ERROR
r-devel-linux-x86_64-debian-gcc 0.1.1 5.27 58.30 63.56 ERROR
r-devel-linux-x86_64-fedora-clang 0.1.1 139.11 ERROR
r-devel-linux-x86_64-fedora-gcc 0.1.1 131.61 ERROR
r-devel-osx-x86_64-clang 0.1.1 106.11 ERROR
r-devel-windows-ix86+x86_64 0.1.1 14.00 81.00 95.00 ERROR
r-patched-linux-x86_64 0.1.1 5.44 60.43 65.87 ERROR
r-patched-solaris-sparc 0.1.1 729.00 ERROR
r-patched-solaris-x86 0.1.1 194.30 ERROR
r-release-linux-ix86 0.1.1 6.82 70.44 77.26 ERROR
r-release-linux-x86_64 0.1.1 5.54 63.14 68.68 ERROR
r-release-osx-x86_64-mavericks 0.1.1 ERROR
r-release-osx-x86_64-snowleopard 0.1.1 OK
r-release-windows-ix86+x86_64 0.1.1 14.00 89.00 103.00 ERROR
r-oldrel-windows-ix86+x86_64 0.1.1 16.00 85.00 101.00 ERROR

Check Details

Version: 0.1.1
Check: tests
Result: ERROR
    Running the tests in ‘tests/test-all.R’ failed.
    Last 13 lines of output:
    
     Type 'demo()' for some demos, 'help()' for on-line help, or
     'help.start()' for an HTML browser interface to help.
     Type 'q()' to quit R.
    
     > library(testthat)
     > test_check("rAvis")
     Loading required package: rAvis
     avisAllSpecies : ...
     avisContributorAggregatedObservations : Error in names(df) <- c("SpeciesId", "Observations", "Number", "UTM.10x10", :
     'names' attribute [5] must be the same length as the vector [0]
     Calls: test_check ... eval -> eval -> avisContributorAggregatedObservations
     Execution halted
Flavors: r-devel-linux-x86_64-debian-clang, r-devel-linux-x86_64-debian-gcc, r-devel-linux-x86_64-fedora-clang, r-devel-linux-x86_64-fedora-gcc, r-devel-osx-x86_64-clang, r-devel-windows-ix86+x86_64, r-patched-linux-x86_64, r-patched-solaris-sparc, r-patched-solaris-x86, r-release-linux-ix86, r-release-linux-x86_64, r-release-windows-ix86+x86_64, r-oldrel-windows-ix86+x86_64

Version: 0.1.1
Check: R code for possible problems
Result: NOTE
    .avisRenderMapAdmin: no visible binding for global variable
     ‘ravis_shape_spain’
    .avisUserLogin: no visible binding for global variable
     ‘ravis_credentials’
    .getUTMLatlong: no visible binding for global variable
     ‘ravisUTMLatLong’
Flavors: r-devel-linux-x86_64-fedora-clang, r-devel-linux-x86_64-fedora-gcc, r-devel-osx-x86_64-clang

Version: 0.1.1
Check: package dependencies
Result: ERROR
    Package required but not available: ‘rgdal’
    
    See the information on DESCRIPTION files in the chapter ‘Creating R
    packages’ of the ‘Writing R Extensions’ manual.
Flavor: r-release-osx-x86_64-mavericks