CRAN Package Check Results for Package rAvis

Last updated on 2017-01-18 16:47:54.

Flavor Version Tinstall Tcheck Ttotal Status Flags
r-devel-linux-x86_64-debian-clang 0.1.4 4.43 45.94 50.36 NOTE
r-devel-linux-x86_64-debian-gcc 0.1.4 4.22 45.03 49.25 NOTE
r-devel-linux-x86_64-fedora-clang 0.1.4 96.55 NOTE --no-stop-on-test-error
r-devel-linux-x86_64-fedora-gcc 0.1.4 102.68 NOTE --no-stop-on-test-error
r-devel-macos-x86_64-clang 0.1.4 73.88 NOTE --no-stop-on-test-error
r-devel-windows-ix86+x86_64 0.1.4 17.00 86.00 103.00 NOTE
r-patched-linux-x86_64 0.1.4 4.07 43.75 47.81 NOTE
r-patched-solaris-sparc 0.1.4 569.10 NOTE
r-patched-solaris-x86 0.1.4 138.70 NOTE
r-release-linux-x86_64 0.1.4 4.03 43.12 47.15 NOTE
r-release-osx-x86_64-mavericks 0.1.4 NOTE
r-release-windows-ix86+x86_64 0.1.4 12.00 78.00 90.00 NOTE
r-oldrel-windows-ix86+x86_64 0.1.4 14.00 88.00 102.00 OK

Check Details

Version: 0.1.4
Check: R code for possible problems
Result: NOTE
    .avisApiBusAvanzada: no visible global function definition for
     ‘read.csv’
    .avisRenderMapAdmin: no visible global function definition for ‘points’
    .avisRenderMapAdmin: no visible global function definition for ‘rect’
    .avisRenderMapPhysical: no visible global function definition for
     ‘points’
    avisMap: no visible global function definition for ‘par’
    avisMap: no visible global function definition for ‘layout’
    Undefined global functions or variables:
     layout par points read.csv rect
    Consider adding
     importFrom("graphics", "layout", "par", "points", "rect")
     importFrom("utils", "read.csv")
    to your NAMESPACE file.
Flavors: r-devel-linux-x86_64-debian-clang, r-devel-linux-x86_64-debian-gcc, r-devel-windows-ix86+x86_64, r-patched-linux-x86_64, r-patched-solaris-sparc, r-patched-solaris-x86, r-release-linux-x86_64, r-release-osx-x86_64-mavericks, r-release-windows-ix86+x86_64

Version: 0.1.4
Flags: --no-stop-on-test-error
Check: R code for possible problems
Result: NOTE
    .avisApiBusAvanzada: no visible global function definition for
     ‘read.csv’
    .avisRenderMapAdmin: no visible global function definition for ‘points’
    .avisRenderMapAdmin: no visible global function definition for ‘rect’
    .avisRenderMapPhysical: no visible global function definition for
     ‘points’
    avisMap: no visible global function definition for ‘par’
    avisMap: no visible global function definition for ‘layout’
    Undefined global functions or variables:
     layout par points read.csv rect
    Consider adding
     importFrom("graphics", "layout", "par", "points", "rect")
     importFrom("utils", "read.csv")
    to your NAMESPACE file.
Flavors: r-devel-linux-x86_64-fedora-clang, r-devel-linux-x86_64-fedora-gcc, r-devel-macos-x86_64-clang