CRAN Package Check Results for Package rAvis

Last updated on 2020-02-17 15:48:22 CET.

Flavor Version Tinstall Tcheck Ttotal Status Flags
r-devel-linux-x86_64-debian-clang 0.1.4 10.39 98.08 108.47 NOTE
r-devel-linux-x86_64-debian-gcc 0.1.4 10.84 77.61 88.45 NOTE
r-devel-linux-x86_64-fedora-clang 0.1.4 132.62 NOTE
r-devel-linux-x86_64-fedora-gcc 0.1.4 131.45 NOTE
r-devel-windows-ix86+x86_64 0.1.4 29.00 150.00 179.00 NOTE
r-devel-windows-ix86+x86_64-gcc8 0.1.4 43.00 137.00 180.00 NOTE
r-patched-linux-x86_64 0.1.4 10.42 83.86 94.28 NOTE
r-patched-solaris-x86 0.1.4 195.70 NOTE
r-release-linux-x86_64 0.1.4 10.82 83.95 94.77 NOTE
r-release-windows-ix86+x86_64 0.1.4 24.00 114.00 138.00 NOTE
r-release-osx-x86_64 0.1.4 NOTE
r-oldrel-windows-ix86+x86_64 0.1.4 17.00 126.00 143.00 NOTE
r-oldrel-osx-x86_64 0.1.4 NOTE

Check Details

Version: 0.1.4
Check: R code for possible problems
Result: NOTE
    .avisApiBusAvanzada: no visible global function definition for
     'read.csv'
    .avisRenderMapAdmin: no visible global function definition for 'points'
    .avisRenderMapAdmin: no visible global function definition for 'rect'
    .avisRenderMapPhysical: no visible global function definition for
     'points'
    avisMap: no visible global function definition for 'par'
    avisMap: no visible global function definition for 'layout'
    Undefined global functions or variables:
     layout par points read.csv rect
    Consider adding
     importFrom("graphics", "layout", "par", "points", "rect")
     importFrom("utils", "read.csv")
    to your NAMESPACE file.
Flavors: r-devel-linux-x86_64-debian-clang, r-devel-linux-x86_64-debian-gcc, r-devel-linux-x86_64-fedora-clang, r-devel-linux-x86_64-fedora-gcc, r-devel-windows-ix86+x86_64, r-devel-windows-ix86+x86_64-gcc8, r-patched-linux-x86_64, r-patched-solaris-x86, r-release-linux-x86_64, r-release-windows-ix86+x86_64, r-release-osx-x86_64, r-oldrel-windows-ix86+x86_64, r-oldrel-osx-x86_64