CRAN Package Check Results for Package rAvis

Last updated on 2020-03-30 11:47:40 CEST.

Flavor Version Tinstall Tcheck Ttotal Status Flags
r-devel-linux-x86_64-debian-clang 0.1.4 11.62 97.27 108.89 NOTE
r-devel-linux-x86_64-debian-gcc 0.1.4 10.46 77.14 87.60 NOTE
r-devel-linux-x86_64-fedora-clang 0.1.4 133.25 NOTE
r-devel-linux-x86_64-fedora-gcc 0.1.4 131.20 NOTE
r-devel-windows-ix86+x86_64 0.1.4 28.00 122.00 150.00 NOTE
r-devel-windows-ix86+x86_64-gcc8 0.1.4 27.00 136.00 163.00 NOTE
r-patched-linux-x86_64 0.1.4 11.78 94.19 105.97 NOTE
r-patched-solaris-x86 0.1.4 259.40 NOTE
r-release-linux-x86_64 0.1.4 9.38 84.13 93.51 NOTE
r-release-windows-ix86+x86_64 0.1.4 37.00 177.00 214.00 NOTE
r-release-osx-x86_64 0.1.4 NOTE
r-oldrel-windows-ix86+x86_64 0.1.4 24.00 162.00 186.00 NOTE
r-oldrel-osx-x86_64 0.1.4 NOTE

Check Details

Version: 0.1.4
Check: R code for possible problems
Result: NOTE
    .avisApiBusAvanzada: no visible global function definition for
     'read.csv'
    .avisRenderMapAdmin: no visible global function definition for 'points'
    .avisRenderMapAdmin: no visible global function definition for 'rect'
    .avisRenderMapPhysical: no visible global function definition for
     'points'
    avisMap: no visible global function definition for 'par'
    avisMap: no visible global function definition for 'layout'
    Undefined global functions or variables:
     layout par points read.csv rect
    Consider adding
     importFrom("graphics", "layout", "par", "points", "rect")
     importFrom("utils", "read.csv")
    to your NAMESPACE file.
Flavors: r-devel-linux-x86_64-debian-clang, r-devel-linux-x86_64-debian-gcc, r-devel-linux-x86_64-fedora-clang, r-devel-linux-x86_64-fedora-gcc, r-devel-windows-ix86+x86_64, r-devel-windows-ix86+x86_64-gcc8, r-patched-linux-x86_64, r-patched-solaris-x86, r-release-linux-x86_64, r-release-windows-ix86+x86_64, r-release-osx-x86_64, r-oldrel-windows-ix86+x86_64, r-oldrel-osx-x86_64