CRAN Package Check Results for Package rAvis

Last updated on 2019-01-22 13:50:59 CET.

Flavor Version Tinstall Tcheck Ttotal Status Flags
r-devel-linux-x86_64-debian-clang 0.1.4 6.97 83.62 90.59 NOTE
r-devel-linux-x86_64-debian-gcc 0.1.4 7.06 69.78 76.84 NOTE
r-devel-linux-x86_64-fedora-clang 0.1.4 108.17 NOTE
r-devel-linux-x86_64-fedora-gcc 0.1.4 104.32 NOTE
r-devel-windows-ix86+x86_64 0.1.4 19.00 104.00 123.00 NOTE
r-patched-linux-x86_64 0.1.4 6.81 79.25 86.06 NOTE
r-patched-solaris-x86 0.1.4 188.90 NOTE
r-release-linux-x86_64 0.1.4 5.37 78.71 84.08 NOTE
r-release-windows-ix86+x86_64 0.1.4 19.00 144.00 163.00 NOTE
r-release-osx-x86_64 0.1.4 NOTE
r-oldrel-windows-ix86+x86_64 0.1.4 22.00 112.00 134.00 NOTE
r-oldrel-osx-x86_64 0.1.4 NOTE

Check Details

Version: 0.1.4
Check: R code for possible problems
Result: NOTE
    .avisApiBusAvanzada: no visible global function definition for
     ‘read.csv’
    .avisRenderMapAdmin: no visible global function definition for ‘points’
    .avisRenderMapAdmin: no visible global function definition for ‘rect’
    .avisRenderMapPhysical: no visible global function definition for
     ‘points’
    avisMap: no visible global function definition for ‘par’
    avisMap: no visible global function definition for ‘layout’
    Undefined global functions or variables:
     layout par points read.csv rect
    Consider adding
     importFrom("graphics", "layout", "par", "points", "rect")
     importFrom("utils", "read.csv")
    to your NAMESPACE file.
Flavors: r-devel-linux-x86_64-debian-clang, r-devel-linux-x86_64-debian-gcc, r-devel-linux-x86_64-fedora-clang, r-devel-linux-x86_64-fedora-gcc, r-devel-windows-ix86+x86_64, r-patched-linux-x86_64, r-patched-solaris-x86, r-release-linux-x86_64, r-release-windows-ix86+x86_64, r-release-osx-x86_64, r-oldrel-windows-ix86+x86_64, r-oldrel-osx-x86_64