CRAN Package Check Results for Package rAvis

Last updated on 2019-08-18 06:47:08 CEST.

Flavor Version Tinstall Tcheck Ttotal Status Flags
r-devel-linux-x86_64-debian-clang 0.1.4 11.06 83.39 94.45 NOTE
r-devel-linux-x86_64-debian-gcc 0.1.4 10.09 66.78 76.87 NOTE
r-devel-linux-x86_64-fedora-clang 0.1.4 114.21 NOTE
r-devel-linux-x86_64-fedora-gcc 0.1.4 121.99 NOTE
r-devel-windows-ix86+x86_64 0.1.4 39.00 135.00 174.00 NOTE
r-patched-linux-x86_64 0.1.4 9.43 83.47 92.90 NOTE
r-patched-solaris-x86 0.1.4 212.30 NOTE
r-release-linux-x86_64 0.1.4 10.40 82.56 92.96 NOTE
r-release-windows-ix86+x86_64 0.1.4 33.00 156.00 189.00 NOTE
r-release-osx-x86_64 0.1.4 NOTE
r-oldrel-windows-ix86+x86_64 0.1.4 22.00 150.00 172.00 NOTE
r-oldrel-osx-x86_64 0.1.4 NOTE

Check Details

Version: 0.1.4
Check: R code for possible problems
Result: NOTE
    .avisApiBusAvanzada: no visible global function definition for
     'read.csv'
    .avisRenderMapAdmin: no visible global function definition for 'points'
    .avisRenderMapAdmin: no visible global function definition for 'rect'
    .avisRenderMapPhysical: no visible global function definition for
     'points'
    avisMap: no visible global function definition for 'par'
    avisMap: no visible global function definition for 'layout'
    Undefined global functions or variables:
     layout par points read.csv rect
    Consider adding
     importFrom("graphics", "layout", "par", "points", "rect")
     importFrom("utils", "read.csv")
    to your NAMESPACE file.
Flavors: r-devel-linux-x86_64-debian-clang, r-devel-linux-x86_64-debian-gcc, r-devel-linux-x86_64-fedora-clang, r-devel-linux-x86_64-fedora-gcc, r-devel-windows-ix86+x86_64, r-patched-linux-x86_64, r-patched-solaris-x86, r-release-linux-x86_64, r-release-windows-ix86+x86_64, r-release-osx-x86_64, r-oldrel-windows-ix86+x86_64, r-oldrel-osx-x86_64