CRAN Package Check Results for Package rAvis

Last updated on 2018-02-20 17:47:55 CET.

Flavor Version Tinstall Tcheck Ttotal Status Flags
r-devel-linux-x86_64-debian-clang 0.1.4 6.91 69.74 76.65 NOTE
r-devel-linux-x86_64-debian-gcc 0.1.4 5.65 57.85 63.50 NOTE
r-devel-linux-x86_64-fedora-clang 0.1.4 91.84 NOTE
r-devel-linux-x86_64-fedora-gcc 0.1.4 91.42 NOTE
r-devel-windows-ix86+x86_64 0.1.4 13.00 87.00 100.00 NOTE
r-patched-linux-x86_64 0.1.4 4.98 71.70 76.68 NOTE
r-patched-solaris-x86 0.1.4 151.60 NOTE
r-release-linux-x86_64 0.1.4 5.89 72.10 77.99 NOTE
r-release-windows-ix86+x86_64 0.1.4 19.00 120.00 139.00 NOTE
r-release-osx-x86_64 0.1.4 NOTE
r-oldrel-windows-ix86+x86_64 0.1.4 16.00 120.00 136.00 NOTE
r-oldrel-osx-x86_64 0.1.4 NOTE

Check Details

Version: 0.1.4
Check: R code for possible problems
Result: NOTE
    .avisApiBusAvanzada: no visible global function definition for
     ‘read.csv’
    .avisRenderMapAdmin: no visible global function definition for ‘points’
    .avisRenderMapAdmin: no visible global function definition for ‘rect’
    .avisRenderMapPhysical: no visible global function definition for
     ‘points’
    avisMap: no visible global function definition for ‘par’
    avisMap: no visible global function definition for ‘layout’
    Undefined global functions or variables:
     layout par points read.csv rect
    Consider adding
     importFrom("graphics", "layout", "par", "points", "rect")
     importFrom("utils", "read.csv")
    to your NAMESPACE file.
Flavors: r-devel-linux-x86_64-debian-clang, r-devel-linux-x86_64-debian-gcc, r-devel-linux-x86_64-fedora-clang, r-devel-linux-x86_64-fedora-gcc, r-devel-windows-ix86+x86_64, r-patched-linux-x86_64, r-patched-solaris-x86, r-release-linux-x86_64, r-release-windows-ix86+x86_64, r-release-osx-x86_64, r-oldrel-windows-ix86+x86_64, r-oldrel-osx-x86_64