CRAN Package Check Results for Package rAvis

Last updated on 2015-07-30 22:50:04.

Flavor Version Tinstall Tcheck Ttotal Status Flags
r-devel-linux-x86_64-debian-clang 0.1.4 4.13 43.98 48.12 NOTE
r-devel-linux-x86_64-debian-gcc 0.1.4 3.98 42.28 46.26 NOTE
r-devel-linux-x86_64-fedora-clang 0.1.4 97.23 NOTE
r-devel-linux-x86_64-fedora-gcc 0.1.4 90.88 NOTE
r-devel-osx-x86_64-clang 0.1.4 74.58 OK
r-devel-windows-ix86+x86_64 0.1.4 11.00 67.00 78.00 NOTE
r-patched-linux-x86_64 0.1.4 4.16 43.48 47.64 OK
r-patched-solaris-sparc 0.1.4 599.30 OK
r-patched-solaris-x86 0.1.4 153.00 OK
r-release-linux-x86_64 0.1.4 4.08 42.01 46.08 OK
r-release-osx-x86_64-mavericks 0.1.4 OK
r-release-windows-ix86+x86_64 0.1.4 14.00 66.00 80.00 OK
r-oldrel-windows-ix86+x86_64 0.1.4 22.00 107.00 129.00 OK

Check Details

Version: 0.1.4
Check: R code for possible problems
Result: NOTE
    .avisApiBusAvanzada: no visible global function definition for
     ‘read.csv’
    .avisRenderMapAdmin: no visible global function definition for ‘points’
    .avisRenderMapAdmin: no visible global function definition for ‘rect’
    .avisRenderMapPhysical: no visible global function definition for
     ‘points’
    avisMap: no visible global function definition for ‘par’
    avisMap: no visible global function definition for ‘layout’
    Undefined global functions or variables:
     layout par points read.csv rect
    Consider adding
     importFrom("graphics", "layout", "par", "points", "rect")
     importFrom("utils", "read.csv")
    to your NAMESPACE.
Flavors: r-devel-linux-x86_64-debian-clang, r-devel-linux-x86_64-debian-gcc, r-devel-linux-x86_64-fedora-clang, r-devel-linux-x86_64-fedora-gcc, r-devel-windows-ix86+x86_64