CRAN Package Check Results for Package rAvis

Last updated on 2015-03-31 11:49:52.

Flavor Version Tinstall Tcheck Ttotal Status Flags
r-devel-linux-x86_64-debian-clang 0.1.2 4.25 66.85 71.10 OK
r-devel-linux-x86_64-debian-gcc 0.1.2 3.97 60.36 64.33 OK
r-devel-linux-x86_64-fedora-clang 0.1.2 104.03 OK
r-devel-linux-x86_64-fedora-gcc 0.1.2 105.06 OK
r-devel-osx-x86_64-clang 0.1.2 119.55 OK
r-prerel-windows-ix86+x86_64 0.1.2 12.00 83.00 95.00 OK
r-prerel-linux-x86_64 0.1.2 3.98 62.69 66.66 OK
r-prerel-solaris-sparc 0.1.2 624.20 OK
r-prerel-solaris-x86 0.1.2 150.10 OK
r-release-linux-x86_64 0.1.2 5.76 78.55 84.31 OK
r-release-osx-x86_64-mavericks 0.1.2 ERROR
r-release-osx-x86_64-snowleopard 0.1.2 OK
r-release-windows-ix86+x86_64 0.1.2 17.00 102.00 119.00 OK
r-oldrel-windows-ix86+x86_64 0.1.2 16.00 105.00 121.00 OK

Check Details

Version: 0.1.2
Check: package dependencies
Result: ERROR
    Package required but not available: ‘rgdal’
    
    See section ‘The DESCRIPTION file’ in the ‘Writing R Extensions’
    manual.
Flavor: r-release-osx-x86_64-mavericks