CRAN Package Check Results for Package rAvis

Last updated on 2015-05-22 23:48:08.

Flavor Version Tinstall Tcheck Ttotal Status Flags
r-devel-linux-x86_64-debian-clang 0.1.2 4.25 57.64 61.89 OK
r-devel-linux-x86_64-debian-gcc 0.1.2 3.96 57.46 61.41 OK
r-devel-linux-x86_64-fedora-clang 0.1.2 104.11 OK
r-devel-linux-x86_64-fedora-gcc 0.1.2 98.89 OK
r-devel-osx-x86_64-clang 0.1.2 101.50 OK
r-devel-windows-ix86+x86_64 0.1.2 16.00 78.00 94.00 OK
r-patched-linux-x86_64 0.1.2 3.94 56.95 60.90 OK
r-patched-solaris-sparc 0.1.2 619.60 OK
r-patched-solaris-x86 0.1.2 162.70 OK
r-release-linux-x86_64 0.1.2 3.98 56.53 60.51 OK
r-release-osx-x86_64-mavericks 0.1.2 OK
r-release-osx-x86_64-snowleopard 0.1.2 ERROR
r-release-windows-ix86+x86_64 0.1.2 11.00 83.00 94.00 OK
r-oldrel-windows-ix86+x86_64 0.1.2 17.00 100.00 117.00 OK

Check Details

Version: 0.1.2
Check: package dependencies
Result: ERROR
    Packages required but not available: ‘XML’ ‘scrapeR’ ‘scales’ ‘raster’
    
    See section ‘The DESCRIPTION file’ in the ‘Writing R Extensions’
    manual.
Flavor: r-release-osx-x86_64-snowleopard