CRAN Package Check Results for Package rAvis

Last updated on 2015-04-27 15:46:42.

Flavor Version Tinstall Tcheck Ttotal Status Flags
r-devel-linux-x86_64-debian-clang 0.1.2 5.79 63.98 69.77 OK
r-devel-linux-x86_64-debian-gcc 0.1.2 3.87 63.93 67.80 OK
r-devel-linux-x86_64-fedora-clang 0.1.2 105.43 OK
r-devel-linux-x86_64-fedora-gcc 0.1.2 99.32 OK
r-devel-osx-x86_64-clang 0.1.2 101.03 OK
r-devel-windows-ix86+x86_64 0.1.2 11.00 82.00 93.00 OK
r-patched-linux-x86_64 0.1.2 3.93 61.95 65.88 OK
r-patched-solaris-sparc 0.1.2 624.20 OK
r-patched-solaris-x86 0.1.2 152.10 OK
r-release-linux-x86_64 0.1.2 5.32 65.33 70.64 OK
r-release-osx-x86_64-mavericks 0.1.2 ERROR
r-release-osx-x86_64-snowleopard 0.1.2 ERROR
r-release-windows-ix86+x86_64 0.1.2 16.00 102.00 118.00 OK
r-oldrel-windows-ix86+x86_64 0.1.2 16.00 105.00 121.00 OK

Check Details

Version: 0.1.2
Check: package dependencies
Result: ERROR
    Package required but not available: ‘rgdal’
    
    See section ‘The DESCRIPTION file’ in the ‘Writing R Extensions’
    manual.
Flavor: r-release-osx-x86_64-mavericks

Version: 0.1.2
Check: package dependencies
Result: ERROR
    Packages required but not available: ‘XML’ ‘scrapeR’ ‘scales’ ‘raster’
    
    See section ‘The DESCRIPTION file’ in the ‘Writing R Extensions’
    manual.
Flavor: r-release-osx-x86_64-snowleopard