CRAN Package Check Results for Package rAvis

Last updated on 2018-04-27 04:50:58 CEST.

Flavor Version Tinstall Tcheck Ttotal Status Flags
r-devel-linux-x86_64-debian-clang 0.1.4 4.25 62.99 67.24 NOTE
r-devel-linux-x86_64-debian-gcc 0.1.4 5.24 58.65 63.89 NOTE
r-devel-linux-x86_64-fedora-clang 0.1.4 94.13 NOTE
r-devel-linux-x86_64-fedora-gcc 0.1.4 90.23 NOTE
r-devel-windows-ix86+x86_64 0.1.4 17.00 132.00 149.00 NOTE
r-patched-linux-x86_64 0.1.4 5.99 68.48 74.47 NOTE
r-patched-solaris-x86 0.1.4 161.50 NOTE
r-release-linux-x86_64 0.1.4 5.29 67.29 72.58 NOTE
r-release-windows-ix86+x86_64 0.1.4 17.00 132.00 149.00 NOTE
r-release-osx-x86_64 0.1.4 NOTE
r-oldrel-windows-ix86+x86_64 0.1.4 14.00 95.00 109.00 NOTE
r-oldrel-osx-x86_64 0.1.4 NOTE

Check Details

Version: 0.1.4
Check: R code for possible problems
Result: NOTE
    .avisApiBusAvanzada: no visible global function definition for
     ‘read.csv’
    .avisRenderMapAdmin: no visible global function definition for ‘points’
    .avisRenderMapAdmin: no visible global function definition for ‘rect’
    .avisRenderMapPhysical: no visible global function definition for
     ‘points’
    avisMap: no visible global function definition for ‘par’
    avisMap: no visible global function definition for ‘layout’
    Undefined global functions or variables:
     layout par points read.csv rect
    Consider adding
     importFrom("graphics", "layout", "par", "points", "rect")
     importFrom("utils", "read.csv")
    to your NAMESPACE file.
Flavors: r-devel-linux-x86_64-debian-clang, r-devel-linux-x86_64-debian-gcc, r-devel-linux-x86_64-fedora-clang, r-devel-linux-x86_64-fedora-gcc, r-devel-windows-ix86+x86_64, r-patched-linux-x86_64, r-patched-solaris-x86, r-release-linux-x86_64, r-release-windows-ix86+x86_64, r-release-osx-x86_64, r-oldrel-windows-ix86+x86_64, r-oldrel-osx-x86_64