CRAN Package Check Results for Package rAvis

Last updated on 2014-10-01 19:49:44.

Flavor Version Tinstall Tcheck Ttotal Status Flags
r-devel-linux-x86_64-debian-clang 0.1.2 5.44 69.96 75.40 OK
r-devel-linux-x86_64-debian-gcc 0.1.2 7.42 67.48 74.90 OK
r-devel-linux-x86_64-fedora-clang 0.1.2 147.25 OK
r-devel-linux-x86_64-fedora-gcc 0.1.2 136.78 OK
r-devel-osx-x86_64-clang 0.1.2 128.15 OK
r-devel-windows-ix86+x86_64 0.1.2 17.00 89.00 106.00 ERROR
r-patched-linux-x86_64 0.1.2 5.71 65.18 70.89 ERROR
r-patched-solaris-sparc 0.1.2 760.20 OK
r-patched-solaris-x86 0.1.2 215.00 OK
r-release-linux-ix86 0.1.2 7.14 91.74 98.88 OK
r-release-linux-x86_64 0.1.2 5.89 72.03 77.92 OK
r-release-osx-x86_64-mavericks 0.1.2 ERROR
r-release-osx-x86_64-snowleopard 0.1.2 OK
r-release-windows-ix86+x86_64 0.1.2 16.00 103.00 119.00 OK
r-oldrel-windows-ix86+x86_64 0.1.2 15.00 101.00 116.00 OK

Check Details

Version: 0.1.2
Check: tests
Result: ERROR
    Running the tests in 'tests/test-all.R' failed.
    Last 13 lines of output:
     2: eval(code, new_test_environment)
     3: eval(expr, envir, enclos)
     4: avisQuerySpecies("Pica pica") at test-avisQuerySpecies.R:6
     5: rbind(df, avisQuery(args = args))
     6: avisQuery(args = args)
     7: .avisQueryRaw(rawargs)
     8: read.csv(textConnection(.avisQueryRawData), sep = ";", quote = "")
     9: read.table(file = file, header = header, sep = sep, quote = quote, dec = dec, fill = fill,
     comment.char = comment.char, ...)
     10: stop("no lines available in input")
    
     Error: Test failures
     Execution halted
Flavors: r-devel-windows-ix86+x86_64, r-patched-linux-x86_64

Version: 0.1.2
Check: package dependencies
Result: ERROR
    Package required but not available: ‘rgdal’
    
    See the information on DESCRIPTION files in the chapter ‘Creating R
    packages’ of the ‘Writing R Extensions’ manual.
Flavor: r-release-osx-x86_64-mavericks