CRAN Package Check Results for Package rAvis

Last updated on 2020-01-18 03:49:36 CET.

Flavor Version Tinstall Tcheck Ttotal Status Flags
r-devel-linux-x86_64-debian-clang 0.1.4 11.34 96.57 107.91 NOTE
r-devel-linux-x86_64-debian-gcc 0.1.4 9.62 75.93 85.55 NOTE
r-devel-linux-x86_64-fedora-clang 0.1.4 139.43 NOTE
r-devel-linux-x86_64-fedora-gcc 0.1.4 138.52 NOTE
r-devel-windows-ix86+x86_64 0.1.4 41.00 134.00 175.00 NOTE
r-devel-windows-ix86+x86_64-gcc8 0.1.4 30.00 184.00 214.00 NOTE
r-patched-linux-x86_64 0.1.4 10.32 83.40 93.72 NOTE
r-patched-solaris-x86 0.1.4 193.60 NOTE
r-release-linux-x86_64 0.1.4 10.43 82.55 92.98 NOTE
r-release-windows-ix86+x86_64 0.1.4 34.00 124.00 158.00 NOTE
r-release-osx-x86_64 0.1.4 NOTE
r-oldrel-windows-ix86+x86_64 0.1.4 25.00 116.00 141.00 NOTE
r-oldrel-osx-x86_64 0.1.4 NOTE

Check Details

Version: 0.1.4
Check: R code for possible problems
Result: NOTE
    .avisApiBusAvanzada: no visible global function definition for
     'read.csv'
    .avisRenderMapAdmin: no visible global function definition for 'points'
    .avisRenderMapAdmin: no visible global function definition for 'rect'
    .avisRenderMapPhysical: no visible global function definition for
     'points'
    avisMap: no visible global function definition for 'par'
    avisMap: no visible global function definition for 'layout'
    Undefined global functions or variables:
     layout par points read.csv rect
    Consider adding
     importFrom("graphics", "layout", "par", "points", "rect")
     importFrom("utils", "read.csv")
    to your NAMESPACE file.
Flavors: r-devel-linux-x86_64-debian-clang, r-devel-linux-x86_64-debian-gcc, r-devel-linux-x86_64-fedora-clang, r-devel-linux-x86_64-fedora-gcc, r-devel-windows-ix86+x86_64, r-devel-windows-ix86+x86_64-gcc8, r-patched-linux-x86_64, r-patched-solaris-x86, r-release-linux-x86_64, r-release-windows-ix86+x86_64, r-release-osx-x86_64, r-oldrel-windows-ix86+x86_64, r-oldrel-osx-x86_64