CRAN Package Check Results for Package rAvis

Last updated on 2016-09-26 21:51:45.

Flavor Version Tinstall Tcheck Ttotal Status Flags
r-devel-linux-x86_64-debian-clang 0.1.4 3.91 40.39 44.30 NOTE
r-devel-linux-x86_64-debian-gcc 0.1.4 4.10 40.07 44.17 NOTE
r-devel-linux-x86_64-fedora-clang 0.1.4 85.90 NOTE
r-devel-linux-x86_64-fedora-gcc 0.1.4 81.73 NOTE
r-devel-macos-x86_64-clang 0.1.4 63.92 NOTE
r-devel-windows-ix86+x86_64 0.1.4 13.00 90.00 103.00 NOTE
r-patched-linux-x86_64 0.1.4 4.07 40.61 44.68 NOTE
r-patched-solaris-sparc 0.1.4 551.20 NOTE
r-patched-solaris-x86 0.1.4 126.80 NOTE
r-release-linux-x86_64 0.1.4 4.19 41.22 45.41 NOTE
r-release-osx-x86_64-mavericks 0.1.4 NOTE
r-release-windows-ix86+x86_64 0.1.4 16.00 93.00 109.00 NOTE
r-oldrel-windows-ix86+x86_64 0.1.4 16.00 99.00 115.00 OK

Check Details

Version: 0.1.4
Check: R code for possible problems
Result: NOTE
    .avisApiBusAvanzada: no visible global function definition for
     ‘read.csv’
    .avisRenderMapAdmin: no visible global function definition for ‘points’
    .avisRenderMapAdmin: no visible global function definition for ‘rect’
    .avisRenderMapPhysical: no visible global function definition for
     ‘points’
    avisMap: no visible global function definition for ‘par’
    avisMap: no visible global function definition for ‘layout’
    Undefined global functions or variables:
     layout par points read.csv rect
    Consider adding
     importFrom("graphics", "layout", "par", "points", "rect")
     importFrom("utils", "read.csv")
    to your NAMESPACE file.
Flavors: r-devel-linux-x86_64-debian-clang, r-devel-linux-x86_64-debian-gcc, r-devel-linux-x86_64-fedora-clang, r-devel-linux-x86_64-fedora-gcc, r-devel-macos-x86_64-clang, r-devel-windows-ix86+x86_64, r-patched-linux-x86_64, r-patched-solaris-sparc, r-patched-solaris-x86, r-release-linux-x86_64, r-release-osx-x86_64-mavericks, r-release-windows-ix86+x86_64