CRAN Package Check Results for Package rAvis

Last updated on 2018-06-21 11:50:21 CEST.

Flavor Version Tinstall Tcheck Ttotal Status Flags
r-devel-linux-x86_64-debian-clang 0.1.4 5.76 73.70 79.46 NOTE
r-devel-linux-x86_64-debian-gcc 0.1.4 6.89 68.53 75.42 NOTE
r-devel-linux-x86_64-fedora-clang 0.1.4 105.60 NOTE
r-devel-linux-x86_64-fedora-gcc 0.1.4 100.63 NOTE
r-devel-windows-ix86+x86_64 0.1.4 21.00 103.00 124.00 NOTE
r-patched-linux-x86_64 0.1.4 5.65 69.31 74.96 NOTE
r-patched-solaris-x86 0.1.4 162.10 NOTE
r-release-linux-x86_64 0.1.4 7.06 69.51 76.57 NOTE
r-release-windows-ix86+x86_64 0.1.4 13.00 88.00 101.00 NOTE
r-release-osx-x86_64 0.1.4 NOTE
r-oldrel-windows-ix86+x86_64 0.1.4 12.00 93.00 105.00 NOTE
r-oldrel-osx-x86_64 0.1.4 NOTE

Check Details

Version: 0.1.4
Check: R code for possible problems
Result: NOTE
    .avisApiBusAvanzada: no visible global function definition for
     ‘read.csv’
    .avisRenderMapAdmin: no visible global function definition for ‘points’
    .avisRenderMapAdmin: no visible global function definition for ‘rect’
    .avisRenderMapPhysical: no visible global function definition for
     ‘points’
    avisMap: no visible global function definition for ‘par’
    avisMap: no visible global function definition for ‘layout’
    Undefined global functions or variables:
     layout par points read.csv rect
    Consider adding
     importFrom("graphics", "layout", "par", "points", "rect")
     importFrom("utils", "read.csv")
    to your NAMESPACE file.
Flavors: r-devel-linux-x86_64-debian-clang, r-devel-linux-x86_64-debian-gcc, r-devel-linux-x86_64-fedora-clang, r-devel-linux-x86_64-fedora-gcc, r-devel-windows-ix86+x86_64, r-patched-linux-x86_64, r-patched-solaris-x86, r-release-linux-x86_64, r-release-windows-ix86+x86_64, r-release-osx-x86_64, r-oldrel-windows-ix86+x86_64, r-oldrel-osx-x86_64