CRAN Package Check Results for Package rAvis

Last updated on 2014-07-25 19:50:18.

Flavor Version Tinstall Tcheck Ttotal Status Flags
r-devel-linux-x86_64-debian-clang 0.1.1 5.44 84.82 90.26 OK
r-devel-linux-x86_64-debian-gcc 0.1.1 5.45 74.99 80.44 OK
r-devel-linux-x86_64-fedora-clang 0.1.1 147.63 OK
r-devel-linux-x86_64-fedora-gcc 0.1.1 140.60 OK
r-devel-osx-x86_64-clang 0.1.1 126.38 OK
r-devel-windows-ix86+x86_64 0.1.1 13.00 107.00 120.00 OK
r-patched-linux-x86_64 0.1.1 5.41 82.73 88.14 OK
r-patched-solaris-sparc 0.1.1 819.00 OK
r-patched-solaris-x86 0.1.1 217.70 OK
r-release-linux-ix86 0.1.1 6.79 85.24 92.03 OK
r-release-linux-x86_64 0.1.1 5.54 80.94 86.48 OK
r-release-osx-x86_64-mavericks 0.1.1 ERROR
r-release-osx-x86_64-snowleopard 0.1.1 OK
r-release-windows-ix86+x86_64 0.1.1 15.00 118.00 133.00 OK
r-oldrel-windows-ix86+x86_64 0.1.1 16.00 111.00 127.00 OK

Check Details

Version: 0.1.1
Check: package dependencies
Result: ERROR
    Package required but not available: ‘rgdal’
    
    See the information on DESCRIPTION files in the chapter ‘Creating R
    packages’ of the ‘Writing R Extensions’ manual.
Flavor: r-release-osx-x86_64-mavericks