CRAN Package Check Results for Package rAvis

Last updated on 2015-08-31 04:48:55.

Flavor Version Tinstall Tcheck Ttotal Status Flags
r-devel-linux-x86_64-debian-clang 0.1.4 3.93 41.10 45.03 NOTE
r-devel-linux-x86_64-debian-gcc 0.1.4 4.13 41.16 45.29 NOTE
r-devel-linux-x86_64-fedora-clang 0.1.4 92.61 NOTE
r-devel-linux-x86_64-fedora-gcc 0.1.4 88.55 NOTE
r-devel-osx-x86_64-clang 0.1.4 75.67 OK
r-devel-windows-ix86+x86_64 0.1.4 14.00 80.00 94.00 NOTE
r-patched-linux-x86_64 0.1.4 4.26 42.52 46.79 OK
r-patched-solaris-sparc 0.1.4 599.30 OK
r-patched-solaris-x86 0.1.4 164.00 OK
r-release-linux-x86_64 0.1.4 4.25 43.46 47.72 OK
r-release-osx-x86_64-mavericks 0.1.4 OK
r-release-windows-ix86+x86_64 0.1.4 15.00 67.00 82.00 OK
r-oldrel-windows-ix86+x86_64 0.1.4 25.00 100.00 125.00 OK

Check Details

Version: 0.1.4
Check: R code for possible problems
Result: NOTE
    .avisApiBusAvanzada: no visible global function definition for
     ‘read.csv’
    .avisRenderMapAdmin: no visible global function definition for ‘points’
    .avisRenderMapAdmin: no visible global function definition for ‘rect’
    .avisRenderMapPhysical: no visible global function definition for
     ‘points’
    avisMap: no visible global function definition for ‘par’
    avisMap: no visible global function definition for ‘layout’
    Undefined global functions or variables:
     layout par points read.csv rect
    Consider adding
     importFrom("graphics", "layout", "par", "points", "rect")
     importFrom("utils", "read.csv")
    to your NAMESPACE.
Flavors: r-devel-linux-x86_64-debian-clang, r-devel-linux-x86_64-debian-gcc, r-devel-linux-x86_64-fedora-clang, r-devel-linux-x86_64-fedora-gcc, r-devel-windows-ix86+x86_64