CRAN Package Check Results for Package rAvis

Last updated on 2016-08-29 10:47:25.

Flavor Version Tinstall Tcheck Ttotal Status Flags
r-devel-linux-x86_64-debian-clang 0.1.4 4.18 42.57 46.75 NOTE
r-devel-linux-x86_64-debian-gcc 0.1.4 4.28 42.20 46.47 NOTE
r-devel-linux-x86_64-fedora-clang 0.1.4 90.41 NOTE
r-devel-linux-x86_64-fedora-gcc 0.1.4 87.11 NOTE
r-devel-osx-x86_64-clang 0.1.4 68.30 NOTE
r-devel-windows-ix86+x86_64 0.1.4 15.00 100.00 115.00 NOTE
r-patched-linux-x86_64 0.1.4 4.09 41.17 45.26 NOTE
r-patched-solaris-sparc 0.1.4 551.20 NOTE
r-patched-solaris-x86 0.1.4 129.90 NOTE
r-release-linux-x86_64 0.1.4 4.47 42.12 46.59 NOTE
r-release-osx-x86_64-mavericks 0.1.4 NOTE
r-release-windows-ix86+x86_64 0.1.4 24.00 94.00 118.00 NOTE
r-oldrel-windows-ix86+x86_64 0.1.4 16.00 149.00 165.00 OK

Check Details

Version: 0.1.4
Check: R code for possible problems
Result: NOTE
    .avisApiBusAvanzada: no visible global function definition for
     ‘read.csv’
    .avisRenderMapAdmin: no visible global function definition for ‘points’
    .avisRenderMapAdmin: no visible global function definition for ‘rect’
    .avisRenderMapPhysical: no visible global function definition for
     ‘points’
    avisMap: no visible global function definition for ‘par’
    avisMap: no visible global function definition for ‘layout’
    Undefined global functions or variables:
     layout par points read.csv rect
    Consider adding
     importFrom("graphics", "layout", "par", "points", "rect")
     importFrom("utils", "read.csv")
    to your NAMESPACE file.
Flavors: r-devel-linux-x86_64-debian-clang, r-devel-linux-x86_64-debian-gcc, r-devel-linux-x86_64-fedora-clang, r-devel-linux-x86_64-fedora-gcc, r-devel-osx-x86_64-clang, r-devel-windows-ix86+x86_64, r-patched-linux-x86_64, r-patched-solaris-sparc, r-patched-solaris-x86, r-release-linux-x86_64, r-release-osx-x86_64-mavericks, r-release-windows-ix86+x86_64