CRAN Package Check Results for Package rAvis

Last updated on 2020-10-30 10:50:40 CET.

Flavor Version Tinstall Tcheck Ttotal Status Flags
r-devel-linux-x86_64-debian-clang 0.1.4 11.94 102.77 114.71 NOTE
r-devel-linux-x86_64-debian-gcc 0.1.4 9.32 79.58 88.90 NOTE
r-devel-linux-x86_64-fedora-clang 0.1.4 148.00 NOTE
r-devel-linux-x86_64-fedora-gcc 0.1.4 140.90 NOTE
r-devel-windows-ix86+x86_64 0.1.4 33.00 171.00 204.00 NOTE
r-patched-linux-x86_64 0.1.4 11.73 97.21 108.94 NOTE
r-patched-solaris-x86 0.1.4 221.20 NOTE
r-release-linux-x86_64 0.1.4 11.51 96.00 107.51 NOTE
r-release-macos-x86_64 0.1.4 NOTE
r-release-windows-ix86+x86_64 0.1.4 23.00 149.00 172.00 NOTE
r-oldrel-macos-x86_64 0.1.4 NOTE
r-oldrel-windows-ix86+x86_64 0.1.4 30.00 143.00 173.00 NOTE

Check Details

Version: 0.1.4
Check: R code for possible problems
Result: NOTE
    .avisApiBusAvanzada: no visible global function definition for
     'read.csv'
    .avisRenderMapAdmin: no visible global function definition for 'points'
    .avisRenderMapAdmin: no visible global function definition for 'rect'
    .avisRenderMapPhysical: no visible global function definition for
     'points'
    avisMap: no visible global function definition for 'par'
    avisMap: no visible global function definition for 'layout'
    Undefined global functions or variables:
     layout par points read.csv rect
    Consider adding
     importFrom("graphics", "layout", "par", "points", "rect")
     importFrom("utils", "read.csv")
    to your NAMESPACE file.
Flavors: r-devel-linux-x86_64-debian-clang, r-devel-linux-x86_64-debian-gcc, r-devel-linux-x86_64-fedora-clang, r-devel-linux-x86_64-fedora-gcc, r-devel-windows-ix86+x86_64, r-patched-linux-x86_64, r-patched-solaris-x86, r-release-linux-x86_64, r-release-macos-x86_64, r-release-windows-ix86+x86_64, r-oldrel-macos-x86_64, r-oldrel-windows-ix86+x86_64