CRAN Package Check Results for Package rAvis

Last updated on 2014-11-24 00:47:51.

Flavor Version Tinstall Tcheck Ttotal Status Flags
r-devel-linux-x86_64-debian-clang 0.1.2 5.54 79.68 85.22 OK
r-devel-linux-x86_64-debian-gcc 0.1.2 5.39 71.90 77.29 OK
r-devel-linux-x86_64-fedora-clang 0.1.2 149.72 OK
r-devel-linux-x86_64-fedora-gcc 0.1.2 140.20 OK
r-devel-osx-x86_64-clang 0.1.2 134.42 OK
r-devel-windows-ix86+x86_64 0.1.2 15.00 101.00 116.00 OK
r-patched-linux-x86_64 0.1.2 5.67 76.06 81.74 OK
r-patched-solaris-sparc 0.1.2 760.20 OK
r-patched-solaris-x86 0.1.2 207.90 OK
r-release-linux-ix86 0.1.2 6.96 83.66 90.62 OK
r-release-linux-x86_64 0.1.2 5.68 77.92 83.60 OK
r-release-osx-x86_64-mavericks 0.1.2 ERROR
r-release-osx-x86_64-snowleopard 0.1.2 OK
r-release-windows-ix86+x86_64 0.1.2 15.00 107.00 122.00 OK
r-oldrel-windows-ix86+x86_64 0.1.2 16.00 107.00 123.00 OK

Check Details

Version: 0.1.2
Check: package dependencies
Result: ERROR
    Package required but not available: ‘rgdal’
    
    See the information on DESCRIPTION files in the chapter ‘Creating R
    packages’ of the ‘Writing R Extensions’ manual.
Flavor: r-release-osx-x86_64-mavericks