CRAN Package Check Results for Package rAvis

Last updated on 2019-10-23 20:47:31 CEST.

Flavor Version Tinstall Tcheck Ttotal Status Flags
r-devel-linux-x86_64-debian-clang 0.1.4 10.94 82.49 93.43 NOTE
r-devel-linux-x86_64-debian-gcc 0.1.4 10.20 66.92 77.12 NOTE
r-devel-linux-x86_64-fedora-clang 0.1.4 116.70 NOTE
r-devel-linux-x86_64-fedora-gcc 0.1.4 115.49 NOTE
r-devel-windows-ix86+x86_64 0.1.4 23.00 162.00 185.00 NOTE
r-patched-linux-x86_64 0.1.4 10.38 82.15 92.53 NOTE
r-patched-solaris-x86 0.1.4 194.10 NOTE
r-release-linux-x86_64 0.1.4 10.68 82.05 92.73 NOTE
r-release-windows-ix86+x86_64 0.1.4 34.00 112.00 146.00 NOTE
r-release-osx-x86_64 0.1.4 NOTE
r-oldrel-windows-ix86+x86_64 0.1.4 19.00 142.00 161.00 NOTE
r-oldrel-osx-x86_64 0.1.4 NOTE

Check Details

Version: 0.1.4
Check: R code for possible problems
Result: NOTE
    .avisApiBusAvanzada: no visible global function definition for
     'read.csv'
    .avisRenderMapAdmin: no visible global function definition for 'points'
    .avisRenderMapAdmin: no visible global function definition for 'rect'
    .avisRenderMapPhysical: no visible global function definition for
     'points'
    avisMap: no visible global function definition for 'par'
    avisMap: no visible global function definition for 'layout'
    Undefined global functions or variables:
     layout par points read.csv rect
    Consider adding
     importFrom("graphics", "layout", "par", "points", "rect")
     importFrom("utils", "read.csv")
    to your NAMESPACE file.
Flavors: r-devel-linux-x86_64-debian-clang, r-devel-linux-x86_64-debian-gcc, r-devel-linux-x86_64-fedora-clang, r-devel-linux-x86_64-fedora-gcc, r-devel-windows-ix86+x86_64, r-patched-linux-x86_64, r-patched-solaris-x86, r-release-linux-x86_64, r-release-windows-ix86+x86_64, r-release-osx-x86_64, r-oldrel-windows-ix86+x86_64, r-oldrel-osx-x86_64