CRAN Package Check Results for Package rAvis

Last updated on 2016-04-30 23:48:11.

Flavor Version Tinstall Tcheck Ttotal Status Flags
r-devel-linux-x86_64-debian-gcc 0.1.4 3.91 40.53 44.43 NOTE
r-devel-linux-x86_64-fedora-clang 0.1.4 87.72 NOTE
r-devel-linux-x86_64-fedora-gcc 0.1.4 86.92 NOTE
r-devel-osx-x86_64-clang 0.1.4 94.89 NOTE
r-devel-windows-ix86+x86_64 0.1.4 10.00 81.00 91.00 NOTE
r-patched-linux-x86_64 0.1.4 4.19 40.19 44.37 NOTE
r-patched-solaris-sparc 0.1.4 532.80 NOTE
r-patched-solaris-x86 0.1.4 125.90 NOTE
r-release-linux-x86_64 0.1.4 4.58 44.41 48.98 OK
r-release-osx-x86_64-mavericks 0.1.4 OK
r-release-windows-ix86+x86_64 0.1.4 17.00 94.00 111.00 OK
r-oldrel-windows-ix86+x86_64 0.1.4 27.00 144.00 171.00 OK

Check Details

Version: 0.1.4
Check: R code for possible problems
Result: NOTE
    .avisApiBusAvanzada: no visible global function definition for
     ‘read.csv’
    .avisRenderMapAdmin: no visible global function definition for ‘points’
    .avisRenderMapAdmin: no visible global function definition for ‘rect’
    .avisRenderMapPhysical: no visible global function definition for
     ‘points’
    avisMap: no visible global function definition for ‘par’
    avisMap: no visible global function definition for ‘layout’
    Undefined global functions or variables:
     layout par points read.csv rect
    Consider adding
     importFrom("graphics", "layout", "par", "points", "rect")
     importFrom("utils", "read.csv")
    to your NAMESPACE file.
Flavors: r-devel-linux-x86_64-debian-gcc, r-devel-linux-x86_64-fedora-clang, r-devel-linux-x86_64-fedora-gcc, r-devel-osx-x86_64-clang, r-devel-windows-ix86+x86_64, r-patched-linux-x86_64, r-patched-solaris-sparc, r-patched-solaris-x86