CRAN Package Check Results for Package rAvis

Last updated on 2020-06-03 20:49:21 CEST.

Flavor Version Tinstall Tcheck Ttotal Status Flags
r-devel-linux-x86_64-debian-clang 0.1.4 11.47 97.34 108.81 NOTE
r-devel-linux-x86_64-debian-gcc 0.1.4 10.04 77.25 87.29 NOTE
r-devel-linux-x86_64-fedora-clang 0.1.4 142.67 NOTE
r-devel-linux-x86_64-fedora-gcc 0.1.4 137.34 NOTE
r-devel-windows-ix86+x86_64 0.1.4 35.00 186.00 221.00 NOTE
r-patched-linux-x86_64 0.1.4 11.21 95.78 106.99 NOTE
r-patched-solaris-x86 0.1.4 217.50 NOTE
r-release-linux-x86_64 0.1.4 11.75 97.86 109.61 NOTE
r-release-osx-x86_64 0.1.4 NOTE
r-release-windows-ix86+x86_64 0.1.4 26.00 123.00 149.00 NOTE
r-oldrel-osx-x86_64 0.1.4 NOTE
r-oldrel-windows-ix86+x86_64 0.1.4 26.00 121.00 147.00 NOTE

Check Details

Version: 0.1.4
Check: R code for possible problems
Result: NOTE
    .avisApiBusAvanzada: no visible global function definition for
     'read.csv'
    .avisRenderMapAdmin: no visible global function definition for 'points'
    .avisRenderMapAdmin: no visible global function definition for 'rect'
    .avisRenderMapPhysical: no visible global function definition for
     'points'
    avisMap: no visible global function definition for 'par'
    avisMap: no visible global function definition for 'layout'
    Undefined global functions or variables:
     layout par points read.csv rect
    Consider adding
     importFrom("graphics", "layout", "par", "points", "rect")
     importFrom("utils", "read.csv")
    to your NAMESPACE file.
Flavors: r-devel-linux-x86_64-debian-clang, r-devel-linux-x86_64-debian-gcc, r-devel-linux-x86_64-fedora-clang, r-devel-linux-x86_64-fedora-gcc, r-devel-windows-ix86+x86_64, r-patched-linux-x86_64, r-patched-solaris-x86, r-release-linux-x86_64, r-release-osx-x86_64, r-release-windows-ix86+x86_64, r-oldrel-osx-x86_64, r-oldrel-windows-ix86+x86_64