CRAN Package Check Results for Package rAvis

Last updated on 2017-05-30 14:47:24.

Flavor Version Tinstall Tcheck Ttotal Status Flags
r-devel-linux-x86_64-debian-clang 0.1.4 4.17 45.20 49.37 NOTE
r-devel-linux-x86_64-debian-gcc 0.1.4 4.35 45.03 49.39 NOTE
r-devel-linux-x86_64-fedora-clang 0.1.4 97.84 NOTE
r-devel-linux-x86_64-fedora-gcc 0.1.4 95.54 NOTE
r-devel-windows-ix86+x86_64 0.1.4 13.00 118.00 131.00 NOTE
r-patched-linux-x86_64 0.1.4 4.23 46.00 50.23 NOTE
r-patched-solaris-sparc 0.1.4 604.30 NOTE
r-patched-solaris-x86 0.1.4 139.00 NOTE
r-release-linux-x86_64 0.1.4 4.35 45.03 49.38 NOTE
r-release-windows-ix86+x86_64 0.1.4 19.00 87.00 106.00 NOTE
r-release-osx-x86_64 0.1.4 NOTE
r-oldrel-windows-ix86+x86_64 0.1.4 11.00 83.00 94.00 NOTE
r-oldrel-osx-x86_64 0.1.4 NOTE

Check Details

Version: 0.1.4
Check: R code for possible problems
Result: NOTE
    .avisApiBusAvanzada: no visible global function definition for
     ‘read.csv’
    .avisRenderMapAdmin: no visible global function definition for ‘points’
    .avisRenderMapAdmin: no visible global function definition for ‘rect’
    .avisRenderMapPhysical: no visible global function definition for
     ‘points’
    avisMap: no visible global function definition for ‘par’
    avisMap: no visible global function definition for ‘layout’
    Undefined global functions or variables:
     layout par points read.csv rect
    Consider adding
     importFrom("graphics", "layout", "par", "points", "rect")
     importFrom("utils", "read.csv")
    to your NAMESPACE file.
Flavors: r-devel-linux-x86_64-debian-clang, r-devel-linux-x86_64-debian-gcc, r-devel-linux-x86_64-fedora-clang, r-devel-linux-x86_64-fedora-gcc, r-devel-windows-ix86+x86_64, r-patched-linux-x86_64, r-patched-solaris-sparc, r-patched-solaris-x86, r-release-linux-x86_64, r-release-windows-ix86+x86_64, r-release-osx-x86_64, r-oldrel-windows-ix86+x86_64, r-oldrel-osx-x86_64