CRAN Package Check Results for Package rAvis

Last updated on 2017-09-20 19:47:29.

Flavor Version Tinstall Tcheck Ttotal Status Flags
r-devel-linux-x86_64-debian-clang 0.1.4 4.11 46.10 50.21 NOTE
r-devel-linux-x86_64-debian-gcc 0.1.4 4.26 45.34 49.60 NOTE
r-devel-linux-x86_64-fedora-clang 0.1.4 98.00 NOTE
r-devel-linux-x86_64-fedora-gcc 0.1.4 98.44 NOTE
r-devel-windows-ix86+x86_64 0.1.4 13.00 81.00 94.00 NOTE
r-patched-linux-x86_64 0.1.4 4.34 46.02 50.36 NOTE
r-patched-solaris-x86 0.1.4 153.70 NOTE
r-release-linux-x86_64 0.1.4 4.11 45.87 49.98 NOTE
r-release-windows-ix86+x86_64 0.1.4 15.00 96.00 111.00 NOTE
r-release-osx-x86_64 0.1.4 NOTE
r-oldrel-windows-ix86+x86_64 0.1.4 10.00 78.00 88.00 NOTE
r-oldrel-osx-x86_64 0.1.4 NOTE

Check Details

Version: 0.1.4
Check: R code for possible problems
Result: NOTE
    .avisApiBusAvanzada: no visible global function definition for
     ‘read.csv’
    .avisRenderMapAdmin: no visible global function definition for ‘points’
    .avisRenderMapAdmin: no visible global function definition for ‘rect’
    .avisRenderMapPhysical: no visible global function definition for
     ‘points’
    avisMap: no visible global function definition for ‘par’
    avisMap: no visible global function definition for ‘layout’
    Undefined global functions or variables:
     layout par points read.csv rect
    Consider adding
     importFrom("graphics", "layout", "par", "points", "rect")
     importFrom("utils", "read.csv")
    to your NAMESPACE file.
Flavors: r-devel-linux-x86_64-debian-clang, r-devel-linux-x86_64-debian-gcc, r-devel-linux-x86_64-fedora-clang, r-devel-linux-x86_64-fedora-gcc, r-devel-windows-ix86+x86_64, r-patched-linux-x86_64, r-patched-solaris-x86, r-release-linux-x86_64, r-release-windows-ix86+x86_64, r-release-osx-x86_64, r-oldrel-windows-ix86+x86_64, r-oldrel-osx-x86_64