CRAN Package Check Results for Package rAvis

Last updated on 2016-12-10 23:48:55.

Flavor Version Tinstall Tcheck Ttotal Status Flags
r-devel-linux-x86_64-debian-clang 0.1.4 4.30 46.85 51.15 NOTE
r-devel-linux-x86_64-debian-gcc 0.1.4 4.36 46.71 51.06 NOTE
r-devel-linux-x86_64-fedora-clang 0.1.4 104.03 NOTE --no-stop-on-test-error
r-devel-linux-x86_64-fedora-gcc 0.1.4 99.07 NOTE --no-stop-on-test-error
r-devel-macos-x86_64-clang 0.1.4 77.16 NOTE --no-stop-on-test-error
r-devel-windows-ix86+x86_64 0.1.4 12.00 114.00 126.00 NOTE
r-patched-linux-x86_64 0.1.4 4.06 42.86 46.92 NOTE
r-patched-solaris-sparc 0.1.4 551.20 NOTE
r-patched-solaris-x86 0.1.4 136.80 NOTE
r-release-linux-x86_64 0.1.4 4.24 42.84 47.08 NOTE
r-release-osx-x86_64-mavericks 0.1.4 NOTE
r-release-windows-ix86+x86_64 0.1.4 16.00 84.00 100.00 NOTE
r-oldrel-windows-ix86+x86_64 0.1.4 18.00 80.00 98.00 OK

Check Details

Version: 0.1.4
Check: R code for possible problems
Result: NOTE
    .avisApiBusAvanzada: no visible global function definition for
     ‘read.csv’
    .avisRenderMapAdmin: no visible global function definition for ‘points’
    .avisRenderMapAdmin: no visible global function definition for ‘rect’
    .avisRenderMapPhysical: no visible global function definition for
     ‘points’
    avisMap: no visible global function definition for ‘par’
    avisMap: no visible global function definition for ‘layout’
    Undefined global functions or variables:
     layout par points read.csv rect
    Consider adding
     importFrom("graphics", "layout", "par", "points", "rect")
     importFrom("utils", "read.csv")
    to your NAMESPACE file.
Flavors: r-devel-linux-x86_64-debian-clang, r-devel-linux-x86_64-debian-gcc, r-devel-windows-ix86+x86_64, r-patched-linux-x86_64, r-patched-solaris-sparc, r-patched-solaris-x86, r-release-linux-x86_64, r-release-osx-x86_64-mavericks, r-release-windows-ix86+x86_64

Version: 0.1.4
Flags: --no-stop-on-test-error
Check: R code for possible problems
Result: NOTE
    .avisApiBusAvanzada: no visible global function definition for
     ‘read.csv’
    .avisRenderMapAdmin: no visible global function definition for ‘points’
    .avisRenderMapAdmin: no visible global function definition for ‘rect’
    .avisRenderMapPhysical: no visible global function definition for
     ‘points’
    avisMap: no visible global function definition for ‘par’
    avisMap: no visible global function definition for ‘layout’
    Undefined global functions or variables:
     layout par points read.csv rect
    Consider adding
     importFrom("graphics", "layout", "par", "points", "rect")
     importFrom("utils", "read.csv")
    to your NAMESPACE file.
Flavors: r-devel-linux-x86_64-fedora-clang, r-devel-linux-x86_64-fedora-gcc, r-devel-macos-x86_64-clang