CRAN Package Check Results for Package rBeta2009

Last updated on 2019-09-22 05:46:20 CEST.

Flavor Version Tinstall Tcheck Ttotal Status Flags
r-devel-linux-x86_64-debian-clang 1.0 3.34 16.25 19.59 OK
r-devel-linux-x86_64-debian-gcc 1.0 2.35 13.62 15.97 OK
r-devel-linux-x86_64-fedora-clang 1.0 25.33 NOTE
r-devel-linux-x86_64-fedora-gcc 1.0 25.21 NOTE
r-devel-windows-ix86+x86_64 1.0 15.00 34.00 49.00 OK
r-patched-linux-x86_64 1.0 2.44 16.15 18.59 OK
r-patched-solaris-x86 1.0 38.20 OK
r-release-linux-x86_64 1.0 2.42 16.20 18.62 OK
r-release-windows-ix86+x86_64 1.0 10.00 49.00 59.00 OK
r-release-osx-x86_64 1.0 OK
r-oldrel-windows-ix86+x86_64 1.0 8.00 31.00 39.00 OK
r-oldrel-osx-x86_64 1.0 OK

Check Details

Version: 1.0
Check: compiled code
Result: NOTE
    File ‘rBeta2009/libs/rBeta2009.so’:
     Found no calls to: ‘R_registerRoutines’, ‘R_useDynamicSymbols’
    
    It is good practice to register native routines and to disable symbol
    search.
    
    See ‘Writing portable packages’ in the ‘Writing R Extensions’ manual.
Flavors: r-devel-linux-x86_64-fedora-clang, r-devel-linux-x86_64-fedora-gcc