CRAN Package Check Results for Package rBeta2009

Last updated on 2019-05-25 17:48:21 CEST.

Flavor Version Tinstall Tcheck Ttotal Status Flags
r-devel-linux-x86_64-debian-clang 1.0 2.96 16.90 19.86 OK
r-devel-linux-x86_64-debian-gcc 1.0 2.10 13.81 15.91 OK
r-devel-linux-x86_64-fedora-clang 1.0 26.39 NOTE
r-devel-linux-x86_64-fedora-gcc 1.0 23.10 NOTE
r-devel-windows-ix86+x86_64 1.0 95.00 35.00 130.00 OK
r-patched-linux-x86_64 1.0 OK
r-patched-solaris-x86 1.0 40.60 OK
r-release-linux-x86_64 1.0 2.59 16.68 19.27 OK
r-release-windows-ix86+x86_64 1.0 13.00 34.00 47.00 OK
r-release-osx-x86_64 1.0 OK
r-oldrel-windows-ix86+x86_64 1.0 8.00 31.00 39.00 OK
r-oldrel-osx-x86_64 1.0 OK

Check Details

Version: 1.0
Check: compiled code
Result: NOTE
    File ‘rBeta2009/libs/rBeta2009.so’:
     Found no calls to: ‘R_registerRoutines’, ‘R_useDynamicSymbols’
    
    It is good practice to register native routines and to disable symbol
    search.
    
    See ‘Writing portable packages’ in the ‘Writing R Extensions’ manual.
Flavors: r-devel-linux-x86_64-fedora-clang, r-devel-linux-x86_64-fedora-gcc