Last updated on 2023-10-03 03:09:02 CEST.
Flavor | Version | Tinstall | Tcheck | Ttotal | Status | Flags |
---|---|---|---|---|---|---|
r-devel-linux-x86_64-debian-clang | 1.0 | 4.33 | 21.60 | 25.93 | OK | |
r-devel-linux-x86_64-debian-gcc | 1.0 | 3.13 | 17.45 | 20.58 | OK | |
r-devel-linux-x86_64-fedora-clang | 1.0 | 33.47 | NOTE | |||
r-devel-linux-x86_64-fedora-gcc | 1.0 | 32.60 | NOTE | |||
r-devel-windows-x86_64 | 1.0 | 6.00 | 46.00 | 52.00 | OK | |
r-patched-linux-x86_64 | 1.0 | 4.21 | 21.73 | 25.94 | OK | |
r-release-linux-x86_64 | 1.0 | 4.16 | 21.63 | 25.79 | OK | |
r-release-macos-arm64 | 1.0 | 19.00 | OK | |||
r-release-macos-x86_64 | 1.0 | 20.00 | OK | |||
r-release-windows-x86_64 | 1.0 | 6.00 | 51.00 | 57.00 | OK | |
r-oldrel-macos-arm64 | 1.0 | 17.00 | OK | |||
r-oldrel-macos-x86_64 | 1.0 | 22.00 | OK | |||
r-oldrel-windows-x86_64 | 1.0 | 9.00 | 50.00 | 59.00 | OK |
Version: 1.0
Check: Rd cross-references
Result: NOTE
Undeclared packages ‘MCMCpack’, ‘gtools’ in Rd xrefs
Flavor: r-devel-linux-x86_64-fedora-clang
Version: 1.0
Check: compiled code
Result: NOTE
File ‘rBeta2009/libs/rBeta2009.so’:
Found no calls to: ‘R_registerRoutines’, ‘R_useDynamicSymbols’
It is good practice to register native routines and to disable symbol
search.
See ‘Writing portable packages’ in the ‘Writing R Extensions’ manual.
Flavors: r-devel-linux-x86_64-fedora-clang, r-devel-linux-x86_64-fedora-gcc