CRAN Package Check Results for Package rBeta2009

Last updated on 2020-02-28 00:48:05 CET.

Flavor Version Tinstall Tcheck Ttotal Status Flags
r-devel-linux-x86_64-debian-clang 1.0 3.64 17.72 21.36 OK
r-devel-linux-x86_64-debian-gcc 1.0 2.51 14.33 16.84 OK
r-devel-linux-x86_64-fedora-clang 1.0 27.03 NOTE
r-devel-linux-x86_64-fedora-gcc 1.0 26.00 NOTE
r-devel-windows-ix86+x86_64 1.0 13.00 37.00 50.00 OK
r-devel-windows-ix86+x86_64-gcc8 1.0 11.00 36.00 47.00 OK
r-patched-linux-x86_64 1.0 2.76 16.40 19.16 OK
r-patched-solaris-x86 1.0 39.50 OK
r-release-linux-x86_64 1.0 2.41 16.21 18.62 OK
r-release-windows-ix86+x86_64 1.0 10.00 49.00 59.00 OK
r-release-osx-x86_64 1.0 OK
r-oldrel-windows-ix86+x86_64 1.0 8.00 31.00 39.00 OK
r-oldrel-osx-x86_64 1.0 OK

Check Details

Version: 1.0
Check: compiled code
Result: NOTE
    File ‘rBeta2009/libs/rBeta2009.so’:
     Found no calls to: ‘R_registerRoutines’, ‘R_useDynamicSymbols’
    
    It is good practice to register native routines and to disable symbol
    search.
    
    See ‘Writing portable packages’ in the ‘Writing R Extensions’ manual.
Flavors: r-devel-linux-x86_64-fedora-clang, r-devel-linux-x86_64-fedora-gcc