CRAN Package Check Results for Package rCAT

Last updated on 2018-10-22 01:50:57 CEST.

Flavor Version Tinstall Tcheck Ttotal Status Flags
r-devel-linux-x86_64-debian-clang 0.1.5 1.93 36.86 38.79 ERROR
r-devel-linux-x86_64-debian-gcc 0.1.5 2.47 32.69 35.16 ERROR
r-devel-linux-x86_64-fedora-clang 0.1.5 50.59 OK
r-devel-linux-x86_64-fedora-gcc 0.1.5 47.48 OK
r-devel-windows-ix86+x86_64 0.1.5 8.00 67.00 75.00 OK
r-patched-linux-x86_64 0.1.5 1.92 33.24 35.16 OK
r-patched-solaris-x86 0.1.5 70.00 OK
r-release-linux-x86_64 0.1.5 2.06 33.32 35.38 OK
r-release-windows-ix86+x86_64 0.1.5 10.00 51.00 61.00 OK
r-release-osx-x86_64 0.1.5 OK
r-oldrel-windows-ix86+x86_64 0.1.5 7.00 65.00 72.00 OK
r-oldrel-osx-x86_64 0.1.5 NOTE

Check Details

Version: 0.1.5
Check: examples
Result: ERROR
    Running examples in ‘rCAT-Ex.R’ failed
    The error most likely occurred in:
    
    > base::assign(".ptime", proc.time(), pos = "CheckExEnv")
    > ### Name: ConBatch
    > ### Title: Batch process, preliminary conservation assessments
    > ### Aliases: ConBatch
    >
    > ### ** Examples
    >
    > mydata <- read.csv(system.file("extdata","multiple_species.csv",package="rCAT"))
    > resultdf <- ConBatch(mydata$scientificname,mydata$latitude,mydata$longitude,2000,FALSE)
    [1] "Processing species x"
    Error in `[[<-.data.frame`(`*tmp*`, i, value = NA_character_) :
     replacement has 1 row, data has 0
    Calls: ConBatch ... [<-.data.frame -> xpdrows.data.frame -> [[<- -> [[<-.data.frame
    Execution halted
Flavors: r-devel-linux-x86_64-debian-clang, r-devel-linux-x86_64-debian-gcc

Version: 0.1.5
Check: package dependencies
Result: NOTE
    Package suggested but not available for checking: ‘downscale’
Flavor: r-oldrel-osx-x86_64