CRAN Package Check Results for Package rCAT

Last updated on 2019-01-17 20:47:17 CET.

Flavor Version Tinstall Tcheck Ttotal Status Flags
r-devel-linux-x86_64-debian-clang 0.1.5 2.35 35.88 38.23 OK
r-devel-linux-x86_64-debian-gcc 0.1.5 2.44 32.11 34.55 OK
r-devel-linux-x86_64-fedora-clang 0.1.5 47.24 OK
r-devel-linux-x86_64-fedora-gcc 0.1.5 45.78 OK
r-devel-windows-ix86+x86_64 0.1.5 9.00 60.00 69.00 OK
r-patched-linux-x86_64 0.1.5 1.69 33.38 35.07 OK
r-patched-solaris-x86 0.1.5 73.90 OK
r-release-linux-x86_64 0.1.5 2.01 33.49 35.50 OK
r-release-windows-ix86+x86_64 0.1.5 8.00 57.00 65.00 OK
r-release-osx-x86_64 0.1.5 OK
r-oldrel-windows-ix86+x86_64 0.1.5 9.00 78.00 87.00 OK
r-oldrel-osx-x86_64 0.1.5 NOTE

Check Details

Version: 0.1.5
Check: package dependencies
Result: NOTE
    Package suggested but not available for checking: ‘downscale’
Flavor: r-oldrel-osx-x86_64