CRAN Package Check Results for Package rCAT

Last updated on 2018-04-25 05:50:54 CEST.

Flavor Version Tinstall Tcheck Ttotal Status Flags
r-devel-linux-x86_64-debian-clang 0.1.5 1.68 33.65 35.33 OK
r-devel-linux-x86_64-debian-gcc 0.1.5 2.18 29.85 32.03 OK
r-devel-linux-x86_64-fedora-clang 0.1.5 45.09 OK
r-devel-linux-x86_64-fedora-gcc 0.1.5 42.89 OK
r-devel-windows-ix86+x86_64 0.1.5 9.00 46.00 55.00 OK
r-patched-linux-x86_64 0.1.5 1.67 32.63 34.30 OK
r-patched-solaris-x86 0.1.5 71.10 OK
r-release-linux-x86_64 0.1.5 1.47 32.61 34.08 OK
r-release-windows-ix86+x86_64 0.1.5 9.00 46.00 55.00 OK
r-release-osx-x86_64 0.1.5 OK
r-oldrel-windows-ix86+x86_64 0.1.5 7.00 44.00 51.00 OK
r-oldrel-osx-x86_64 0.1.5 NOTE

Check Details

Version: 0.1.5
Check: package dependencies
Result: NOTE
    Package suggested but not available for checking: ‘downscale’
Flavor: r-oldrel-osx-x86_64