CRAN Package Check Results for Package rCMA

Last updated on 2018-04-25 09:50:15 CEST.

Flavor Version Tinstall Tcheck Ttotal Status Flags
r-devel-linux-x86_64-debian-clang 1.1 1.10 25.52 26.62 NOTE
r-devel-linux-x86_64-debian-gcc 1.1 0.91 20.03 20.94 NOTE
r-devel-linux-x86_64-fedora-clang 1.1 30.64 NOTE
r-devel-linux-x86_64-fedora-gcc 1.1 29.11 NOTE
r-devel-windows-ix86+x86_64 1.1 5.00 37.00 42.00 NOTE
r-patched-linux-x86_64 1.1 1.08 24.66 25.74 NOTE
r-patched-solaris-x86 1.1 42.50 NOTE
r-release-linux-x86_64 1.1 0.80 23.90 24.70 NOTE
r-release-windows-ix86+x86_64 1.1 5.00 37.00 42.00 NOTE
r-release-osx-x86_64 1.1 NOTE
r-oldrel-windows-ix86+x86_64 1.1 4.00 41.00 45.00 NOTE
r-oldrel-osx-x86_64 1.1 NOTE

Check Details

Version: 1.1
Check: R code for possible problems
Result: NOTE
    cmaOptimDP: no visible global function definition for ‘flush.console’
    Undefined global functions or variables:
     flush.console
    Consider adding
     importFrom("utils", "flush.console")
    to your NAMESPACE file.
Flavors: r-devel-linux-x86_64-debian-clang, r-devel-linux-x86_64-debian-gcc, r-devel-linux-x86_64-fedora-clang, r-devel-linux-x86_64-fedora-gcc, r-devel-windows-ix86+x86_64, r-patched-linux-x86_64, r-patched-solaris-x86, r-release-linux-x86_64, r-release-windows-ix86+x86_64, r-release-osx-x86_64, r-oldrel-windows-ix86+x86_64, r-oldrel-osx-x86_64