CRAN Package Check Results for Package rCMA

Last updated on 2018-02-24 09:51:44 CET.

Flavor Version Tinstall Tcheck Ttotal Status Flags
r-devel-linux-x86_64-debian-clang 1.1 1.00 23.93 24.93 NOTE
r-devel-linux-x86_64-debian-gcc 1.1 0.86 19.08 19.94 NOTE
r-devel-linux-x86_64-fedora-clang 1.1 30.26 NOTE
r-devel-linux-x86_64-fedora-gcc 1.1 28.67 NOTE
r-devel-windows-ix86+x86_64 1.1 5.00 33.00 38.00 NOTE
r-patched-linux-x86_64 1.1 0.82 23.82 24.64 NOTE
r-patched-solaris-x86 1.1 37.40 NOTE
r-release-linux-x86_64 1.1 0.99 23.69 24.68 NOTE
r-release-windows-ix86+x86_64 1.1 4.00 41.00 45.00 NOTE
r-release-osx-x86_64 1.1 NOTE
r-oldrel-windows-ix86+x86_64 1.1 4.00 40.00 44.00 NOTE
r-oldrel-osx-x86_64 1.1 NOTE

Check Details

Version: 1.1
Check: R code for possible problems
Result: NOTE
    cmaOptimDP: no visible global function definition for ‘flush.console’
    Undefined global functions or variables:
     flush.console
    Consider adding
     importFrom("utils", "flush.console")
    to your NAMESPACE file.
Flavors: r-devel-linux-x86_64-debian-clang, r-devel-linux-x86_64-debian-gcc, r-devel-linux-x86_64-fedora-clang, r-devel-linux-x86_64-fedora-gcc, r-devel-windows-ix86+x86_64, r-patched-linux-x86_64, r-patched-solaris-x86, r-release-linux-x86_64, r-release-windows-ix86+x86_64, r-release-osx-x86_64, r-oldrel-windows-ix86+x86_64, r-oldrel-osx-x86_64