CRAN Package Check Results for Package rCMA

Last updated on 2014-10-20 19:49:38.

Flavor Version Tinstall Tcheck Ttotal Status Flags
r-devel-linux-x86_64-debian-clang 1.0.0 1.70 24.74 26.44 NOTE
r-devel-linux-x86_64-debian-gcc 1.0.0 1.84 24.12 25.96 NOTE
r-devel-linux-x86_64-fedora-clang 1.0.0 55.19 NOTE
r-devel-linux-x86_64-fedora-gcc 1.0.0 50.96 NOTE
r-devel-osx-x86_64-clang 1.0.0 55.06 NOTE
r-devel-windows-ix86+x86_64 1.0.0 6.00 35.00 41.00 NOTE
r-patched-linux-x86_64 1.0.0 1.76 25.35 27.11 NOTE
r-patched-solaris-sparc 1.0.0 400.30 NOTE
r-patched-solaris-x86 1.0.0 78.10 NOTE
r-release-linux-ix86 1.0.0 2.11 34.20 36.32 NOTE
r-release-linux-x86_64 1.0.0 1.86 25.53 27.39 NOTE
r-release-osx-x86_64-mavericks 1.0.0 NOTE
r-release-osx-x86_64-snowleopard 1.0.0 OK
r-release-windows-ix86+x86_64 1.0.0 7.00 52.00 59.00 NOTE
r-oldrel-windows-ix86+x86_64 1.0.0 6.00 54.00 60.00 NOTE

Check Details

Version: 1.0.0
Check: dependencies in R code
Result: NOTE
    Package in Depends field not imported from: ‘rJava’
     These packages need to be imported from (in the NAMESPACE file)
     for when this namespace is loaded but not attached.
    See the information on DESCRIPTION files in the chapter ‘Creating R
    packages’ of the ‘Writing R Extensions’ manual.
Flavors: r-devel-linux-x86_64-debian-clang, r-devel-linux-x86_64-debian-gcc, r-devel-linux-x86_64-fedora-clang, r-devel-linux-x86_64-fedora-gcc, r-devel-osx-x86_64-clang, r-devel-windows-ix86+x86_64, r-patched-linux-x86_64, r-patched-solaris-sparc, r-patched-solaris-x86, r-release-linux-ix86, r-release-linux-x86_64, r-release-osx-x86_64-mavericks, r-release-windows-ix86+x86_64, r-oldrel-windows-ix86+x86_64

Version: 1.0.0
Check: R code for possible problems
Result: NOTE
    cmaEvalMeanX: no visible global function definition for ‘.jcall’
    cmaGetCountEval: no visible global function definition for ‘.jcall’
    cmaGetDimension: no visible global function definition for ‘.jcall’
    cmaGetInitialX: no visible global function definition for ‘.jcall’
    cmaGetPopulationSize: no visible global function definition for
     ‘.jcall’
    cmaInit: no visible global function definition for ‘.jcall’
    cmaInit: no visible global function definition for ‘.jlong’
    cmaInit: no visible global function definition for ‘.jarray’
    cmaNew: no visible global function definition for ‘.jnew’
    cmaNew: no visible global function definition for ‘.jcall’
    cmaOptimDP: no visible global function definition for ‘.jcall’
    cmaOptimDP: no visible binding for global variable ‘.jevalArray’
    cmaOptimDP : resampleFunc: no visible global function definition for
     ‘.jcall’
    cmaSamplePopulation: no visible global function definition for ‘.jcall’
    cmaSamplePopulation: no visible binding for global variable
     ‘.jevalArray’
    cmaSetCountEval: no visible global function definition for ‘.jcall’
    cmaSetCountEval: no visible global function definition for ‘.jlong’
    cmaSetDimension: no visible global function definition for ‘.jcall’
    cmaSetInitialX: no visible global function definition for ‘.jcall’
    cmaSetPopulationSize: no visible global function definition for
     ‘.jcall’
    cmaSetStopFitness: no visible global function definition for ‘.jcall’
    cmaSetStopMaxFunEvals: no visible global function definition for
     ‘.jcall’
    cmaSetStopMaxFunEvals: no visible global function definition for
     ‘.jlong’
    cmaSetStopTolFun: no visible global function definition for ‘.jcall’
    cmaUpdateDistribution: no visible global function definition for
     ‘.jcall’
Flavors: r-devel-linux-x86_64-debian-clang, r-devel-linux-x86_64-debian-gcc, r-devel-linux-x86_64-fedora-clang, r-devel-linux-x86_64-fedora-gcc, r-devel-osx-x86_64-clang, r-devel-windows-ix86+x86_64, r-patched-linux-x86_64, r-patched-solaris-sparc, r-patched-solaris-x86