CRAN Package Check Results for Package rCMA

Last updated on 2017-07-22 14:46:52.

Flavor Version Tinstall Tcheck Ttotal Status Flags
r-devel-linux-x86_64-debian-clang 1.1 0.72 23.15 23.87 NOTE
r-devel-linux-x86_64-debian-gcc 1.1 0.67 22.75 23.42 NOTE
r-devel-linux-x86_64-fedora-clang 1.1 29.33 NOTE
r-devel-linux-x86_64-fedora-gcc 1.1 26.76 NOTE
r-devel-windows-ix86+x86_64 1.1 3.00 33.00 36.00 NOTE
r-patched-linux-x86_64 1.1 0.79 22.51 23.30 NOTE
r-patched-solaris-x86 1.1 37.00 NOTE
r-release-linux-x86_64 1.1 0.65 23.00 23.65 NOTE
r-release-windows-ix86+x86_64 1.1 3.00 29.00 32.00 NOTE
r-release-osx-x86_64 1.1 NOTE
r-oldrel-windows-ix86+x86_64 1.1 3.00 31.00 34.00 NOTE
r-oldrel-osx-x86_64 1.1 NOTE

Check Details

Version: 1.1
Check: R code for possible problems
Result: NOTE
    cmaOptimDP: no visible global function definition for ‘flush.console’
    Undefined global functions or variables:
     flush.console
    Consider adding
     importFrom("utils", "flush.console")
    to your NAMESPACE file.
Flavors: r-devel-linux-x86_64-debian-clang, r-devel-linux-x86_64-debian-gcc, r-devel-linux-x86_64-fedora-clang, r-devel-linux-x86_64-fedora-gcc, r-devel-windows-ix86+x86_64, r-patched-linux-x86_64, r-patched-solaris-x86, r-release-linux-x86_64, r-release-windows-ix86+x86_64, r-release-osx-x86_64, r-oldrel-windows-ix86+x86_64, r-oldrel-osx-x86_64