CRAN Package Check Results for Package rCMA

Last updated on 2014-07-23 21:47:12.

Flavor Version Tinstall Tcheck Ttotal Status Flags
r-devel-linux-x86_64-debian-clang 1.0.0 1.73 24.70 26.43 NOTE
r-devel-linux-x86_64-debian-gcc 1.0.0 1.64 23.60 25.24 NOTE
r-devel-linux-x86_64-fedora-clang 1.0.0 54.59 NOTE
r-devel-linux-x86_64-fedora-gcc 1.0.0 53.87 NOTE
r-devel-osx-x86_64-clang 1.0.0 49.60 NOTE
r-devel-windows-ix86+x86_64 1.0.0 5.00 39.00 44.00 NOTE
r-patched-linux-x86_64 1.0.0 1.66 24.20 25.86 NOTE
r-patched-solaris-sparc 1.0.0 318.50 NOTE
r-patched-solaris-x86 1.0.0 78.10 NOTE
r-release-linux-ix86 1.0.0 2.12 32.13 34.25 NOTE
r-release-linux-x86_64 1.0.0 1.69 25.46 27.15 NOTE
r-release-osx-x86_64-mavericks 1.0.0 NOTE
r-release-osx-x86_64-snowleopard 1.0.0 OK
r-release-windows-ix86+x86_64 1.0.0 7.00 52.00 59.00 NOTE
r-oldrel-windows-ix86+x86_64 1.0.0 6.00 54.00 60.00 NOTE

Check Details

Version: 1.0.0
Check: dependencies in R code
Result: NOTE
    Package in Depends field not imported from: ‘rJava’
     These packages need to be imported from (in the NAMESPACE file)
     for when this namespace is loaded but not attached.
    See the information on DESCRIPTION files in the chapter ‘Creating R
    packages’ of the ‘Writing R Extensions’ manual.
Flavors: r-devel-linux-x86_64-debian-clang, r-devel-linux-x86_64-debian-gcc, r-devel-linux-x86_64-fedora-clang, r-devel-linux-x86_64-fedora-gcc, r-devel-osx-x86_64-clang, r-devel-windows-ix86+x86_64, r-patched-linux-x86_64, r-patched-solaris-sparc, r-patched-solaris-x86, r-release-linux-ix86, r-release-linux-x86_64, r-release-osx-x86_64-mavericks, r-release-windows-ix86+x86_64, r-oldrel-windows-ix86+x86_64