CRAN Package Check Results for Package rCMA

Last updated on 2016-07-23 23:48:15.

Flavor Version Tinstall Tcheck Ttotal Status Flags
r-devel-linux-x86_64-debian-clang 1.1 0.95 16.69 17.63 NOTE
r-devel-linux-x86_64-debian-gcc 1.1 0.87 15.61 16.49 NOTE
r-devel-linux-x86_64-fedora-clang 1.1 25.21 NOTE
r-devel-linux-x86_64-fedora-gcc 1.1 23.27 NOTE
r-devel-osx-x86_64-clang 1.1 21.79 NOTE
r-devel-windows-ix86+x86_64 1.1 4.00 37.00 41.00 NOTE
r-patched-linux-x86_64 1.1 0.81 16.08 16.89 NOTE
r-patched-solaris-sparc 1.1 152.00 NOTE
r-patched-solaris-x86 1.1 33.00 NOTE
r-release-linux-x86_64 1.1 0.78 17.00 17.78 NOTE
r-release-osx-x86_64-mavericks 1.1 NOTE
r-release-windows-ix86+x86_64 1.1 3.00 41.00 44.00 NOTE
r-oldrel-windows-ix86+x86_64 1.1 4.00 22.00 26.00 OK

Check Details

Version: 1.1
Check: R code for possible problems
Result: NOTE
    cmaOptimDP: no visible global function definition for ‘flush.console’
    Undefined global functions or variables:
     flush.console
    Consider adding
     importFrom("utils", "flush.console")
    to your NAMESPACE file.
Flavors: r-devel-linux-x86_64-debian-clang, r-devel-linux-x86_64-debian-gcc, r-devel-linux-x86_64-fedora-clang, r-devel-linux-x86_64-fedora-gcc, r-devel-osx-x86_64-clang, r-devel-windows-ix86+x86_64, r-patched-linux-x86_64, r-patched-solaris-sparc, r-patched-solaris-x86, r-release-linux-x86_64, r-release-osx-x86_64-mavericks, r-release-windows-ix86+x86_64