CRAN Package Check Results for Package rCMA

Last updated on 2016-02-11 19:47:23.

Flavor Version Tinstall Tcheck Ttotal Status Flags
r-devel-linux-x86_64-debian-gcc 1.1 0.86 13.62 14.48 NOTE
r-devel-linux-x86_64-fedora-clang 1.1 25.02 NOTE
r-devel-linux-x86_64-fedora-gcc 1.1 23.79 NOTE
r-devel-osx-x86_64-clang 1.1 28.14 NOTE
r-devel-windows-ix86+x86_64 1.1 5.00 28.00 33.00 NOTE
r-patched-linux-x86_64 1.1 0.67 13.62 14.29 OK
r-patched-solaris-sparc 1.1 154.90 OK
r-patched-solaris-x86 1.1 32.50 OK
r-release-linux-x86_64 1.1 0.64 13.71 14.35 OK
r-release-osx-x86_64-mavericks 1.1 OK
r-release-windows-ix86+x86_64 1.1 4.00 22.00 26.00 OK
r-oldrel-windows-ix86+x86_64 1.1 4.00 24.00 28.00 OK

Check Details

Version: 1.1
Check: R code for possible problems
Result: NOTE
    cmaOptimDP: no visible global function definition for ‘flush.console’
    Undefined global functions or variables:
     flush.console
    Consider adding
     importFrom("utils", "flush.console")
    to your NAMESPACE file.
Flavors: r-devel-linux-x86_64-debian-gcc, r-devel-linux-x86_64-fedora-clang, r-devel-linux-x86_64-fedora-gcc, r-devel-osx-x86_64-clang, r-devel-windows-ix86+x86_64