CRAN Package Check Results for Package rCMA

Last updated on 2016-09-26 17:48:27.

Flavor Version Tinstall Tcheck Ttotal Status Flags
r-devel-linux-x86_64-debian-clang 1.1 0.70 13.25 13.95 NOTE
r-devel-linux-x86_64-debian-gcc 1.1 0.61 13.61 14.22 NOTE
r-devel-linux-x86_64-fedora-clang 1.1 24.44 NOTE
r-devel-linux-x86_64-fedora-gcc 1.1 23.13 NOTE
r-devel-macos-x86_64-clang 1.1 20.86 NOTE
r-devel-windows-ix86+x86_64 1.1 5.00 39.00 44.00 NOTE
r-patched-linux-x86_64 1.1 0.61 13.54 14.15 NOTE
r-patched-solaris-sparc 1.1 152.00 NOTE
r-patched-solaris-x86 1.1 32.80 NOTE
r-release-linux-x86_64 1.1 0.62 13.75 14.37 NOTE
r-release-osx-x86_64-mavericks 1.1 NOTE
r-release-windows-ix86+x86_64 1.1 3.00 30.00 33.00 NOTE
r-oldrel-windows-ix86+x86_64 1.1 4.00 22.00 26.00 OK

Check Details

Version: 1.1
Check: R code for possible problems
Result: NOTE
    cmaOptimDP: no visible global function definition for ‘flush.console’
    Undefined global functions or variables:
     flush.console
    Consider adding
     importFrom("utils", "flush.console")
    to your NAMESPACE file.
Flavors: r-devel-linux-x86_64-debian-clang, r-devel-linux-x86_64-debian-gcc, r-devel-linux-x86_64-fedora-clang, r-devel-linux-x86_64-fedora-gcc, r-devel-macos-x86_64-clang, r-devel-windows-ix86+x86_64, r-patched-linux-x86_64, r-patched-solaris-sparc, r-patched-solaris-x86, r-release-linux-x86_64, r-release-osx-x86_64-mavericks, r-release-windows-ix86+x86_64