CRAN Package Check Results for Package rCMA

Last updated on 2016-08-27 10:48:05.

Flavor Version Tinstall Tcheck Ttotal Status Flags
r-devel-linux-x86_64-debian-clang 1.1 0.67 13.69 14.36 NOTE
r-devel-linux-x86_64-debian-gcc 1.1 0.97 18.16 19.13 NOTE
r-devel-linux-x86_64-fedora-clang 1.1 25.20 NOTE
r-devel-linux-x86_64-fedora-gcc 1.1 24.08 NOTE
r-devel-osx-x86_64-clang 1.1 21.71 NOTE
r-devel-windows-ix86+x86_64 1.1 4.00 39.00 43.00 NOTE
r-patched-linux-x86_64 1.1 0.68 13.14 13.82 NOTE
r-patched-solaris-sparc 1.1 152.00 NOTE
r-patched-solaris-x86 1.1 33.30 NOTE
r-release-linux-x86_64 1.1 0.65 13.73 14.38 NOTE
r-release-osx-x86_64-mavericks 1.1 NOTE
r-release-windows-ix86+x86_64 1.1 3.00 41.00 44.00 NOTE
r-oldrel-windows-ix86+x86_64 1.1 4.00 22.00 26.00 OK

Check Details

Version: 1.1
Check: R code for possible problems
Result: NOTE
    cmaOptimDP: no visible global function definition for ‘flush.console’
    Undefined global functions or variables:
     flush.console
    Consider adding
     importFrom("utils", "flush.console")
    to your NAMESPACE file.
Flavors: r-devel-linux-x86_64-debian-clang, r-devel-linux-x86_64-debian-gcc, r-devel-linux-x86_64-fedora-clang, r-devel-linux-x86_64-fedora-gcc, r-devel-osx-x86_64-clang, r-devel-windows-ix86+x86_64, r-patched-linux-x86_64, r-patched-solaris-sparc, r-patched-solaris-x86, r-release-linux-x86_64, r-release-osx-x86_64-mavericks, r-release-windows-ix86+x86_64