CRAN Package Check Results for Package rCMA

Last updated on 2017-11-21 08:57:38 CET.

Flavor Version Tinstall Tcheck Ttotal Status Flags
r-devel-linux-x86_64-debian-clang 1.1 0.64 15.87 16.51 NOTE
r-devel-linux-x86_64-debian-gcc 1.1 0.76 41.35 42.11 NOTE
r-devel-linux-x86_64-fedora-clang 1.1 26.93 NOTE
r-devel-linux-x86_64-fedora-gcc 1.1 31.76 NOTE
r-devel-windows-ix86+x86_64 1.1 4.00 34.00 38.00 NOTE
r-patched-linux-x86_64 1.1 0.70 15.85 16.54 NOTE
r-patched-solaris-x86 1.1 36.60 NOTE
r-release-linux-x86_64 1.1 0.70 16.28 16.97 NOTE
r-release-windows-ix86+x86_64 1.1 3.00 42.00 45.00 NOTE
r-release-osx-x86_64 1.1 NOTE
r-oldrel-windows-ix86+x86_64 1.1 3.00 31.00 34.00 NOTE
r-oldrel-osx-x86_64 1.1 NOTE

Check Details

Version: 1.1
Check: R code for possible problems
Result: NOTE
    cmaOptimDP: no visible global function definition for ‘flush.console’
    Undefined global functions or variables:
     flush.console
    Consider adding
     importFrom("utils", "flush.console")
    to your NAMESPACE file.
Flavors: r-devel-linux-x86_64-debian-clang, r-devel-linux-x86_64-debian-gcc, r-devel-linux-x86_64-fedora-clang, r-devel-linux-x86_64-fedora-gcc, r-devel-windows-ix86+x86_64, r-patched-linux-x86_64, r-patched-solaris-x86, r-release-linux-x86_64, r-release-windows-ix86+x86_64, r-release-osx-x86_64, r-oldrel-windows-ix86+x86_64, r-oldrel-osx-x86_64