CRAN Package Check Results for Package rCMA

Last updated on 2015-08-29 06:47:51.

Flavor Version Tinstall Tcheck Ttotal Status Flags
r-devel-linux-x86_64-debian-clang 1.1 0.64 13.30 13.93 NOTE
r-devel-linux-x86_64-debian-gcc 1.1 0.58 13.48 14.06 NOTE
r-devel-linux-x86_64-fedora-clang 1.1 26.80 NOTE
r-devel-linux-x86_64-fedora-gcc 1.1 26.80 NOTE
r-devel-osx-x86_64-clang 1.1 25.65 OK
r-devel-windows-ix86+x86_64 1.1 6.00 25.00 31.00 NOTE
r-patched-linux-x86_64 1.1 0.61 13.54 14.16 OK
r-patched-solaris-sparc 1.1 167.00 OK
r-patched-solaris-x86 1.1 38.50 OK
r-release-linux-x86_64 1.1 0.62 13.87 14.50 OK
r-release-osx-x86_64-mavericks 1.1 OK
r-release-windows-ix86+x86_64 1.1 5.00 26.00 31.00 OK
r-oldrel-windows-ix86+x86_64 1.1 4.00 26.00 30.00 OK

Check Details

Version: 1.1
Check: R code for possible problems
Result: NOTE
    cmaOptimDP: no visible global function definition for ‘flush.console’
    Undefined global functions or variables:
     flush.console
    Consider adding
     importFrom("utils", "flush.console")
    to your NAMESPACE.
Flavors: r-devel-linux-x86_64-debian-clang, r-devel-linux-x86_64-debian-gcc, r-devel-linux-x86_64-fedora-clang, r-devel-linux-x86_64-fedora-gcc, r-devel-windows-ix86+x86_64