CRAN Package Check Results for Package rCMA

Last updated on 2018-06-25 17:49:53 CEST.

Flavor Version Tinstall Tcheck Ttotal Status Flags
r-devel-linux-x86_64-debian-clang 1.1 0.94 25.90 26.84 NOTE
r-devel-linux-x86_64-debian-gcc 1.1 0.89 21.16 22.05 NOTE
r-devel-linux-x86_64-fedora-clang 1.1 32.37 NOTE
r-devel-linux-x86_64-fedora-gcc 1.1 30.57 NOTE
r-devel-windows-ix86+x86_64 1.1 5.00 40.00 45.00 NOTE
r-patched-linux-x86_64 1.1 0.95 24.87 25.82 NOTE
r-patched-solaris-x86 1.1 43.60 NOTE
r-release-linux-x86_64 1.1 0.87 24.64 25.51 NOTE
r-release-windows-ix86+x86_64 1.1 3.00 35.00 38.00 NOTE
r-release-osx-x86_64 1.1 NOTE
r-oldrel-windows-ix86+x86_64 1.1 4.00 42.00 46.00 NOTE
r-oldrel-osx-x86_64 1.1 NOTE

Check Details

Version: 1.1
Check: R code for possible problems
Result: NOTE
    cmaOptimDP: no visible global function definition for ‘flush.console’
    Undefined global functions or variables:
     flush.console
    Consider adding
     importFrom("utils", "flush.console")
    to your NAMESPACE file.
Flavors: r-devel-linux-x86_64-debian-clang, r-devel-linux-x86_64-debian-gcc, r-devel-linux-x86_64-fedora-clang, r-devel-linux-x86_64-fedora-gcc, r-devel-windows-ix86+x86_64, r-patched-linux-x86_64, r-patched-solaris-x86, r-release-linux-x86_64, r-release-windows-ix86+x86_64, r-release-osx-x86_64, r-oldrel-windows-ix86+x86_64, r-oldrel-osx-x86_64