CRAN Package Check Results for Package rCMA

Last updated on 2015-07-30 11:48:49.

Flavor Version Tinstall Tcheck Ttotal Status Flags
r-devel-linux-x86_64-debian-clang 1.1 0.61 13.90 14.51 NOTE
r-devel-linux-x86_64-debian-gcc 1.1 0.63 13.58 14.21 NOTE
r-devel-linux-x86_64-fedora-clang 1.1 28.05 NOTE
r-devel-linux-x86_64-fedora-gcc 1.1 26.35 NOTE
r-devel-osx-x86_64-clang 1.1 25.71 OK
r-devel-windows-ix86+x86_64 1.1 3.00 24.00 27.00 NOTE
r-patched-linux-x86_64 1.1 0.83 13.64 14.47 OK
r-patched-solaris-sparc 1.1 167.00 OK
r-patched-solaris-x86 1.1 37.50 OK
r-release-linux-x86_64 1.1 0.62 13.90 14.52 OK
r-release-osx-x86_64-mavericks 1.1 OK
r-release-windows-ix86+x86_64 1.1 3.00 25.00 28.00 OK
r-oldrel-windows-ix86+x86_64 1.1 4.00 26.00 30.00 OK

Check Details

Version: 1.1
Check: R code for possible problems
Result: NOTE
    cmaOptimDP: no visible global function definition for ‘flush.console’
    Undefined global functions or variables:
     flush.console
    Consider adding
     importFrom("utils", "flush.console")
    to your NAMESPACE.
Flavors: r-devel-linux-x86_64-debian-clang, r-devel-linux-x86_64-debian-gcc, r-devel-linux-x86_64-fedora-clang, r-devel-linux-x86_64-fedora-gcc, r-devel-windows-ix86+x86_64