CRAN Package Check Results for Package rCMA

Last updated on 2015-04-27 14:46:55.

Flavor Version Tinstall Tcheck Ttotal Status Flags
r-devel-linux-x86_64-debian-clang 1.0.0 1.28 21.50 22.78 NOTE
r-devel-linux-x86_64-debian-gcc 1.0.0 1.19 20.63 21.82 NOTE
r-devel-linux-x86_64-fedora-clang 1.0.0 45.20 NOTE
r-devel-linux-x86_64-fedora-gcc 1.0.0 43.23 NOTE
r-devel-osx-x86_64-clang 1.0.0 46.29 NOTE
r-devel-windows-ix86+x86_64 1.0.0 5.00 35.00 40.00 NOTE
r-patched-linux-x86_64 1.0.0 1.20 20.39 21.59 NOTE
r-patched-solaris-sparc 1.0.0 263.80 NOTE
r-patched-solaris-x86 1.0.0 63.00 NOTE
r-release-linux-x86_64 1.0.0 1.16 21.06 22.22 NOTE
r-release-osx-x86_64-mavericks 1.0.0 NOTE
r-release-osx-x86_64-snowleopard 1.0.0 NOTE
r-release-windows-ix86+x86_64 1.0.0 4.00 40.00 44.00 NOTE
r-oldrel-windows-ix86+x86_64 1.0.0 8.00 44.00 52.00 NOTE

Check Details

Version: 1.0.0
Check: dependencies in R code
Result: NOTE
    Package in Depends field not imported from: ‘rJava’
     These packages need to be imported from (in the NAMESPACE file)
     for when this namespace is loaded but not attached.
Flavors: r-devel-linux-x86_64-debian-clang, r-devel-linux-x86_64-debian-gcc, r-devel-linux-x86_64-fedora-clang, r-devel-linux-x86_64-fedora-gcc, r-devel-osx-x86_64-clang, r-devel-windows-ix86+x86_64, r-patched-solaris-sparc, r-patched-solaris-x86, r-release-linux-x86_64, r-release-osx-x86_64-mavericks, r-release-osx-x86_64-snowleopard, r-release-windows-ix86+x86_64, r-oldrel-windows-ix86+x86_64

Version: 1.0.0
Check: R code for possible problems
Result: NOTE
    cmaEvalMeanX: no visible global function definition for ‘.jcall’
    cmaGetCountEval: no visible global function definition for ‘.jcall’
    cmaGetDimension: no visible global function definition for ‘.jcall’
    cmaGetInitialX: no visible global function definition for ‘.jcall’
    cmaGetPopulationSize: no visible global function definition for
     ‘.jcall’
    cmaInit: no visible global function definition for ‘.jcall’
    cmaInit: no visible global function definition for ‘.jlong’
    cmaInit: no visible global function definition for ‘.jarray’
    cmaNew: no visible global function definition for ‘.jnew’
    cmaNew: no visible global function definition for ‘.jcall’
    cmaOptimDP: no visible global function definition for ‘.jcall’
    cmaOptimDP: no visible binding for global variable ‘.jevalArray’
    cmaOptimDP : resampleFunc: no visible global function definition for
     ‘.jcall’
    cmaSamplePopulation: no visible global function definition for ‘.jcall’
    cmaSamplePopulation: no visible binding for global variable
     ‘.jevalArray’
    cmaSetCountEval: no visible global function definition for ‘.jcall’
    cmaSetCountEval: no visible global function definition for ‘.jlong’
    cmaSetDimension: no visible global function definition for ‘.jcall’
    cmaSetInitialX: no visible global function definition for ‘.jcall’
    cmaSetPopulationSize: no visible global function definition for
     ‘.jcall’
    cmaSetStopFitness: no visible global function definition for ‘.jcall’
    cmaSetStopMaxFunEvals: no visible global function definition for
     ‘.jcall’
    cmaSetStopMaxFunEvals: no visible global function definition for
     ‘.jlong’
    cmaSetStopTolFun: no visible global function definition for ‘.jcall’
    cmaUpdateDistribution: no visible global function definition for
     ‘.jcall’
Flavors: r-devel-linux-x86_64-debian-clang, r-devel-linux-x86_64-debian-gcc, r-devel-linux-x86_64-fedora-clang, r-devel-linux-x86_64-fedora-gcc, r-devel-osx-x86_64-clang, r-devel-windows-ix86+x86_64, r-patched-solaris-sparc, r-patched-solaris-x86, r-release-linux-x86_64, r-release-osx-x86_64-mavericks, r-release-osx-x86_64-snowleopard, r-release-windows-ix86+x86_64, r-oldrel-windows-ix86+x86_64