CRAN Package Check Results for Package rCMA

Last updated on 2015-03-27 03:47:53.

Flavor Version Tinstall Tcheck Ttotal Status Flags
r-devel-linux-x86_64-debian-clang 1.0.0 1.27 21.73 23.00 NOTE
r-devel-linux-x86_64-debian-gcc 1.0.0 1.18 20.16 21.34 NOTE
r-devel-linux-x86_64-fedora-clang 1.0.0 44.74 NOTE
r-devel-linux-x86_64-fedora-gcc 1.0.0 42.63 NOTE
r-devel-osx-x86_64-clang 1.0.0 54.29 NOTE
r-prerel-windows-ix86+x86_64 1.0.0 5.00 34.00 39.00 NOTE
r-prerel-linux-x86_64 1.0.0 1.17 20.01 21.18 NOTE
r-prerel-solaris-sparc 1.0.0 263.80 NOTE
r-prerel-solaris-x86 1.0.0 63.60 NOTE
r-release-linux-x86_64 1.0.0 1.78 25.88 27.66 NOTE
r-release-osx-x86_64-mavericks 1.0.0 NOTE
r-release-osx-x86_64-snowleopard 1.0.0 OK
r-release-windows-ix86+x86_64 1.0.0 8.00 44.00 52.00 NOTE
r-oldrel-windows-ix86+x86_64 1.0.0 6.00 54.00 60.00 NOTE

Check Details

Version: 1.0.0
Check: dependencies in R code
Result: NOTE
    Package in Depends field not imported from: ‘rJava’
     These packages need to be imported from (in the NAMESPACE file)
     for when this namespace is loaded but not attached.
Flavors: r-devel-linux-x86_64-debian-clang, r-devel-linux-x86_64-debian-gcc, r-devel-linux-x86_64-fedora-clang, r-devel-linux-x86_64-fedora-gcc, r-devel-osx-x86_64-clang, r-prerel-windows-ix86+x86_64, r-prerel-linux-x86_64, r-prerel-solaris-sparc, r-prerel-solaris-x86, r-release-linux-x86_64, r-release-windows-ix86+x86_64

Version: 1.0.0
Check: R code for possible problems
Result: NOTE
    cmaEvalMeanX: no visible global function definition for ‘.jcall’
    cmaGetCountEval: no visible global function definition for ‘.jcall’
    cmaGetDimension: no visible global function definition for ‘.jcall’
    cmaGetInitialX: no visible global function definition for ‘.jcall’
    cmaGetPopulationSize: no visible global function definition for
     ‘.jcall’
    cmaInit: no visible global function definition for ‘.jcall’
    cmaInit: no visible global function definition for ‘.jlong’
    cmaInit: no visible global function definition for ‘.jarray’
    cmaNew: no visible global function definition for ‘.jnew’
    cmaNew: no visible global function definition for ‘.jcall’
    cmaOptimDP: no visible global function definition for ‘.jcall’
    cmaOptimDP: no visible binding for global variable ‘.jevalArray’
    cmaOptimDP : resampleFunc: no visible global function definition for
     ‘.jcall’
    cmaSamplePopulation: no visible global function definition for ‘.jcall’
    cmaSamplePopulation: no visible binding for global variable
     ‘.jevalArray’
    cmaSetCountEval: no visible global function definition for ‘.jcall’
    cmaSetCountEval: no visible global function definition for ‘.jlong’
    cmaSetDimension: no visible global function definition for ‘.jcall’
    cmaSetInitialX: no visible global function definition for ‘.jcall’
    cmaSetPopulationSize: no visible global function definition for
     ‘.jcall’
    cmaSetStopFitness: no visible global function definition for ‘.jcall’
    cmaSetStopMaxFunEvals: no visible global function definition for
     ‘.jcall’
    cmaSetStopMaxFunEvals: no visible global function definition for
     ‘.jlong’
    cmaSetStopTolFun: no visible global function definition for ‘.jcall’
    cmaUpdateDistribution: no visible global function definition for
     ‘.jcall’
Flavors: r-devel-linux-x86_64-debian-clang, r-devel-linux-x86_64-debian-gcc, r-devel-linux-x86_64-fedora-clang, r-devel-linux-x86_64-fedora-gcc, r-devel-osx-x86_64-clang, r-prerel-windows-ix86+x86_64, r-prerel-linux-x86_64, r-prerel-solaris-sparc, r-prerel-solaris-x86, r-release-linux-x86_64, r-release-osx-x86_64-mavericks, r-release-windows-ix86+x86_64

Version: 1.0.0
Check: dependencies in R code
Result: NOTE
    Package in Depends field not imported from: ‘rJava’
     These packages need to be imported from (in the NAMESPACE file)
     for when this namespace is loaded but not attached.
    See the information on DESCRIPTION files in the chapter ‘Creating R
    packages’ of the ‘Writing R Extensions’ manual.
Flavors: r-release-osx-x86_64-mavericks, r-oldrel-windows-ix86+x86_64