CRAN Package Check Results for Package rCMA

Last updated on 2014-04-17 06:46:56.

Flavor Version Tinstall Tcheck Ttotal Status Flags
r-devel-linux-x86_64-debian-clang 1.0.0 1.82 26.69 28.51 NOTE
r-devel-linux-x86_64-debian-gcc 1.0.0 2.35 26.01 28.36 NOTE
r-devel-linux-x86_64-fedora-clang 1.0.0 55.99 NOTE
r-devel-linux-x86_64-fedora-gcc 1.0.0 54.50 NOTE
r-devel-macosx-x86_64-clang 1.0.0 51.28 NOTE
r-devel-macosx-x86_64-gcc 1.0.0 NOTE
r-devel-windows-ix86+x86_64 1.0.0 5.00 38.00 43.00 NOTE
r-patched-linux-x86_64 1.0.0 1.79 26.25 28.04 NOTE
r-patched-solaris-sparc 1.0.0 318.50 NOTE
r-patched-solaris-x86 1.0.0 82.50 NOTE
r-release-linux-ix86 1.0.0 3.00 43.00 46.00 NOTE
r-release-linux-x86_64 1.0.0 1.85 25.72 27.57 NOTE
r-release-macosx-x86_64 1.0.0 OK
r-release-windows-ix86+x86_64 1.0.0 8.00 52.00 60.00 NOTE
r-oldrel-windows-ix86+x86_64 1.0.0 6.00 54.00 60.00 NOTE

Check Details

Version: 1.0.0
Check: dependencies in R code
Result: NOTE
    Package in Depends field not imported from: ‘rJava’
     These packages need to be imported from (in the NAMESPACE file)
     for when this namespace is loaded but not attached.
    See the information on DESCRIPTION files in the chapter ‘Creating R
    packages’ of the ‘Writing R Extensions’ manual.
Flavors: r-devel-linux-x86_64-debian-clang, r-devel-linux-x86_64-debian-gcc, r-devel-linux-x86_64-fedora-clang, r-devel-linux-x86_64-fedora-gcc, r-devel-macosx-x86_64-clang, r-devel-macosx-x86_64-gcc, r-devel-windows-ix86+x86_64, r-patched-linux-x86_64, r-patched-solaris-sparc, r-patched-solaris-x86, r-release-linux-ix86, r-release-linux-x86_64, r-release-windows-ix86+x86_64, r-oldrel-windows-ix86+x86_64