CRAN Package Check Results for Package rCMA

Last updated on 2016-06-30 06:47:13.

Flavor Version Tinstall Tcheck Ttotal Status Flags
r-devel-linux-x86_64-debian-gcc 1.1 0.82 14.21 15.02 NOTE
r-devel-linux-x86_64-fedora-clang 1.1 24.53 NOTE
r-devel-linux-x86_64-fedora-gcc 1.1 23.08 NOTE
r-devel-osx-x86_64-clang 1.1 21.53 NOTE
r-devel-windows-ix86+x86_64 1.1 3.00 33.00 36.00 NOTE
r-patched-linux-x86_64 1.1 0.67 14.15 14.82 NOTE
r-patched-solaris-sparc 1.1 152.00 NOTE
r-patched-solaris-x86 1.1 33.70 NOTE
r-release-linux-x86_64 1.1 0.62 13.17 13.79 NOTE
r-release-osx-x86_64-mavericks 1.1 NOTE
r-release-windows-ix86+x86_64 1.1 3.00 41.00 44.00 NOTE
r-oldrel-windows-ix86+x86_64 1.1 4.00 22.00 26.00 OK

Check Details

Version: 1.1
Check: R code for possible problems
Result: NOTE
    cmaOptimDP: no visible global function definition for ‘flush.console’
    Undefined global functions or variables:
     flush.console
    Consider adding
     importFrom("utils", "flush.console")
    to your NAMESPACE file.
Flavors: r-devel-linux-x86_64-debian-gcc, r-devel-linux-x86_64-fedora-clang, r-devel-linux-x86_64-fedora-gcc, r-devel-osx-x86_64-clang, r-devel-windows-ix86+x86_64, r-patched-linux-x86_64, r-patched-solaris-sparc, r-patched-solaris-x86, r-release-linux-x86_64, r-release-osx-x86_64-mavericks, r-release-windows-ix86+x86_64