CRAN Package Check Results for Package rCMA

Last updated on 2017-03-29 20:49:46.

Flavor Version Tinstall Tcheck Ttotal Status Flags
r-devel-linux-x86_64-debian-clang 1.1 0.76 15.56 16.32 NOTE
r-devel-linux-x86_64-debian-gcc 1.1 0.68 15.53 16.21 NOTE
r-devel-linux-x86_64-fedora-clang 1.1 27.18 NOTE --no-stop-on-test-error
r-devel-linux-x86_64-fedora-gcc 1.1 26.57 NOTE --no-stop-on-test-error
r-devel-macos-x86_64-clang 1.1 23.27 NOTE --no-stop-on-test-error
r-devel-windows-ix86+x86_64 1.1 3.00 48.00 51.00 NOTE
r-patched-linux-x86_64 1.1 0.70 15.46 16.16 NOTE
r-patched-solaris-sparc 1.1 159.00 NOTE
r-patched-solaris-x86 1.1 36.60 NOTE
r-release-linux-x86_64 1.1 0.67 13.43 14.10 NOTE
r-release-osx-x86_64-mavericks 1.1 NOTE
r-release-windows-ix86+x86_64 1.1 3.00 31.00 34.00 NOTE
r-oldrel-windows-ix86+x86_64 1.1 3.00 28.00 31.00 OK

Check Details

Version: 1.1
Check: R code for possible problems
Result: NOTE
    cmaOptimDP: no visible global function definition for ‘flush.console’
    Undefined global functions or variables:
     flush.console
    Consider adding
     importFrom("utils", "flush.console")
    to your NAMESPACE file.
Flavors: r-devel-linux-x86_64-debian-clang, r-devel-linux-x86_64-debian-gcc, r-devel-windows-ix86+x86_64, r-patched-linux-x86_64, r-patched-solaris-sparc, r-patched-solaris-x86, r-release-linux-x86_64, r-release-osx-x86_64-mavericks, r-release-windows-ix86+x86_64

Version: 1.1
Flags: --no-stop-on-test-error
Check: R code for possible problems
Result: NOTE
    cmaOptimDP: no visible global function definition for ‘flush.console’
    Undefined global functions or variables:
     flush.console
    Consider adding
     importFrom("utils", "flush.console")
    to your NAMESPACE file.
Flavors: r-devel-linux-x86_64-fedora-clang, r-devel-linux-x86_64-fedora-gcc, r-devel-macos-x86_64-clang