CRAN Package Check Results for Package rCUR

Last updated on 2015-03-01 03:48:44.

Flavor Version Tinstall Tcheck Ttotal Status Flags
r-devel-linux-x86_64-debian-clang 1.3 2.89 73.87 76.76 NOTE
r-devel-linux-x86_64-debian-gcc 1.3 2.69 72.45 75.14 NOTE
r-devel-linux-x86_64-fedora-clang 1.3 149.84 NOTE
r-devel-linux-x86_64-fedora-gcc 1.3 141.25 NOTE
r-devel-osx-x86_64-clang 1.3 123.52 NOTE
r-devel-windows-ix86+x86_64 1.3 10.00 102.00 112.00 NOTE
r-patched-linux-x86_64 1.3 3.86 83.58 87.44 NOTE
r-patched-solaris-sparc 1.3 1237.00 NOTE
r-patched-solaris-x86 1.3 287.60 NOTE
r-release-linux-ix86 1.3 4.34 125.61 129.95 NOTE
r-release-linux-x86_64 1.3 3.62 82.12 85.74 NOTE
r-release-osx-x86_64-mavericks 1.3 NOTE
r-release-osx-x86_64-snowleopard 1.3 OK
r-release-windows-ix86+x86_64 1.3 10.00 116.00 126.00 NOTE
r-oldrel-windows-ix86+x86_64 1.3 9.00 143.00 152.00 NOTE

Check Details

Version: 1.3
Check: dependencies in R code
Result: NOTE
    Packages in Depends field not imported from:
     ‘MASS’ ‘Matrix’ ‘lattice’ ‘methods’
     These packages need to be imported from (in the NAMESPACE file)
     for when this namespace is loaded but not attached.
Flavors: r-devel-linux-x86_64-debian-clang, r-devel-linux-x86_64-debian-gcc, r-devel-linux-x86_64-fedora-clang, r-devel-linux-x86_64-fedora-gcc, r-devel-osx-x86_64-clang, r-devel-windows-ix86+x86_64, r-patched-linux-x86_64, r-patched-solaris-x86

Version: 1.3
Check: dependencies in R code
Result: NOTE
    Packages in Depends field not imported from:
     ‘MASS’ ‘Matrix’ ‘lattice’ ‘methods’
     These packages need to be imported from (in the NAMESPACE file)
     for when this namespace is loaded but not attached.
    See the information on DESCRIPTION files in the chapter ‘Creating R
    packages’ of the ‘Writing R Extensions’ manual.
Flavors: r-patched-solaris-sparc, r-release-linux-ix86, r-release-linux-x86_64, r-release-osx-x86_64-mavericks, r-release-windows-ix86+x86_64, r-oldrel-windows-ix86+x86_64