CRAN Package Check Results for Package rCUR

Last updated on 2015-01-30 17:52:03.

Flavor Version Tinstall Tcheck Ttotal Status Flags
r-devel-linux-x86_64-debian-clang 1.3 3.04 77.54 80.58 NOTE
r-devel-linux-x86_64-debian-gcc 1.3 4.15 75.98 80.14 NOTE
r-devel-linux-x86_64-fedora-clang 1.3 183.19 NOTE
r-devel-linux-x86_64-fedora-gcc 1.3 177.45 NOTE
r-devel-osx-x86_64-clang 1.3 143.94 NOTE
r-devel-windows-ix86+x86_64 1.3 11.00 110.00 121.00 NOTE
r-patched-linux-x86_64 1.3 3.36 85.22 88.58 NOTE
r-patched-solaris-sparc 1.3 1237.00 NOTE
r-patched-solaris-x86 1.3 289.20 NOTE
r-release-linux-ix86 1.3 4.03 122.88 126.90 NOTE
r-release-linux-x86_64 1.3 3.68 82.10 85.78 NOTE
r-release-osx-x86_64-mavericks 1.3 NOTE
r-release-osx-x86_64-snowleopard 1.3 OK
r-release-windows-ix86+x86_64 1.3 9.00 113.00 122.00 NOTE
r-oldrel-windows-ix86+x86_64 1.3 10.00 132.00 142.00 NOTE

Check Details

Version: 1.3
Check: dependencies in R code
Result: NOTE
    Packages in Depends field not imported from:
     ‘MASS’ ‘Matrix’ ‘lattice’ ‘methods’
     These packages need to be imported from (in the NAMESPACE file)
     for when this namespace is loaded but not attached.
Flavors: r-devel-linux-x86_64-debian-clang, r-devel-linux-x86_64-debian-gcc, r-devel-linux-x86_64-fedora-clang, r-devel-linux-x86_64-fedora-gcc, r-devel-osx-x86_64-clang, r-devel-windows-ix86+x86_64

Version: 1.3
Check: dependencies in R code
Result: NOTE
    Packages in Depends field not imported from:
     ‘MASS’ ‘Matrix’ ‘lattice’ ‘methods’
     These packages need to be imported from (in the NAMESPACE file)
     for when this namespace is loaded but not attached.
    See the information on DESCRIPTION files in the chapter ‘Creating R
    packages’ of the ‘Writing R Extensions’ manual.
Flavors: r-patched-linux-x86_64, r-patched-solaris-sparc, r-patched-solaris-x86, r-release-linux-ix86, r-release-linux-x86_64, r-release-osx-x86_64-mavericks, r-release-windows-ix86+x86_64, r-oldrel-windows-ix86+x86_64