CRAN Package Check Results for Package rCUR

Last updated on 2015-05-27 19:47:18.

Flavor Version Tinstall Tcheck Ttotal Status Flags
r-devel-linux-x86_64-debian-clang 1.3 2.79 73.36 76.16 NOTE
r-devel-linux-x86_64-debian-gcc 1.3 2.68 75.37 78.06 NOTE
r-devel-linux-x86_64-fedora-clang 1.3 146.91 NOTE
r-devel-linux-x86_64-fedora-gcc 1.3 143.82 NOTE
r-devel-osx-x86_64-clang 1.3 118.50 NOTE
r-devel-windows-ix86+x86_64 1.3 8.00 108.00 116.00 NOTE
r-patched-linux-x86_64 1.3 2.61 72.45 75.06 NOTE
r-patched-solaris-sparc 1.3 1119.90 NOTE
r-patched-solaris-x86 1.3 247.40 NOTE
r-release-linux-x86_64 1.3 3.51 74.57 78.08 NOTE
r-release-osx-x86_64-mavericks 1.3 NOTE
r-release-osx-x86_64-snowleopard 1.3 NOTE
r-release-windows-ix86+x86_64 1.3 9.00 102.00 111.00 NOTE
r-oldrel-windows-ix86+x86_64 1.3 10.00 161.00 171.00 NOTE

Check Details

Version: 1.3
Check: dependencies in R code
Result: NOTE
    Packages in Depends field not imported from:
     ‘MASS’ ‘Matrix’ ‘lattice’ ‘methods’
     These packages need to be imported from (in the NAMESPACE file)
     for when this namespace is loaded but not attached.
Flavors: r-devel-linux-x86_64-debian-clang, r-devel-linux-x86_64-debian-gcc, r-devel-linux-x86_64-fedora-clang, r-devel-linux-x86_64-fedora-gcc, r-devel-osx-x86_64-clang, r-devel-windows-ix86+x86_64, r-patched-linux-x86_64, r-patched-solaris-sparc, r-patched-solaris-x86, r-release-linux-x86_64, r-release-osx-x86_64-mavericks, r-release-osx-x86_64-snowleopard, r-release-windows-ix86+x86_64, r-oldrel-windows-ix86+x86_64