CRAN Package Check Results for Package rCUR

Last updated on 2014-04-18 18:47:19.

Flavor Version Tinstall Tcheck Ttotal Status Flags
r-devel-linux-x86_64-debian-clang 1.3 3.60 84.98 88.57 NOTE
r-devel-linux-x86_64-debian-gcc NOTE
r-devel-linux-x86_64-fedora-clang 1.3 189.28 NOTE
r-devel-linux-x86_64-fedora-gcc 1.3 184.94 NOTE
r-devel-macosx-x86_64-clang 1.3 144.28 NOTE
r-devel-macosx-x86_64-gcc 1.3 NOTE
r-devel-windows-ix86+x86_64 1.3 9.00 112.00 121.00 NOTE
r-patched-linux-x86_64 1.3 3.68 87.18 90.85 NOTE
r-patched-solaris-sparc 1.3 1275.20 NOTE
r-patched-solaris-x86 1.3 282.40 NOTE
r-release-linux-ix86 1.3 8.00 167.00 175.00 NOTE
r-release-linux-x86_64 1.3 3.49 86.32 89.80 NOTE
r-release-macosx-x86_64 1.3 OK
r-release-windows-ix86+x86_64 1.3 9.00 116.00 125.00 NOTE
r-oldrel-windows-ix86+x86_64 1.3 9.00 128.00 137.00 NOTE

Check Details

Version: 1.3
Check: dependencies in R code
Result: NOTE
    Packages in Depends field not imported from:
     ‘MASS’ ‘Matrix’ ‘lattice’ ‘methods’
     These packages need to be imported from (in the NAMESPACE file)
     for when this namespace is loaded but not attached.
    See the information on DESCRIPTION files in the chapter ‘Creating R
    packages’ of the ‘Writing R Extensions’ manual.
Flavors: r-devel-linux-x86_64-debian-clang, r-devel-linux-x86_64-debian-gcc, r-devel-linux-x86_64-fedora-clang, r-devel-linux-x86_64-fedora-gcc, r-devel-macosx-x86_64-clang, r-devel-macosx-x86_64-gcc, r-devel-windows-ix86+x86_64, r-patched-linux-x86_64, r-patched-solaris-sparc, r-patched-solaris-x86, r-release-linux-ix86, r-release-linux-x86_64, r-release-windows-ix86+x86_64, r-oldrel-windows-ix86+x86_64