CRAN Package Check Results for Package rCUR

Last updated on 2014-11-23 17:49:36.

Flavor Version Tinstall Tcheck Ttotal Status Flags
r-devel-linux-x86_64-debian-clang 1.3 3.39 80.10 83.49 NOTE
r-devel-linux-x86_64-debian-gcc 1.3 3.18 78.86 82.04 NOTE
r-devel-linux-x86_64-fedora-clang 1.3 185.60 NOTE
r-devel-linux-x86_64-fedora-gcc 1.3 175.28 NOTE
r-devel-osx-x86_64-clang 1.3 140.35 NOTE
r-devel-windows-ix86+x86_64 1.3 8.00 110.00 118.00 NOTE
r-patched-linux-x86_64 1.3 3.40 82.35 85.75 NOTE
r-patched-solaris-sparc 1.3 1278.60 NOTE
r-patched-solaris-x86 1.3 291.00 NOTE
r-release-linux-ix86 1.3 4.13 125.06 129.19 NOTE
r-release-linux-x86_64 1.3 3.47 81.79 85.26 NOTE
r-release-osx-x86_64-mavericks 1.3 NOTE
r-release-osx-x86_64-snowleopard 1.3 OK
r-release-windows-ix86+x86_64 1.3 10.00 113.00 123.00 NOTE
r-oldrel-windows-ix86+x86_64 1.3 10.00 138.00 148.00 NOTE

Check Details

Version: 1.3
Check: dependencies in R code
Result: NOTE
    Packages in Depends field not imported from:
     ‘MASS’ ‘Matrix’ ‘lattice’ ‘methods’
     These packages need to be imported from (in the NAMESPACE file)
     for when this namespace is loaded but not attached.
    See the information on DESCRIPTION files in the chapter ‘Creating R
    packages’ of the ‘Writing R Extensions’ manual.
Flavors: r-devel-linux-x86_64-debian-clang, r-devel-linux-x86_64-debian-gcc, r-devel-linux-x86_64-fedora-clang, r-devel-linux-x86_64-fedora-gcc, r-devel-osx-x86_64-clang, r-devel-windows-ix86+x86_64, r-patched-linux-x86_64, r-patched-solaris-sparc, r-patched-solaris-x86, r-release-linux-ix86, r-release-linux-x86_64, r-release-osx-x86_64-mavericks, r-release-windows-ix86+x86_64, r-oldrel-windows-ix86+x86_64