CRAN Package Check Results for Package rCUR

Last updated on 2015-04-01 23:49:23.

Flavor Version Tinstall Tcheck Ttotal Status Flags
r-devel-linux-x86_64-debian-clang 1.3 2.72 75.38 78.10 NOTE
r-devel-linux-x86_64-debian-gcc 1.3 2.69 72.16 74.85 NOTE
r-devel-linux-x86_64-fedora-clang 1.3 147.63 NOTE
r-devel-linux-x86_64-fedora-gcc 1.3 147.88 NOTE
r-devel-osx-x86_64-clang 1.3 124.46 NOTE
r-prerel-windows-ix86+x86_64 1.3 9.00 107.00 116.00 NOTE
r-prerel-linux-x86_64 1.3 2.74 72.90 75.64 NOTE
r-prerel-solaris-sparc 1.3 1115.40 NOTE
r-prerel-solaris-x86 1.3 242.40 NOTE
r-release-linux-x86_64 1.3 3.43 83.21 86.64 NOTE
r-release-osx-x86_64-mavericks 1.3 NOTE
r-release-osx-x86_64-snowleopard 1.3 OK
r-release-windows-ix86+x86_64 1.3 8.00 113.00 121.00 NOTE
r-oldrel-windows-ix86+x86_64 1.3 11.00 131.00 142.00 NOTE

Check Details

Version: 1.3
Check: dependencies in R code
Result: NOTE
    Packages in Depends field not imported from:
     ‘MASS’ ‘Matrix’ ‘lattice’ ‘methods’
     These packages need to be imported from (in the NAMESPACE file)
     for when this namespace is loaded but not attached.
Flavors: r-devel-linux-x86_64-debian-clang, r-devel-linux-x86_64-debian-gcc, r-devel-linux-x86_64-fedora-clang, r-devel-linux-x86_64-fedora-gcc, r-devel-osx-x86_64-clang, r-prerel-windows-ix86+x86_64, r-prerel-linux-x86_64, r-prerel-solaris-sparc, r-prerel-solaris-x86, r-release-linux-x86_64, r-release-windows-ix86+x86_64

Version: 1.3
Check: dependencies in R code
Result: NOTE
    Packages in Depends field not imported from:
     ‘MASS’ ‘Matrix’ ‘lattice’ ‘methods’
     These packages need to be imported from (in the NAMESPACE file)
     for when this namespace is loaded but not attached.
    See the information on DESCRIPTION files in the chapter ‘Creating R
    packages’ of the ‘Writing R Extensions’ manual.
Flavors: r-release-osx-x86_64-mavericks, r-oldrel-windows-ix86+x86_64