CRAN Package Check Results for Package rCUR

Last updated on 2014-07-24 11:53:29.

Flavor Version Tinstall Tcheck Ttotal Status Flags
r-devel-linux-x86_64-debian-clang 1.3 3.42 83.61 87.04 NOTE
r-devel-linux-x86_64-debian-gcc 1.3 3.30 81.62 84.92 NOTE
r-devel-linux-x86_64-fedora-clang 1.3 189.91 NOTE
r-devel-linux-x86_64-fedora-gcc 1.3 186.25 NOTE
r-devel-osx-x86_64-clang 1.3 141.20 NOTE
r-devel-windows-ix86+x86_64 1.3 9.00 116.00 125.00 NOTE
r-patched-linux-x86_64 1.3 3.53 82.34 85.88 NOTE
r-patched-solaris-sparc 1.3 1275.20 NOTE
r-patched-solaris-x86 1.3 285.50 NOTE
r-release-linux-ix86 1.3 4.22 130.02 134.24 NOTE
r-release-linux-x86_64 1.3 3.46 84.10 87.57 NOTE
r-release-osx-x86_64-mavericks 1.3 NOTE
r-release-osx-x86_64-snowleopard 1.3 OK
r-release-windows-ix86+x86_64 1.3 9.00 109.00 118.00 NOTE
r-oldrel-windows-ix86+x86_64 1.3 10.00 129.00 139.00 NOTE

Check Details

Version: 1.3
Check: dependencies in R code
Result: NOTE
    Packages in Depends field not imported from:
     ‘MASS’ ‘Matrix’ ‘lattice’ ‘methods’
     These packages need to be imported from (in the NAMESPACE file)
     for when this namespace is loaded but not attached.
    See the information on DESCRIPTION files in the chapter ‘Creating R
    packages’ of the ‘Writing R Extensions’ manual.
Flavors: r-devel-linux-x86_64-debian-clang, r-devel-linux-x86_64-debian-gcc, r-devel-linux-x86_64-fedora-clang, r-devel-linux-x86_64-fedora-gcc, r-devel-osx-x86_64-clang, r-devel-windows-ix86+x86_64, r-patched-linux-x86_64, r-patched-solaris-sparc, r-patched-solaris-x86, r-release-linux-ix86, r-release-linux-x86_64, r-release-osx-x86_64-mavericks, r-release-windows-ix86+x86_64, r-oldrel-windows-ix86+x86_64