CRAN Package Check Results for Package rCUR

Last updated on 2016-05-03 06:48:22.

Flavor Version Tinstall Tcheck Ttotal Status Flags
r-devel-linux-x86_64-debian-gcc 1.3 2.72 71.95 74.67 NOTE
r-devel-linux-x86_64-fedora-clang 1.3 138.28 NOTE
r-devel-linux-x86_64-fedora-gcc 1.3 133.41 NOTE
r-devel-osx-x86_64-clang 1.3 146.96 NOTE
r-devel-windows-ix86+x86_64 1.3 7.00 124.00 131.00 NOTE
r-patched-linux-x86_64 1.3 2.55 71.77 74.33 NOTE
r-patched-solaris-sparc 1.3 1075.60 NOTE
r-patched-solaris-x86 1.3 208.30 NOTE
r-release-linux-x86_64 1.3 2.91 77.31 80.22 NOTE
r-release-osx-x86_64-mavericks 1.3 NOTE
r-release-windows-ix86+x86_64 1.3 8.00 139.00 147.00 NOTE
r-oldrel-windows-ix86+x86_64 1.3 13.00 122.00 135.00 NOTE

Check Details

Version: 1.3
Check: dependencies in R code
Result: NOTE
    Packages in Depends field not imported from:
     ‘MASS’ ‘Matrix’ ‘lattice’ ‘methods’
     These packages need to be imported from (in the NAMESPACE file)
     for when this namespace is loaded but not attached.
Flavors: r-devel-linux-x86_64-debian-gcc, r-devel-linux-x86_64-fedora-clang, r-devel-linux-x86_64-fedora-gcc, r-devel-osx-x86_64-clang, r-devel-windows-ix86+x86_64, r-patched-linux-x86_64, r-patched-solaris-sparc, r-patched-solaris-x86, r-release-linux-x86_64, r-release-osx-x86_64-mavericks, r-release-windows-ix86+x86_64, r-oldrel-windows-ix86+x86_64

Version: 1.3
Check: R code for possible problems
Result: NOTE
    CUR: no visible global function definition for ‘runif’
    CUR: no visible global function definition for ‘new’
    plotLeverage,CURobj: no visible global function definition for ‘plot’
    plotLeverage,CURobj: no visible global function definition for ‘points’
    plotLeverage,CURobj: no visible global function definition for ‘abline’
    Undefined global functions or variables:
     abline new plot points runif
    Consider adding
     importFrom("graphics", "abline", "plot", "points")
     importFrom("methods", "new")
     importFrom("stats", "runif")
    to your NAMESPACE file (and ensure that your DESCRIPTION Imports field
    contains 'methods').
Flavors: r-devel-linux-x86_64-debian-gcc, r-devel-linux-x86_64-fedora-clang, r-devel-linux-x86_64-fedora-gcc, r-devel-osx-x86_64-clang, r-devel-windows-ix86+x86_64, r-patched-linux-x86_64, r-patched-solaris-sparc, r-patched-solaris-x86