CRAN Package Check Results for Package rCUR

Last updated on 2018-04-25 19:47:23 CEST.

Flavor Version Tinstall Tcheck Ttotal Status Flags
r-devel-linux-x86_64-debian-clang 1.3 4.38 103.10 107.48 NOTE
r-devel-linux-x86_64-debian-gcc 1.3 3.48 74.81 78.29 NOTE
r-devel-linux-x86_64-fedora-clang 1.3 131.04 NOTE
r-devel-linux-x86_64-fedora-gcc 1.3 128.22 NOTE
r-devel-windows-ix86+x86_64 1.3 11.00 125.00 136.00 NOTE
r-patched-linux-x86_64 1.3 3.56 102.20 105.76 NOTE
r-patched-solaris-x86 1.3 251.90 NOTE
r-release-linux-x86_64 1.3 3.76 101.41 105.17 NOTE
r-release-windows-ix86+x86_64 1.3 11.00 125.00 136.00 NOTE
r-release-osx-x86_64 1.3 NOTE
r-oldrel-windows-ix86+x86_64 1.3 7.00 149.00 156.00 NOTE
r-oldrel-osx-x86_64 1.3 NOTE

Check Details

Version: 1.3
Check: dependencies in R code
Result: NOTE
    Packages in Depends field not imported from:
     ‘MASS’ ‘Matrix’ ‘lattice’ ‘methods’
     These packages need to be imported from (in the NAMESPACE file)
     for when this namespace is loaded but not attached.
Flavors: r-devel-linux-x86_64-debian-clang, r-devel-linux-x86_64-debian-gcc, r-devel-linux-x86_64-fedora-clang, r-devel-linux-x86_64-fedora-gcc, r-devel-windows-ix86+x86_64, r-patched-linux-x86_64, r-patched-solaris-x86, r-release-linux-x86_64, r-release-windows-ix86+x86_64, r-release-osx-x86_64, r-oldrel-windows-ix86+x86_64, r-oldrel-osx-x86_64

Version: 1.3
Check: R code for possible problems
Result: NOTE
    CUR: no visible global function definition for ‘runif’
    CUR: no visible global function definition for ‘new’
    plotLeverage,CURobj: no visible global function definition for ‘plot’
    plotLeverage,CURobj: no visible global function definition for ‘points’
    plotLeverage,CURobj: no visible global function definition for ‘abline’
    Undefined global functions or variables:
     abline new plot points runif
    Consider adding
     importFrom("graphics", "abline", "plot", "points")
     importFrom("methods", "new")
     importFrom("stats", "runif")
    to your NAMESPACE file (and ensure that your DESCRIPTION Imports field
    contains 'methods').
Flavors: r-devel-linux-x86_64-debian-clang, r-devel-linux-x86_64-debian-gcc, r-devel-linux-x86_64-fedora-clang, r-devel-linux-x86_64-fedora-gcc, r-devel-windows-ix86+x86_64, r-patched-linux-x86_64, r-patched-solaris-x86, r-release-linux-x86_64, r-release-windows-ix86+x86_64, r-release-osx-x86_64, r-oldrel-windows-ix86+x86_64, r-oldrel-osx-x86_64