CRAN Package Check Results for Package rCUR

Last updated on 2017-11-23 00:47:40 CET.

Flavor Version Tinstall Tcheck Ttotal Status Flags
r-devel-linux-x86_64-debian-clang 1.3 2.20 102.67 104.87 NOTE
r-devel-linux-x86_64-debian-gcc 1.3 3.04 122.57 125.61 NOTE
r-devel-linux-x86_64-fedora-clang 1.3 118.93 NOTE
r-devel-linux-x86_64-fedora-gcc 1.3 166.86 NOTE
r-devel-windows-ix86+x86_64 1.3 8.00 127.00 135.00 NOTE
r-patched-linux-x86_64 1.3 2.52 72.29 74.81 NOTE
r-patched-solaris-x86 1.3 242.70 NOTE
r-release-linux-x86_64 1.3 2.77 72.42 75.19 NOTE
r-release-windows-ix86+x86_64 1.3 7.00 113.00 120.00 NOTE
r-release-osx-x86_64 1.3 NOTE
r-oldrel-windows-ix86+x86_64 1.3 6.00 116.00 122.00 NOTE
r-oldrel-osx-x86_64 1.3 NOTE

Check Details

Version: 1.3
Check: dependencies in R code
Result: NOTE
    Packages in Depends field not imported from:
     ‘MASS’ ‘Matrix’ ‘lattice’ ‘methods’
     These packages need to be imported from (in the NAMESPACE file)
     for when this namespace is loaded but not attached.
Flavors: r-devel-linux-x86_64-debian-clang, r-devel-linux-x86_64-debian-gcc, r-devel-linux-x86_64-fedora-clang, r-devel-linux-x86_64-fedora-gcc, r-devel-windows-ix86+x86_64, r-patched-linux-x86_64, r-patched-solaris-x86, r-release-linux-x86_64, r-release-windows-ix86+x86_64, r-release-osx-x86_64, r-oldrel-windows-ix86+x86_64, r-oldrel-osx-x86_64

Version: 1.3
Check: R code for possible problems
Result: NOTE
    CUR: no visible global function definition for ‘runif’
    CUR: no visible global function definition for ‘new’
    plotLeverage,CURobj: no visible global function definition for ‘plot’
    plotLeverage,CURobj: no visible global function definition for ‘points’
    plotLeverage,CURobj: no visible global function definition for ‘abline’
    Undefined global functions or variables:
     abline new plot points runif
    Consider adding
     importFrom("graphics", "abline", "plot", "points")
     importFrom("methods", "new")
     importFrom("stats", "runif")
    to your NAMESPACE file (and ensure that your DESCRIPTION Imports field
    contains 'methods').
Flavors: r-devel-linux-x86_64-debian-clang, r-devel-linux-x86_64-debian-gcc, r-devel-linux-x86_64-fedora-clang, r-devel-linux-x86_64-fedora-gcc, r-devel-windows-ix86+x86_64, r-patched-linux-x86_64, r-patched-solaris-x86, r-release-linux-x86_64, r-release-windows-ix86+x86_64, r-release-osx-x86_64, r-oldrel-windows-ix86+x86_64, r-oldrel-osx-x86_64