CRAN Package Check Results for Package rCUR

Last updated on 2017-07-25 07:47:06.

Flavor Version Tinstall Tcheck Ttotal Status Flags
r-devel-linux-x86_64-debian-clang 1.3 2.31 78.58 80.89 NOTE
r-devel-linux-x86_64-debian-gcc 1.3 2.33 77.13 79.46 NOTE
r-devel-linux-x86_64-fedora-clang 1.3 151.69 NOTE
r-devel-linux-x86_64-fedora-gcc 1.3 147.51 NOTE
r-devel-windows-ix86+x86_64 1.3 8.00 129.00 137.00 NOTE
r-patched-linux-x86_64 1.3 2.38 77.57 79.96 NOTE
r-patched-solaris-x86 1.3 256.90 NOTE
r-release-linux-x86_64 1.3 2.74 77.29 80.02 NOTE
r-release-windows-ix86+x86_64 1.3 7.00 143.00 150.00 NOTE
r-release-osx-x86_64 1.3 NOTE
r-oldrel-windows-ix86+x86_64 1.3 7.00 137.00 144.00 NOTE
r-oldrel-osx-x86_64 1.3 NOTE

Check Details

Version: 1.3
Check: dependencies in R code
Result: NOTE
    Packages in Depends field not imported from:
     ‘MASS’ ‘Matrix’ ‘lattice’ ‘methods’
     These packages need to be imported from (in the NAMESPACE file)
     for when this namespace is loaded but not attached.
Flavors: r-devel-linux-x86_64-debian-clang, r-devel-linux-x86_64-debian-gcc, r-devel-linux-x86_64-fedora-clang, r-devel-linux-x86_64-fedora-gcc, r-devel-windows-ix86+x86_64, r-patched-linux-x86_64, r-patched-solaris-x86, r-release-linux-x86_64, r-release-windows-ix86+x86_64, r-release-osx-x86_64, r-oldrel-windows-ix86+x86_64, r-oldrel-osx-x86_64

Version: 1.3
Check: R code for possible problems
Result: NOTE
    CUR: no visible global function definition for ‘runif’
    CUR: no visible global function definition for ‘new’
    plotLeverage,CURobj: no visible global function definition for ‘plot’
    plotLeverage,CURobj: no visible global function definition for ‘points’
    plotLeverage,CURobj: no visible global function definition for ‘abline’
    Undefined global functions or variables:
     abline new plot points runif
    Consider adding
     importFrom("graphics", "abline", "plot", "points")
     importFrom("methods", "new")
     importFrom("stats", "runif")
    to your NAMESPACE file (and ensure that your DESCRIPTION Imports field
    contains 'methods').
Flavors: r-devel-linux-x86_64-debian-clang, r-devel-linux-x86_64-debian-gcc, r-devel-linux-x86_64-fedora-clang, r-devel-linux-x86_64-fedora-gcc, r-devel-windows-ix86+x86_64, r-patched-linux-x86_64, r-patched-solaris-x86, r-release-linux-x86_64, r-release-windows-ix86+x86_64, r-release-osx-x86_64, r-oldrel-windows-ix86+x86_64, r-oldrel-osx-x86_64