CRAN Package Check Results for Package rCUR

Last updated on 2014-12-19 15:48:35.

Flavor Version Tinstall Tcheck Ttotal Status Flags
r-devel-linux-x86_64-debian-clang 1.3 3.28 79.69 82.97 NOTE
r-devel-linux-x86_64-debian-gcc 1.3 3.11 77.46 80.57 NOTE
r-devel-linux-x86_64-fedora-clang 1.3 188.70 NOTE
r-devel-linux-x86_64-fedora-gcc 1.3 160.35 NOTE
r-devel-osx-x86_64-clang 1.3 146.78 NOTE
r-devel-windows-ix86+x86_64 1.3 10.00 114.00 124.00 NOTE
r-patched-linux-x86_64 1.3 4.06 82.56 86.62 NOTE
r-patched-solaris-sparc 1.3 1278.60 NOTE
r-patched-solaris-x86 1.3 286.30 NOTE
r-release-linux-ix86 1.3 3.98 124.51 128.49 NOTE
r-release-linux-x86_64 1.3 3.54 81.05 84.58 NOTE
r-release-osx-x86_64-mavericks 1.3 NOTE
r-release-osx-x86_64-snowleopard 1.3 OK
r-release-windows-ix86+x86_64 1.3 10.00 109.00 119.00 NOTE
r-oldrel-windows-ix86+x86_64 1.3 9.00 136.00 145.00 NOTE

Check Details

Version: 1.3
Check: dependencies in R code
Result: NOTE
    Packages in Depends field not imported from:
     ‘MASS’ ‘Matrix’ ‘lattice’ ‘methods’
     These packages need to be imported from (in the NAMESPACE file)
     for when this namespace is loaded but not attached.
    See the information on DESCRIPTION files in the chapter ‘Creating R
    packages’ of the ‘Writing R Extensions’ manual.
Flavors: r-devel-linux-x86_64-debian-clang, r-devel-linux-x86_64-debian-gcc, r-devel-linux-x86_64-fedora-clang, r-devel-linux-x86_64-fedora-gcc, r-devel-osx-x86_64-clang, r-devel-windows-ix86+x86_64, r-patched-linux-x86_64, r-patched-solaris-sparc, r-patched-solaris-x86, r-release-linux-ix86, r-release-linux-x86_64, r-release-osx-x86_64-mavericks, r-release-windows-ix86+x86_64, r-oldrel-windows-ix86+x86_64